01-23 18:44:05.977 11308 11308 E ArmVmp : Match on catch block at 0xc3 in for 0xa1
01-23 18:44:05.979 11308 11308 E ArmVmp : Match on catch block at 0xc3 in for 0xa1
01-23 18:44:05.991 11308 11308 E ArmVmp : Match on catch block at 0xc3 in for 0xa5
01-23 18:44:05.994 11308 11308 E ArmVmp : Match on catch block at 0xc3 in for 0xa9
01-23 18:44:05.996 11308 11308 E ArmVmp : Match on catch block at 0xc3 in for 0xa9
01-23 18:44:06.207 11308 11308 E ArmVmp : Match on catch block at 0xc3 in for 0xa1
01-23 18:44:06.210 11308 11308 E ArmVmp : Match on catch block at 0xc3 in for 0xa5
01-23 18:44:06.212 11308 11308 E ArmVmp : Match on catch block at 0xc3 in for 0xa5
01-23 18:44:06.516 11308 11308 E ArmVmp : Match on catch block at 0xc3 in for 0xa5
01-23 18:44:06.521 11308 11308 E ArmVmp : Match on catch block at 0xc3 in for 0xa9
01-23 18:44:06.523 11308 11308 E ArmVmp : Match on catch block at 0xc3 in for 0xa9
01-23 18:44:06.526 11308 11308 E ArmVmp : Match on catch block at 0xc3 in for 0xa1
01-23 18:44:06.529 11308 11308 E ArmVmp : Match on catch block at 0xc3 in for 0xa5
01-23 18:44:06.532 11308 11308 E ArmVmp : Match on catch block at 0xc3 in for 0xa5
01-23 18:44:06.646 11308 11308 E ArmVmp : Match on catch block at 0xc3 in for 0xa9
01-23 18:44:06.654 11308 11308 E ArmVmp : Match on catch block at 0xc3 in for 0xa1
01-23 18:44:06.657 11308 11308 E ArmVmp : Match on catch block at 0xc3 in for 0xa1
01-23 18:44:06.670 11308 11308 E ArmVmp : Match on catch block at 0xc3 in for 0xa5
01-23 18:44:06.675 11308 11308 E ArmVmp : Match on catch block at 0xc3 in for 0xa9
01-23 18:44:06.678 11308 11308 E ArmVmp : Match on catch block at 0xc3 in for 0xa9
01-23 18:44:06.707 11308 11308 E ArmVmp : Match on catch block at 0xc3 in for 0xa1
01-23 18:44:06.709 11308 11308 E ArmVmp : Match on catch block at 0xc3 in for 0xa5
01-23 18:44:06.711 11308 11308 E ArmVmp : Match on catch block at 0xc3 in for 0xa5
01-23 18:44:07.206 11308 11308 E ArmVmp : Match on catch block at 0xc3 in for 0xa9
01-23 18:44:07.209 11308 11308 E ArmVmp : Match on catch block at 0xc3 in for 0xa1
01-23 18:44:07.211 11308 11308 E ArmVmp : Match on catch block at 0xc3 in for 0xa1
01-23 18:44:07.710 11308 11308 E ArmVmp : Match on catch block at 0xc3 in for 0xa5
01-23 18:44:07.717 11308 11308 E ArmVmp : Match on catch block at 0xc3 in for 0xa9
01-23 18:44:07.722 11308 11308 E ArmVmp : Match on catch block at 0xc3 in for 0xa9
01-23 18:44:08.225 11308 11308 E ArmVmp : Match on catch block at 0xc3 in for 0xa9
01-23 18:44:08.232 11308 11308 E ArmVmp : Match on catch block at 0xc3 in for 0xa1
01-23 18:44:08.236 11308 11308 E ArmVmp : Match on catch block at 0xc3 in for 0xa1
01-23 18:44:08.259 11308 11308 E ArmVmp : Match on catch block at 0xc3 in for 0xa5
01-23 18:44:08.269 11308 11308 E ArmVmp : Match on catch block at 0xc3 in for 0xa9
01-23 18:44:08.276 11308 11308 E ArmVmp : Match on catch block at 0xc3 in for 0xa9
01-23 18:44:08.283 11308 11308 E ArmVmp : Match on catch block at 0xc3 in for 0xa1
01-23 18:44:08.291 11308 11308 E ArmVmp : Match on catch block at 0xc3 in for 0xa5
01-23 18:44:08.296 11308 11308 E ArmVmp : Match on catch block at 0xc3 in for 0xa5
01-23 18:44:08.306 11308 11308 E ArmVmp : Match on catch block at 0xc3 in for 0xa9
01-23 18:44:08.313 11308 11308 E ArmVmp : Match on catch block at 0xc3 in for 0xa1
01-23 18:44:08.319 11308 11308 E ArmVmp : Match on catch block at 0xc3 in for 0xa1
01-23 18:44:08.327 11308 11308 E ArmVmp : Match on catch block at 0xc3 in for 0xa5
01-23 18:44:08.330 11308 11308 E ArmVmp : Match on catch block at 0xc3 in for 0xa9
01-23 18:44:08.332 11308 11308 E ArmVmp : Match on catch block at 0xc3 in for 0xa9
01-23 18:44:08.339 11308 11308 E ArmVmp : Match on catch block at 0xc3 in for 0xa1
01-23 18:44:08.342 11308 11308 E ArmVmp : Match on catch block at 0xc3 in for 0xa5
01-23 18:44:08.345 11308 11308 E ArmVmp : Match on catch block at 0xc3 in for 0xa5
01-23 18:44:08.357 11308 11308 E ArmVmp : Match on catch block at 0xc3 in for 0xa9
01-23 18:44:08.362 11308 11308 E ArmVmp : Match on catch block at 0xc3 in for 0xa1
01-23 18:44:08.366 11308 11308 E ArmVmp : Match on catch block at 0xc3 in for 0xa1
01-23 18:44:08.373 11308 11308 E ArmVmp : Match on catch block at 0xc3 in for 0xa5
01-23 18:44:08.379 11308 11308 E ArmVmp : Match on catch block at 0xc3 in for 0xa9
01-23 18:44:08.382 11308 11308 E ArmVmp : Match on catch block at 0xc3 in for 0xa9
01-23 18:44:08.389 11308 11308 E ArmVmp : Match on catch block at 0xc3 in for 0xa1
01-23 18:44:08.394 11308 11308 E ArmVmp : Match on catch block at 0xc3 in for 0xa5
01-23 18:44:08.398 11308 11308 E ArmVmp : Match on catch block at 0xc3 in for 0xa5
01-23 18:44:08.406 11308 11308 E ArmVmp : Match on catch block at 0xc3 in for 0xa9
01-23 18:44:08.410 11308 11308 E ArmVmp : Match on catch block at 0xc3 in for 0xa1
01-23 18:44:08.412 11308 11308 E ArmVmp : Match on catch block at 0xc3 in for 0xa1
01-23 18:44:08.423 11308 11308 E ArmVmp : Match on catch block at 0xc3 in for 0xa5
01-23 18:44:08.427 11308 11308 E ArmVmp : Match on catch block at 0xc3 in for 0xa9
01-23 18:44:08.430 11308 11308 E ArmVmp : Match on catch block at 0xc3 in for 0xa9
01-23 18:44:08.439 11308 11308 E ArmVmp : Match on catch block at 0xc3 in for 0xa1
01-23 18:44:08.445 11308 11308 E ArmVmp : Match on catch block at 0xc3 in for 0xa5
01-23 18:44:08.448 11308 11308 E ArmVmp : Match on catch block at 0xc3 in for 0xa5
01-23 18:44:08.456 11308 11308 E ArmVmp : Match on catch block at 0xc3 in for 0xa9
01-23 18:44:08.461 11308 11308 E ArmVmp : Match on catch block at 0xc3 in for 0xa1
01-23 18:44:08.463 11308 11308 E ArmVmp : Match on catch block at 0xc3 in for 0xa1
01-23 18:44:08.473 11308 11308 E ArmVmp : Match on catch block at 0xc3 in for 0xa5
01-23 18:44:08.477 11308 11308 E ArmVmp : Match on catch block at 0xc3 in for 0xa9
01-23 18:44:08.480 11308 11308 E ArmVmp : Match on catch block at 0xc3 in for 0xa9
01-23 18:44:08.489 11308 11308 E ArmVmp : Match on catch block at 0xc3 in for 0xa1
01-23 18:44:08.492 11308 11308 E ArmVmp : Match on catch block at 0xc3 in for 0xa5
01-23 18:44:08.495 11308 11308 E ArmVmp : Match on catch block at 0xc3 in for 0xa5
01-23 18:44:08.505 11308 11308 E ArmVmp : Match on catch block at 0xc3 in for 0xa9
01-23 18:44:08.512 11308 11308 E ArmVmp : Match on catch block at 0xc3 in for 0xa1
01-23 18:44:08.515 11308 11308 E ArmVmp : Match on catch block at 0xc3 in for 0xa1
01-23 18:44:08.725 11308 11308 E ArmVmp : Match on catch block at 0xc3 in for 0xa5
01-23 18:44:08.732 11308 11308 E ArmVmp : Match on catch block at 0xc3 in for 0xa9
01-23 18:44:08.736 11308 11308 E ArmVmp : Match on catch block at 0xc3 in for 0xa9
01-23 18:44:09.225 11308 11308 E ArmVmp : Match on catch block at 0xc3 in for 0xa1
01-23 18:44:09.233 11308 11308 E ArmVmp : Match on catch block at 0xc3 in for 0xa5
01-23 18:44:09.239 11308 11308 E ArmVmp : Match on catch block at 0xc3 in for 0xa5
01-23 18:44:09.725 11308 11308 E ArmVmp : Match on catch block at 0xc3 in for 0xa9
01-23 18:44:09.733 11308 11308 E ArmVmp : Match on catch block at 0xc3 in for 0xa1
01-23 18:44:09.738 11308 11308 E ArmVmp : Match on catch block at 0xc3 in for 0xa1
01-23 18:44:10.224 11308 11308 E ArmVmp : Match on catch block at 0xc3 in for 0xa5
01-23 18:44:10.230 11308 11308 E ArmVmp : Match on catch block at 0xc3 in for 0xa9
01-23 18:44:10.237 11308 11308 E ArmVmp : Match on catch block at 0xc3 in for 0xa9
01-23 18:44:10.724 11308 11308 E ArmVmp : Match on catch block at 0xc3 in for 0xa1
01-23 18:44:10.732 11308 11308 E ArmVmp : Match on catch block at 0xc3 in for 0xa5
01-23 18:44:10.738 11308 11308 E ArmVmp : Match on catch block at 0xc3 in for 0xa5
01-23 18:44:11.220 11308 11308 E ArmVmp : Match on catch block at 0xc3 in for 0xa9
01-23 18:44:11.222 11308 11308 E ArmVmp : Match on catch block at 0xc3 in for 0xa1
01-23 18:44:11.224 11308 11308 E ArmVmp : Match on catch block at 0xc3 in for 0xa1
01-23 18:44:11.393 11308 11308 W IInputConnectionWrapper: requestCursorAnchorInfo on inactive InputConnection
01-23 18:44:11.398 11308 11308 W IInputConnectionWrapper: requestCursorAnchorInfo on inactive InputConnection
01-23 18:44:23.643 11308 11308 E ArmVmp : Match on catch block at 0x0a in for 0xc5
01-23 18:44:23.648 11308 11308 E ArmVmp : Match on catch block at 0x0a in for 0xc1
01-23 18:44:23.780 11308 11308 E ArmVmp : Match on catch block at 0xc3 in for 0xa5
01-23 18:44:23.790 11308 11308 E ArmVmp : Match on catch block at 0xc3 in for 0xa9
01-23 18:44:23.855 11308 11308 E ArmVmp : Match on catch block at 0xc3 in for 0xa5
01-23 18:44:23.859 11308 11308 E ArmVmp : Match on catch block at 0xc3 in for 0xa9
01-23 18:44:23.902 11308 11308 E ArmVmp : Match on catch block at 0xc3 in for 0xa9
01-23 18:44:23.904 11308 11308 E ArmVmp : Match on catch block at 0xc3 in for 0xa1
01-23 18:44:24.355 11308 11308 E ArmVmp : Match on catch block at 0xc3 in for 0xa9
01-23 18:44:24.364 11308 11308 E ArmVmp : Match on catch block at 0xc3 in for 0xa1
01-23 18:44:24.378 11308 11308 E ArmVmp : Match on catch block at 0xc3 in for 0xa9
01-23 18:44:24.387 11308 11308 E ArmVmp : Match on catch block at 0xc3 in for 0xa1
01-23 18:44:24.394 11308 11308 E ArmVmp : Match on catch block at 0xc3 in for 0xa9
01-23 18:44:24.397 11308 11308 E ArmVmp : Match on catch block at 0xc3 in for 0xa1
01-23 18:44:24.511 11308 11308 E ArmVmp : Match on catch block at 0xc3 in for 0xa9
01-23 18:44:24.514 11308 11308 E ArmVmp : Match on catch block at 0xc3 in for 0xa1
01-23 18:44:24.529 11308 11308 E ArmVmp : Match on catch block at 0xc3 in for 0xa9
01-23 18:44:24.533 11308 11308 E ArmVmp : Match on catch block at 0xc3 in for 0xa1
01-23 18:44:24.545 11308 11308 E ArmVmp : Match on catch block at 0xc3 in for 0xa9
01-23 18:44:24.548 11308 11308 E ArmVmp : Match on catch block at 0xc3 in for 0xa1
01-23 18:44:24.562 11308 11308 E ArmVmp : Match on catch block at 0xc3 in for 0xa9
01-23 18:44:24.566 11308 11308 E ArmVmp : Match on catch block at 0xc3 in for 0xa1
01-23 18:44:24.579 11308 11308 E ArmVmp : Match on catch block at 0xc3 in for 0xa9
01-23 18:44:24.581 11308 11308 E ArmVmp : Match on catch block at 0xc3 in for 0xa1
01-23 18:44:24.595 11308 11308 E ArmVmp : Match on catch block at 0xc3 in for 0xa9
01-23 18:44:24.599 11308 11308 E ArmVmp : Match on catch block at 0xc3 in for 0xa1
01-23 18:44:24.612 11308 11308 E ArmVmp : Match on catch block at 0xc3 in for 0xa9
01-23 18:44:24.615 11308 11308 E ArmVmp : Match on catch block at 0xc3 in for 0xa1
01-23 18:44:24.629 11308 11308 E ArmVmp : Match on catch block at 0xc3 in for 0xa9
01-23 18:44:24.633 11308 11308 E ArmVmp : Match on catch block at 0xc3 in for 0xa1
01-23 18:44:24.646 11308 11308 E ArmVmp : Match on catch block at 0xc3 in for 0xa9
01-23 18:44:24.649 11308 11308 E ArmVmp : Match on catch block at 0xc3 in for 0xa1
01-23 18:44:24.662 11308 11308 E ArmVmp : Match on catch block at 0xc3 in for 0xa9
01-23 18:44:24.668 11308 11308 E ArmVmp : Match on catch block at 0xc3 in for 0xa1
01-23 18:44:24.683 11308 11308 E ArmVmp : Match on catch block at 0xc3 in for 0xa9
01-23 18:44:24.686 11308 11308 E ArmVmp : Match on catch block at 0xc3 in for 0xa1
01-23 18:44:24.694 11308 11308 E ArmVmp : Match on catch block at 0xc3 in for 0xa9
01-23 18:44:24.697 11308 11308 E ArmVmp : Match on catch block at 0xc3 in for 0xa1
01-23 18:44:24.711 11308 11308 E ArmVmp : Match on catch block at 0xc3 in for 0xa9
01-23 18:44:24.713 11308 11308 E ArmVmp : Match on catch block at 0xc3 in for 0xa1
01-23 18:44:24.728 11308 11308 E ArmVmp : Match on catch block at 0xc3 in for 0xa9
01-23 18:44:24.730 11308 11308 E ArmVmp : Match on catch block at 0xc3 in for 0xa1
01-23 18:44:24.745 11308 11308 E ArmVmp : Match on catch block at 0xc3 in for 0xa9
01-23 18:44:24.747 11308 11308 E ArmVmp : Match on catch block at 0xc3 in for 0xa1
01-23 18:44:24.761 11308 11308 E ArmVmp : Match on catch block at 0xc3 in for 0xa9
01-23 18:44:24.764 11308 11308 E ArmVmp : Match on catch block at 0xc3 in for 0xa1
01-23 18:44:24.779 11308 11308 E ArmVmp : Match on catch block at 0xc3 in for 0xa9
01-23 18:44:24.781 11308 11308 E ArmVmp : Match on catch block at 0xc3 in for 0xa1
01-23 18:44:24.794 11308 11308 E ArmVmp : Match on catch block at 0xc3 in for 0xa9
01-23 18:44:24.796 11308 11308 E ArmVmp : Match on catch block at 0xc3 in for 0xa1
01-23 18:44:24.813 11308 11308 E ArmVmp : Match on catch block at 0xc3 in for 0xa9
01-23 18:44:24.816 11308 11308 E ArmVmp : Match on catch block at 0xc3 in for 0xa1
01-23 18:44:24.827 11308 11308 E ArmVmp : Match on catch block at 0xc3 in for 0xa9
01-23 18:44:24.829 11308 11308 E ArmVmp : Match on catch block at 0xc3 in for 0xa1
01-23 18:44:24.894 11308 11308 E ArmVmp : Match on catch block at 0xc3 in for 0xa9
01-23 18:44:24.896 11308 11308 E ArmVmp : Match on catch block at 0xc3 in for 0xa1
01-23 18:44:25.413 11308 11308 E ArmVmp : Match on catch block at 0xc3 in for 0xa9
01-23 18:44:25.417 11308 11308 E ArmVmp : Match on catch block at 0xc3 in for 0xa1
01-23 18:44:25.911 11308 11308 E ArmVmp : Match on catch block at 0xc3 in for 0xa9
01-23 18:44:25.914 11308 11308 E ArmVmp : Match on catch block at 0xc3 in for 0xa1
01-23 18:44:25.945 11308 11308 E ArmVmp : Match on catch block at 0xc3 in for 0xa9
01-23 18:44:25.949 11308 11308 E ArmVmp : Match on catch block at 0xc3 in for 0xa1
01-23 18:44:25.961 11308 11308 E ArmVmp : Match on catch block at 0xc3 in for 0xa9
01-23 18:44:25.966 11308 11308 E ArmVmp : Match on catch block at 0xc3 in for 0xa1
01-23 18:44:25.978 11308 11308 E ArmVmp : Match on catch block at 0xc3 in for 0xa9
01-23 18:44:25.982 11308 11308 E ArmVmp : Match on catch block at 0xc3 in for 0xa1
01-23 18:44:25.995 11308 11308 E ArmVmp : Match on catch block at 0xc3 in for 0xa9
01-23 18:44:25.999 11308 11308 E ArmVmp : Match on catch block at 0xc3 in for 0xa1
01-23 18:44:26.011 11308 11308 E ArmVmp : Match on catch block at 0xc3 in for 0xa9
01-23 18:44:26.015 11308 11308 E ArmVmp : Match on catch block at 0xc3 in for 0xa1
01-23 18:44:26.028 11308 11308 E ArmVmp : Match on catch block at 0xc3 in for 0xa9
01-23 18:44:26.032 11308 11308 E ArmVmp : Match on catch block at 0xc3 in for 0xa1
01-23 18:44:26.044 11308 11308 E ArmVmp : Match on catch block at 0xc3 in for 0xa9
01-23 18:44:26.047 11308 11308 E ArmVmp : Match on catch block at 0xc3 in for 0xa1
01-23 18:44:26.060 11308 11308 E ArmVmp : Match on catch block at 0xc3 in for 0xa9
01-23 18:44:26.062 11308 11308 E ArmVmp : Match on catch block at 0xc3 in for 0xa1
01-23 18:44:26.076 11308 11308 E ArmVmp : Match on catch block at 0xc3 in for 0xa9
01-23 18:44:26.079 11308 11308 E ArmVmp : Match on catch block at 0xc3 in for 0xa1
01-23 18:44:26.094 11308 11308 E ArmVmp : Match on catch block at 0xc3 in for 0xa9
01-23 18:44:26.098 11308 11308 E ArmVmp : Match on catch block at 0xc3 in for 0xa1
01-23 18:44:26.111 11308 11308 E ArmVmp : Match on catch block at 0xc3 in for 0xa9
01-23 18:44:26.115 11308 11308 E ArmVmp : Match on catch block at 0xc3 in for 0xa1
01-23 18:44:26.128 11308 11308 E ArmVmp : Match on catch block at 0xc3 in for 0xa9
01-23 18:44:26.131 11308 11308 E ArmVmp : Match on catch block at 0xc3 in for 0xa1
01-23 18:44:26.143 11308 11308 E ArmVmp : Match on catch block at 0xc3 in for 0xa9
01-23 18:44:26.146 11308 11308 E ArmVmp : Match on catch block at 0xc3 in for 0xa1
01-23 18:44:26.161 11308 11308 E ArmVmp : Match on catch block at 0xc3 in for 0xa9
01-23 18:44:26.164 11308 11308 E ArmVmp : Match on catch block at 0xc3 in for 0xa1
01-23 18:44:26.178 11308 11308 E ArmVmp : Match on catch block at 0xc3 in for 0xa9
01-23 18:44:26.181 11308 11308 E ArmVmp : Match on catch block at 0xc3 in for 0xa1
01-23 18:44:26.195 11308 11308 E ArmVmp : Match on catch block at 0xc3 in for 0xa9
01-23 18:44:26.199 11308 11308 E ArmVmp : Match on catch block at 0xc3 in for 0xa1
01-23 18:44:26.412 11308 11308 E ArmVmp : Match on catch block at 0xc3 in for 0xa9
01-23 18:44:26.416 11308 11308 E ArmVmp : Match on catch block at 0xc3 in for 0xa1
01-23 18:44:26.951 11308 11308 E ArmVmp : Match on catch block at 0xc3 in for 0xa5
01-23 18:44:26.953 11308 11308 E ArmVmp : Match on catch block at 0xc3 in for 0xa9
01-23 18:44:27.060 11308 11308 E ArmVmp : Match on catch block at 0xc3 in for 0xa9
01-23 18:44:27.062 11308 11308 E ArmVmp : Match on catch block at 0xc3 in for 0xa1
01-23 18:44:27.091 11308 11308 E ArmVmp : Match on catch block at 0xc3 in for 0xa5
01-23 18:44:27.093 11308 11308 E ArmVmp : Match on catch block at 0xc3 in for 0xa9
01-23 18:44:27.545 11308 11308 E ArmVmp : Match on catch block at 0xc3 in for 0xa5
01-23 18:44:27.549 11308 11308 E ArmVmp : Match on catch block at 0xc3 in for 0xa9
01-23 18:44:28.045 11308 11308 E ArmVmp : Match on catch block at 0xc3 in for 0xa5
01-23 18:44:28.050 11308 11308 E ArmVmp : Match on catch block at 0xc3 in for 0xa9
01-23 18:44:28.543 11308 11308 E ArmVmp : Match on catch block at 0xc3 in for 0xa5
01-23 18:44:28.548 11308 11308 E ArmVmp : Match on catch block at 0xc3 in for 0xa9
01-23 18:44:28.661 11308 11308 E ArmVmp : Match on catch block at 0xc3 in for 0xa5
01-23 18:44:28.666 11308 11308 E ArmVmp : Match on catch block at 0xc3 in for 0xa9
01-23 18:44:28.676 11308 11308 E ArmVmp : Match on catch block at 0xc3 in for 0xa5
01-23 18:44:28.681 11308 11308 E ArmVmp : Match on catch block at 0xc3 in for 0xa9
01-23 18:44:28.693 11308 11308 E ArmVmp : Match on catch block at 0xc3 in for 0xa5
01-23 18:44:28.697 11308 11308 E ArmVmp : Match on catch block at 0xc3 in for 0xa9
01-23 18:44:28.709 11308 11308 E ArmVmp : Match on catch block at 0xc3 in for 0xa5
01-23 18:44:28.714 11308 11308 E ArmVmp : Match on catch block at 0xc3 in for 0xa9
01-23 18:44:28.726 11308 11308 E ArmVmp : Match on catch block at 0xc3 in for 0xa5
01-23 18:44:28.730 11308 11308 E ArmVmp : Match on catch block at 0xc3 in for 0xa9
01-23 18:44:28.742 11308 11308 E ArmVmp : Match on catch block at 0xc3 in for 0xa5
01-23 18:44:28.746 11308 11308 E ArmVmp : Match on catch block at 0xc3 in for 0xa9
01-23 18:44:28.759 11308 11308 E ArmVmp : Match on catch block at 0xc3 in for 0xa5
01-23 18:44:28.763 11308 11308 E ArmVmp : Match on catch block at 0xc3 in for 0xa9
01-23 18:44:28.775 11308 11308 E ArmVmp : Match on catch block at 0xc3 in for 0xa5
01-23 18:44:28.778 11308 11308 E ArmVmp : Match on catch block at 0xc3 in for 0xa9
01-23 18:44:28.792 11308 11308 E ArmVmp : Match on catch block at 0xc3 in for 0xa5
01-23 18:44:28.796 11308 11308 E ArmVmp : Match on catch block at 0xc3 in for 0xa9
01-23 18:44:28.808 11308 11308 E ArmVmp : Match on catch block at 0xc3 in for 0xa5
01-23 18:44:28.812 11308 11308 E ArmVmp : Match on catch block at 0xc3 in for 0xa9
01-23 18:44:28.826 11308 11308 E ArmVmp : Match on catch block at 0xc3 in for 0xa5
01-23 18:44:28.829 11308 11308 E ArmVmp : Match on catch block at 0xc3 in for 0xa9
01-23 18:44:28.842 11308 11308 E ArmVmp : Match on catch block at 0xc3 in for 0xa5
01-23 18:44:28.845 11308 11308 E ArmVmp : Match on catch block at 0xc3 in for 0xa9
01-23 18:44:28.858 11308 11308 E ArmVmp : Match on catch block at 0xc3 in for 0xa5
01-23 18:44:28.862 11308 11308 E ArmVmp : Match on catch block at 0xc3 in for 0xa9
01-23 18:44:28.875 11308 11308 E ArmVmp : Match on catch block at 0xc3 in for 0xa5
01-23 18:44:28.879 11308 11308 E ArmVmp : Match on catch block at 0xc3 in for 0xa9
01-23 18:44:28.935 11308 11308 E ArmVmp : Match on catch block at 0xc3 in for 0xa1
01-23 18:44:28.937 11308 11308 E ArmVmp : Match on catch block at 0xc3 in for 0xa5
01-23 18:44:28.943 11308 11308 E ArmVmp : Match on catch block at 0xc3 in for 0xa1
01-23 18:44:28.945 11308 11308 E ArmVmp : Match on catch block at 0xc3 in for 0xa5
01-23 18:44:28.993 11308 11308 E ArmVmp : Match on catch block at 0xc3 in for 0xa1
01-23 18:44:28.996 11308 11308 E ArmVmp : Match on catch block at 0xc3 in for 0xa5
01-23 18:44:29.011 11308 11308 E ArmVmp : Match on catch block at 0xc3 in for 0xa1
01-23 18:44:29.014 11308 11308 E ArmVmp : Match on catch block at 0xc3 in for 0xa5
01-23 18:44:29.027 11308 11308 E ArmVmp : Match on catch block at 0xc3 in for 0xa1
01-23 18:44:29.032 11308 11308 E ArmVmp : Match on catch block at 0xc3 in for 0xa5
01-23 18:44:29.045 11308 11308 E ArmVmp : Match on catch block at 0xc3 in for 0xa1
01-23 18:44:29.051 11308 11308 E ArmVmp : Match on catch block at 0xc3 in for 0xa5
01-23 18:44:29.059 11308 11308 E ArmVmp : Match on catch block at 0xc3 in for 0xa1
01-23 18:44:29.061 11308 11308 E ArmVmp : Match on catch block at 0xc3 in for 0xa5
01-23 18:44:29.075 11308 11308 E ArmVmp : Match on catch block at 0xc3 in for 0xa1
01-23 18:44:29.078 11308 11308 E ArmVmp : Match on catch block at 0xc3 in for 0xa5
01-23 18:44:29.091 11308 11308 E ArmVmp : Match on catch block at 0xc3 in for 0xa1
01-23 18:44:29.093 11308 11308 E ArmVmp : Match on catch block at 0xc3 in for 0xa5
01-23 18:44:29.159 11308 11308 E ArmVmp : Match on catch block at 0xc3 in for 0xa1
01-23 18:44:29.162 11308 11308 E ArmVmp : Match on catch block at 0xc3 in for 0xa5
01-23 18:44:29.175 11308 11308 E ArmVmp : Match on catch block at 0xc3 in for 0xa1
01-23 18:44:29.178 11308 11308 E ArmVmp : Match on catch block at 0xc3 in for 0xa5
01-23 18:44:29.575 11308 11308 E ArmVmp : Match on catch block at 0xc3 in for 0xa1
01-23 18:44:29.580 11308 11308 E ArmVmp : Match on catch block at 0xc3 in for 0xa5
01-23 18:44:29.809 11308 11308 E ArmVmp : Match on catch block at 0xc3 in for 0xa1
01-23 18:44:29.812 11308 11308 E ArmVmp : Match on catch block at 0xc3 in for 0xa5
01-23 18:44:29.918 11308 11308 E ArmVmp : Match on catch block at 0xc3 in for 0xa9
01-23 18:44:29.920 11308 11308 E ArmVmp : Match on catch block at 0xc3 in for 0xa1
01-23 18:44:30.116 11308 11308 E ArmVmp : Match on catch block at 0xc3 in for 0xa9
01-23 18:44:30.118 11308 11308 E ArmVmp : Match on catch block at 0xc3 in for 0xa1
01-23 18:44:30.164 11308 11308 E ArmVmp : Match on catch block at 0xc3 in for 0xa1
01-23 18:44:30.166 11308 11308 E ArmVmp : Match on catch block at 0xc3 in for 0xa5
01-23 18:44:30.215 11308 11308 W IInputConnectionWrapper: requestCursorAnchorInfo on inactive InputConnection
01-23 18:44:32.617 11308 11308 E ArmVmp : Match on catch block at 0x38 in for 0xb1
01-23 18:44:32.626 11308 11308 W System.err: java.lang.NumberFormatException: For input string: ""
01-23 18:44:32.626 11308 11308 W System.err:
01-23 18:44:32.628 11308 11308 W System.err: at java.lang.Integer.parseInt(Integer.java:627)
01-23 18:44:32.628 11308 11308 W System.err:
01-23 18:44:32.628 11308 11308 W System.err: at java.lang.Integer.parseInt(Integer.java:650)
01-23 18:44:32.628 11308 11308 W System.err:
01-23 18:44:32.629 11308 11308 W System.err: at mbmodsd.mbmodsw.home.HomeActivity.mbcRe(Native Method)
01-23 18:44:32.629 11308 11308 W System.err:
01-23 18:44:32.629 11308 11308 W System.err: at com.mbwhatsapp.HomeActivity.onPause(Unknown Source:9)
01-23 18:44:32.629 11308 11308 W System.err:
01-23 18:44:32.629 11308 11308 W System.err: at android.app.Activity.performPause(Activity.java:8286)
01-23 18:44:32.629 11308 11308 W System.err:
01-23 18:44:32.629 11308 11308 W System.err: at android.app.Instrumentation.callActivityOnPause(Instrumentation.java:1510)
01-23 18:44:32.629 11308 11308 W System.err:
01-23 18:44:32.629 11308 11308 W System.err: at android.app.ActivityThread.performPauseActivityIfNeeded(ActivityThread.java:4834)
01-23 18:44:32.629 11308 11308 W System.err:
01-23 18:44:32.629 11308 11308 W System.err: at android.app.ActivityThread.performPauseActivity(ActivityThread.java:4795)
01-23 18:44:32.629 11308 11308 W System.err:
01-23 18:44:32.629 11308 11308 W System.err: at android.app.ActivityThread.handlePauseActivity(ActivityThread.java:4746)
01-23 18:44:32.629 11308 11308 W System.err:
01-23 18:44:32.629 11308 11308 W System.err: at android.app.servertransaction.PauseActivityItem.execute(PauseActivityItem.java:46)
01-23 18:44:32.629 11308 11308 W System.err:
01-23 18:44:32.630 11308 11308 W System.err: at android.app.servertransaction.TransactionExecutor.executeLifecycleState(Transaction Executor.java:176)
01-23 18:44:32.630 11308 11308 W System.err:
01-23 18:44:32.630 11308 11308 W System.err: at android.app.servertransaction.TransactionExecutor.execute(TransactionExecutor.java: 97)
01-23 18:44:32.630 11308 11308 W System.err:
01-23 18:44:32.630 11308 11308 W System.err: at android.app.ActivityThread$H.handleMessage(ActivityThread.java:2132)
01-23 18:44:32.630 11308 11308 W System.err:
01-23 18:44:32.630 11308 11308 W System.err: at android.os.Handler.dispatchMessage(Handler.java:106)
01-23 18:44:32.630 11308 11308 W System.err:
01-23 18:44:32.630 11308 11308 W System.err: at android.os.Looper.loop(Looper.java:250)
01-23 18:44:32.630 11308 11308 W System.err:
01-23 18:44:32.630 11308 11308 W System.err: at android.app.ActivityThread.main(ActivityThread.java:7848)
01-23 18:44:32.630 11308 11308 W System.err:
01-23 18:44:32.630 11308 11308 W System.err: at java.lang.reflect.Method.invoke(Native Method)
01-23 18:44:32.630 11308 11308 W System.err:
01-23 18:44:32.630 11308 11308 W System.err: at com.android.internal.os.RuntimeInit$MethodAndArgsCaller.run(RuntimeInit.java:592)
01-23 18:44:32.630 11308 11308 W System.err:
01-23 18:44:32.630 11308 11308 W System.err: at com.android.internal.os.ZygoteInit.main(ZygoteInit.java:958)
01-23 18:44:32.630 11308 11308 W System.err:
01-23 18:44:33.211 11308 11308 W BottomSheetBehavior: BottomSheetBehavior now supports multiple callbacks. `setBottomSheetCallback()` removes all existing callbacks, including ones set internally by library authors, which may result in unintended behavior. This may change in the future. Please use `addBottomSheetCallback()` and `removeBottomSheetCallback()` instead to set your own callbacks.
01-23 18:44:33.211 11308 11308 W BottomSheetBehavior: BottomSheetBehavior now supports multiple callbacks. `setBottomSheetCallback()` removes all existing callbacks, including ones set internally by library authors, which may result in unintended behavior. This may change in the future. Please use `addBottomSheetCallback()` and `removeBottomSheetCallback()` instead to set your own callbacks.
01-23 18:44:33.421 11308 11308 W BottomSheetBehavior: BottomSheetBehavior now supports multiple callbacks. `setBottomSheetCallback()` removes all existing callbacks, including ones set internally by library authors, which may result in unintended behavior. This may change in the future. Please use `addBottomSheetCallback()` and `removeBottomSheetCallback()` instead to set your own callbacks.
01-23 18:44:33.421 11308 11308 W BottomSheetBehavior: BottomSheetBehavior now supports multiple callbacks. `setBottomSheetCallback()` removes all existing callbacks, including ones set internally by library authors, which may result in unintended behavior. This may change in the future. Please use `addBottomSheetCallback()` and `removeBottomSheetCallback()` instead to set your own callbacks.
01-23 18:44:33.461 11308 11308 W BottomSheetBehavior: BottomSheetBehavior now supports multiple callbacks. `setBottomSheetCallback()` removes all existing callbacks, including ones set internally by library authors, which may result in unintended behavior. This may change in the future. Please use `addBottomSheetCallback()` and `removeBottomSheetCallback()` instead to set your own callbacks.
01-23 18:44:33.461 11308 11308 W BottomSheetBehavior: BottomSheetBehavior now supports multiple callbacks. `setBottomSheetCallback()` removes all existing callbacks, including ones set internally by library authors, which may result in unintended behavior. This may change in the future. Please use `addBottomSheetCallback()` and `removeBottomSheetCallback()` instead to set your own callbacks.
01-23 18:44:34.431 11308 11308 E RecyclerView: No adapter attached; skipping layout
01-23 18:44:34.432 11308 11308 E RecyclerView: No adapter attached; skipping layout
01-23 18:44:34.882 11308 13932 W Codec2Client: query -- param skipped: index = 1107298332.
01-23 18:44:34.883 11308 13932 W CCodec : This behavior is subject to change. It is recommended that app developers double check whether the requested max input size is in reasonable range.
01-23 18:44:34.903 11308 13932 W Codec2Client: query -- param skipped: index = 1342179345.
01-23 18:44:34.903 11308 13932 W Codec2Client: query -- param skipped: index = 2415921170.
01-23 18:44:34.903 11308 13932 W Codec2Client: query -- param skipped: index = 1610614798.
01-23 18:44:34.915 11308 13932 E FMQ : grantorIdx must be less than 3
01-23 18:44:34.915 11308 13932 E FMQ : grantorIdx must be less than 3
01-23 18:44:34.925 11308 13932 E FMQ : grantorIdx must be less than 3
01-23 18:44:34.949 11308 12767 E FMQ : grantorIdx must be less than 3
01-23 18:44:35.190 11308 13905 E Surface : freeAllBuffers: 8 buffers were freed while being dequeued!
01-23 18:44:35.336 11308 13902 W AudioTrack: getTimestamp_l(3735): retrograde timestamp time corrected, 556653861232474 < 556653863337631
01-23 18:44:35.598 11308 11408 E SQLiteDatabase: Error inserting transferred=1 media_job_uuid=9555fbe2-1dc4-4ff2-a270-267bcae79570 transcoded=0 gif_attribution=0 first_scan_length=0 direct_path=/v/t62.7161- 24/40670525_696561159300751_5971228133434174887_n.enc?ccb=11- 4&oh=01_AdSBHCWCyPncQ0ToEHvsJ_Rhy3lLQMcUY833Pe6bP1X_0A&oe=65D7DCA6&_nc_sid=5e03e0 thumbnail_height_width_ratio=1.7777778 is_animated_sticker=0 file_hash=HLGBV2KTkNaSz86c1R2MJwqbjmUNnFtX9V+MajibywM= file_path=Media/.Statuses/70952448b38442728b88767ddc30638f.mp4 file_size=914230 partial_media_hash=null face_x=0 face_y=0 height=656 trim_to=0 media_key_timestamp=1706060504000 message_url=https://mmg.whatsapp.net/v/t62.7161- 24/40670525_696561159300751_5971228133434174887_n.enc?ccb=11- 4&oh=01_AdSBHCWCyPncQ0ToEHvsJ_Rhy3lLQMcUY833Pe6bP1X_0A&oe=65D7DCA6&_nc_sid=5e03e0&m ms3=true media_caption=null trim_from=0 mime_type=video/mp4 partial_media_enc_hash=null width=368 original_file_hash=null has_streaming_sidecar=1 autotransfer_retry_enabled=1 media_upload_handle=null message_row_id=52204 multicast_id=null enc_file_hash=+PWwEU7+WVF38egW1NbbpDlRjxN4fohVgEEdwmFCzbs= mute_video=0 page_count=0 first_scan_sidecar=null suspicious_content=0 file_length=914230 media_name=null media_duration=7 chat_row_id=72 media_key=[B@4243622
01-23 18:44:35.598 11308 11408 E SQLiteDatabase: android.database.sqlite.SQLiteConstraintException: UNIQUE constraint failed: message_media.message_row_id (code 1555 SQLITE_CONSTRAINT_PRIMARYKEY)
01-23 18:44:35.598 11308 11408 E SQLiteDatabase: at android.database.sqlite.SQLiteConnection.nativeExecuteForLastInsertedRowId(Native Method)
01-23 18:44:35.598 11308 11408 E SQLiteDatabase: at android.database.sqlite.SQLiteConnection.executeForLastInsertedRowId(SQLiteConnecti on.java:938)
01-23 18:44:35.598 11308 11408 E SQLiteDatabase: at android.database.sqlite.SQLiteSession.executeForLastInsertedRowId(SQLiteSession.jav a:790)
01-23 18:44:35.598 11308 11408 E SQLiteDatabase: at android.database.sqlite.SQLiteStatement.executeInsert(SQLiteStatement.java:88)
01-23 18:44:35.598 11308 11408 E SQLiteDatabase: at android.database.sqlite.SQLiteDatabase.insertWithOnConflict(SQLiteDatabase.java:170 1)
01-23 18:44:35.598 11308 11408 E SQLiteDatabase: at android.database.sqlite.SQLiteDatabase.insert(SQLiteDatabase.java:1570)
01-23 18:44:35.598 11308 11408 E SQLiteDatabase: at X.2tm.A08(Unknown Source:6)
01-23 18:44:35.598 11308 11408 E SQLiteDatabase: at X.35Y.A07(Unknown Source:212)
01-23 18:44:35.598 11308 11408 E SQLiteDatabase: at X.3QF.A14(Unknown Source:470)
01-23 18:44:35.598 11308 11408 E SQLiteDatabase: at X.3gU.run(Unknown Source:982)
01-23 18:44:35.598 11308 11408 E SQLiteDatabase: at android.os.Handler.handleCallback(Handler.java:938)
01-23 18:44:35.598 11308 11408 E SQLiteDatabase: at android.os.Handler.dispatchMessage(Handler.java:99)
01-23 18:44:35.598 11308 11408 E SQLiteDatabase: at X.0zq.dispatchMessage(Unknown Source:4)
01-23 18:44:35.598 11308 11408 E SQLiteDatabase: at android.os.Looper.loop(Looper.java:250)
01-23 18:44:35.598 11308 11408 E SQLiteDatabase: at android.os.HandlerThread.run(HandlerThread.java:67)
01-23 18:44:36.999 11308 13932 W Codec2Client: query -- param skipped: index = 1342179345.
01-23 18:44:36.999 11308 13932 W Codec2Client: query -- param skipped: index = 2415921170.
01-23 18:44:36.999 11308 13932 W Codec2Client: query -- param skipped: index = 1610614798.
01-23 18:44:37.007 11308 11308 E RecyclerView: No adapter attached; skipping layout
01-23 18:44:37.007 11308 13905 E Surface : freeAllBuffers: 12 buffers were freed while being dequeued!
01-23 18:44:37.117 11308 13964 W Codec2Client: query -- param skipped: index = 1107298332.
01-23 18:44:37.117 11308 13964 W CCodec : This behavior is subject to change. It is recommended that app developers double check whether the requested max input size is in reasonable range.
01-23 18:44:37.119 11308 13964 W Codec2Client: query -- param skipped: index = 1342179345.
01-23 18:44:37.119 11308 13964 W Codec2Client: query -- param skipped: index = 2415921170.
01-23 18:44:37.119 11308 13964 W Codec2Client: query -- param skipped: index = 1610614798.
01-23 18:44:37.119 11308 13964 E FMQ : grantorIdx must be less than 3
01-23 18:44:37.119 11308 13964 E FMQ : grantorIdx must be less than 3
01-23 18:44:37.123 11308 13964 E FMQ : grantorIdx must be less than 3
01-23 18:44:37.134 11308 12767 E FMQ : grantorIdx must be less than 3
01-23 18:44:37.598 11308 13964 W Codec2Client: query -- param skipped: index = 1342179345.
01-23 18:44:37.598 11308 13964 W Codec2Client: query -- param skipped: index = 2415921170.
01-23 18:44:37.598 11308 13964 W Codec2Client: query -- param skipped: index = 1610614798.
01-23 18:44:37.600 11308 13959 E Surface : freeAllBuffers: 12 buffers were freed while being dequeued!
01-23 18:44:37.618 11308 11308 W BottomSheetBehavior: BottomSheetBehavior now supports multiple callbacks. `setBottomSheetCallback()` removes all existing callbacks, including ones set internally by library authors, which may result in unintended behavior. This may change in the future. Please use `addBottomSheetCallback()` and `removeBottomSheetCallback()` instead to set your own callbacks.
01-23 18:44:37.619 11308 11308 W BottomSheetBehavior: BottomSheetBehavior now supports multiple callbacks. `setBottomSheetCallback()` removes all existing callbacks, including ones set internally by library authors, which may result in unintended behavior. This may change in the future. Please use `addBottomSheetCallback()` and `removeBottomSheetCallback()` instead to set your own callbacks.
01-23 18:44:37.823 11308 11308 W BottomSheetBehavior: BottomSheetBehavior now supports multiple callbacks. `setBottomSheetCallback()` removes all existing callbacks, including ones set internally by library authors, which may result in unintended behavior. This may change in the future. Please use `addBottomSheetCallback()` and `removeBottomSheetCallback()` instead to set your own callbacks.
01-23 18:44:37.874 11308 11308 W BottomSheetBehavior: BottomSheetBehavior now supports multiple callbacks. `setBottomSheetCallback()` removes all existing callbacks, including ones set internally by library authors, which may result in unintended behavior. This may change in the future. Please use `addBottomSheetCallback()` and `removeBottomSheetCallback()` instead to set your own callbacks.
01-23 18:44:37.882 11308 11308 E RecyclerView: No adapter attached; skipping layout
01-23 18:44:37.884 11308 11408 E SQLiteDatabase: Error inserting transferred=0 media_job_uuid=adae7c15-ae13-4b14-9c2c-e0b5b64d46c9 transcoded=0 gif_attribution=0 first_scan_length=0 direct_path=/v/t62.7161- 24/28768736_372607695376566_4397393910165938994_n.enc?ccb=11- 4&oh=01_AdRe7QVol5Tb7KDxSpVLBhp5Z8LdzR6BjbdIDCXyE4TIvA&oe=65D7C895&_nc_sid=5e03e0 thumbnail_height_width_ratio=1.7777778 is_animated_sticker=0 file_hash=tOeclgWfxWfgap62A59m5agsmw14mVwdWkhjsVcKB4A= file_path=null file_size=0 partial_media_hash=null face_x=0 face_y=0 height=656 trim_to=0 media_key_timestamp=1706060593000 message_url=https://mmg.whatsapp.net/v/t62.7161- 24/28768736_372607695376566_4397393910165938994_n.enc?ccb=11- 4&oh=01_AdRe7QVol5Tb7KDxSpVLBhp5Z8LdzR6BjbdIDCXyE4TIvA&oe=65D7C895&_nc_sid=5e03e0&m ms3=true media_caption=null trim_from=0 mime_type=video/mp4 partial_media_enc_hash=null width=368 original_file_hash=null has_streaming_sidecar=1 autotransfer_retry_enabled=0 media_upload_handle=null message_row_id=52206 multicast_id=null enc_file_hash=Tnp+qtgJ8rF2n3zR4OsHmo4skZgJjksqrS2RGRxN+xs= mute_video=0 page_count=0 first_scan_sidecar=null suspicious_content=0 file_length=2933383 media_name=null media_duration=11 chat_row_id=72 media_key=[B@69a3bd1
01-23 18:44:37.884 11308 11408 E SQLiteDatabase: android.database.sqlite.SQLiteConstraintException: UNIQUE constraint failed: message_media.message_row_id (code 1555 SQLITE_CONSTRAINT_PRIMARYKEY)
01-23 18:44:37.884 11308 11408 E SQLiteDatabase: at android.database.sqlite.SQLiteConnection.nativeExecuteForLastInsertedRowId(Native Method)
01-23 18:44:37.884 11308 11408 E SQLiteDatabase: at android.database.sqlite.SQLiteConnection.executeForLastInsertedRowId(SQLiteConnecti on.java:938)
01-23 18:44:37.884 11308 11408 E SQLiteDatabase: at android.database.sqlite.SQLiteSession.executeForLastInsertedRowId(SQLiteSession.jav a:790)
01-23 18:44:37.884 11308 11408 E SQLiteDatabase: at android.database.sqlite.SQLiteStatement.executeInsert(SQLiteStatement.java:88)
01-23 18:44:37.884 11308 11408 E SQLiteDatabase: at android.database.sqlite.SQLiteDatabase.insertWithOnConflict(SQLiteDatabase.java:170 1)
01-23 18:44:37.884 11308 11408 E SQLiteDatabase: at android.database.sqlite.SQLiteDatabase.insert(SQLiteDatabase.java:1570)
01-23 18:44:37.884 11308 11408 E SQLiteDatabase: at X.2tm.A08(Unknown Source:6)
01-23 18:44:37.884 11308 11408 E SQLiteDatabase: at X.35Y.A07(Unknown Source:212)
01-23 18:44:37.884 11308 11408 E SQLiteDatabase: at X.3QF.A14(Unknown Source:470)
01-23 18:44:37.884 11308 11408 E SQLiteDatabase: at X.3gU.run(Unknown Source:982)
01-23 18:44:37.884 11308 11408 E SQLiteDatabase: at android.os.Handler.handleCallback(Handler.java:938)
01-23 18:44:37.884 11308 11408 E SQLiteDatabase: at android.os.Handler.dispatchMessage(Handler.java:99)
01-23 18:44:37.884 11308 11408 E SQLiteDatabase: at X.0zq.dispatchMessage(Unknown Source:4)
01-23 18:44:37.884 11308 11408 E SQLiteDatabase: at android.os.Looper.loop(Looper.java:250)
01-23 18:44:37.884 11308 11408 E SQLiteDatabase: at android.os.HandlerThread.run(HandlerThread.java:67)
01-23 18:44:37.980 11308 11408 E SQLiteDatabase: Error inserting transferred=0 media_job_uuid=adae7c15-ae13-4b14-9c2c-e0b5b64d46c9 transcoded=0 gif_attribution=0 first_scan_length=0 direct_path=/v/t62.7161- 24/28768736_372607695376566_4397393910165938994_n.enc?ccb=11- 4&oh=01_AdRe7QVol5Tb7KDxSpVLBhp5Z8LdzR6BjbdIDCXyE4TIvA&oe=65D7C895&_nc_sid=5e03e0 thumbnail_height_width_ratio=1.7777778 is_animated_sticker=0 file_hash=tOeclgWfxWfgap62A59m5agsmw14mVwdWkhjsVcKB4A= file_path=null file_size=0 partial_media_hash=null face_x=0 face_y=0 height=656 trim_to=0 media_key_timestamp=1706060593000 message_url=https://mmg.whatsapp.net/v/t62.7161- 24/28768736_372607695376566_4397393910165938994_n.enc?ccb=11- 4&oh=01_AdRe7QVol5Tb7KDxSpVLBhp5Z8LdzR6BjbdIDCXyE4TIvA&oe=65D7C895&_nc_sid=5e03e0&m ms3=true media_caption=null trim_from=0 mime_type=video/mp4 partial_media_enc_hash=null width=368 original_file_hash=null has_streaming_sidecar=1 autotransfer_retry_enabled=0 media_upload_handle=null message_row_id=52206 multicast_id=null enc_file_hash=Tnp+qtgJ8rF2n3zR4OsHmo4skZgJjksqrS2RGRxN+xs= mute_video=0 page_count=0 first_scan_sidecar=null suspicious_content=0 file_length=2933383 media_name=null media_duration=11 chat_row_id=72 media_key=[B@69a3bd1
01-23 18:44:37.980 11308 11408 E SQLiteDatabase: android.database.sqlite.SQLiteConstraintException: UNIQUE constraint failed: message_media.message_row_id (code 1555 SQLITE_CONSTRAINT_PRIMARYKEY)
01-23 18:44:37.980 11308 11408 E SQLiteDatabase: at android.database.sqlite.SQLiteConnection.nativeExecuteForLastInsertedRowId(Native Method)
01-23 18:44:37.980 11308 11408 E SQLiteDatabase: at android.database.sqlite.SQLiteConnection.executeForLastInsertedRowId(SQLiteConnecti on.java:938)
01-23 18:44:37.980 11308 11408 E SQLiteDatabase: at android.database.sqlite.SQLiteSession.executeForLastInsertedRowId(SQLiteSession.jav a:790)
01-23 18:44:37.980 11308 11408 E SQLiteDatabase: at android.database.sqlite.SQLiteStatement.executeInsert(SQLiteStatement.java:88)
01-23 18:44:37.980 11308 11408 E SQLiteDatabase: at android.database.sqlite.SQLiteDatabase.insertWithOnConflict(SQLiteDatabase.java:170 1)
01-23 18:44:37.980 11308 11408 E SQLiteDatabase: at android.database.sqlite.SQLiteDatabase.insert(SQLiteDatabase.java:1570)
01-23 18:44:37.980 11308 11408 E SQLiteDatabase: at X.2tm.A08(Unknown Source:6)
01-23 18:44:37.980 11308 11408 E SQLiteDatabase: at X.35Y.A07(Unknown Source:212)
01-23 18:44:37.980 11308 11408 E SQLiteDatabase: at X.3QF.A14(Unknown Source:470)
01-23 18:44:37.980 11308 11408 E SQLiteDatabase: at X.3gU.run(Unknown Source:982)
01-23 18:44:37.980 11308 11408 E SQLiteDatabase: at android.os.Handler.handleCallback(Handler.java:938)
01-23 18:44:37.980 11308 11408 E SQLiteDatabase: at android.os.Handler.dispatchMessage(Handler.java:99)
01-23 18:44:37.980 11308 11408 E SQLiteDatabase: at X.0zq.dispatchMessage(Unknown Source:4)
01-23 18:44:37.980 11308 11408 E SQLiteDatabase: at android.os.Looper.loop(Looper.java:250)
01-23 18:44:37.980 11308 11408 E SQLiteDatabase: at android.os.HandlerThread.run(HandlerThread.java:67)
01-23 18:44:38.739 11308 13994 W Codec2Client: query -- param skipped: index = 1107298332.
01-23 18:44:38.739 11308 13994 W CCodec : This behavior is subject to change. It is recommended that app developers double check whether the requested max input size is in reasonable range.
01-23 18:44:38.750 11308 13994 W Codec2Client: query -- param skipped: index = 1342179345.
01-23 18:44:38.750 11308 13994 W Codec2Client: query -- param skipped: index = 2415921170.
01-23 18:44:38.750 11308 13994 W Codec2Client: query -- param skipped: index = 1610614798.
01-23 18:44:38.752 11308 13994 E FMQ : grantorIdx must be less than 3
01-23 18:44:38.752 11308 13994 E FMQ : grantorIdx must be less than 3
01-23 18:44:38.755 11308 13994 E FMQ : grantorIdx must be less than 3
01-23 18:44:38.767 11308 12767 E FMQ : grantorIdx must be less than 3
01-23 18:44:39.880 11308 12811 W System.err: java.util.concurrent.ExecutionException: java.io.IOException: disconnected
01-23 18:44:39.881 11308 12811 W System.err:
01-23 18:44:39.881 11308 12811 W System.err: at X.3hG.get(Unknown Source:16)
01-23 18:44:39.881 11308 12811 W System.err:
01-23 18:44:39.881 11308 12811 W System.err: at com.mbwhatsapp.jobqueue.job.SendReadReceiptJob.A06(Unknown Source:136)
01-23 18:44:39.881 11308 12811 W System.err:
01-23 18:44:39.881 11308 12811 W System.err: at X.3e7.run(Unknown Source:1006)
01-23 18:44:39.881 11308 12811 W System.err:
01-23 18:44:39.881 11308 12811 W System.err: at java.util.concurrent.ThreadPoolExecutor.runWorker(ThreadPoolExecutor.java:1167)
01-23 18:44:39.881 11308 12811 W System.err:
01-23 18:44:39.881 11308 12811 W System.err: at java.util.concurrent.ThreadPoolExecutor$Worker.run(ThreadPoolExecutor.java:641)
01-23 18:44:39.881 11308 12811 W System.err:
01-23 18:44:39.881 11308 12811 W System.err: at X.3e7.run(Unknown Source:1130)
01-23 18:44:39.881 11308 12811 W System.err:
01-23 18:44:39.882 11308 12811 W System.err: at java.lang.Thread.run(Thread.java:923)
01-23 18:44:39.882 11308 12811 W System.err:
01-23 18:44:39.882 11308 12811 W System.err: Caused by: java.io.IOException: disconnected
01-23 18:44:39.882 11308 12811 W System.err:
01-23 18:44:39.882 11308 12811 W System.err: at X.002.A0F(Unknown Source:2)
01-23 18:44:39.882 11308 12811 W System.err:
01-23 18:44:39.884 11308 12811 W System.err: at X.103.handleMessage(Unknown Source:399)
01-23 18:44:39.884 11308 12811 W System.err:
01-23 18:44:39.884 11308 12811 W System.err: at android.os.Handler.dispatchMessage(Handler.java:106)
01-23 18:44:39.884 11308 12811 W System.err:
01-23 18:44:39.885 11308 12811 W System.err: at android.os.Looper.loop(Looper.java:250)
01-23 18:44:39.885 11308 12811 W System.err:
01-23 18:44:39.885 11308 12811 W System.err: at android.os.HandlerThread.run(HandlerThread.java:67)
01-23 18:44:39.885 11308 12811 W System.err:
01-23 18:44:43.233 11308 13994 W Codec2Client: query -- param skipped: index = 1342179345.
01-23 18:44:43.233 11308 13994 W Codec2Client: query -- param skipped: index = 2415921170.
01-23 18:44:43.233 11308 13994 W Codec2Client: query -- param skipped: index = 1610614798.
01-23 18:44:43.238 11308 13985 E Surface : freeAllBuffers: 17 buffers were freed while being dequeued!
01-23 18:44:43.256 11308 11308 E RecyclerView: No adapter attached; skipping layout
01-23 18:44:53.886 11308 11408 E SQLiteDatabase: Error inserting transferred=1 media_job_uuid=f2f74a95-d2d2-4001-9282-f9fed49ca77e transcoded=0 gif_attribution=0 first_scan_length=0 direct_path=/v/t62.7161- 24/11972554_734370958648513_3051223816617302785_n.enc?ccb=11- 4&oh=01_AdRPDCMtRy7MxizlmOu1VNf6wqDB_0mQLrsKdS6IRvNhJw&oe=65D7C41C&_nc_sid=5e03e0 thumbnail_height_width_ratio=1.7755102 is_animated_sticker=0 file_hash=+tiNOomeXW6Nb4OjBxxqgtg/SDwrM2nieAUeyj6zY2s= file_path=Media/.Statuses/05eb013798ad4019a29fde73ed62d92f.mp4 file_size=6228752 partial_media_hash=null face_x=0 face_y=0 height=848 trim_to=0 media_key_timestamp=1706059790000 message_url=https://mmg.whatsapp.net/v/t62.7161- 24/11972554_734370958648513_3051223816617302785_n.enc?ccb=11- 4&oh=01_AdRPDCMtRy7MxizlmOu1VNf6wqDB_0mQLrsKdS6IRvNhJw&oe=65D7C41C&_nc_sid=5e03e0&m ms3=true media_caption=null trim_from=0 mime_type=video/mp4 partial_media_enc_hash=null width=480 original_file_hash=null has_streaming_sidecar=1 autotransfer_retry_enabled=1 media_upload_handle=null message_row_id=52196 multicast_id=null enc_file_hash=1MXpjaC4/PWKCbESsH7cRm59K6kLaMSE5UmTfV+qCJU= mute_video=0 page_count=0 first_scan_sidecar=null suspicious_content=0 file_length=6228752 media_name=null media_duration=30 chat_row_id=72 media_key=[B@a5c59ba
01-23 18:44:53.886 11308 11408 E SQLiteDatabase: android.database.sqlite.SQLiteConstraintException: UNIQUE constraint failed: message_media.message_row_id (code 1555 SQLITE_CONSTRAINT_PRIMARYKEY)
01-23 18:44:53.886 11308 11408 E SQLiteDatabase: at android.database.sqlite.SQLiteConnection.nativeExecuteForLastInsertedRowId(Native Method)
01-23 18:44:53.886 11308 11408 E SQLiteDatabase: at android.database.sqlite.SQLiteConnection.executeForLastInsertedRowId(SQLiteConnecti on.java:938)
01-23 18:44:53.886 11308 11408 E SQLiteDatabase: at android.database.sqlite.SQLiteSession.executeForLastInsertedRowId(SQLiteSession.jav a:790)
01-23 18:44:53.886 11308 11408 E SQLiteDatabase: at android.database.sqlite.SQLiteStatement.executeInsert(SQLiteStatement.java:88)
01-23 18:44:53.886 11308 11408 E SQLiteDatabase: at android.database.sqlite.SQLiteDatabase.insertWithOnConflict(SQLiteDatabase.java:170 1)
01-23 18:44:53.886 11308 11408 E SQLiteDatabase: at android.database.sqlite.SQLiteDatabase.insert(SQLiteDatabase.java:1570)
01-23 18:44:53.886 11308 11408 E SQLiteDatabase: at X.2tm.A08(Unknown Source:6)
01-23 18:44:53.886 11308 11408 E SQLiteDatabase: at X.35Y.A07(Unknown Source:212)
01-23 18:44:53.886 11308 11408 E SQLiteDatabase: at X.3QF.A14(Unknown Source:470)
01-23 18:44:53.886 11308 11408 E SQLiteDatabase: at X.3gU.run(Unknown Source:982)
01-23 18:44:53.886 11308 11408 E SQLiteDatabase: at android.os.Handler.handleCallback(Handler.java:938)
01-23 18:44:53.886 11308 11408 E SQLiteDatabase: at android.os.Handler.dispatchMessage(Handler.java:99)
01-23 18:44:53.886 11308 11408 E SQLiteDatabase: at X.0zq.dispatchMessage(Unknown Source:4)
01-23 18:44:53.886 11308 11408 E SQLiteDatabase: at android.os.Looper.loop(Looper.java:250)
01-23 18:44:53.886 11308 11408 E SQLiteDatabase: at android.os.HandlerThread.run(HandlerThread.java:67)
01-23 18:44:54.161 11308 11408 E SQLiteDatabase: Error inserting transferred=0 media_job_uuid=adae7c15-ae13-4b14-9c2c-e0b5b64d46c9 transcoded=0 gif_attribution=0 first_scan_length=0 direct_path=/v/t62.7161- 24/28768736_372607695376566_4397393910165938994_n.enc?ccb=11- 4&oh=01_AdRe7QVol5Tb7KDxSpVLBhp5Z8LdzR6BjbdIDCXyE4TIvA&oe=65D7C895&_nc_sid=5e03e0 thumbnail_height_width_ratio=1.7777778 is_animated_sticker=0 file_hash=tOeclgWfxWfgap62A59m5agsmw14mVwdWkhjsVcKB4A= file_path=null file_size=0 partial_media_hash=null face_x=0 face_y=0 height=656 trim_to=0 media_key_timestamp=1706060593000 message_url=https://mmg.whatsapp.net/v/t62.7161- 24/28768736_372607695376566_4397393910165938994_n.enc?ccb=11- 4&oh=01_AdRe7QVol5Tb7KDxSpVLBhp5Z8LdzR6BjbdIDCXyE4TIvA&oe=65D7C895&_nc_sid=5e03e0&m ms3=true media_caption=null trim_from=0 mime_type=video/mp4 partial_media_enc_hash=null width=368 original_file_hash=null has_streaming_sidecar=1 autotransfer_retry_enabled=1 media_upload_handle=null message_row_id=52206 multicast_id=null enc_file_hash=Tnp+qtgJ8rF2n3zR4OsHmo4skZgJjksqrS2RGRxN+xs= mute_video=0 page_count=0 first_scan_sidecar=null suspicious_content=0 file_length=2933383 media_name=null media_duration=11 chat_row_id=72 media_key=[B@69a3bd1
01-23 18:44:54.161 11308 11408 E SQLiteDatabase: android.database.sqlite.SQLiteConstraintException: UNIQUE constraint failed: message_media.message_row_id (code 1555 SQLITE_CONSTRAINT_PRIMARYKEY)
01-23 18:44:54.161 11308 11408 E SQLiteDatabase: at android.database.sqlite.SQLiteConnection.nativeExecuteForLastInsertedRowId(Native Method)
01-23 18:44:54.161 11308 11408 E SQLiteDatabase: at android.database.sqlite.SQLiteConnection.executeForLastInsertedRowId(SQLiteConnecti on.java:938)
01-23 18:44:54.161 11308 11408 E SQLiteDatabase: at android.database.sqlite.SQLiteSession.executeForLastInsertedRowId(SQLiteSession.jav a:790)
