01-23 15:27:07.239 19452 19452 E ArmVmp : Match on catch block at 0xc3 in for 0xa5
01-23 15:27:07.242 19452 19452 E ArmVmp : Match on catch block at 0xc3 in for 0xa9
01-23 15:27:07.255 19452 19452 E ArmVmp : Match on catch block at 0xc3 in for 0xa9
01-23 15:27:07.258 19452 19452 E ArmVmp : Match on catch block at 0xc3 in for 0xa1
01-23 15:27:07.272 19452 19452 E ArmVmp : Match on catch block at 0xc3 in for 0xa1
01-23 15:27:07.275 19452 19452 E ArmVmp : Match on catch block at 0xc3 in for 0xa5
01-23 15:27:07.472 19452 19452 E ArmVmp : Match on catch block at 0xc3 in for 0xa5
01-23 15:27:07.477 19452 19452 E ArmVmp : Match on catch block at 0xc3 in for 0xa9
01-23 15:27:07.722 19452 19452 E ArmVmp : Match on catch block at 0xc3 in for 0xa9
01-23 15:27:07.727 19452 19452 E ArmVmp : Match on catch block at 0xc3 in for 0xa1
01-23 15:27:08.005 19452 19452 E ArmVmp : Match on catch block at 0xc3 in for 0xa1
01-23 15:27:08.014 19452 19452 E ArmVmp : Match on catch block at 0xc3 in for 0xa5
01-23 15:27:08.205 19452 19452 E ArmVmp : Match on catch block at 0xc3 in for 0xa5
01-23 15:27:08.208 19452 19452 E ArmVmp : Match on catch block at 0xc3 in for 0xa9
01-23 15:27:08.449 19452 19452 E ArmVmp : Match on catch block at 0xc3 in for 0xa1
01-23 15:27:08.453 19452 19452 E ArmVmp : Match on catch block at 0xc3 in for 0xa5
01-23 15:27:08.475 19452 19452 E ArmVmp : Match on catch block at 0xc3 in for 0xa9
01-23 15:27:08.478 19452 19452 E ArmVmp : Match on catch block at 0xc3 in for 0xa1
01-23 15:27:08.488 19452 19452 E ArmVmp : Match on catch block at 0xc3 in for 0xa1
01-23 15:27:08.491 19452 19452 E ArmVmp : Match on catch block at 0xc3 in for 0xa5
01-23 15:27:08.504 19452 19452 E ArmVmp : Match on catch block at 0xc3 in for 0xa5
01-23 15:27:08.506 19452 19452 E ArmVmp : Match on catch block at 0xc3 in for 0xa9
01-23 15:27:08.521 19452 19452 E ArmVmp : Match on catch block at 0xc3 in for 0xa9
01-23 15:27:08.523 19452 19452 E ArmVmp : Match on catch block at 0xc3 in for 0xa1
01-23 15:27:08.539 19452 19452 E ArmVmp : Match on catch block at 0xc3 in for 0xa1
01-23 15:27:08.542 19452 19452 E ArmVmp : Match on catch block at 0xc3 in for 0xa5
01-23 15:27:08.555 19452 19452 E ArmVmp : Match on catch block at 0xc3 in for 0xa5
01-23 15:27:08.558 19452 19452 E ArmVmp : Match on catch block at 0xc3 in for 0xa9
01-23 15:27:08.572 19452 19452 E ArmVmp : Match on catch block at 0xc3 in for 0xa9
01-23 15:27:08.575 19452 19452 E ArmVmp : Match on catch block at 0xc3 in for 0xa1
01-23 15:27:08.592 19452 19452 E ArmVmp : Match on catch block at 0xc3 in for 0xa1
01-23 15:27:08.596 19452 19452 E ArmVmp : Match on catch block at 0xc3 in for 0xa5
01-23 15:27:08.605 19452 19452 E ArmVmp : Match on catch block at 0xc3 in for 0xa5
01-23 15:27:08.608 19452 19452 E ArmVmp : Match on catch block at 0xc3 in for 0xa9
01-23 15:27:08.622 19452 19452 E ArmVmp : Match on catch block at 0xc3 in for 0xa9
01-23 15:27:08.626 19452 19452 E ArmVmp : Match on catch block at 0xc3 in for 0xa1
01-23 15:27:08.638 19452 19452 E ArmVmp : Match on catch block at 0xc3 in for 0xa1
01-23 15:27:08.642 19452 19452 E ArmVmp : Match on catch block at 0xc3 in for 0xa5
01-23 15:27:08.656 19452 19452 E ArmVmp : Match on catch block at 0xc3 in for 0xa5
01-23 15:27:08.659 19452 19452 E ArmVmp : Match on catch block at 0xc3 in for 0xa9
01-23 15:27:08.672 19452 19452 E ArmVmp : Match on catch block at 0xc3 in for 0xa9
01-23 15:27:08.675 19452 19452 E ArmVmp : Match on catch block at 0xc3 in for 0xa1
01-23 15:27:08.689 19452 19452 E ArmVmp : Match on catch block at 0xc3 in for 0xa1
01-23 15:27:08.692 19452 19452 E ArmVmp : Match on catch block at 0xc3 in for 0xa5
01-23 15:27:08.705 19452 19452 E ArmVmp : Match on catch block at 0xc3 in for 0xa5
01-23 15:27:08.708 19452 19452 E ArmVmp : Match on catch block at 0xc3 in for 0xa9
01-23 15:27:08.722 19452 19452 E ArmVmp : Match on catch block at 0xc3 in for 0xa9
01-23 15:27:08.725 19452 19452 E ArmVmp : Match on catch block at 0xc3 in for 0xa1
01-23 15:27:08.738 19452 19452 E ArmVmp : Match on catch block at 0xc3 in for 0xa1
01-23 15:27:08.742 19452 19452 E ArmVmp : Match on catch block at 0xc3 in for 0xa5
01-23 15:27:08.756 19452 19452 E ArmVmp : Match on catch block at 0xc3 in for 0xa5
01-23 15:27:08.759 19452 19452 E ArmVmp : Match on catch block at 0xc3 in for 0xa9
01-23 15:27:08.772 19452 19452 E ArmVmp : Match on catch block at 0xc3 in for 0xa9
01-23 15:27:08.775 19452 19452 E ArmVmp : Match on catch block at 0xc3 in for 0xa1
01-23 15:27:08.789 19452 19452 E ArmVmp : Match on catch block at 0xc3 in for 0xa1
01-23 15:27:08.792 19452 19452 E ArmVmp : Match on catch block at 0xc3 in for 0xa5
01-23 15:27:08.806 19452 19452 E ArmVmp : Match on catch block at 0xc3 in for 0xa5
01-23 15:27:08.809 19452 19452 E ArmVmp : Match on catch block at 0xc3 in for 0xa9
01-23 15:27:08.822 19452 19452 E ArmVmp : Match on catch block at 0xc3 in for 0xa9
01-23 15:27:08.826 19452 19452 E ArmVmp : Match on catch block at 0xc3 in for 0xa1
01-23 15:27:08.839 19452 19452 E ArmVmp : Match on catch block at 0xc3 in for 0xa1
01-23 15:27:08.842 19452 19452 E ArmVmp : Match on catch block at 0xc3 in for 0xa5
01-23 15:27:08.855 19452 19452 E ArmVmp : Match on catch block at 0xc3 in for 0xa5
01-23 15:27:08.859 19452 19452 E ArmVmp : Match on catch block at 0xc3 in for 0xa9
01-23 15:27:08.872 19452 19452 E ArmVmp : Match on catch block at 0xc3 in for 0xa9
01-23 15:27:08.875 19452 19452 E ArmVmp : Match on catch block at 0xc3 in for 0xa1
01-23 15:27:08.974 19452 19452 E ArmVmp : Match on catch block at 0xc3 in for 0xa1
01-23 15:27:08.979 19452 19452 E ArmVmp : Match on catch block at 0xc3 in for 0xa5
01-23 15:27:09.238 19452 19452 E ArmVmp : Match on catch block at 0xc3 in for 0xa5
01-23 15:27:09.242 19452 19452 E ArmVmp : Match on catch block at 0xc3 in for 0xa9
01-23 15:27:09.739 19452 19452 E ArmVmp : Match on catch block at 0xc3 in for 0xa9
01-23 15:27:09.745 19452 19452 E ArmVmp : Match on catch block at 0xc3 in for 0xa1
01-23 15:27:10.239 19452 19452 E ArmVmp : Match on catch block at 0xc3 in for 0xa1
01-23 15:27:10.245 19452 19452 E ArmVmp : Match on catch block at 0xc3 in for 0xa5
01-23 15:27:10.487 19452 19452 E ArmVmp : Match on catch block at 0xc3 in for 0xa5
01-23 15:27:10.490 19452 19452 E ArmVmp : Match on catch block at 0xc3 in for 0xa9
01-23 15:27:10.991 19452 19452 E ArmVmp : Match on catch block at 0xc3 in for 0xa9
01-23 15:27:10.998 19452 19452 E ArmVmp : Match on catch block at 0xc3 in for 0xa1
01-23 15:27:11.489 19452 19452 E ArmVmp : Match on catch block at 0xc3 in for 0xa9
01-23 15:27:11.494 19452 19452 E ArmVmp : Match on catch block at 0xc3 in for 0xa1
01-23 15:27:11.986 19452 19452 E ArmVmp : Match on catch block at 0xc3 in for 0xa1
01-23 15:27:11.989 19452 19452 E ArmVmp : Match on catch block at 0xc3 in for 0xa5
01-23 15:27:12.487 19452 19452 E ArmVmp : Match on catch block at 0xc3 in for 0xa5
01-23 15:27:12.492 19452 19452 E ArmVmp : Match on catch block at 0xc3 in for 0xa9
01-23 15:27:12.987 19452 19452 E ArmVmp : Match on catch block at 0xc3 in for 0xa9
01-23 15:27:12.993 19452 19452 E ArmVmp : Match on catch block at 0xc3 in for 0xa1
01-23 15:27:13.487 19452 19452 E ArmVmp : Match on catch block at 0xc3 in for 0xa1
01-23 15:27:13.492 19452 19452 E ArmVmp : Match on catch block at 0xc3 in for 0xa5
01-23 15:27:13.656 19452 19452 E ArmVmp : Match on catch block at 0xc3 in for 0xa1
01-23 15:27:13.660 19452 19452 E ArmVmp : Match on catch block at 0xc3 in for 0xa5
01-23 15:27:14.118 19452 19452 E ArmVmp : Match on catch block at 0xc3 in for 0xa5
01-23 15:27:14.121 19452 19452 E ArmVmp : Match on catch block at 0xc3 in for 0xa9
01-23 15:27:14.146 19452 19452 E ArmVmp : Match on catch block at 0xc3 in for 0xa1
01-23 15:27:14.149 19452 19452 E ArmVmp : Match on catch block at 0xc3 in for 0xa5
01-23 15:27:14.177 19452 19452 E ArmVmp : Match on catch block at 0xc3 in for 0xa9
01-23 15:27:14.180 19452 19452 E ArmVmp : Match on catch block at 0xc3 in for 0xa1
01-23 15:27:14.185 19452 19452 E ArmVmp : Match on catch block at 0xc3 in for 0xa1
01-23 15:27:14.188 19452 19452 E ArmVmp : Match on catch block at 0xc3 in for 0xa5
01-23 15:27:14.200 19452 19452 E ArmVmp : Match on catch block at 0xc3 in for 0xa5
01-23 15:27:14.203 19452 19452 E ArmVmp : Match on catch block at 0xc3 in for 0xa9
01-23 15:27:14.217 19452 19452 E ArmVmp : Match on catch block at 0xc3 in for 0xa9
01-23 15:27:14.219 19452 19452 E ArmVmp : Match on catch block at 0xc3 in for 0xa1
01-23 15:27:14.233 19452 19452 E ArmVmp : Match on catch block at 0xc3 in for 0xa1
01-23 15:27:14.236 19452 19452 E ArmVmp : Match on catch block at 0xc3 in for 0xa5
01-23 15:27:14.250 19452 19452 E ArmVmp : Match on catch block at 0xc3 in for 0xa5
01-23 15:27:14.252 19452 19452 E ArmVmp : Match on catch block at 0xc3 in for 0xa9
01-23 15:27:14.267 19452 19452 E ArmVmp : Match on catch block at 0xc3 in for 0xa9
01-23 15:27:14.269 19452 19452 E ArmVmp : Match on catch block at 0xc3 in for 0xa1
01-23 15:27:14.315 19452 19452 E ArmVmp : Match on catch block at 0xc3 in for 0xa9
01-23 15:27:14.318 19452 19452 E ArmVmp : Match on catch block at 0xc3 in for 0xa1
01-23 15:27:14.333 19452 19452 E ArmVmp : Match on catch block at 0xc3 in for 0xa5
01-23 15:27:14.335 19452 19452 E ArmVmp : Match on catch block at 0xc3 in for 0xa9
01-23 15:27:14.362 19452 19452 E ArmVmp : Match on catch block at 0xc3 in for 0xa9
01-23 15:27:14.364 19452 19452 E ArmVmp : Match on catch block at 0xc3 in for 0xa1
01-23 15:27:14.383 19452 19452 E ArmVmp : Match on catch block at 0xc3 in for 0xa1
01-23 15:27:14.385 19452 19452 E ArmVmp : Match on catch block at 0xc3 in for 0xa5
01-23 15:27:14.489 19452 19452 E ArmVmp : Match on catch block at 0xc3 in for 0xa9
01-23 15:27:14.494 19452 19452 E ArmVmp : Match on catch block at 0xc3 in for 0xa1
01-23 15:27:14.502 19452 19452 E ArmVmp : Match on catch block at 0xc3 in for 0xa9
01-23 15:27:14.503 19452 21019 W MediaPlayer: Use of stream types is deprecated for operations other than volume control
01-23 15:27:14.503 19452 21019 W MediaPlayer: See the documentation of setAudioStreamType() for what to use instead with android.media.AudioAttributes to qualify your playback use case
01-23 15:27:14.504 19452 19452 E ArmVmp : Match on catch block at 0xc3 in for 0xa1
01-23 15:27:14.653 19452 19452 E ArmVmp : Match on catch block at 0xc3 in for 0xa5
01-23 15:27:14.659 19452 19452 E ArmVmp : Match on catch block at 0xc3 in for 0xa9
01-23 15:27:15.153 19452 19452 E ArmVmp : Match on catch block at 0xc3 in for 0xa9
01-23 15:27:15.160 19452 19452 E ArmVmp : Match on catch block at 0xc3 in for 0xa1
01-23 15:27:15.397 19452 19452 E ArmVmp : Match on catch block at 0xc3 in for 0xa5
01-23 15:27:15.402 19452 19452 E ArmVmp : Match on catch block at 0xc3 in for 0xa9
01-23 15:27:15.413 19452 19452 E ArmVmp : Match on catch block at 0xc3 in for 0xa9
01-23 15:27:15.417 19452 19452 E ArmVmp : Match on catch block at 0xc3 in for 0xa1
01-23 15:27:15.434 19452 19452 E ArmVmp : Match on catch block at 0xc3 in for 0xa1
01-23 15:27:15.436 19452 19452 E ArmVmp : Match on catch block at 0xc3 in for 0xa5
01-23 15:27:15.443 19452 19452 E ArmVmp : Match on catch block at 0xc3 in for 0xa5
01-23 15:27:15.446 19452 19452 E ArmVmp : Match on catch block at 0xc3 in for 0xa9
01-23 15:27:15.653 19452 19452 E ArmVmp : Match on catch block at 0xc3 in for 0xa5
01-23 15:27:15.661 19452 19452 E ArmVmp : Match on catch block at 0xc3 in for 0xa9
01-23 15:27:16.152 19452 19452 E ArmVmp : Match on catch block at 0xc3 in for 0xa9
01-23 15:27:16.160 19452 19452 E ArmVmp : Match on catch block at 0xc3 in for 0xa1
01-23 15:27:16.651 19452 19452 E ArmVmp : Match on catch block at 0xc3 in for 0xa1
01-23 15:27:16.656 19452 19452 E ArmVmp : Match on catch block at 0xc3 in for 0xa5
01-23 15:27:17.037 19452 19452 E ArmVmp : Match on catch block at 0xc3 in for 0xa5
01-23 15:27:17.044 19452 19452 E ArmVmp : Match on catch block at 0xc3 in for 0xa9
01-23 15:27:17.053 19452 19452 E ArmVmp : Match on catch block at 0xc3 in for 0xa9
01-23 15:27:17.061 19452 19452 E ArmVmp : Match on catch block at 0xc3 in for 0xa1
01-23 15:27:17.073 19452 19452 E ArmVmp : Match on catch block at 0xc3 in for 0xa1
01-23 15:27:17.078 19452 19452 E ArmVmp : Match on catch block at 0xc3 in for 0xa5
01-23 15:27:17.085 19452 19452 E ArmVmp : Match on catch block at 0xc3 in for 0xa5
01-23 15:27:17.090 19452 19452 E ArmVmp : Match on catch block at 0xc3 in for 0xa9
01-23 15:27:17.100 19452 19452 E ArmVmp : Match on catch block at 0xc3 in for 0xa9
01-23 15:27:17.104 19452 19452 E ArmVmp : Match on catch block at 0xc3 in for 0xa1
01-23 15:27:17.116 19452 19452 E ArmVmp : Match on catch block at 0xc3 in for 0xa1
01-23 15:27:17.121 19452 19452 E ArmVmp : Match on catch block at 0xc3 in for 0xa5
01-23 15:27:17.134 19452 19452 E ArmVmp : Match on catch block at 0xc3 in for 0xa5
01-23 15:27:17.139 19452 19452 E ArmVmp : Match on catch block at 0xc3 in for 0xa9
01-23 15:27:17.150 19452 19452 E ArmVmp : Match on catch block at 0xc3 in for 0xa9
01-23 15:27:17.157 19452 19452 E ArmVmp : Match on catch block at 0xc3 in for 0xa1
01-23 15:27:17.167 19452 19452 E ArmVmp : Match on catch block at 0xc3 in for 0xa1
01-23 15:27:17.173 19452 19452 E ArmVmp : Match on catch block at 0xc3 in for 0xa5
01-23 15:27:17.183 19452 19452 E ArmVmp : Match on catch block at 0xc3 in for 0xa5
01-23 15:27:17.188 19452 19452 E ArmVmp : Match on catch block at 0xc3 in for 0xa9
01-23 15:27:17.199 19452 19452 E ArmVmp : Match on catch block at 0xc3 in for 0xa9
01-23 15:27:17.203 19452 19452 E ArmVmp : Match on catch block at 0xc3 in for 0xa1
01-23 15:27:17.216 19452 19452 E ArmVmp : Match on catch block at 0xc3 in for 0xa1
01-23 15:27:17.221 19452 19452 E ArmVmp : Match on catch block at 0xc3 in for 0xa5
01-23 15:27:17.233 19452 19452 E ArmVmp : Match on catch block at 0xc3 in for 0xa5
01-23 15:27:17.237 19452 19452 E ArmVmp : Match on catch block at 0xc3 in for 0xa9
01-23 15:27:17.250 19452 19452 E ArmVmp : Match on catch block at 0xc3 in for 0xa9
01-23 15:27:17.255 19452 19452 E ArmVmp : Match on catch block at 0xc3 in for 0xa1
01-23 15:27:17.267 19452 19452 E ArmVmp : Match on catch block at 0xc3 in for 0xa1
01-23 15:27:17.273 19452 19452 E ArmVmp : Match on catch block at 0xc3 in for 0xa5
01-23 15:27:17.283 19452 19452 E ArmVmp : Match on catch block at 0xc3 in for 0xa5
01-23 15:27:17.286 19452 19452 E ArmVmp : Match on catch block at 0xc3 in for 0xa9
01-23 15:27:17.683 19452 19452 E ArmVmp : Match on catch block at 0xc3 in for 0xa9
01-23 15:27:17.687 19452 19452 E ArmVmp : Match on catch block at 0xc3 in for 0xa1
01-23 15:27:18.184 19452 19452 E ArmVmp : Match on catch block at 0xc3 in for 0xa1
01-23 15:27:18.192 19452 19452 E ArmVmp : Match on catch block at 0xc3 in for 0xa5
01-23 15:27:18.684 19452 19452 E ArmVmp : Match on catch block at 0xc3 in for 0xa5
01-23 15:27:18.689 19452 19452 E ArmVmp : Match on catch block at 0xc3 in for 0xa9
01-23 15:27:19.184 19452 19452 E ArmVmp : Match on catch block at 0xc3 in for 0xa9
01-23 15:27:19.191 19452 19452 E ArmVmp : Match on catch block at 0xc3 in for 0xa1
01-23 15:27:19.684 19452 19452 E ArmVmp : Match on catch block at 0xc3 in for 0xa1
01-23 15:27:19.690 19452 19452 E ArmVmp : Match on catch block at 0xc3 in for 0xa5
01-23 15:27:19.816 19452 19452 E ArmVmp : Match on catch block at 0xc3 in for 0xa5
01-23 15:27:19.820 19452 19452 E ArmVmp : Match on catch block at 0xc3 in for 0xa9
01-23 15:27:20.080 19452 19452 E ArmVmp : Match on catch block at 0xc3 in for 0xa9
01-23 15:27:20.083 19452 19452 E ArmVmp : Match on catch block at 0xc3 in for 0xa1
01-23 15:27:20.092 19452 19452 E ArmVmp : Match on catch block at 0xc3 in for 0xa1
01-23 15:27:20.095 19452 19452 E ArmVmp : Match on catch block at 0xc3 in for 0xa5
01-23 15:27:20.181 19452 19452 E ArmVmp : Match on catch block at 0xc3 in for 0xa5
01-23 15:27:20.184 19452 19452 E ArmVmp : Match on catch block at 0xc3 in for 0xa9
01-23 15:27:20.585 19452 19452 E ArmVmp : Match on catch block at 0xc3 in for 0xa9
01-23 15:27:20.589 19452 19452 E ArmVmp : Match on catch block at 0xc3 in for 0xa1
01-23 15:27:20.613 19452 19452 E ArmVmp : Match on catch block at 0xc3 in for 0xa1
01-23 15:27:20.616 19452 19452 E ArmVmp : Match on catch block at 0xc3 in for 0xa5
01-23 15:27:20.847 19452 19452 E ArmVmp : Match on catch block at 0xc3 in for 0xa9
01-23 15:27:20.849 19452 19452 E ArmVmp : Match on catch block at 0xc3 in for 0xa1
01-23 15:27:20.956 19452 19452 W IInputConnectionWrapper: requestCursorAnchorInfo on inactive InputConnection
01-23 15:27:21.877 19452 19452 W BottomSheetBehavior: BottomSheetBehavior now supports multiple callbacks. `setBottomSheetCallback()` removes all existing callbacks, including ones set internally by library authors, which may result in unintended behavior. This may change in the future. Please use `addBottomSheetCallback()` and `removeBottomSheetCallback()` instead to set your own callbacks.
01-23 15:27:21.916 19452 19452 W BottomSheetBehavior: BottomSheetBehavior now supports multiple callbacks. `setBottomSheetCallback()` removes all existing callbacks, including ones set internally by library authors, which may result in unintended behavior. This may change in the future. Please use `addBottomSheetCallback()` and `removeBottomSheetCallback()` instead to set your own callbacks.
01-23 15:27:21.941 19452 19452 E RecyclerView: No adapter attached; skipping layout
01-23 15:27:22.224 19452 19452 W pool-6-thread-1: type=1400 audit(0.0:197540): avc: granted { execute } for path="/data/data/com.mbwhatsapp/files/decompressed/libs.spk.zst/libgifimage.so" dev="mmcblk0p78" ino=201115 scontext=u:r:untrusted_app:s0:c167,c257,c512,c768 tcontext=u:object_r:app_data_file:s0:c167,c257,c512,c768 tclass=file app=com.mbwhatsapp
01-23 15:27:34.965 19452 19452 E ArmVmp : Match on catch block at 0x0a in for 0xc5
01-23 15:27:34.968 19452 19452 E ArmVmp : Match on catch block at 0x0a in for 0xc1
01-23 15:27:35.174 19452 19452 E ArmVmp : Match on catch block at 0xc3 in for 0xb9
01-23 15:27:35.177 19452 19452 E ArmVmp : Match on catch block at 0xc3 in for 0xb9
01-23 15:27:35.228 19452 19452 E ArmVmp : Match on catch block at 0xc3 in for 0xa5
01-23 15:27:35.230 19452 19452 E ArmVmp : Match on catch block at 0xc3 in for 0xa9
01-23 15:27:35.250 19452 19452 E ArmVmp : Match on catch block at 0xc3 in for 0xa5
01-23 15:27:35.252 19452 19452 E ArmVmp : Match on catch block at 0xc3 in for 0xa9
01-23 15:27:35.287 19452 19452 E ArmVmp : Match on catch block at 0xc3 in for 0xa9
01-23 15:27:35.289 19452 19452 E ArmVmp : Match on catch block at 0xc3 in for 0xa1
01-23 15:27:35.785 19452 19452 E ArmVmp : Match on catch block at 0xc3 in for 0xa1
01-23 15:27:35.788 19452 19452 E ArmVmp : Match on catch block at 0xc3 in for 0xa5
01-23 15:27:35.819 19452 19452 E ArmVmp : Match on catch block at 0xc3 in for 0xa5
01-23 15:27:35.822 19452 19452 E ArmVmp : Match on catch block at 0xc3 in for 0xa9
01-23 15:27:35.836 19452 19452 E ArmVmp : Match on catch block at 0xc3 in for 0xa9
01-23 15:27:35.839 19452 19452 E ArmVmp : Match on catch block at 0xc3 in for 0xa1
01-23 15:27:35.852 19452 19452 E ArmVmp : Match on catch block at 0xc3 in for 0xa1
01-23 15:27:35.855 19452 19452 E ArmVmp : Match on catch block at 0xc3 in for 0xa5
01-23 15:27:35.869 19452 19452 E ArmVmp : Match on catch block at 0xc3 in for 0xa5
01-23 15:27:35.871 19452 19452 E ArmVmp : Match on catch block at 0xc3 in for 0xa9
01-23 15:27:35.885 19452 19452 E ArmVmp : Match on catch block at 0xc3 in for 0xa9
01-23 15:27:35.887 19452 19452 E ArmVmp : Match on catch block at 0xc3 in for 0xa1
01-23 15:27:35.901 19452 19452 E ArmVmp : Match on catch block at 0xc3 in for 0xa1
01-23 15:27:35.904 19452 19452 E ArmVmp : Match on catch block at 0xc3 in for 0xa5
01-23 15:27:35.919 19452 19452 E ArmVmp : Match on catch block at 0xc3 in for 0xa5
01-23 15:27:35.921 19452 19452 E ArmVmp : Match on catch block at 0xc3 in for 0xa9
01-23 15:27:35.936 19452 19452 E ArmVmp : Match on catch block at 0xc3 in for 0xa9
01-23 15:27:35.940 19452 19452 E ArmVmp : Match on catch block at 0xc3 in for 0xa1
01-23 15:27:35.953 19452 19452 E ArmVmp : Match on catch block at 0xc3 in for 0xa1
01-23 15:27:35.955 19452 19452 E ArmVmp : Match on catch block at 0xc3 in for 0xa5
01-23 15:27:35.970 19452 19452 E ArmVmp : Match on catch block at 0xc3 in for 0xa5
01-23 15:27:35.973 19452 19452 E ArmVmp : Match on catch block at 0xc3 in for 0xa9
01-23 15:27:35.986 19452 19452 E ArmVmp : Match on catch block at 0xc3 in for 0xa9
01-23 15:27:35.988 19452 19452 E ArmVmp : Match on catch block at 0xc3 in for 0xa1
01-23 15:27:36.003 19452 19452 E ArmVmp : Match on catch block at 0xc3 in for 0xa1
01-23 15:27:36.006 19452 19452 E ArmVmp : Match on catch block at 0xc3 in for 0xa5
01-23 15:27:36.020 19452 19452 E ArmVmp : Match on catch block at 0xc3 in for 0xa5
01-23 15:27:36.023 19452 19452 E ArmVmp : Match on catch block at 0xc3 in for 0xa9
01-23 15:27:36.036 19452 19452 E ArmVmp : Match on catch block at 0xc3 in for 0xa9
01-23 15:27:36.039 19452 19452 E ArmVmp : Match on catch block at 0xc3 in for 0xa1
01-23 15:27:36.051 19452 19452 E ArmVmp : Match on catch block at 0xc3 in for 0xa1
01-23 15:27:36.056 19452 19452 E ArmVmp : Match on catch block at 0xc3 in for 0xa5
01-23 15:27:36.068 19452 19452 E ArmVmp : Match on catch block at 0xc3 in for 0xa5
01-23 15:27:36.074 19452 19452 E ArmVmp : Match on catch block at 0xc3 in for 0xa9
01-23 15:27:36.086 19452 19452 E ArmVmp : Match on catch block at 0xc3 in for 0xa9
01-23 15:27:36.089 19452 19452 E ArmVmp : Match on catch block at 0xc3 in for 0xa1
01-23 15:27:36.103 19452 19452 E ArmVmp : Match on catch block at 0xc3 in for 0xa1
01-23 15:27:36.105 19452 19452 E ArmVmp : Match on catch block at 0xc3 in for 0xa5
01-23 15:27:36.118 19452 19452 E ArmVmp : Match on catch block at 0xc3 in for 0xa5
01-23 15:27:36.121 19452 19452 E ArmVmp : Match on catch block at 0xc3 in for 0xa9
01-23 15:27:36.285 19452 19452 E ArmVmp : Match on catch block at 0xc3 in for 0xa9
01-23 15:27:36.288 19452 19452 E ArmVmp : Match on catch block at 0xc3 in for 0xa1
01-23 15:27:36.419 19452 19452 E ArmVmp : Match on catch block at 0xc3 in for 0xa5
01-23 15:27:36.422 19452 19452 E ArmVmp : Match on catch block at 0xc3 in for 0xa9
01-23 15:27:36.504 19452 19452 E ArmVmp : Match on catch block at 0xc3 in for 0xa1
01-23 15:27:36.509 19452 19452 E ArmVmp : Match on catch block at 0xc3 in for 0xa5
01-23 15:27:36.580 19452 19452 E ArmVmp : Match on catch block at 0xc3 in for 0xa5
01-23 15:27:36.582 19452 19452 E ArmVmp : Match on catch block at 0xc3 in for 0xa9
01-23 15:27:36.602 19452 19452 E ArmVmp : Match on catch block at 0xc3 in for 0xa9
01-23 15:27:36.604 19452 19452 E ArmVmp : Match on catch block at 0xc3 in for 0xa1
01-23 15:27:38.100 19452 19452 E ArmVmp : Match on catch block at 0xc3 in for 0xa9
01-23 15:27:38.102 19452 19452 E ArmVmp : Match on catch block at 0xc3 in for 0xa1
01-23 15:27:38.116 19452 19452 E ArmVmp : Match on catch block at 0xc3 in for 0xa1
01-23 15:27:38.119 19452 19452 E ArmVmp : Match on catch block at 0xc3 in for 0xa5
01-23 15:27:38.133 19452 19452 E ArmVmp : Match on catch block at 0xc3 in for 0xa5
01-23 15:27:38.136 19452 19452 E ArmVmp : Match on catch block at 0xc3 in for 0xa9
01-23 15:27:38.150 19452 19452 E ArmVmp : Match on catch block at 0xc3 in for 0xa9
01-23 15:27:38.153 19452 19452 E ArmVmp : Match on catch block at 0xc3 in for 0xa1
01-23 15:27:38.166 19452 19452 E ArmVmp : Match on catch block at 0xc3 in for 0xa1
01-23 15:27:38.169 19452 19452 E ArmVmp : Match on catch block at 0xc3 in for 0xa5
01-23 15:27:38.183 19452 19452 E ArmVmp : Match on catch block at 0xc3 in for 0xa5
01-23 15:27:38.186 19452 19452 E ArmVmp : Match on catch block at 0xc3 in for 0xa9
01-23 15:27:38.200 19452 19452 E ArmVmp : Match on catch block at 0xc3 in for 0xa9
01-23 15:27:38.204 19452 19452 E ArmVmp : Match on catch block at 0xc3 in for 0xa1
01-23 15:27:38.216 19452 19452 E ArmVmp : Match on catch block at 0xc3 in for 0xa1
01-23 15:27:38.220 19452 19452 E ArmVmp : Match on catch block at 0xc3 in for 0xa5
01-23 15:27:38.235 19452 19452 E ArmVmp : Match on catch block at 0xc3 in for 0xa5
01-23 15:27:38.238 19452 19452 E ArmVmp : Match on catch block at 0xc3 in for 0xa9
01-23 15:27:38.250 19452 19452 E ArmVmp : Match on catch block at 0xc3 in for 0xa9
01-23 15:27:38.253 19452 19452 E ArmVmp : Match on catch block at 0xc3 in for 0xa1
01-23 15:27:38.267 19452 19452 E ArmVmp : Match on catch block at 0xc3 in for 0xa1
01-23 15:27:38.270 19452 19452 E ArmVmp : Match on catch block at 0xc3 in for 0xa5
01-23 15:27:38.284 19452 19452 E ArmVmp : Match on catch block at 0xc3 in for 0xa5
01-23 15:27:38.287 19452 19452 E ArmVmp : Match on catch block at 0xc3 in for 0xa9
01-23 15:27:38.300 19452 19452 E ArmVmp : Match on catch block at 0xc3 in for 0xa9
01-23 15:27:38.303 19452 19452 E ArmVmp : Match on catch block at 0xc3 in for 0xa1
01-23 15:27:38.317 19452 19452 E ArmVmp : Match on catch block at 0xc3 in for 0xa1
01-23 15:27:38.320 19452 19452 E ArmVmp : Match on catch block at 0xc3 in for 0xa5
01-23 15:27:38.333 19452 19452 E ArmVmp : Match on catch block at 0xc3 in for 0xa5
01-23 15:27:38.336 19452 19452 E ArmVmp : Match on catch block at 0xc3 in for 0xa9
01-23 15:27:38.350 19452 19452 E ArmVmp : Match on catch block at 0xc3 in for 0xa9
01-23 15:27:38.353 19452 19452 E ArmVmp : Match on catch block at 0xc3 in for 0xa1
01-23 15:27:39.312 19452 19452 W InputEventReceiver: Attempted to finish an input event but the input event receiver has already been disposed.
01-23 15:27:39.461 19452 19452 E ArmVmp : Match on catch block at 0xc3 in for 0xa5
01-23 15:27:39.463 19452 19452 E ArmVmp : Match on catch block at 0xc3 in for 0xa9
01-23 15:27:39.508 19452 21487 W AudioManager: Use of stream types is deprecated for operations other than volume control
01-23 15:27:39.508 19452 21487 W AudioManager: See the documentation of requestAudioFocus() for what to use instead with android.media.AudioAttributes to qualify your playback use case
01-23 15:27:39.510 19452 19452 W SoundPool: Use of stream types is deprecated for operations other than volume control
01-23 15:27:39.510 19452 19452 W SoundPool: See the documentation of SoundPool() for what to use instead with android.media.AudioAttributes to qualify your playback use case
01-23 15:27:39.600 19452 21512 W Codec2Client: query -- param skipped: index = 1107298332.
01-23 15:27:39.601 19452 21512 W Codec2Client: query -- param skipped: index = 1342179345.
01-23 15:27:39.601 19452 21512 W Codec2Client: query -- param skipped: index = 2415921170.
01-23 15:27:39.603 19452 21512 E FMQ : grantorIdx must be less than 3
01-23 15:27:39.603 19452 21512 E FMQ : grantorIdx must be less than 3
01-23 15:27:39.603 19452 21508 W Codec2Client: query -- param skipped: index = 1107298332.
01-23 15:27:39.606 19452 21512 E ion : ioctl c0044901 failed with code -1: Invalid argument
01-23 15:27:39.608 19452 21512 E FMQ : grantorIdx must be less than 3
01-23 15:27:39.610 19452 21508 W Codec2Client: query -- param skipped: index = 1342179345.
01-23 15:27:39.610 19452 21508 W Codec2Client: query -- param skipped: index = 2415921170.
01-23 15:27:39.610 19452 21508 E FMQ : grantorIdx must be less than 3
01-23 15:27:39.610 19452 21508 E FMQ : grantorIdx must be less than 3
01-23 15:27:39.614 19452 21508 E FMQ : grantorIdx must be less than 3
01-23 15:27:39.623 19452 21518 E FMQ : grantorIdx must be less than 3
01-23 15:27:39.631 19452 21518 E FMQ : grantorIdx must be less than 3
01-23 15:27:39.733 19452 21527 W Codec2Client: query -- param skipped: index = 1107298332.
01-23 15:27:39.736 19452 21527 W Codec2Client: query -- param skipped: index = 1342179345.
01-23 15:27:39.736 19452 21527 W Codec2Client: query -- param skipped: index = 2415921170.
01-23 15:27:39.737 19452 21527 E FMQ : grantorIdx must be less than 3
01-23 15:27:39.737 19452 21527 E FMQ : grantorIdx must be less than 3
01-23 15:27:39.743 19452 21527 E FMQ : grantorIdx must be less than 3
01-23 15:27:39.755 19452 21518 E FMQ : grantorIdx must be less than 3
01-23 15:27:39.757 19452 21529 W Codec2Client: query -- param skipped: index = 1107298332.
01-23 15:27:39.757 19452 21529 W Codec2Client: query -- param skipped: index = 1342179345.
01-23 15:27:39.757 19452 21529 W Codec2Client: query -- param skipped: index = 2415921170.
01-23 15:27:39.758 19452 21529 E FMQ : grantorIdx must be less than 3
01-23 15:27:39.758 19452 21529 E FMQ : grantorIdx must be less than 3
01-23 15:27:39.762 19452 21529 E FMQ : grantorIdx must be less than 3
01-23 15:27:39.777 19452 21518 E FMQ : grantorIdx must be less than 3
01-23 15:27:39.886 19452 21546 W Codec2Client: query -- param skipped: index = 1107298332.
01-23 15:27:39.887 19452 21546 W Codec2Client: query -- param skipped: index = 1342179345.
01-23 15:27:39.887 19452 21546 W Codec2Client: query -- param skipped: index = 2415921170.
01-23 15:27:39.888 19452 21546 E FMQ : grantorIdx must be less than 3
01-23 15:27:39.888 19452 21546 E FMQ : grantorIdx must be less than 3
01-23 15:27:39.892 19452 21546 E FMQ : grantorIdx must be less than 3
01-23 15:27:39.902 19452 21518 E FMQ : grantorIdx must be less than 3
01-23 15:27:39.995 19452 19452 E ArmVmp : Match on catch block at 0xc3 in for 0xa5
01-23 15:27:39.997 19452 19452 E ArmVmp : Match on catch block at 0xc3 in for 0xa9
01-23 15:27:40.323 19452 21523 W libOpenSLES: Conversion from OpenSL ES positional channel mask 0x4 to Android mask 0 loses channels
01-23 15:27:40.385 19452 19467 W System : A resource failed to call release.
01-23 15:27:40.828 19452 19452 W BottomSheetBehavior: BottomSheetBehavior now supports multiple callbacks. `setBottomSheetCallback()` removes all existing callbacks, including ones set internally by library authors, which may result in unintended behavior. This may change in the future. Please use `addBottomSheetCallback()` and `removeBottomSheetCallback()` instead to set your own callbacks.
01-23 15:27:40.966 19452 19452 W IInputConnectionWrapper: requestCursorAnchorInfo on inactive InputConnection
01-23 15:28:11.419 19452 19452 E ArmVmp : Match on catch block at 0x0a in for 0xc5
01-23 15:28:11.422 19452 19452 E ArmVmp : Match on catch block at 0x0a in for 0xc1
01-23 15:28:11.502 19452 19452 E ArmVmp : Match on catch block at 0xc3 in for 0xa9
01-23 15:28:11.504 19452 19452 E ArmVmp : Match on catch block at 0xc3 in for 0xa1
01-23 15:28:11.558 19452 19452 E ArmVmp : Match on catch block at 0xc3 in for 0xa1
01-23 15:28:11.564 19452 19452 E ArmVmp : Match on catch block at 0xc3 in for 0xa5
01-23 15:28:11.574 19452 19452 E ArmVmp : Match on catch block at 0xc3 in for 0xa5
01-23 15:28:11.577 19452 19452 E ArmVmp : Match on catch block at 0xc3 in for 0xa9
01-23 15:28:11.646 19452 19452 E ArmVmp : Match on catch block at 0xc3 in for 0xa5
01-23 15:28:11.649 19452 19452 E ArmVmp : Match on catch block at 0xc3 in for 0xa9
01-23 15:28:12.146 19452 19452 E ArmVmp : Match on catch block at 0xc3 in for 0xa1
01-23 15:28:12.152 19452 19452 E ArmVmp : Match on catch block at 0xc3 in for 0xa5
01-23 15:28:12.280 19452 19452 E ArmVmp : Match on catch block at 0xc3 in for 0xa5
01-23 15:28:12.286 19452 19452 E ArmVmp : Match on catch block at 0xc3 in for 0xa9
01-23 15:28:12.295 19452 19452 E ArmVmp : Match on catch block at 0xc3 in for 0xa9
01-23 15:28:12.300 19452 19452 E ArmVmp : Match on catch block at 0xc3 in for 0xa1
01-23 15:28:12.311 19452 19452 E ArmVmp : Match on catch block at 0xc3 in for 0xa1
01-23 15:28:12.314 19452 19452 E ArmVmp : Match on catch block at 0xc3 in for 0xa5
01-23 15:28:12.327 19452 19452 E ArmVmp : Match on catch block at 0xc3 in for 0xa5
01-23 15:28:12.331 19452 19452 E ArmVmp : Match on catch block at 0xc3 in for 0xa9
01-23 15:28:12.344 19452 19452 E ArmVmp : Match on catch block at 0xc3 in for 0xa9
01-23 15:28:12.348 19452 19452 E ArmVmp : Match on catch block at 0xc3 in for 0xa1
01-23 15:28:12.361 19452 19452 E ArmVmp : Match on catch block at 0xc3 in for 0xa1
01-23 15:28:12.365 19452 19452 E ArmVmp : Match on catch block at 0xc3 in for 0xa5
01-23 15:28:12.377 19452 19452 E ArmVmp : Match on catch block at 0xc3 in for 0xa5
01-23 15:28:12.381 19452 19452 E ArmVmp : Match on catch block at 0xc3 in for 0xa9
01-23 15:28:12.395 19452 19452 E ArmVmp : Match on catch block at 0xc3 in for 0xa9
01-23 15:28:12.399 19452 19452 E ArmVmp : Match on catch block at 0xc3 in for 0xa1
01-23 15:28:12.410 19452 19452 E ArmVmp : Match on catch block at 0xc3 in for 0xa1
01-23 15:28:12.416 19452 19452 E ArmVmp : Match on catch block at 0xc3 in for 0xa5
01-23 15:28:12.427 19452 19452 E ArmVmp : Match on catch block at 0xc3 in for 0xa5
01-23 15:28:12.430 19452 19452 E ArmVmp : Match on catch block at 0xc3 in for 0xa9
01-23 15:28:12.444 19452 19452 E ArmVmp : Match on catch block at 0xc3 in for 0xa9
01-23 15:28:12.447 19452 19452 E ArmVmp : Match on catch block at 0xc3 in for 0xa1
01-23 15:28:12.460 19452 19452 E ArmVmp : Match on catch block at 0xc3 in for 0xa1
01-23 15:28:12.464 19452 19452 E ArmVmp : Match on catch block at 0xc3 in for 0xa5
01-23 15:28:12.476 19452 19452 E ArmVmp : Match on catch block at 0xc3 in for 0xa5
01-23 15:28:12.479 19452 19452 E ArmVmp : Match on catch block at 0xc3 in for 0xa9
01-23 15:28:12.493 19452 19452 E ArmVmp : Match on catch block at 0xc3 in for 0xa9
01-23 15:28:12.497 19452 19452 E ArmVmp : Match on catch block at 0xc3 in for 0xa1
01-23 15:28:12.511 19452 19452 E ArmVmp : Match on catch block at 0xc3 in for 0xa1
01-23 15:28:12.516 19452 19452 E ArmVmp : Match on catch block at 0xc3 in for 0xa5
01-23 15:28:12.527 19452 19452 E ArmVmp : Match on catch block at 0xc3 in for 0xa5
01-23 15:28:12.532 19452 19452 E ArmVmp : Match on catch block at 0xc3 in for 0xa9
01-23 15:28:12.545 19452 19452 E ArmVmp : Match on catch block at 0xc3 in for 0xa9
01-23 15:28:12.549 19452 19452 E ArmVmp : Match on catch block at 0xc3 in for 0xa1
01-23 15:28:12.560 19452 19452 E ArmVmp : Match on catch block at 0xc3 in for 0xa1
01-23 15:28:12.563 19452 19452 E ArmVmp : Match on catch block at 0xc3 in for 0xa5
01-23 15:28:12.577 19452 19452 E ArmVmp : Match on catch block at 0xc3 in for 0xa5
01-23 15:28:12.581 19452 19452 E ArmVmp : Match on catch block at 0xc3 in for 0xa9
01-23 15:28:12.643 19452 19452 E ArmVmp : Match on catch block at 0xc3 in for 0xa9
01-23 15:28:12.646 19452 19452 E ArmVmp : Match on catch block at 0xc3 in for 0xa1
01-23 15:28:13.081 19452 19452 W IInputConnectionWrapper: requestCursorAnchorInfo on inactive InputConnection
01-23 15:28:13.085 19452 19452 W IInputConnectionWrapper: requestCursorAnchorInfo on inactive InputConnection
01-23 15:28:13.142 19452 19452 E ArmVmp : Match on catch block at 0xc3 in for 0xa1
01-23 15:28:13.145 19452 19452 E ArmVmp : Match on catch block at 0xc3 in for 0xa5
01-23 15:28:13.159 19452 19452 E ArmVmp : Match on catch block at 0xc3 in for 0xa5
01-23 15:28:13.161 19452 19452 E ArmVmp : Match on catch block at 0xc3 in for 0xa9
01-23 15:28:13.175 19452 19452 E ArmVmp : Match on catch block at 0xc3 in for 0xa9
01-23 15:28:13.178 19452 19452 E ArmVmp : Match on catch block at 0xc3 in for 0xa1
01-23 15:28:13.247 19452 19452 E ArmVmp : Match on catch block at 0xc3 in for 0xa1
01-23 15:28:13.253 19452 19452 E ArmVmp : Match on catch block at 0xc3 in for 0xa5
01-23 15:28:25.140 19452 19467 W System : A resource failed to call close.
01-23 15:28:25.145 19452 19467 W System : A resource failed to call release. --------- beginning of system
01-23 15:49:03.195 19452 19452 W ViewRootImpl[Conversation]: Dropping event due to no window focus: MotionEvent { action=ACTION_MOVE, actionButton=0, id[0]=1, x[0]=5.991678, y[0]=678.5759, toolType[0]=TOOL_TYPE_FINGER, buttonState=0, classification=NONE, metaState=0, flags=0x0, edgeFlags=0x0, pointerCount=1, historySize=5, eventTime=547988043, downTime=547987920, deviceId=4, source=0x1002, displayId=0 }
01-23 16:24:26.453 19452 19452 W ViewRootImpl[PopupWindow:79f79b]: Dropping event due to root view being removed: MotionEvent { action=ACTION_UP, actionButton=0, id[0]=0, x[0]=686.0028, y[0]=-172.10992, toolType[0]=TOOL_TYPE_FINGER, buttonState=0, classification=NONE, metaState=0, flags=0x0, edgeFlags=0x0, pointerCount=1, historySize=0, eventTime=549412283, downTime=549412278, deviceId=4, source=0x1002, displayId=0 } --------- beginning of main
01-23 16:27:34.342 19452 7913 E Surface : freeAllBuffers: 6 buffers were freed while being dequeued!
01-23 16:27:34.485 19452 7911 W AudioTrack: getTimestamp_l(3399): retrograde timestamp time corrected, 549600319178143 < 549600327405592
01-23 16:27:34.491 19452 19535 E SQLiteDatabase: Error inserting transferred=1 media_job_uuid=8a8f2ab0-fafe-4dc9-9463-e5a7bcda1598 transcoded=0 gif_attribution=0 first_scan_length=0 direct_path=/m1/v/t24/An99lT6oW6PE-U46y3d88NLQu- XNicKd5ViCgfKDRps29qdZ0MhUuSxYKB402plRigqtrgBUM8xLvnjyR5MYSI90ixqUAb3OPfpj7B3fuB- 4owEq_X674PhRh3EfDFtV5w?ccb=10- 5&oh=01_AdR5owQfB0PZloxR9V2XuebVRTSLwY1Gvvj2_q4ZKmFv9A&oe=65D79B0A&_nc_sid=5e03e0 thumbnail_height_width_ratio=1.2413793 is_animated_sticker=0 file_hash=vrAQ1Su3nx9kp0KDIKlcGTpuspLv4i4J2GmJHbn10/Q= file_path=Media/MBWhatsApp Images/IMG-20240123-WA0006 file_size=219342 partial_media_hash=null face_x=480 face_y=237 height=1280 trim_to=0 media_key_timestamp=0 message_url=null media_caption=null trim_from=0 mime_type=image/jpeg partial_media_enc_hash=null width=1024 original_file_hash=null has_streaming_sidecar=0 autotransfer_retry_enabled=1 media_upload_handle=null message_row_id=52105 multicast_id=null enc_file_hash=null mute_video=0 page_count=0 first_scan_sidecar=null suspicious_content=0 file_length=219342 media_name=null media_duration=0 chat_row_id=413 media_key=null
01-23 16:27:34.491 19452 19535 E SQLiteDatabase: android.database.sqlite.SQLiteConstraintException: UNIQUE constraint failed: message_media.message_row_id (code 1555 SQLITE_CONSTRAINT_PRIMARYKEY)
01-23 16:27:34.491 19452 19535 E SQLiteDatabase: at android.database.sqlite.SQLiteConnection.nativeExecuteForLastInsertedRowId(Native Method)
01-23 16:27:34.491 19452 19535 E SQLiteDatabase: at android.database.sqlite.SQLiteConnection.executeForLastInsertedRowId(SQLiteConnecti on.java:938)
01-23 16:27:34.491 19452 19535 E SQLiteDatabase: at android.database.sqlite.SQLiteSession.executeForLastInsertedRowId(SQLiteSession.jav a:790)
01-23 16:27:34.491 19452 19535 E SQLiteDatabase: at android.database.sqlite.SQLiteStatement.executeInsert(SQLiteStatement.java:88)
01-23 16:27:34.491 19452 19535 E SQLiteDatabase: at android.database.sqlite.SQLiteDatabase.insertWithOnConflict(SQLiteDatabase.java:170 1)
01-23 16:27:34.491 19452 19535 E SQLiteDatabase: at android.database.sqlite.SQLiteDatabase.insert(SQLiteDatabase.java:1570)
01-23 16:27:34.491 19452 19535 E SQLiteDatabase: at X.2tm.A08(Unknown Source:6)
01-23 16:27:34.491 19452 19535 E SQLiteDatabase: at X.35Y.A07(Unknown Source:212)
01-23 16:27:34.491 19452 19535 E SQLiteDatabase: at X.3QF.A14(Unknown Source:470)
01-23 16:27:34.491 19452 19535 E SQLiteDatabase: at X.3gU.run(Unknown Source:982)
01-23 16:27:34.491 19452 19535 E SQLiteDatabase: at android.os.Handler.handleCallback(Handler.java:938)
01-23 16:27:34.491 19452 19535 E SQLiteDatabase: at android.os.Handler.dispatchMessage(Handler.java:99)
01-23 16:27:34.491 19452 19535 E SQLiteDatabase: at X.0zq.dispatchMessage(Unknown Source:4)
01-23 16:27:34.491 19452 19535 E SQLiteDatabase: at android.os.Looper.loop(Looper.java:250)
01-23 16:27:34.491 19452 19535 E SQLiteDatabase: at android.os.HandlerThread.run(HandlerThread.java:67)
01-23 16:27:34.796 19452 19535 E SQLiteDatabase: Error inserting transferred=1 media_job_uuid=d8a8e5db-b464-4e24-a8de-152b9dcb2274 transcoded=0 gif_attribution=0 first_scan_length=0 direct_path=/v/t62.7161- 24/40824177_1391562448234591_623382771513017114_n.enc?ccb=11- 4&oh=01_AdSOZT0tGLthDR5Mw04eRa8gKvRZlwTDdU5WV-DWRe_GXg&oe=65D7C2E0&_nc_sid=5e03e0 thumbnail_height_width_ratio=1.7575758 is_animated_sticker=0 file_hash=HD8calElWEXNboO4XMpDG0YFaLo8AxxPXyMas+N8gnA= file_path=Media/.Statuses/acdf757b53b5494ca38b4614551f85d7.mp4 file_size=1599912 partial_media_hash=null face_x=0 face_y=0 height=848 trim_to=0 media_key_timestamp=1706051057000 message_url=https://mmg.whatsapp.net/v/t62.7161- 24/40824177_1391562448234591_623382771513017114_n.enc?ccb=11- 4&oh=01_AdSOZT0tGLthDR5Mw04eRa8gKvRZlwTDdU5WV- DWRe_GXg&oe=65D7C2E0&_nc_sid=5e03e0&mms3=true media_caption=null trim_from=0 mime_type=video/mp4 partial_media_enc_hash=null width=480 original_file_hash=null has_streaming_sidecar=1 autotransfer_retry_enabled=1 media_upload_handle=null message_row_id=52125 multicast_id=null enc_file_hash=OY3btOP/VHk/kmoHAuQGR0UzshxI3MUrXX5iDf5CLBQ= mute_video=0 page_count=0 first_scan_sidecar=null suspicious_content=0 file_length=1599912 media_name=null media_duration=7 chat_row_id=72 media_key=[B@e3906c3
01-23 16:27:34.796 19452 19535 E SQLiteDatabase: android.database.sqlite.SQLiteConstraintException: UNIQUE constraint failed: message_media.message_row_id (code 1555 SQLITE_CONSTRAINT_PRIMARYKEY)
01-23 16:27:34.796 19452 19535 E SQLiteDatabase: at android.database.sqlite.SQLiteConnection.nativeExecuteForLastInsertedRowId(Native Method)
01-23 16:27:34.796 19452 19535 E SQLiteDatabase: at android.database.sqlite.SQLiteConnection.executeForLastInsertedRowId(SQLiteConnecti on.java:938)
01-23 16:27:34.796 19452 19535 E SQLiteDatabase: at android.database.sqlite.SQLiteSession.executeForLastInsertedRowId(SQLiteSession.jav a:790)
01-23 16:27:34.796 19452 19535 E SQLiteDatabase: at android.database.sqlite.SQLiteStatement.executeInsert(SQLiteStatement.java:88)
01-23 16:27:34.796 19452 19535 E SQLiteDatabase: at android.database.sqlite.SQLiteDatabase.insertWithOnConflict(SQLiteDatabase.java:170 1)
01-23 16:27:34.796 19452 19535 E SQLiteDatabase: at android.database.sqlite.SQLiteDatabase.insert(SQLiteDatabase.java:1570)
01-23 16:27:34.796 19452 19535 E SQLiteDatabase: at X.2tm.A08(Unknown Source:6)
01-23 16:27:34.796 19452 19535 E SQLiteDatabase: at X.35Y.A07(Unknown Source:212)
01-23 16:27:34.796 19452 19535 E SQLiteDatabase: at X.3QF.A14(Unknown Source:470)
01-23 16:27:34.796 19452 19535 E SQLiteDatabase: at X.3gU.run(Unknown Source:982)
01-23 16:27:34.796 19452 19535 E SQLiteDatabase: at android.os.Handler.handleCallback(Handler.java:938)
01-23 16:27:34.796 19452 19535 E SQLiteDatabase: at android.os.Handler.dispatchMessage(Handler.java:99)
01-23 16:27:34.796 19452 19535 E SQLiteDatabase: at X.0zq.dispatchMessage(Unknown Source:4)
01-23 16:27:34.796 19452 19535 E SQLiteDatabase: at android.os.Looper.loop(Looper.java:250)
01-23 16:27:34.796 19452 19535 E SQLiteDatabase: at android.os.HandlerThread.run(HandlerThread.java:67)
01-23 16:27:37.599 19452 7923 W Codec2Client: query -- param skipped: index = 1342179345.
01-23 16:27:37.599 19452 7923 W Codec2Client: query -- param skipped: index = 2415921170.
01-23 16:27:37.599 19452 7923 W Codec2Client: query -- param skipped: index = 1610614798.
01-23 16:27:37.605 19452 19452 W BottomSheetBehavior: BottomSheetBehavior now supports multiple callbacks. `setBottomSheetCallback()` removes all existing callbacks, including ones set internally by library authors, which may result in unintended behavior. This may change in the future. Please use `addBottomSheetCallback()` and `removeBottomSheetCallback()` instead to set your own callbacks.
01-23 16:27:37.605 19452 19452 W BottomSheetBehavior: BottomSheetBehavior now supports multiple callbacks. `setBottomSheetCallback()` removes all existing callbacks, including ones set internally by library authors, which may result in unintended behavior. This may change in the future. Please use `addBottomSheetCallback()` and `removeBottomSheetCallback()` instead to set your own callbacks.
01-23 16:27:37.608 19452 7913 E Surface : freeAllBuffers: 17 buffers were freed while being dequeued!
01-23 16:27:37.638 19452 19452 W BottomSheetBehavior: BottomSheetBehavior now supports multiple callbacks. `setBottomSheetCallback()` removes all existing callbacks, including ones set internally by library authors, which may result in unintended behavior. This may change in the future. Please use `addBottomSheetCallback()` and `removeBottomSheetCallback()` instead to set your own callbacks.
01-23 16:27:37.638 19452 19452 W BottomSheetBehavior: BottomSheetBehavior now supports multiple callbacks. `setBottomSheetCallback()` removes all existing callbacks, including ones set internally by library authors, which may result in unintended behavior. This may change in the future. Please use `addBottomSheetCallback()` and `removeBottomSheetCallback()` instead to set your own callbacks.
01-23 16:27:37.648 19452 19452 E RecyclerView: No adapter attached; skipping layout
01-23 16:27:39.044 19452 19452 W BottomSheetBehavior: BottomSheetBehavior now supports multiple callbacks. `setBottomSheetCallback()` removes all existing callbacks, including ones set internally by library authors, which may result in unintended behavior. This may change in the future. Please use `addBottomSheetCallback()` and `removeBottomSheetCallback()` instead to set your own callbacks.
01-23 16:27:39.061 19452 19452 W BottomSheetBehavior: BottomSheetBehavior now supports multiple callbacks. `setBottomSheetCallback()` removes all existing callbacks, including ones set internally by library authors, which may result in unintended behavior. This may change in the future. Please use `addBottomSheetCallback()` and `removeBottomSheetCallback()` instead to set your own callbacks.
01-23 16:27:39.069 19452 19452 E RecyclerView: No adapter attached; skipping layout
01-23 16:27:40.219 19452 19452 W BottomSheetBehavior: BottomSheetBehavior now supports multiple callbacks. `setBottomSheetCallback()` removes all existing callbacks, including ones set internally by library authors, which may result in unintended behavior. This may change in the future. Please use `addBottomSheetCallback()` and `removeBottomSheetCallback()` instead to set your own callbacks.
01-23 16:27:40.238 19452 19452 W BottomSheetBehavior: BottomSheetBehavior now supports multiple callbacks. `setBottomSheetCallback()` removes all existing callbacks, including ones set internally by library authors, which may result in unintended behavior. This may change in the future. Please use `addBottomSheetCallback()` and `removeBottomSheetCallback()` instead to set your own callbacks.
01-23 16:27:40.246 19452 19452 E RecyclerView: No adapter attached; skipping layout
01-23 16:27:40.760 19452 19535 E SQLiteDatabase: Error inserting transferred=1 media_job_uuid=2110db25-0337-48ea-99f3-745ac0cb0dc0 transcoded=0 gif_attribution=0 first_scan_length=7681 direct_path=/o1/v/t62.7118-24/f1/m234/up-oil-image-dfa4a2e0- 7511-4e9a-9718-6c175a26d38b?ccb=9- 4&oh=01_AdSJxfh2jiWfPIx9T57myOfojUVUbVYamhAcyYqWfxWFWw&oe=65D7A706&_nc_sid=000000 thumbnail_height_width_ratio=1.7846154 is_animated_sticker=0 file_hash=eHVbmr/sODOWME4Ug9HpzwMpDsONr4ZPj1s9w0vEcJI= file_path=Media/.Statuses/580ac8c7957e4dad81cf112c4dbe528f.jpg file_size=120018 partial_media_hash=ifaXWlgjjXvzxZiezbHgGSnTP2Wsp6S3GQou4BuRbKI= face_x=0 face_y=0 height=1280 trim_to=0 media_key_timestamp=1706046795000 message_url=https://mmg.whatsapp.net/o1/v/t62.7118-24/f1/m234/up-oil-image- dfa4a2e0-7511-4e9a-9718-6c175a26d38b?ccb=9- 4&oh=01_AdSJxfh2jiWfPIx9T57myOfojUVUbVYamhAcyYqWfxWFWw&oe=65D7A706&_nc_sid=000000&m ms3=true media_caption=null trim_from=0 mime_type=image/jpeg partial_media_enc_hash=null width=720 original_file_hash=null has_streaming_sidecar=1 autotransfer_retry_enabled=1 media_upload_handle=null message_row_id=52099 multicast_id=null enc_file_hash=hrfBtGVQrgFpOjOJ2PozWm5PA2YKBC/LEE1eorU1tb8= mute_video=0 page_count=0 first_scan_sidecar=[B@d6f05a5 suspicious_content=0 file_length=120018 media_name=null media_duration=0 chat_row_id=72 media_key=[B@e9bdd7a
01-23 16:27:40.760 19452 19535 E SQLiteDatabase: android.database.sqlite.SQLiteConstraintException: UNIQUE constraint failed: message_media.message_row_id (code 1555 SQLITE_CONSTRAINT_PRIMARYKEY)
01-23 16:27:40.760 19452 19535 E SQLiteDatabase: at android.database.sqlite.SQLiteConnection.nativeExecuteForLastInsertedRowId(Native Method)
01-23 16:27:40.760 19452 19535 E SQLiteDatabase: at android.database.sqlite.SQLiteConnection.executeForLastInsertedRowId(SQLiteConnecti on.java:938)
01-23 16:27:40.760 19452 19535 E SQLiteDatabase: at android.database.sqlite.SQLiteSession.executeForLastInsertedRowId(SQLiteSession.jav a:790)
01-23 16:27:40.760 19452 19535 E SQLiteDatabase: at android.database.sqlite.SQLiteStatement.executeInsert(SQLiteStatement.java:88)
01-23 16:27:40.760 19452 19535 E SQLiteDatabase: at android.database.sqlite.SQLiteDatabase.insertWithOnConflict(SQLiteDatabase.java:170 1)
01-23 16:27:40.760 19452 19535 E SQLiteDatabase: at android.database.sqlite.SQLiteDatabase.insert(SQLiteDatabase.java:1570)
01-23 16:27:40.760 19452 19535 E SQLiteDatabase: at X.2tm.A08(Unknown Source:6)
01-23 16:27:40.760 19452 19535 E SQLiteDatabase: at X.35Y.A07(Unknown Source:212)
01-23 16:27:40.760 19452 19535 E SQLiteDatabase: at X.3QF.A14(Unknown Source:470)
01-23 16:27:40.760 19452 19535 E SQLiteDatabase: at X.3gU.run(Unknown Source:982)
01-23 16:27:40.760 19452 19535 E SQLiteDatabase: at android.os.Handler.handleCallback(Handler.java:938)
01-23 16:27:40.760 19452 19535 E SQLiteDatabase: at android.os.Handler.dispatchMessage(Handler.java:99)
01-23 16:27:40.760 19452 19535 E SQLiteDatabase: at X.0zq.dispatchMessage(Unknown Source:4)
01-23 16:27:40.760 19452 19535 E SQLiteDatabase: at android.os.Looper.loop(Looper.java:250)
01-23 16:27:40.760 19452 19535 E SQLiteDatabase: at android.os.HandlerThread.run(HandlerThread.java:67)
01-23 16:27:41.121 19452 8096 W Codec2Client: query -- param skipped: index = 1107298332.
01-23 16:27:41.121 19452 8096 W CCodec : This behavior is subject to change. It is recommended that app developers double check whether the requested max input size is in reasonable range.
