01-23 20:48:50.726 30291 30291 W System.err: at com.android.internal.os.ZygoteInit.main(ZygoteInit.java:958)
01-23 20:48:50.856 30291 30291 E CustomActivityOnCrash: IMPORTANT WARNING! You already have an UncaughtExceptionHandler, are you sure this is correct? If you use a custom UncaughtExceptionHandler, you must initialize it AFTER CustomActivityOnCrash! Installing anyway, but your original handler will not be called.
01-23 20:48:52.856 30291 30291 W com.mbwhatsapp: Accessing hidden method Lcom/android/org/conscrypt/OpenSSLSocketImpl;->setUseSessionTickets(Z)V (greylist- max-q,test-api, reflection, denied)
01-23 20:48:52.856 30291 30291 W com.mbwhatsapp: Accessing hidden method Lcom/android/org/conscrypt/AbstractConscryptSocket;->setUseSessionTickets(Z)V (greylist-max-q, reflection, denied)
01-23 20:48:53.102 30291 30291 W com.mbwhatsapp: type=1400 audit(0.0:205401): avc: granted { execute } for path="/data/data/com.mbwhatsapp/files/decompressed/libs.spk.zst/libc++_shared.so" dev="mmcblk0p78" ino=63119 scontext=u:r:untrusted_app:s0:c167,c257,c512,c768 tcontext=u:object_r:app_data_file:s0:c167,c257,c512,c768 tclass=file app=com.mbwhatsapp
01-23 20:48:53.105 30291 30291 W linker : Warning: "/data/data/com.mbwhatsapp/files/decompressed/libs.spk.zst/libc++_shared.so" unused DT entry: unknown processor-specific (type 0x70000001 arg 0x0) (ignoring)
01-23 20:48:53.119 30291 30291 W com.mbwhatsapp: type=1400 audit(0.0:205402): avc: granted { execute } for path="/data/data/com.mbwhatsapp/files/decompressed/libs.spk.zst/libvlc.so" dev="mmcblk0p78" ino=515485 scontext=u:r:untrusted_app:s0:c167,c257,c512,c768 tcontext=u:object_r:app_data_file:s0:c167,c257,c512,c768 tclass=file app=com.mbwhatsapp
01-23 20:48:53.155 30291 30291 W com.mbwhatsapp: type=1400 audit(0.0:205403): avc: granted { execute } for path="/data/data/com.mbwhatsapp/files/decompressed/libs.spk.zst/libwhatsapp.so" dev="mmcblk0p78" ino=512112 scontext=u:r:untrusted_app:s0:c167,c257,c512,c768 tcontext=u:object_r:app_data_file:s0:c167,c257,c512,c768 tclass=file app=com.mbwhatsapp
01-23 20:48:53.355 30291 30291 W com.mbwhatsapp: type=1400 audit(0.0:205404): avc: granted { execute } for path="/data/data/com.mbwhatsapp/files/decompressed/libs.spk.zst/libcurve25519.so" dev="mmcblk0p78" ino=425206 scontext=u:r:untrusted_app:s0:c167,c257,c512,c768 tcontext=u:object_r:app_data_file:s0:c167,c257,c512,c768 tclass=file app=com.mbwhatsapp
01-23 20:48:53.412 30291 30291 W com.mbwhatsapp: type=1400 audit(0.0:205405): avc: granted { execute } for path="/data/data/com.mbwhatsapp/files/decompressed/libs.spk.zst/libwhatsapp.so" dev="mmcblk0p78" ino=512112 scontext=u:r:untrusted_app:s0:c167,c257,c512,c768 tcontext=u:object_r:app_data_file:s0:c167,c257,c512,c768 tclass=file app=com.mbwhatsapp
01-23 20:48:53.883 30291 30713 W com.mbwhatsapp: Class X.2rL failed lock verification and will run slower.
01-23 20:48:53.883 30291 30713 W com.mbwhatsapp: Common causes for lock verification issues are non-optimized dex code
01-23 20:48:53.883 30291 30713 W com.mbwhatsapp: and incorrect proguard optimizations. --------- beginning of main
01-23 20:48:55.475 30859 30859 E com.mbwhatsapp: Not starting debugger since process cannot load the jdwp agent.
01-23 20:48:55.981 30859 30859 W System.err: java.lang.ClassNotFoundException: mbmodsd.mbmodsw.ui.views.btn.BtnBK
01-23 20:48:55.986 30859 30859 W System.err: at java.lang.Runtime.nativeLoad(Native Method)
01-23 20:48:55.987 30859 30859 W System.err: at java.lang.Runtime.nativeLoad(Runtime.java:1131)
01-23 20:48:55.987 30859 30859 W System.err: at java.lang.Runtime.loadLibrary0(Runtime.java:1085)
01-23 20:48:55.987 30859 30859 W System.err: at java.lang.Runtime.loadLibrary0(Runtime.java:1008)
01-23 20:48:55.987 30859 30859 W System.err: at java.lang.System.loadLibrary(System.java:1664)
01-23 20:48:55.987 30859 30859 W System.err: at arm.EpicVm.<clinit>(Unknown Source:2)
01-23 20:48:55.987 30859 30859 W System.err: at java.lang.Class.newInstance(Native Method)
01-23 20:48:55.987 30859 30859 W System.err: at android.app.AppComponentFactory.instantiateApplication(AppComponentFactory.java:76)
01-23 20:48:55.987 30859 30859 W System.err: at androidx.core.app.CoreComponentFactory.instantiateApplication(Unknown Source:0)
01-23 20:48:55.987 30859 30859 W System.err: at android.app.Instrumentation.newApplication(Instrumentation.java:1158)
01-23 20:48:55.987 30859 30859 W System.err: at android.app.LoadedApk.makeApplication(LoadedApk.java:1268)
01-23 20:48:55.987 30859 30859 W System.err: at android.app.ActivityThread.handleBindApplication(ActivityThread.java:6819)
01-23 20:48:55.987 30859 30859 W System.err: at android.app.ActivityThread.access$1400(ActivityThread.java:252)
01-23 20:48:55.988 30859 30859 W System.err: at android.app.ActivityThread$H.handleMessage(ActivityThread.java:1979)
01-23 20:48:55.988 30859 30859 W System.err: at android.os.Handler.dispatchMessage(Handler.java:106)
01-23 20:48:55.988 30859 30859 W System.err: at android.os.Looper.loop(Looper.java:250)
01-23 20:48:55.988 30859 30859 W System.err: at android.app.ActivityThread.main(ActivityThread.java:7848)
01-23 20:48:55.988 30859 30859 W System.err: at java.lang.reflect.Method.invoke(Native Method)
01-23 20:48:55.988 30859 30859 W System.err: at com.android.internal.os.RuntimeInit$MethodAndArgsCaller.run(RuntimeInit.java:592)
01-23 20:48:55.988 30859 30859 W System.err: at com.android.internal.os.ZygoteInit.main(ZygoteInit.java:958)
01-23 20:48:56.045 30859 30859 E CustomActivityOnCrash: IMPORTANT WARNING! You already have an UncaughtExceptionHandler, are you sure this is correct? If you use a custom UncaughtExceptionHandler, you must initialize it AFTER CustomActivityOnCrash! Installing anyway, but your original handler will not be called.
01-23 20:48:57.393 30859 30859 W com.mbwhatsapp: Accessing hidden method Lcom/android/org/conscrypt/OpenSSLSocketImpl;->setUseSessionTickets(Z)V (greylist- max-q,test-api, reflection, denied)
01-23 20:48:57.394 30859 30859 W com.mbwhatsapp: Accessing hidden method Lcom/android/org/conscrypt/AbstractConscryptSocket;->setUseSessionTickets(Z)V (greylist-max-q, reflection, denied)
01-23 20:48:57.598 30859 30859 W com.mbwhatsapp: Verification of void X.3gG.run() took 180.915ms (13199.56 bytecodes/s) (73648B approximate peak alloc)
01-23 20:48:57.750 30859 30859 W linker : Warning: "/data/data/com.mbwhatsapp/files/decompressed/libs.spk.zst/libc++_shared.so" unused DT entry: unknown processor-specific (type 0x70000001 arg 0x0) (ignoring)
01-23 20:48:57.975 30859 30859 W com.mbwhatsapp: type=1400 audit(0.0:205451): avc: granted { execute } for path="/data/data/com.mbwhatsapp/files/decompressed/libs.spk.zst/libcurve25519.so" dev="mmcblk0p78" ino=425206 scontext=u:r:untrusted_app:s0:c167,c257,c512,c768 tcontext=u:object_r:app_data_file:s0:c167,c257,c512,c768 tclass=file app=com.mbwhatsapp
01-23 20:48:58.012 30859 30859 W com.mbwhatsapp: type=1400 audit(0.0:205453): avc: granted { execute } for path="/data/data/com.mbwhatsapp/files/decompressed/libs.spk.zst/libwhatsapp.so" dev="mmcblk0p78" ino=512112 scontext=u:r:untrusted_app:s0:c167,c257,c512,c768 tcontext=u:object_r:app_data_file:s0:c167,c257,c512,c768 tclass=file app=com.mbwhatsapp
01-23 20:48:58.012 30859 30859 W com.mbwhatsapp: type=1400 audit(0.0:205455): avc: granted { execute } for path="/data/data/com.mbwhatsapp/files/decompressed/libs.spk.zst/libwhatsapp.so" dev="mmcblk0p78" ino=512112 scontext=u:r:untrusted_app:s0:c167,c257,c512,c768 tcontext=u:object_r:app_data_file:s0:c167,c257,c512,c768 tclass=file app=com.mbwhatsapp
01-23 20:48:58.534 30859 31116 W com.mbwhatsapp: Class X.2rL failed lock verification and will run slower.
01-23 20:48:58.534 30859 31116 W com.mbwhatsapp: Common causes for lock verification issues are non-optimized dex code
01-23 20:48:58.534 30859 31116 W com.mbwhatsapp: and incorrect proguard optimizations. --------- beginning of main
01-23 20:49:01.763 31419 31419 E com.mbwhatsapp: Not starting debugger since process cannot load the jdwp agent.
01-23 20:49:02.063 31419 31419 W System.err: java.lang.ClassNotFoundException: mbmodsd.mbmodsw.ui.views.btn.BtnBK
01-23 20:49:02.064 31419 31419 W System.err: at java.lang.Runtime.nativeLoad(Native Method)
01-23 20:49:02.064 31419 31419 W System.err: at java.lang.Runtime.nativeLoad(Runtime.java:1131)
01-23 20:49:02.064 31419 31419 W System.err: at java.lang.Runtime.loadLibrary0(Runtime.java:1085)
01-23 20:49:02.064 31419 31419 W System.err: at java.lang.Runtime.loadLibrary0(Runtime.java:1008)
01-23 20:49:02.064 31419 31419 W System.err: at java.lang.System.loadLibrary(System.java:1664)
01-23 20:49:02.064 31419 31419 W System.err: at arm.EpicVm.<clinit>(Unknown Source:2)
01-23 20:49:02.064 31419 31419 W System.err: at java.lang.Class.newInstance(Native Method)
01-23 20:49:02.064 31419 31419 W System.err: at android.app.AppComponentFactory.instantiateApplication(AppComponentFactory.java:76)
01-23 20:49:02.065 31419 31419 W System.err: at androidx.core.app.CoreComponentFactory.instantiateApplication(Unknown Source:0)
01-23 20:49:02.065 31419 31419 W System.err: at android.app.Instrumentation.newApplication(Instrumentation.java:1158)
01-23 20:49:02.065 31419 31419 W System.err: at android.app.LoadedApk.makeApplication(LoadedApk.java:1268)
01-23 20:49:02.065 31419 31419 W System.err: at android.app.ActivityThread.handleBindApplication(ActivityThread.java:6819)
01-23 20:49:02.065 31419 31419 W System.err: at android.app.ActivityThread.access$1400(ActivityThread.java:252)
01-23 20:49:02.065 31419 31419 W System.err: at android.app.ActivityThread$H.handleMessage(ActivityThread.java:1979)
01-23 20:49:02.065 31419 31419 W System.err: at android.os.Handler.dispatchMessage(Handler.java:106)
01-23 20:49:02.065 31419 31419 W System.err: at android.os.Looper.loop(Looper.java:250)
01-23 20:49:02.065 31419 31419 W System.err: at android.app.ActivityThread.main(ActivityThread.java:7848)
01-23 20:49:02.065 31419 31419 W System.err: at java.lang.reflect.Method.invoke(Native Method)
01-23 20:49:02.065 31419 31419 W System.err: at com.android.internal.os.RuntimeInit$MethodAndArgsCaller.run(RuntimeInit.java:592)
01-23 20:49:02.065 31419 31419 W System.err: at com.android.internal.os.ZygoteInit.main(ZygoteInit.java:958)
01-23 20:49:02.111 31419 31419 E CustomActivityOnCrash: IMPORTANT WARNING! You already have an UncaughtExceptionHandler, are you sure this is correct? If you use a custom UncaughtExceptionHandler, you must initialize it AFTER CustomActivityOnCrash! Installing anyway, but your original handler will not be called.
01-23 20:49:03.808 31419 31419 W com.mbwhatsapp: Accessing hidden method Lcom/android/org/conscrypt/OpenSSLSocketImpl;->setUseSessionTickets(Z)V (greylist- max-q,test-api, reflection, denied)
01-23 20:49:03.809 31419 31419 W com.mbwhatsapp: Accessing hidden method Lcom/android/org/conscrypt/AbstractConscryptSocket;->setUseSessionTickets(Z)V (greylist-max-q, reflection, denied)
01-23 20:49:03.995 31419 31419 W com.mbwhatsapp: Verification of void X.3gG.run() took 148.540ms (16076.43 bytecodes/s) (73648B approximate peak alloc)
01-23 20:49:04.215 31419 31419 W com.mbwhatsapp: type=1400 audit(0.0:205465): avc: granted { execute } for path="/data/data/com.mbwhatsapp/files/decompressed/libs.spk.zst/libc++_shared.so" dev="mmcblk0p78" ino=63119 scontext=u:r:untrusted_app:s0:c167,c257,c512,c768 tcontext=u:object_r:app_data_file:s0:c167,c257,c512,c768 tclass=file app=com.mbwhatsapp
01-23 20:49:04.218 31419 31419 W linker : Warning: "/data/data/com.mbwhatsapp/files/decompressed/libs.spk.zst/libc++_shared.so" unused DT entry: unknown processor-specific (type 0x70000001 arg 0x0) (ignoring)
01-23 20:49:04.225 31419 31419 W com.mbwhatsapp: type=1400 audit(0.0:205466): avc: granted { execute } for path="/data/data/com.mbwhatsapp/files/decompressed/libs.spk.zst/libvlc.so" dev="mmcblk0p78" ino=515485 scontext=u:r:untrusted_app:s0:c167,c257,c512,c768 tcontext=u:object_r:app_data_file:s0:c167,c257,c512,c768 tclass=file app=com.mbwhatsapp
01-23 20:49:04.249 31419 31419 W com.mbwhatsapp: type=1400 audit(0.0:205467): avc: granted { execute } for path="/data/data/com.mbwhatsapp/files/decompressed/libs.spk.zst/libwhatsapp.so" dev="mmcblk0p78" ino=512112 scontext=u:r:untrusted_app:s0:c167,c257,c512,c768 tcontext=u:object_r:app_data_file:s0:c167,c257,c512,c768 tclass=file app=com.mbwhatsapp
01-23 20:49:04.302 31419 31419 W com.mbwhatsapp: type=1400 audit(0.0:205468): avc: granted { execute } for path="/data/data/com.mbwhatsapp/files/decompressed/libs.spk.zst/libcurve25519.so" dev="mmcblk0p78" ino=425206 scontext=u:r:untrusted_app:s0:c167,c257,c512,c768 tcontext=u:object_r:app_data_file:s0:c167,c257,c512,c768 tclass=file app=com.mbwhatsapp
01-23 20:49:04.329 31419 31419 W com.mbwhatsapp: type=1400 audit(0.0:205469): avc: granted { execute } for path="/data/data/com.mbwhatsapp/files/decompressed/libs.spk.zst/libwhatsapp.so" dev="mmcblk0p78" ino=512112 scontext=u:r:untrusted_app:s0:c167,c257,c512,c768 tcontext=u:object_r:app_data_file:s0:c167,c257,c512,c768 tclass=file app=com.mbwhatsapp
01-23 20:49:04.332 31419 31419 W com.mbwhatsapp: type=1400 audit(0.0:205470): avc: granted { execute } for path="/data/data/com.mbwhatsapp/files/decompressed/libs.spk.zst/libwhatsapp.so" dev="mmcblk0p78" ino=512112 scontext=u:r:untrusted_app:s0:c167,c257,c512,c768 tcontext=u:object_r:app_data_file:s0:c167,c257,c512,c768 tclass=file app=com.mbwhatsapp
01-23 20:49:04.332 31419 31419 W com.mbwhatsapp: type=1400 audit(0.0:205471): avc: granted { execute } for path="/data/data/com.mbwhatsapp/files/decompressed/libs.spk.zst/libwhatsapp.so" dev="mmcblk0p78" ino=512112 scontext=u:r:untrusted_app:s0:c167,c257,c512,c768 tcontext=u:object_r:app_data_file:s0:c167,c257,c512,c768 tclass=file app=com.mbwhatsapp
01-23 20:49:04.502 31419 31680 W com.mbwhatsapp: Class X.2rL failed lock verification and will run slower.
01-23 20:49:04.502 31419 31680 W com.mbwhatsapp: Common causes for lock verification issues are non-optimized dex code
01-23 20:49:04.502 31419 31680 W com.mbwhatsapp: and incorrect proguard optimizations. --------- beginning of main
01-23 20:50:57.819 11820 11820 E com.mbwhatsapp: Not starting debugger since process cannot load the jdwp agent.
01-23 20:50:58.395 11820 11820 W System.err: java.lang.ClassNotFoundException: mbmodsd.mbmodsw.ui.views.btn.BtnBK
01-23 20:50:58.395 11820 11820 W System.err: at java.lang.Runtime.nativeLoad(Native Method)
01-23 20:50:58.395 11820 11820 W System.err: at java.lang.Runtime.nativeLoad(Runtime.java:1131)
01-23 20:50:58.395 11820 11820 W System.err: at java.lang.Runtime.loadLibrary0(Runtime.java:1085)
01-23 20:50:58.395 11820 11820 W System.err: at java.lang.Runtime.loadLibrary0(Runtime.java:1008)
01-23 20:50:58.395 11820 11820 W System.err: at java.lang.System.loadLibrary(System.java:1664)
01-23 20:50:58.395 11820 11820 W System.err: at arm.EpicVm.<clinit>(Unknown Source:2)
01-23 20:50:58.395 11820 11820 W System.err: at java.lang.Class.newInstance(Native Method)
01-23 20:50:58.395 11820 11820 W System.err: at android.app.AppComponentFactory.instantiateApplication(AppComponentFactory.java:76)
01-23 20:50:58.396 11820 11820 W System.err: at androidx.core.app.CoreComponentFactory.instantiateApplication(Unknown Source:0)
01-23 20:50:58.396 11820 11820 W System.err: at android.app.Instrumentation.newApplication(Instrumentation.java:1158)
01-23 20:50:58.396 11820 11820 W System.err: at android.app.LoadedApk.makeApplication(LoadedApk.java:1268)
01-23 20:50:58.396 11820 11820 W System.err: at android.app.ActivityThread.handleBindApplication(ActivityThread.java:6819)
01-23 20:50:58.396 11820 11820 W System.err: at android.app.ActivityThread.access$1400(ActivityThread.java:252)
01-23 20:50:58.396 11820 11820 W System.err: at android.app.ActivityThread$H.handleMessage(ActivityThread.java:1979)
01-23 20:50:58.396 11820 11820 W System.err: at android.os.Handler.dispatchMessage(Handler.java:106)
01-23 20:50:58.396 11820 11820 W System.err: at android.os.Looper.loop(Looper.java:250)
01-23 20:50:58.396 11820 11820 W System.err: at android.app.ActivityThread.main(ActivityThread.java:7848)
01-23 20:50:58.396 11820 11820 W System.err: at java.lang.reflect.Method.invoke(Native Method)
01-23 20:50:58.396 11820 11820 W System.err: at com.android.internal.os.RuntimeInit$MethodAndArgsCaller.run(RuntimeInit.java:592)
01-23 20:50:58.396 11820 11820 W System.err: at com.android.internal.os.ZygoteInit.main(ZygoteInit.java:958)
01-23 20:50:58.503 11820 11820 E CustomActivityOnCrash: IMPORTANT WARNING! You already have an UncaughtExceptionHandler, are you sure this is correct? If you use a custom UncaughtExceptionHandler, you must initialize it AFTER CustomActivityOnCrash! Installing anyway, but your original handler will not be called.
01-23 20:51:01.595 11820 11820 W com.mbwhatsapp: Accessing hidden method Lcom/android/org/conscrypt/OpenSSLSocketImpl;->setUseSessionTickets(Z)V (greylist- max-q,test-api, reflection, denied)
01-23 20:51:01.595 11820 11820 W com.mbwhatsapp: Accessing hidden method Lcom/android/org/conscrypt/AbstractConscryptSocket;->setUseSessionTickets(Z)V (greylist-max-q, reflection, denied)
01-23 20:51:01.919 11820 11820 W com.mbwhatsapp: type=1400 audit(0.0:206340): avc: granted { execute } for path="/data/data/com.mbwhatsapp/files/decompressed/libs.spk.zst/libc++_shared.so" dev="mmcblk0p78" ino=63119 scontext=u:r:untrusted_app:s0:c167,c257,c512,c768 tcontext=u:object_r:app_data_file:s0:c167,c257,c512,c768 tclass=file app=com.mbwhatsapp
01-23 20:51:01.923 11820 11820 W linker : Warning: "/data/data/com.mbwhatsapp/files/decompressed/libs.spk.zst/libc++_shared.so" unused DT entry: unknown processor-specific (type 0x70000001 arg 0x0) (ignoring)
01-23 20:51:01.939 11820 11820 W com.mbwhatsapp: type=1400 audit(0.0:206341): avc: granted { execute } for path="/data/data/com.mbwhatsapp/files/decompressed/libs.spk.zst/libvlc.so" dev="mmcblk0p78" ino=515485 scontext=u:r:untrusted_app:s0:c167,c257,c512,c768 tcontext=u:object_r:app_data_file:s0:c167,c257,c512,c768 tclass=file app=com.mbwhatsapp
01-23 20:51:01.975 11820 11820 W com.mbwhatsapp: type=1400 audit(0.0:206342): avc: granted { execute } for path="/data/data/com.mbwhatsapp/files/decompressed/libs.spk.zst/libwhatsapp.so" dev="mmcblk0p78" ino=512112 scontext=u:r:untrusted_app:s0:c167,c257,c512,c768 tcontext=u:object_r:app_data_file:s0:c167,c257,c512,c768 tclass=file app=com.mbwhatsapp
01-23 20:51:02.142 11820 11820 W com.mbwhatsapp: type=1400 audit(0.0:206343): avc: granted { execute } for path="/data/data/com.mbwhatsapp/files/decompressed/libs.spk.zst/libcurve25519.so" dev="mmcblk0p78" ino=425206 scontext=u:r:untrusted_app:s0:c167,c257,c512,c768 tcontext=u:object_r:app_data_file:s0:c167,c257,c512,c768 tclass=file app=com.mbwhatsapp
01-23 20:51:02.189 11820 11820 W com.mbwhatsapp: type=1400 audit(0.0:206344): avc: granted { execute } for path="/data/data/com.mbwhatsapp/files/decompressed/libs.spk.zst/libwhatsapp.so" dev="mmcblk0p78" ino=512112 scontext=u:r:untrusted_app:s0:c167,c257,c512,c768 tcontext=u:object_r:app_data_file:s0:c167,c257,c512,c768 tclass=file app=com.mbwhatsapp
01-23 20:51:02.520 11820 12165 W com.mbwhatsapp: Class X.2rL failed lock verification and will run slower.
01-23 20:51:02.520 11820 12165 W com.mbwhatsapp: Common causes for lock verification issues are non-optimized dex code
01-23 20:51:02.520 11820 12165 W com.mbwhatsapp: and incorrect proguard optimizations. --------- beginning of main
01-23 20:51:21.729 14009 14009 E com.mbwhatsapp: Not starting debugger since process cannot load the jdwp agent.
01-23 20:51:22.761 14009 14009 W System.err: java.lang.ClassNotFoundException: mbmodsd.mbmodsw.ui.views.btn.BtnBK
01-23 20:51:22.765 14009 14009 W System.err: at java.lang.Runtime.nativeLoad(Native Method)
01-23 20:51:22.765 14009 14009 W System.err: at java.lang.Runtime.nativeLoad(Runtime.java:1131)
01-23 20:51:22.765 14009 14009 W System.err: at java.lang.Runtime.loadLibrary0(Runtime.java:1085)
01-23 20:51:22.765 14009 14009 W System.err: at java.lang.Runtime.loadLibrary0(Runtime.java:1008)
01-23 20:51:22.765 14009 14009 W System.err: at java.lang.System.loadLibrary(System.java:1664)
01-23 20:51:22.765 14009 14009 W System.err: at arm.EpicVm.<clinit>(Unknown Source:2)
01-23 20:51:22.765 14009 14009 W System.err: at java.lang.Class.newInstance(Native Method)
01-23 20:51:22.765 14009 14009 W System.err: at android.app.AppComponentFactory.instantiateApplication(AppComponentFactory.java:76)
01-23 20:51:22.765 14009 14009 W System.err: at androidx.core.app.CoreComponentFactory.instantiateApplication(Unknown Source:0)
01-23 20:51:22.765 14009 14009 W System.err: at android.app.Instrumentation.newApplication(Instrumentation.java:1158)
01-23 20:51:22.765 14009 14009 W System.err: at android.app.LoadedApk.makeApplication(LoadedApk.java:1268)
01-23 20:51:22.765 14009 14009 W System.err: at android.app.ActivityThread.handleBindApplication(ActivityThread.java:6819)
01-23 20:51:22.765 14009 14009 W System.err: at android.app.ActivityThread.access$1400(ActivityThread.java:252)
01-23 20:51:22.765 14009 14009 W System.err: at android.app.ActivityThread$H.handleMessage(ActivityThread.java:1979)
01-23 20:51:22.766 14009 14009 W System.err: at android.os.Handler.dispatchMessage(Handler.java:106)
01-23 20:51:22.766 14009 14009 W System.err: at android.os.Looper.loop(Looper.java:250)
01-23 20:51:22.766 14009 14009 W System.err: at android.app.ActivityThread.main(ActivityThread.java:7848)
01-23 20:51:22.766 14009 14009 W System.err: at java.lang.reflect.Method.invoke(Native Method)
01-23 20:51:22.766 14009 14009 W System.err: at com.android.internal.os.RuntimeInit$MethodAndArgsCaller.run(RuntimeInit.java:592)
01-23 20:51:22.766 14009 14009 W System.err: at com.android.internal.os.ZygoteInit.main(ZygoteInit.java:958)
01-23 20:51:22.938 14009 14009 E CustomActivityOnCrash: IMPORTANT WARNING! You already have an UncaughtExceptionHandler, are you sure this is correct? If you use a custom UncaughtExceptionHandler, you must initialize it AFTER CustomActivityOnCrash! Installing anyway, but your original handler will not be called.
01-23 20:51:28.595 14009 14009 W com.mbwhatsapp: Accessing hidden method Lcom/android/org/conscrypt/OpenSSLSocketImpl;->setUseSessionTickets(Z)V (greylist- max-q,test-api, reflection, denied)
01-23 20:51:28.597 14009 14009 W com.mbwhatsapp: Accessing hidden method Lcom/android/org/conscrypt/AbstractConscryptSocket;->setUseSessionTickets(Z)V (greylist-max-q, reflection, denied)
01-23 20:51:28.828 14009 14041 W com.mbwhatsapp: Suspending all threads took: 7.234ms
01-23 20:51:29.257 14009 14009 W com.mbwhatsapp: Verification of void X.3gG.run() took 166.476ms (14344.40 bytecodes/s) (73648B approximate peak alloc)
01-23 20:51:32.121 14009 14009 W linker : Warning: "/data/data/com.mbwhatsapp/files/decompressed/libs.spk.zst/libc++_shared.so" unused DT entry: unknown processor-specific (type 0x70000001 arg 0x0) (ignoring)
01-23 20:51:32.112 14009 14009 W com.mbwhatsapp: type=1400 audit(0.0:206441): avc: granted { execute } for path="/data/data/com.mbwhatsapp/files/decompressed/libs.spk.zst/libc++_shared.so" dev="mmcblk0p78" ino=63119 scontext=u:r:untrusted_app:s0:c167,c257,c512,c768 tcontext=u:object_r:app_data_file:s0:c167,c257,c512,c768 tclass=file app=com.mbwhatsapp
01-23 20:51:32.129 14009 14009 W com.mbwhatsapp: type=1400 audit(0.0:206442): avc: granted { execute } for path="/data/data/com.mbwhatsapp/files/decompressed/libs.spk.zst/libvlc.so" dev="mmcblk0p78" ino=515485 scontext=u:r:untrusted_app:s0:c167,c257,c512,c768 tcontext=u:object_r:app_data_file:s0:c167,c257,c512,c768 tclass=file app=com.mbwhatsapp
01-23 20:51:32.172 14009 14009 W com.mbwhatsapp: type=1400 audit(0.0:206443): avc: granted { execute } for path="/data/data/com.mbwhatsapp/files/decompressed/libs.spk.zst/libwhatsapp.so" dev="mmcblk0p78" ino=512112 scontext=u:r:untrusted_app:s0:c167,c257,c512,c768 tcontext=u:object_r:app_data_file:s0:c167,c257,c512,c768 tclass=file app=com.mbwhatsapp
01-23 20:51:32.385 14009 14009 W com.mbwhatsapp: type=1400 audit(0.0:206445): avc: granted { execute } for path="/data/data/com.mbwhatsapp/files/decompressed/libs.spk.zst/libcurve25519.so" dev="mmcblk0p78" ino=425206 scontext=u:r:untrusted_app:s0:c167,c257,c512,c768 tcontext=u:object_r:app_data_file:s0:c167,c257,c512,c768 tclass=file app=com.mbwhatsapp
01-23 20:51:32.515 14009 14009 W com.mbwhatsapp: type=1400 audit(0.0:206446): avc: granted { execute } for path="/data/data/com.mbwhatsapp/files/decompressed/libs.spk.zst/libwhatsapp.so" dev="mmcblk0p78" ino=512112 scontext=u:r:untrusted_app:s0:c167,c257,c512,c768 tcontext=u:object_r:app_data_file:s0:c167,c257,c512,c768 tclass=file app=com.mbwhatsapp
01-23 20:51:32.519 14009 14009 W com.mbwhatsapp: type=1400 audit(0.0:206448): avc: granted { execute } for path="/data/data/com.mbwhatsapp/files/decompressed/libs.spk.zst/libwhatsapp.so" dev="mmcblk0p78" ino=512112 scontext=u:r:untrusted_app:s0:c167,c257,c512,c768 tcontext=u:object_r:app_data_file:s0:c167,c257,c512,c768 tclass=file app=com.mbwhatsapp
01-23 20:51:33.540 14009 14327 W com.mbwhatsapp: Class X.2rL failed lock verification and will run slower.
01-23 20:51:33.540 14009 14327 W com.mbwhatsapp: Common causes for lock verification issues are non-optimized dex code
01-23 20:51:33.540 14009 14327 W com.mbwhatsapp: and incorrect proguard optimizations. --------- beginning of system --------- beginning of main --------- beginning of system
01-23 20:51:57.405 16922 16922 E com.mbwhatsapp: Not starting debugger since process cannot load the jdwp agent.
01-23 20:51:58.548 16922 16922 W System.err: java.lang.ClassNotFoundException: mbmodsd.mbmodsw.ui.views.btn.BtnBK
01-23 20:51:58.554 16922 16922 W System.err: at java.lang.Runtime.nativeLoad(Native Method)
01-23 20:51:58.554 16922 16922 W System.err: at java.lang.Runtime.nativeLoad(Runtime.java:1131)
01-23 20:51:58.554 16922 16922 W System.err: at java.lang.Runtime.loadLibrary0(Runtime.java:1085)
01-23 20:51:58.554 16922 16922 W System.err: at java.lang.Runtime.loadLibrary0(Runtime.java:1008)
01-23 20:51:58.554 16922 16922 W System.err: at java.lang.System.loadLibrary(System.java:1664)
01-23 20:51:58.554 16922 16922 W System.err: at arm.EpicVm.<clinit>(Unknown Source:2)
01-23 20:51:58.554 16922 16922 W System.err: at java.lang.Class.newInstance(Native Method)
01-23 20:51:58.554 16922 16922 W System.err: at android.app.AppComponentFactory.instantiateApplication(AppComponentFactory.java:76)
01-23 20:51:58.554 16922 16922 W System.err: at androidx.core.app.CoreComponentFactory.instantiateApplication(Unknown Source:0)
01-23 20:51:58.554 16922 16922 W System.err: at android.app.Instrumentation.newApplication(Instrumentation.java:1158)
01-23 20:51:58.554 16922 16922 W System.err: at android.app.LoadedApk.makeApplication(LoadedApk.java:1268)
01-23 20:51:58.554 16922 16922 W System.err: at android.app.ActivityThread.handleBindApplication(ActivityThread.java:6819)
01-23 20:51:58.555 16922 16922 W System.err: at android.app.ActivityThread.access$1400(ActivityThread.java:252)
01-23 20:51:58.555 16922 16922 W System.err: at android.app.ActivityThread$H.handleMessage(ActivityThread.java:1979)
01-23 20:51:58.555 16922 16922 W System.err: at android.os.Handler.dispatchMessage(Handler.java:106)
01-23 20:51:58.555 16922 16922 W System.err: at android.os.Looper.loop(Looper.java:250)
01-23 20:51:58.555 16922 16922 W System.err: at android.app.ActivityThread.main(ActivityThread.java:7848)
01-23 20:51:58.555 16922 16922 W System.err: at java.lang.reflect.Method.invoke(Native Method)
01-23 20:51:58.555 16922 16922 W System.err: at com.android.internal.os.RuntimeInit$MethodAndArgsCaller.run(RuntimeInit.java:592)
01-23 20:51:58.555 16922 16922 W System.err: at com.android.internal.os.ZygoteInit.main(ZygoteInit.java:958)
01-23 20:51:58.684 16922 16922 E CustomActivityOnCrash: IMPORTANT WARNING! You already have an UncaughtExceptionHandler, are you sure this is correct? If you use a custom UncaughtExceptionHandler, you must initialize it AFTER CustomActivityOnCrash! Installing anyway, but your original handler will not be called.
01-23 20:52:03.296 16922 16922 W com.mbwhatsapp: Accessing hidden method Lcom/android/org/conscrypt/OpenSSLSocketImpl;->setUseSessionTickets(Z)V (greylist- max-q,test-api, reflection, denied)
01-23 20:52:03.296 16922 16922 W com.mbwhatsapp: Accessing hidden method Lcom/android/org/conscrypt/AbstractConscryptSocket;->setUseSessionTickets(Z)V (greylist-max-q, reflection, denied)
01-23 20:52:04.164 16922 16922 W linker : Warning: "/data/data/com.mbwhatsapp/files/decompressed/libs.spk.zst/libc++_shared.so" unused DT entry: unknown processor-specific (type 0x70000001 arg 0x0) (ignoring) --------- beginning of main
01-23 20:54:00.518 19476 19476 E com.mbwhatsapp: Not starting debugger since process cannot load the jdwp agent.
01-23 20:54:01.346 19476 19476 W System.err: java.lang.ClassNotFoundException: mbmodsd.mbmodsw.ui.views.btn.BtnBK
01-23 20:54:01.346 19476 19476 W System.err: at java.lang.Runtime.nativeLoad(Native Method)
01-23 20:54:01.346 19476 19476 W System.err: at java.lang.Runtime.nativeLoad(Runtime.java:1131)
01-23 20:54:01.346 19476 19476 W System.err: at java.lang.Runtime.loadLibrary0(Runtime.java:1085)
01-23 20:54:01.346 19476 19476 W System.err: at java.lang.Runtime.loadLibrary0(Runtime.java:1008)
01-23 20:54:01.346 19476 19476 W System.err: at java.lang.System.loadLibrary(System.java:1664)
01-23 20:54:01.346 19476 19476 W System.err: at arm.EpicVm.<clinit>(Unknown Source:2)
01-23 20:54:01.346 19476 19476 W System.err: at java.lang.Class.newInstance(Native Method)
01-23 20:54:01.346 19476 19476 W System.err: at android.app.AppComponentFactory.instantiateApplication(AppComponentFactory.java:76)
01-23 20:54:01.346 19476 19476 W System.err: at androidx.core.app.CoreComponentFactory.instantiateApplication(Unknown Source:0)
01-23 20:54:01.346 19476 19476 W System.err: at android.app.Instrumentation.newApplication(Instrumentation.java:1158)
01-23 20:54:01.346 19476 19476 W System.err: at android.app.LoadedApk.makeApplication(LoadedApk.java:1268)
01-23 20:54:01.346 19476 19476 W System.err: at android.app.ActivityThread.handleBindApplication(ActivityThread.java:6819)
01-23 20:54:01.346 19476 19476 W System.err: at android.app.ActivityThread.access$1400(ActivityThread.java:252)
01-23 20:54:01.346 19476 19476 W System.err: at android.app.ActivityThread$H.handleMessage(ActivityThread.java:1979)
01-23 20:54:01.346 19476 19476 W System.err: at android.os.Handler.dispatchMessage(Handler.java:106)
01-23 20:54:01.346 19476 19476 W System.err: at android.os.Looper.loop(Looper.java:250)
01-23 20:54:01.346 19476 19476 W System.err: at android.app.ActivityThread.main(ActivityThread.java:7848)
01-23 20:54:01.347 19476 19476 W System.err: at java.lang.reflect.Method.invoke(Native Method)
01-23 20:54:01.347 19476 19476 W System.err: at com.android.internal.os.RuntimeInit$MethodAndArgsCaller.run(RuntimeInit.java:592)
01-23 20:54:01.347 19476 19476 W System.err: at com.android.internal.os.ZygoteInit.main(ZygoteInit.java:958)
01-23 20:54:01.460 19476 19476 E CustomActivityOnCrash: IMPORTANT WARNING! You already have an UncaughtExceptionHandler, are you sure this is correct? If you use a custom UncaughtExceptionHandler, you must initialize it AFTER CustomActivityOnCrash! Installing anyway, but your original handler will not be called.
01-23 20:54:02.725 19476 19476 W com.mbwhatsapp: Accessing hidden method Lcom/android/org/conscrypt/OpenSSLSocketImpl;->setUseSessionTickets(Z)V (greylist- max-q,test-api, reflection, denied)
01-23 20:54:02.725 19476 19476 W com.mbwhatsapp: Accessing hidden method Lcom/android/org/conscrypt/AbstractConscryptSocket;->setUseSessionTickets(Z)V (greylist-max-q, reflection, denied)
01-23 20:54:02.962 19476 19476 W linker : Warning: "/data/data/com.mbwhatsapp/files/decompressed/libs.spk.zst/libc++_shared.so" unused DT entry: unknown processor-specific (type 0x70000001 arg 0x0) (ignoring)
01-23 20:54:03.284 19476 19764 W com.mbwhatsapp: Class X.2rL failed lock verification and will run slower.
01-23 20:54:03.284 19476 19764 W com.mbwhatsapp: Common causes for lock verification issues are non-optimized dex code
01-23 20:54:03.284 19476 19764 W com.mbwhatsapp: and incorrect proguard optimizations.
01-23 20:54:03.297 19476 19476 W com.mbwhatsapp: Class X.0eU failed lock verification and will run slower.
01-23 20:54:03.668 19476 19476 W com.mbwhatsapp: Class com.mbwhatsapp.HomeActivity failed lock verification and will run slower.
01-23 20:54:04.126 19476 19476 E ArmVmp : Match on catch block at 0x0a in for 0xc1
01-23 20:54:04.279 19476 19810 W com.mbwhatsapp: Accessing hidden method Lcom/android/org/conscrypt/ConscryptEngineSocket;->setUseSessionTickets(Z)V (greylist-max-q,test-api, reflection, denied)
01-23 20:54:04.279 19476 19810 W com.mbwhatsapp: Accessing hidden method Lcom/android/org/conscrypt/OpenSSLSocketImpl;->setUseSessionTickets(Z)V (greylist- max-q,test-api, reflection, denied)
01-23 20:54:04.279 19476 19810 W com.mbwhatsapp: Accessing hidden method Lcom/android/org/conscrypt/AbstractConscryptSocket;->setUseSessionTickets(Z)V (greylist-max-q, reflection, denied)
01-23 20:54:04.280 19476 19810 W com.mbwhatsapp: Accessing hidden method Lcom/android/org/conscrypt/ConscryptEngineSocket;->setHostname(Ljava/lang/String;)V (greylist-max-q,test-api, reflection, denied)
01-23 20:54:04.280 19476 19810 W com.mbwhatsapp: Accessing hidden method Lcom/android/org/conscrypt/OpenSSLSocketImpl;->setHostname(Ljava/lang/String;)V (greylist-max-q,test-api, reflection, denied)
01-23 20:54:04.280 19476 19810 W com.mbwhatsapp: Accessing hidden method Lcom/android/org/conscrypt/AbstractConscryptSocket;->setHostname(Ljava/lang/ String;)V (greylist-max-q, reflection, denied)
01-23 20:54:04.280 19476 19810 W com.mbwhatsapp: Accessing hidden method Lcom/android/org/conscrypt/OpenSSLSocketImpl;->setAlpnProtocols([B)V (greylist-max- q,test-api, reflection, denied)
01-23 20:54:04.280 19476 19810 W com.mbwhatsapp: Accessing hidden method Lcom/android/org/conscrypt/AbstractConscryptSocket;->setAlpnProtocols([B)V (greylist-max-q, reflection, denied)
01-23 20:54:04.311 19476 19476 E ArmVmp : Match on catch block at 0x0a in for 0x131
01-23 20:54:04.786 19476 19810 W com.mbwhatsapp: Accessing hidden method Lcom/android/org/conscrypt/OpenSSLSocketImpl;->getAlpnSelectedProtocol()[B (greylist-max-q,test-api, reflection, denied)
01-23 20:54:04.786 19476 19810 W com.mbwhatsapp: Accessing hidden method Lcom/android/org/conscrypt/AbstractConscryptSocket;->getAlpnSelectedProtocol()[B (greylist-max-q, reflection, denied)
01-23 20:54:06.636 19476 19476 E RecyclerView: No adapter attached; skipping layout
01-23 20:54:06.685 19476 19782 W Gralloc3: mapper 3.x is not supported
01-23 20:54:07.279 19476 19476 E RecyclerView: No adapter attached; skipping layout
01-23 20:54:07.418 19476 19476 E ArmVmp : Match on catch block at 0x0a in for 0xd9
01-23 20:54:07.929 19476 20137 W LOTTIE : Animation contains merge paths. Merge paths are only supported on KitKat+ and must be manually enabled by calling enableMergePathsForKitKatAndAbove().
01-23 20:54:08.793 19476 19476 W LOTTIE : Animation contains merge paths but they are disabled.
01-23 20:54:09.160 19476 19580 W LibraryVersion: Failed to get app version for libraryName: firebase-iid
01-23 20:54:09.734 19476 19476 E ArmVmp : Match on catch block at 0x5b in for 0x89
01-23 20:54:09.925 19476 19476 E ArmVmp : Match on catch block at 0x5b in for 0x89
01-23 20:54:09.967 19476 19476 E ArmVmp : Match on catch block at 0x5b in for 0x85
01-23 20:54:09.994 19476 19476 E ArmVmp : Match on catch block at 0x5b in for 0x85
01-23 20:54:10.515 19476 20318 E linker : library "" ("/apex/com.android.vndk.v30/lib64") needed or dlopened by "/apex/com.android.vndk.v30/lib64/libRS_internal.so" is not accessible for the namespace: [name="rs", ld_library_paths="", default_library_paths="/apex/com.android.vndk.v30/lib64:/vendor/lib64", permitted_paths="/odm/lib64:/vendor/lib64:/system/vendor/lib64:/data"]
01-23 20:54:10.515 19476 20318 E RenderScript: Failed loading RS driver: dlopen failed: library "" needed or dlopened by "/apex/com.android.vndk.v30/lib64/libRS_internal.so" is not accessible for the namespace "rs"
01-23 20:54:10.515 19476 20318 E RenderScript: Failed to load runtime , loading default
01-23 20:54:10.812 19476 20137 W LOTTIE : Unknown shape type rd
01-23 20:54:11.167 19476 19476 E ArmVmp : Match on catch block at 0x0a in for 0xc1
01-23 20:54:11.172 19476 19476 E ArmVmp : Match on catch block at 0x0a in for 0xc5
01-23 20:54:11.838 19476 19476 E ArmVmp : Match on catch block at 0xc3 in for 0xb5
01-23 20:54:11.849 19476 19476 E ArmVmp : Match on catch block at 0xc3 in for 0xb1
01-23 20:54:11.854 19476 19476 E ArmVmp : Match on catch block at 0xc3 in for 0xb1
01-23 20:54:12.006 19476 19476 E ArmVmp : Match on catch block at 0xc3 in for 0xa9
01-23 20:54:12.008 19476 19476 E ArmVmp : Match on catch block at 0xc3 in for 0xa5
01-23 20:54:12.010 19476 19476 E ArmVmp : Match on catch block at 0xc3 in for 0xa5
01-23 20:54:12.064 19476 19476 E ArmVmp : Match on catch block at 0xc3 in for 0xa9
01-23 20:54:12.067 19476 19476 E ArmVmp : Match on catch block at 0xc3 in for 0xa1
01-23 20:54:12.069 19476 19476 E ArmVmp : Match on catch block at 0xc3 in for 0xa1
01-23 20:54:12.127 19476 19476 E ArmVmp : Match on catch block at 0xc3 in for 0xa5
01-23 20:54:12.130 19476 19476 E ArmVmp : Match on catch block at 0xc3 in for 0xa9
01-23 20:54:12.132 19476 19476 E ArmVmp : Match on catch block at 0xc3 in for 0xa9
01-23 20:54:12.173 19476 19476 E ArmVmp : Match on catch block at 0xc3 in for 0xa1
01-23 20:54:12.177 19476 19476 E ArmVmp : Match on catch block at 0xc3 in for 0xa5
01-23 20:54:12.180 19476 19476 E ArmVmp : Match on catch block at 0xc3 in for 0xa5
01-23 20:54:12.189 19476 19476 E ArmVmp : Match on catch block at 0xc3 in for 0xa9
01-23 20:54:12.192 19476 19476 E ArmVmp : Match on catch block at 0xc3 in for 0xa1
01-23 20:54:12.197 19476 19476 E ArmVmp : Match on catch block at 0xc3 in for 0xa1
01-23 20:54:12.205 19476 19476 E ArmVmp : Match on catch block at 0xc3 in for 0xa5
01-23 20:54:12.208 19476 19476 E ArmVmp : Match on catch block at 0xc3 in for 0xa9
01-23 20:54:12.213 19476 19476 E ArmVmp : Match on catch block at 0xc3 in for 0xa9
01-23 20:54:12.221 19476 19476 E ArmVmp : Match on catch block at 0xc3 in for 0xa1
01-23 20:54:12.224 19476 19476 E ArmVmp : Match on catch block at 0xc3 in for 0xa5
01-23 20:54:12.227 19476 19476 E ArmVmp : Match on catch block at 0xc3 in for 0xa5
01-23 20:54:12.237 19476 19476 E ArmVmp : Match on catch block at 0xc3 in for 0xa9
01-23 20:54:12.244 19476 19476 E ArmVmp : Match on catch block at 0xc3 in for 0xa1
01-23 20:54:12.247 19476 19476 E ArmVmp : Match on catch block at 0xc3 in for 0xa1
01-23 20:54:12.273 19476 19476 E ArmVmp : Match on catch block at 0xc3 in for 0xa5
01-23 20:54:12.277 19476 19476 E ArmVmp : Match on catch block at 0xc3 in for 0xa9
01-23 20:54:12.280 19476 19476 E ArmVmp : Match on catch block at 0xc3 in for 0xa9
01-23 20:54:12.287 19476 19476 E ArmVmp : Match on catch block at 0xc3 in for 0xa1
01-23 20:54:12.291 19476 19476 E ArmVmp : Match on catch block at 0xc3 in for 0xa5
01-23 20:54:12.294 19476 19476 E ArmVmp : Match on catch block at 0xc3 in for 0xa5
01-23 20:54:12.304 19476 19476 E ArmVmp : Match on catch block at 0xc3 in for 0xa9
01-23 20:54:12.313 19476 19476 E ArmVmp : Match on catch block at 0xc3 in for 0xa1
01-23 20:54:12.320 19476 19476 E ArmVmp : Match on catch block at 0xc3 in for 0xa1
01-23 20:54:12.354 19476 19476 E ArmVmp : Match on catch block at 0xc3 in for 0xa5
01-23 20:54:12.358 19476 19476 E ArmVmp : Match on catch block at 0xc3 in for 0xa9
01-23 20:54:12.361 19476 19476 E ArmVmp : Match on catch block at 0xc3 in for 0xa9
01-23 20:54:12.370 19476 19476 E ArmVmp : Match on catch block at 0xc3 in for 0xa1
01-23 20:54:12.373 19476 19476 E ArmVmp : Match on catch block at 0xc3 in for 0xa5
01-23 20:54:12.374 19476 19476 E ArmVmp : Match on catch block at 0xc3 in for 0xa5
01-23 20:54:12.386 19476 19476 E ArmVmp : Match on catch block at 0xc3 in for 0xa9
01-23 20:54:12.389 19476 19476 E ArmVmp : Match on catch block at 0xc3 in for 0xa1
01-23 20:54:12.391 19476 19476 E ArmVmp : Match on catch block at 0xc3 in for 0xa1
01-23 20:54:12.403 19476 19476 E ArmVmp : Match on catch block at 0xc3 in for 0xa5
01-23 20:54:12.410 19476 19476 E ArmVmp : Match on catch block at 0xc3 in for 0xa9
01-23 20:54:12.412 19476 19476 E ArmVmp : Match on catch block at 0xc3 in for 0xa9
01-23 20:54:12.426 19476 19476 E ArmVmp : Match on catch block at 0xc3 in for 0xa1
01-23 20:54:12.428 19476 19476 E ArmVmp : Match on catch block at 0xc3 in for 0xa5
01-23 20:54:12.439 19476 19476 E ArmVmp : Match on catch block at 0xc3 in for 0xa5
01-23 20:54:12.442 19476 19476 E ArmVmp : Match on catch block at 0xc3 in for 0xa9
01-23 20:54:12.444 19476 19476 E ArmVmp : Match on catch block at 0xc3 in for 0xa9
01-23 20:54:12.454 19476 19476 E ArmVmp : Match on catch block at 0xc3 in for 0xa1
01-23 20:54:12.457 19476 19476 E ArmVmp : Match on catch block at 0xc3 in for 0xa5
01-23 20:54:12.459 19476 19476 E ArmVmp : Match on catch block at 0xc3 in for 0xa5
01-23 20:54:12.470 19476 19476 E ArmVmp : Match on catch block at 0xc3 in for 0xa9
01-23 20:54:12.473 19476 19476 E ArmVmp : Match on catch block at 0xc3 in for 0xa1
01-23 20:54:12.475 19476 19476 E ArmVmp : Match on catch block at 0xc3 in for 0xa1
01-23 20:54:12.487 19476 19476 E ArmVmp : Match on catch block at 0xc3 in for 0xa5
01-23 20:54:12.490 19476 19476 E ArmVmp : Match on catch block at 0xc3 in for 0xa9
01-23 20:54:12.493 19476 19476 E ArmVmp : Match on catch block at 0xc3 in for 0xa9
01-23 20:54:12.603 19476 19476 E ArmVmp : Match on catch block at 0xc3 in for 0xa9
01-23 20:54:12.606 19476 19476 E ArmVmp : Match on catch block at 0xc3 in for 0xa1
01-23 20:54:12.608 19476 19476 E ArmVmp : Match on catch block at 0xc3 in for 0xa1
01-23 20:54:13.105 19476 19476 E ArmVmp : Match on catch block at 0xc3 in for 0xa1
01-23 20:54:13.112 19476 19476 E ArmVmp : Match on catch block at 0xc3 in for 0xa5
01-23 20:54:13.118 19476 19476 E ArmVmp : Match on catch block at 0xc3 in for 0xa5
01-23 20:54:13.561 19476 19476 E ArmVmp : Match on catch block at 0xc3 in for 0xa9
01-23 20:54:13.564 19476 19476 E ArmVmp : Match on catch block at 0xc3 in for 0xa1
01-23 20:54:13.566 19476 19476 E ArmVmp : Match on catch block at 0xc3 in for 0xa1
01-23 20:54:13.572 19476 19476 E ArmVmp : Match on catch block at 0xc3 in for 0xa5
01-23 20:54:13.575 19476 19476 E ArmVmp : Match on catch block at 0xc3 in for 0xa9
01-23 20:54:13.578 19476 19476 E ArmVmp : Match on catch block at 0xc3 in for 0xa9
01-23 20:54:13.586 19476 19476 E ArmVmp : Match on catch block at 0xc3 in for 0xa1
01-23 20:54:13.589 19476 19476 E ArmVmp : Match on catch block at 0xc3 in for 0xa5
01-23 20:54:13.591 19476 19476 E ArmVmp : Match on catch block at 0xc3 in for 0xa5
01-23 20:54:13.602 19476 19476 E ArmVmp : Match on catch block at 0xc3 in for 0xa9
01-23 20:54:13.605 19476 19476 E ArmVmp : Match on catch block at 0xc3 in for 0xa1
01-23 20:54:13.607 19476 19476 E ArmVmp : Match on catch block at 0xc3 in for 0xa1
01-23 20:54:13.619 19476 19476 E ArmVmp : Match on catch block at 0xc3 in for 0xa5
01-23 20:54:13.622 19476 19476 E ArmVmp : Match on catch block at 0xc3 in for 0xa9
01-23 20:54:13.625 19476 19476 E ArmVmp : Match on catch block at 0xc3 in for 0xa9
01-23 20:54:13.636 19476 19476 E ArmVmp : Match on catch block at 0xc3 in for 0xa1
01-23 20:54:13.640 19476 19476 E ArmVmp : Match on catch block at 0xc3 in for 0xa5
01-23 20:54:13.643 19476 19476 E ArmVmp : Match on catch block at 0xc3 in for 0xa5
01-23 20:54:13.653 19476 19476 E ArmVmp : Match on catch block at 0xc3 in for 0xa9
01-23 20:54:13.656 19476 19476 E ArmVmp : Match on catch block at 0xc3 in for 0xa1
01-23 20:54:13.658 19476 19476 E ArmVmp : Match on catch block at 0xc3 in for 0xa1
01-23 20:54:13.669 19476 19476 E ArmVmp : Match on catch block at 0xc3 in for 0xa5
01-23 20:54:13.672 19476 19476 E ArmVmp : Match on catch block at 0xc3 in for 0xa9
01-23 20:54:13.675 19476 19476 E ArmVmp : Match on catch block at 0xc3 in for 0xa9
01-23 20:54:13.686 19476 19476 E ArmVmp : Match on catch block at 0xc3 in for 0xa1
01-23 20:54:13.689 19476 19476 E ArmVmp : Match on catch block at 0xc3 in for 0xa5
01-23 20:54:13.691 19476 19476 E ArmVmp : Match on catch block at 0xc3 in for 0xa5
01-23 20:54:13.703 19476 19476 E ArmVmp : Match on catch block at 0xc3 in for 0xa9
01-23 20:54:13.706 19476 19476 E ArmVmp : Match on catch block at 0xc3 in for 0xa1
01-23 20:54:13.709 19476 19476 E ArmVmp : Match on catch block at 0xc3 in for 0xa1
01-23 20:54:13.719 19476 19476 E ArmVmp : Match on catch block at 0xc3 in for 0xa5
01-23 20:54:13.722 19476 19476 E ArmVmp : Match on catch block at 0xc3 in for 0xa9
01-23 20:54:13.724 19476 19476 E ArmVmp : Match on catch block at 0xc3 in for 0xa9
01-23 20:54:13.736 19476 19476 E ArmVmp : Match on catch block at 0xc3 in for 0xa1
01-23 20:54:13.741 19476 19476 E ArmVmp : Match on catch block at 0xc3 in for 0xa5
01-23 20:54:13.743 19476 19476 E ArmVmp : Match on catch block at 0xc3 in for 0xa5
01-23 20:54:13.753 19476 19476 E ArmVmp : Match on catch block at 0xc3 in for 0xa9
01-23 20:54:13.756 19476 19476 E ArmVmp : Match on catch block at 0xc3 in for 0xa1
01-23 20:54:13.758 19476 19476 E ArmVmp : Match on catch block at 0xc3 in for 0xa1
01-23 20:54:13.769 19476 19476 E ArmVmp : Match on catch block at 0xc3 in for 0xa5
01-23 20:54:13.773 19476 19476 E ArmVmp : Match on catch block at 0xc3 in for 0xa9
01-23 20:54:13.775 19476 19476 E ArmVmp : Match on catch block at 0xc3 in for 0xa9
01-23 20:54:13.786 19476 19476 E ArmVmp : Match on catch block at 0xc3 in for 0xa1
01-23 20:54:13.788 19476 19476 E ArmVmp : Match on catch block at 0xc3 in for 0xa5
01-23 20:54:13.790 19476 19476 E ArmVmp : Match on catch block at 0xc3 in for 0xa5
01-23 20:54:13.803 19476 19476 E ArmVmp : Match on catch block at 0xc3 in for 0xa9
01-23 20:54:13.806 19476 19476 E ArmVmp : Match on catch block at 0xc3 in for 0xa1
01-23 20:54:13.808 19476 19476 E ArmVmp : Match on catch block at 0xc3 in for 0xa1
01-23 20:54:13.819 19476 19476 E ArmVmp : Match on catch block at 0xc3 in for 0xa5
01-23 20:54:13.823 19476 19476 E ArmVmp : Match on catch block at 0xc3 in for 0xa9
01-23 20:54:13.825 19476 19476 E ArmVmp : Match on catch block at 0xc3 in for 0xa9
01-23 20:54:13.836 19476 19476 E ArmVmp : Match on catch block at 0xc3 in for 0xa1
01-23 20:54:13.839 19476 19476 E ArmVmp : Match on catch block at 0xc3 in for 0xa5
01-23 20:54:13.841 19476 19476 E ArmVmp : Match on catch block at 0xc3 in for 0xa5
01-23 20:54:13.853 19476 19476 E ArmVmp : Match on catch block at 0xc3 in for 0xa9
01-23 20:54:13.855 19476 19476 E ArmVmp : Match on catch block at 0xc3 in for 0xa1
01-23 20:54:13.857 19476 19476 E ArmVmp : Match on catch block at 0xc3 in for 0xa1
01-23 20:54:13.869 19476 19476 E ArmVmp : Match on catch block at 0xc3 in for 0xa5
01-23 20:54:13.871 19476 19476 E ArmVmp : Match on catch block at 0xc3 in for 0xa9
01-23 20:54:13.874 19476 19476 E ArmVmp : Match on catch block at 0xc3 in for 0xa9
01-23 20:54:13.886 19476 19476 E ArmVmp : Match on catch block at 0xc3 in for 0xa1
01-23 20:54:13.888 19476 19476 E ArmVmp : Match on catch block at 0xc3 in for 0xa5
01-23 20:54:13.890 19476 19476 E ArmVmp : Match on catch block at 0xc3 in for 0xa5
01-23 20:54:13.902 19476 19476 E ArmVmp : Match on catch block at 0xc3 in for 0xa9
01-23 20:54:13.907 19476 19476 E ArmVmp : Match on catch block at 0xc3 in for 0xa1
01-23 20:54:13.909 19476 19476 E ArmVmp : Match on catch block at 0xc3 in for 0xa1
01-23 20:54:13.919 19476 19476 E ArmVmp : Match on catch block at 0xc3 in for 0xa9
01-23 20:54:13.922 19476 19476 E ArmVmp : Match on catch block at 0xc3 in for 0xa1
01-23 20:54:13.924 19476 19476 E ArmVmp : Match on catch block at 0xc3 in for 0xa1
01-23 20:54:13.936 19476 19476 E ArmVmp : Match on catch block at 0xc3 in for 0xa5
01-23 20:54:13.938 19476 19476 E ArmVmp : Match on catch block at 0xc3 in for 0xa9
01-23 20:54:13.941 19476 19476 E ArmVmp : Match on catch block at 0xc3 in for 0xa9
01-23 20:54:14.019 19476 19476 E ArmVmp : Match on catch block at 0xc3 in for 0xa1
01-23 20:54:14.022 19476 19476 E ArmVmp : Match on catch block at 0xc3 in for 0xa5
01-23 20:54:14.024 19476 19476 E ArmVmp : Match on catch block at 0xc3 in for 0xa5
01-23 20:54:14.120 19476 19476 E ArmVmp : Match on catch block at 0xc3 in for 0xa9
01-23 20:54:14.122 19476 19476 E ArmVmp : Match on catch block at 0xc3 in for 0xa1
01-23 20:54:14.125 19476 19476 E ArmVmp : Match on catch block at 0xc3 in for 0xa1
01-23 20:54:14.402 19476 19476 E ArmVmp : Match on catch block at 0xc3 in for 0xa1
01-23 20:54:14.405 19476 19476 E ArmVmp : Match on catch block at 0xc3 in for 0xa5
01-23 20:54:14.408 19476 19476 E ArmVmp : Match on catch block at 0xc3 in for 0xa5
01-23 20:54:14.905 19476 19476 E ArmVmp : Match on catch block at 0xc3 in for 0xa5
01-23 20:54:14.910 19476 19476 E ArmVmp : Match on catch block at 0xc3 in for 0xa9
01-23 20:54:14.912 19476 19476 E ArmVmp : Match on catch block at 0xc3 in for 0xa9
01-23 20:54:14.926 19476 19476 E ArmVmp : Match on catch block at 0xc3 in for 0xa5
01-23 20:54:14.928 19476 19476 E ArmVmp : Match on catch block at 0xc3 in for 0xa9
01-23 20:54:14.930 19476 19476 E ArmVmp : Match on catch block at 0xc3 in for 0xa9
01-23 20:54:14.958 19476 19476 E ArmVmp : Match on catch block at 0xc3 in for 0xa5
01-23 20:54:14.961 19476 19476 E ArmVmp : Match on catch block at 0xc3 in for 0xa9
01-23 20:54:14.963 19476 19476 E ArmVmp : Match on catch block at 0xc3 in for 0xa9
01-23 20:54:14.969 19476 19476 E ArmVmp : Match on catch block at 0xc3 in for 0xa1
01-23 20:54:14.972 19476 19476 E ArmVmp : Match on catch block at 0xc3 in for 0xa5
