01-23 14:49:19.003 15312 15312 E ArmVmp : Match on catch block at 0xc3 in for 0xa1
01-23 14:49:19.006 15312 15312 E ArmVmp : Match on catch block at 0xc3 in for 0xa1
01-23 14:49:19.146 15312 15326 W System : A resource failed to call close.
01-23 14:49:19.146 15312 15326 W System : A resource failed to call close.
01-23 14:49:19.167 15312 15394 W LOTTIE : Animation contains merge paths. Merge paths are only supported on KitKat+ and must be manually enabled by calling enableMergePathsForKitKatAndAbove().
01-23 14:49:19.842 15312 15326 W System : A resource failed to call release.
01-23 14:49:20.201 15312 15312 E RecyclerView: No adapter attached; skipping layout
01-23 14:49:20.369 15312 15312 E RecyclerView: No adapter attached; skipping layout
01-23 14:49:20.393 15312 15312 E ArmVmp : Match on catch block at 0xc3 in for 0xa9
01-23 14:49:20.396 15312 15312 E ArmVmp : Match on catch block at 0xc3 in for 0xa1
01-23 14:49:20.398 15312 15312 E ArmVmp : Match on catch block at 0xc3 in for 0xa1
01-23 14:49:20.409 15312 15312 W LOTTIE : Animation contains merge paths but they are disabled.
01-23 14:49:20.562 15312 15312 E ArmVmp : Match on catch block at 0x0a in for 0xd1
01-23 14:49:21.676 15312 15312 E ArmVmp : Match on catch block at 0x5b in for 0x89
01-23 14:49:21.692 15312 15312 E ArmVmp : Match on catch block at 0x5b in for 0x85
01-23 14:49:21.706 15312 15312 E ArmVmp : Match on catch block at 0x5b in for 0x81
01-23 14:49:21.730 15312 15312 E ArmVmp : Match on catch block at 0x5b in for 0x81
01-23 14:49:21.745 15312 15312 W View : requestLayout() improperly called by com.mbwhatsapp.WaDynamicRoundCornerImageView{67d0b98 V.ED..... ......ID 566,15- 664,113 #7f0b0ee2 app:id/media_preview} during layout: running second layout pass
01-23 14:49:21.804 15312 15312 W View : requestLayout() improperly called by DecorView@2d6c9a1[HomeActivity] during second layout pass: posting in next frame
01-23 14:49:24.245 15312 15370 E SQLiteDatabase: Error inserting transferred=1 media_job_uuid=e2f82dae-07f3-4369-b531-e7cdf15b6f35 transcoded=0 gif_attribution=0 first_scan_length=0 direct_path=/m1/v/t24/An_CrtlHxxWpgETz-miILCs2bP_7q9UTeA8R- YO0Zi4w3zPAz- 89Lc2VpOr66CDzgBBj1gOU4rng9DsL8cbjs7ffRFROIGSDcQDpFcx2Jp_QFiBUTm_ADOdsM8FSoQ6u2w? ccb=10-5&oh=01_AdSgHVeJXQhSu6UI1poodRiz6SnBckIUpdGE6NiUr- iyuA&oe=65D7AA18&_nc_sid=5e03e0 thumbnail_height_width_ratio=1.5 is_animated_sticker=0 file_hash=6jjNBTWpGBgFAgJV67ZJBCSeiZNTJ9PaZoE59vf8aps= file_path=Media/MBWhatsApp Images/IMG-20240123-WA0005 file_size=175244 partial_media_hash=null face_x=433 face_y=274 height=1600 trim_to=0 media_key_timestamp=0 message_url=null media_caption=null trim_from=0 mime_type=image/jpeg partial_media_enc_hash=null width=1066 original_file_hash=null has_streaming_sidecar=0 autotransfer_retry_enabled=1 media_upload_handle=null message_row_id=52087 multicast_id=null enc_file_hash=null mute_video=0 page_count=0 first_scan_sidecar=null suspicious_content=0 file_length=175244 media_name=null media_duration=0 chat_row_id=413 media_key=null
01-23 14:49:24.245 15312 15370 E SQLiteDatabase: android.database.sqlite.SQLiteConstraintException: UNIQUE constraint failed: message_media.message_row_id (code 1555 SQLITE_CONSTRAINT_PRIMARYKEY)
01-23 14:49:24.245 15312 15370 E SQLiteDatabase: at android.database.sqlite.SQLiteConnection.nativeExecuteForLastInsertedRowId(Native Method)
01-23 14:49:24.245 15312 15370 E SQLiteDatabase: at android.database.sqlite.SQLiteConnection.executeForLastInsertedRowId(SQLiteConnecti on.java:938)
01-23 14:49:24.245 15312 15370 E SQLiteDatabase: at android.database.sqlite.SQLiteSession.executeForLastInsertedRowId(SQLiteSession.jav a:790)
01-23 14:49:24.245 15312 15370 E SQLiteDatabase: at android.database.sqlite.SQLiteStatement.executeInsert(SQLiteStatement.java:88)
01-23 14:49:24.245 15312 15370 E SQLiteDatabase: at android.database.sqlite.SQLiteDatabase.insertWithOnConflict(SQLiteDatabase.java:170 1)
01-23 14:49:24.245 15312 15370 E SQLiteDatabase: at android.database.sqlite.SQLiteDatabase.insert(SQLiteDatabase.java:1570)
01-23 14:49:24.245 15312 15370 E SQLiteDatabase: at X.2tm.A08(Unknown Source:6)
01-23 14:49:24.245 15312 15370 E SQLiteDatabase: at X.35Y.A07(Unknown Source:212)
01-23 14:49:24.245 15312 15370 E SQLiteDatabase: at X.3QF.A14(Unknown Source:470)
01-23 14:49:24.245 15312 15370 E SQLiteDatabase: at X.3gU.run(Unknown Source:982)
01-23 14:49:24.245 15312 15370 E SQLiteDatabase: at android.os.Handler.handleCallback(Handler.java:938)
01-23 14:49:24.245 15312 15370 E SQLiteDatabase: at android.os.Handler.dispatchMessage(Handler.java:99)
01-23 14:49:24.245 15312 15370 E SQLiteDatabase: at X.0zq.dispatchMessage(Unknown Source:4)
01-23 14:49:24.245 15312 15370 E SQLiteDatabase: at android.os.Looper.loop(Looper.java:250)
01-23 14:49:24.245 15312 15370 E SQLiteDatabase: at android.os.HandlerThread.run(HandlerThread.java:67)
01-23 14:49:24.406 15312 15312 E ArmVmp : Match on catch block at 0x38 in for 0xb9
01-23 14:49:24.407 15312 15312 W System.err: java.lang.NumberFormatException: For input string: ""
01-23 14:49:24.407 15312 15312 W System.err:
01-23 14:49:24.410 15312 15312 W System.err: at java.lang.Integer.parseInt(Integer.java:627)
01-23 14:49:24.410 15312 15312 W System.err:
01-23 14:49:24.410 15312 15312 W System.err: at java.lang.Integer.parseInt(Integer.java:650)
01-23 14:49:24.410 15312 15312 W System.err:
01-23 14:49:24.410 15312 15312 W System.err: at mbmodsd.mbmodsw.home.HomeActivity.mbcRe(Native Method)
01-23 14:49:24.410 15312 15312 W System.err:
01-23 14:49:24.410 15312 15312 W System.err: at com.mbwhatsapp.HomeActivity.onPause(Unknown Source:9)
01-23 14:49:24.410 15312 15312 W System.err:
01-23 14:49:24.410 15312 15312 W System.err: at android.app.Activity.performPause(Activity.java:8286)
01-23 14:49:24.410 15312 15312 W System.err:
01-23 14:49:24.410 15312 15312 W System.err: at android.app.Instrumentation.callActivityOnPause(Instrumentation.java:1510)
01-23 14:49:24.410 15312 15312 W System.err:
01-23 14:49:24.410 15312 15312 W System.err: at android.app.ActivityThread.performPauseActivityIfNeeded(ActivityThread.java:4834)
01-23 14:49:24.410 15312 15312 W System.err:
01-23 14:49:24.410 15312 15312 W System.err: at android.app.ActivityThread.performPauseActivity(ActivityThread.java:4795)
01-23 14:49:24.410 15312 15312 W System.err:
01-23 14:49:24.411 15312 15312 W System.err: at android.app.ActivityThread.handlePauseActivity(ActivityThread.java:4746)
01-23 14:49:24.411 15312 15312 W System.err:
01-23 14:49:24.411 15312 15312 W System.err: at android.app.servertransaction.PauseActivityItem.execute(PauseActivityItem.java:46)
01-23 14:49:24.411 15312 15312 W System.err:
01-23 14:49:24.411 15312 15312 W System.err: at android.app.servertransaction.TransactionExecutor.executeLifecycleState(Transaction Executor.java:176)
01-23 14:49:24.411 15312 15312 W System.err:
01-23 14:49:24.411 15312 15312 W System.err: at android.app.servertransaction.TransactionExecutor.execute(TransactionExecutor.java: 97)
01-23 14:49:24.411 15312 15312 W System.err:
01-23 14:49:24.411 15312 15312 W System.err: at android.app.ActivityThread$H.handleMessage(ActivityThread.java:2132)
01-23 14:49:24.411 15312 15312 W System.err:
01-23 14:49:24.411 15312 15312 W System.err: at android.os.Handler.dispatchMessage(Handler.java:106)
01-23 14:49:24.411 15312 15312 W System.err:
01-23 14:49:24.411 15312 15312 W System.err: at android.os.Looper.loop(Looper.java:250)
01-23 14:49:24.411 15312 15312 W System.err:
01-23 14:49:24.411 15312 15312 W System.err: at android.app.ActivityThread.main(ActivityThread.java:7848)
01-23 14:49:24.412 15312 15312 W System.err:
01-23 14:49:24.412 15312 15312 W System.err: at java.lang.reflect.Method.invoke(Native Method)
01-23 14:49:24.412 15312 15312 W System.err:
01-23 14:49:24.412 15312 15312 W System.err: at com.android.internal.os.RuntimeInit$MethodAndArgsCaller.run(RuntimeInit.java:592)
01-23 14:49:24.412 15312 15312 W System.err:
01-23 14:49:24.412 15312 15312 W System.err: at com.android.internal.os.ZygoteInit.main(ZygoteInit.java:958)
01-23 14:49:24.412 15312 15312 W System.err:
01-23 14:49:24.644 15312 15312 W BottomSheetBehavior: BottomSheetBehavior now supports multiple callbacks. `setBottomSheetCallback()` removes all existing callbacks, including ones set internally by library authors, which may result in unintended behavior. This may change in the future. Please use `addBottomSheetCallback()` and `removeBottomSheetCallback()` instead to set your own callbacks.
01-23 14:49:24.645 15312 15312 W BottomSheetBehavior: BottomSheetBehavior now supports multiple callbacks. `setBottomSheetCallback()` removes all existing callbacks, including ones set internally by library authors, which may result in unintended behavior. This may change in the future. Please use `addBottomSheetCallback()` and `removeBottomSheetCallback()` instead to set your own callbacks.
01-23 14:49:24.736 15312 15312 W BottomSheetBehavior: BottomSheetBehavior now supports multiple callbacks. `setBottomSheetCallback()` removes all existing callbacks, including ones set internally by library authors, which may result in unintended behavior. This may change in the future. Please use `addBottomSheetCallback()` and `removeBottomSheetCallback()` instead to set your own callbacks.
01-23 14:49:24.746 15312 15312 W BottomSheetBehavior: BottomSheetBehavior now supports multiple callbacks. `setBottomSheetCallback()` removes all existing callbacks, including ones set internally by library authors, which may result in unintended behavior. This may change in the future. Please use `addBottomSheetCallback()` and `removeBottomSheetCallback()` instead to set your own callbacks.
01-23 14:49:24.766 15312 15312 E RecyclerView: No adapter attached; skipping layout
01-23 14:49:24.767 15312 15312 E RecyclerView: No adapter attached; skipping layout
01-23 14:49:24.783 15312 15312 W pool-5-thread-1: type=1400 audit(0.0:195487): avc: granted { execute } for path="/data/data/com.mbwhatsapp/files/decompressed/libs.spk.zst/libgifimage.so" dev="mmcblk0p78" ino=201115 scontext=u:r:untrusted_app:s0:c167,c257,c512,c768 tcontext=u:object_r:app_data_file:s0:c167,c257,c512,c768 tclass=file app=com.mbwhatsapp
01-23 14:49:24.972 15312 15370 E SQLiteDatabase: Error inserting transferred=1 media_job_uuid=bcccb905-9710-4424-abbf-348ad28baa8f transcoded=0 gif_attribution=0 first_scan_length=3571 direct_path=/o1/v/t62.7118-24/f1/m231/up-oil-image-e831dc1e- 1c70-410e-a57a-ffd693931abf?ccb=9- 4&oh=01_AdRmxb0WIjtDcQr34Rk7D8IKXSrPCzQXto636eIUiEAV_A&oe=65D7B404&_nc_sid=000000 thumbnail_height_width_ratio=0.62931037 is_animated_sticker=0 file_hash=GdJVf8z4crDp0N7hysWn3lBYuURzBju6nW/eRmf0Hwg= file_path=Media/.Statuses/bad83938ac3748bb9b3639713bcce0c9.jpg file_size=32096 partial_media_hash=X8vB/0VFjxV3OZE8YGBGdHyK9forRETsIo0WHgiTFik= face_x=0 face_y=0 height=519 trim_to=0 media_key_timestamp=1706046546000 message_url=https://mmg.whatsapp.net/o1/v/t62.7118-24/f1/m231/up-oil-image- e831dc1e-1c70-410e-a57a-ffd693931abf?ccb=9- 4&oh=01_AdRmxb0WIjtDcQr34Rk7D8IKXSrPCzQXto636eIUiEAV_A&oe=65D7B404&_nc_sid=000000&m ms3=true media_caption=null trim_from=0 mime_type=image/jpeg partial_media_enc_hash=null width=828 original_file_hash=null has_streaming_sidecar=1 autotransfer_retry_enabled=1 media_upload_handle=null message_row_id=52094 multicast_id=null enc_file_hash=QPO0plQdH/hdm+1QbywPvXaLbiazAVrtBVaE0RJMqko= mute_video=0 page_count=0 first_scan_sidecar=[B@51c30bc suspicious_content=0 file_length=32096 media_name=null media_duration=0 chat_row_id=72 media_key=[B@1423845
01-23 14:49:24.972 15312 15370 E SQLiteDatabase: android.database.sqlite.SQLiteConstraintException: UNIQUE constraint failed: message_media.message_row_id (code 1555 SQLITE_CONSTRAINT_PRIMARYKEY)
01-23 14:49:24.972 15312 15370 E SQLiteDatabase: at android.database.sqlite.SQLiteConnection.nativeExecuteForLastInsertedRowId(Native Method)
01-23 14:49:24.972 15312 15370 E SQLiteDatabase: at android.database.sqlite.SQLiteConnection.executeForLastInsertedRowId(SQLiteConnecti on.java:938)
01-23 14:49:24.972 15312 15370 E SQLiteDatabase: at android.database.sqlite.SQLiteSession.executeForLastInsertedRowId(SQLiteSession.jav a:790)
01-23 14:49:24.972 15312 15370 E SQLiteDatabase: at android.database.sqlite.SQLiteStatement.executeInsert(SQLiteStatement.java:88)
01-23 14:49:24.972 15312 15370 E SQLiteDatabase: at android.database.sqlite.SQLiteDatabase.insertWithOnConflict(SQLiteDatabase.java:170 1)
01-23 14:49:24.972 15312 15370 E SQLiteDatabase: at android.database.sqlite.SQLiteDatabase.insert(SQLiteDatabase.java:1570)
01-23 14:49:24.972 15312 15370 E SQLiteDatabase: at X.2tm.A08(Unknown Source:6)
01-23 14:49:24.972 15312 15370 E SQLiteDatabase: at X.35Y.A07(Unknown Source:212)
01-23 14:49:24.972 15312 15370 E SQLiteDatabase: at X.3QF.A14(Unknown Source:470)
01-23 14:49:24.972 15312 15370 E SQLiteDatabase: at X.3gU.run(Unknown Source:982)
01-23 14:49:24.972 15312 15370 E SQLiteDatabase: at android.os.Handler.handleCallback(Handler.java:938)
01-23 14:49:24.972 15312 15370 E SQLiteDatabase: at android.os.Handler.dispatchMessage(Handler.java:99)
01-23 14:49:24.972 15312 15370 E SQLiteDatabase: at X.0zq.dispatchMessage(Unknown Source:4)
01-23 14:49:24.972 15312 15370 E SQLiteDatabase: at android.os.Looper.loop(Looper.java:250)
01-23 14:49:24.972 15312 15370 E SQLiteDatabase: at android.os.HandlerThread.run(HandlerThread.java:67)
01-23 14:49:26.890 15312 15312 W BottomSheetBehavior: BottomSheetBehavior now supports multiple callbacks. `setBottomSheetCallback()` removes all existing callbacks, including ones set internally by library authors, which may result in unintended behavior. This may change in the future. Please use `addBottomSheetCallback()` and `removeBottomSheetCallback()` instead to set your own callbacks.
01-23 14:49:26.920 15312 15312 W BottomSheetBehavior: BottomSheetBehavior now supports multiple callbacks. `setBottomSheetCallback()` removes all existing callbacks, including ones set internally by library authors, which may result in unintended behavior. This may change in the future. Please use `addBottomSheetCallback()` and `removeBottomSheetCallback()` instead to set your own callbacks.
01-23 14:49:26.930 15312 15312 E RecyclerView: No adapter attached; skipping layout
01-23 14:49:27.219 15312 15370 E SQLiteDatabase: Error inserting transferred=0 media_job_uuid=975dabea-7d9c-4a95-8e35-a90a160fbac3 transcoded=0 gif_attribution=0 first_scan_length=0 direct_path=/v/t62.7161- 24/20113550_379621051319267_5688658229159435561_n.enc?ccb=11- 4&oh=01_AdSn6ApxVO3Cb0-ji40CCpszjzWq6PoUdakYjTD9yjCU5g&oe=65D7A70B&_nc_sid=5e03e0 thumbnail_height_width_ratio=1.7777778 is_animated_sticker=0 file_hash=3PenBrmkzfwF0UvkFdZFaUrPU/waSkKnvB7OmasMOrk= file_path=null file_size=0 partial_media_hash=null face_x=0 face_y=0 height=656 trim_to=0 media_key_timestamp=1706045399000 message_url=https://mmg.whatsapp.net/v/t62.7161- 24/20113550_379621051319267_5688658229159435561_n.enc?ccb=11- 4&oh=01_AdSn6ApxVO3Cb0- ji40CCpszjzWq6PoUdakYjTD9yjCU5g&oe=65D7A70B&_nc_sid=5e03e0&mms3=true media_caption=null trim_from=0 mime_type=video/mp4 partial_media_enc_hash=null width=368 original_file_hash=null has_streaming_sidecar=1 autotransfer_retry_enabled=1 media_upload_handle=null message_row_id=52088 multicast_id=null enc_file_hash=zmeAjAJnxSnzkrv+Jb2DOCH4avy/Kckk6XklNwsnrpM= mute_video=0 page_count=0 first_scan_sidecar=null suspicious_content=0 file_length=1900607 media_name=null media_duration=14 chat_row_id=72 media_key=[B@264bab1
01-23 14:49:27.219 15312 15370 E SQLiteDatabase: android.database.sqlite.SQLiteConstraintException: UNIQUE constraint failed: message_media.message_row_id (code 1555 SQLITE_CONSTRAINT_PRIMARYKEY)
01-23 14:49:27.219 15312 15370 E SQLiteDatabase: at android.database.sqlite.SQLiteConnection.nativeExecuteForLastInsertedRowId(Native Method)
01-23 14:49:27.219 15312 15370 E SQLiteDatabase: at android.database.sqlite.SQLiteConnection.executeForLastInsertedRowId(SQLiteConnecti on.java:938)
01-23 14:49:27.219 15312 15370 E SQLiteDatabase: at android.database.sqlite.SQLiteSession.executeForLastInsertedRowId(SQLiteSession.jav a:790)
01-23 14:49:27.219 15312 15370 E SQLiteDatabase: at android.database.sqlite.SQLiteStatement.executeInsert(SQLiteStatement.java:88)
01-23 14:49:27.219 15312 15370 E SQLiteDatabase: at android.database.sqlite.SQLiteDatabase.insertWithOnConflict(SQLiteDatabase.java:170 1)
01-23 14:49:27.219 15312 15370 E SQLiteDatabase: at android.database.sqlite.SQLiteDatabase.insert(SQLiteDatabase.java:1570)
01-23 14:49:27.219 15312 15370 E SQLiteDatabase: at X.2tm.A08(Unknown Source:6)
01-23 14:49:27.219 15312 15370 E SQLiteDatabase: at X.35Y.A07(Unknown Source:212)
01-23 14:49:27.219 15312 15370 E SQLiteDatabase: at X.3QF.A14(Unknown Source:470)
01-23 14:49:27.219 15312 15370 E SQLiteDatabase: at X.3gU.run(Unknown Source:982)
01-23 14:49:27.219 15312 15370 E SQLiteDatabase: at android.os.Handler.handleCallback(Handler.java:938)
01-23 14:49:27.219 15312 15370 E SQLiteDatabase: at android.os.Handler.dispatchMessage(Handler.java:99)
01-23 14:49:27.219 15312 15370 E SQLiteDatabase: at X.0zq.dispatchMessage(Unknown Source:4)
01-23 14:49:27.219 15312 15370 E SQLiteDatabase: at android.os.Looper.loop(Looper.java:250)
01-23 14:49:27.219 15312 15370 E SQLiteDatabase: at android.os.HandlerThread.run(HandlerThread.java:67)
01-23 14:49:27.844 15312 15740 W Utils : could not parse long range '484-472'
01-23 14:49:27.845 15312 15740 W VideoCapabilities: Unrecognized profile/level 0/3 for video/mpeg2
01-23 14:49:28.269 15312 15744 W Gralloc4: allocator 3.x is not supported
01-23 14:49:28.270 15312 15744 W Gralloc3: allocator 3.x is not supported
01-23 14:49:31.626 15312 15312 W Choreographer: Frame time is 0.131083 ms in the future! Check that graphics HAL is generating vsync timestamps using the correct timebase.
01-23 14:49:33.074 15312 15312 W BottomSheetBehavior: BottomSheetBehavior now supports multiple callbacks. `setBottomSheetCallback()` removes all existing callbacks, including ones set internally by library authors, which may result in unintended behavior. This may change in the future. Please use `addBottomSheetCallback()` and `removeBottomSheetCallback()` instead to set your own callbacks.
01-23 14:49:33.074 15312 15312 W BottomSheetBehavior: BottomSheetBehavior now supports multiple callbacks. `setBottomSheetCallback()` removes all existing callbacks, including ones set internally by library authors, which may result in unintended behavior. This may change in the future. Please use `addBottomSheetCallback()` and `removeBottomSheetCallback()` instead to set your own callbacks.
01-23 14:49:33.092 15312 15743 E Surface : freeAllBuffers: 17 buffers were freed while being dequeued!
01-23 14:49:33.094 15312 15312 W BottomSheetBehavior: BottomSheetBehavior now supports multiple callbacks. `setBottomSheetCallback()` removes all existing callbacks, including ones set internally by library authors, which may result in unintended behavior. This may change in the future. Please use `addBottomSheetCallback()` and `removeBottomSheetCallback()` instead to set your own callbacks.
01-23 14:49:33.094 15312 15312 W BottomSheetBehavior: BottomSheetBehavior now supports multiple callbacks. `setBottomSheetCallback()` removes all existing callbacks, including ones set internally by library authors, which may result in unintended behavior. This may change in the future. Please use `addBottomSheetCallback()` and `removeBottomSheetCallback()` instead to set your own callbacks.
01-23 14:49:33.101 15312 15312 E RecyclerView: No adapter attached; skipping layout
01-23 14:49:33.967 15312 15838 W Codec2Client: query -- param skipped: index = 1107298332.
01-23 14:49:33.967 15312 15838 W CCodec : This behavior is subject to change. It is recommended that app developers double check whether the requested max input size is in reasonable range.
01-23 14:49:33.978 15312 15838 W Codec2Client: query -- param skipped: index = 1342179345.
01-23 14:49:33.978 15312 15838 W Codec2Client: query -- param skipped: index = 2415921170.
01-23 14:49:33.978 15312 15838 W Codec2Client: query -- param skipped: index = 1610614798.
01-23 14:49:33.982 15312 15838 E FMQ : grantorIdx must be less than 3
01-23 14:49:33.982 15312 15838 E FMQ : grantorIdx must be less than 3
01-23 14:49:33.984 15312 15838 E ion : ioctl c0044901 failed with code -1: Invalid argument
01-23 14:49:33.985 15312 15838 E FMQ : grantorIdx must be less than 3
01-23 14:49:33.997 15312 15745 E FMQ : grantorIdx must be less than 3
01-23 14:49:34.231 15312 15740 W AudioTrack: getTimestamp_l(3308): retrograde timestamp time corrected, 545579553462235 < 545579555585829
01-23 14:49:34.879 15312 15370 E SQLiteDatabase: Error inserting transferred=1 media_job_uuid=975dabea-7d9c-4a95-8e35-a90a160fbac3 transcoded=0 gif_attribution=0 first_scan_length=0 direct_path=/v/t62.7161- 24/20113550_379621051319267_5688658229159435561_n.enc?ccb=11- 4&oh=01_AdSn6ApxVO3Cb0-ji40CCpszjzWq6PoUdakYjTD9yjCU5g&oe=65D7A70B&_nc_sid=5e03e0 thumbnail_height_width_ratio=1.7777778 is_animated_sticker=0 file_hash=3PenBrmkzfwF0UvkFdZFaUrPU/waSkKnvB7OmasMOrk= file_path=Media/.Statuses/2faa420c5de84b55a157a70fc802b82e.mp4 file_size=1900607 partial_media_hash=null face_x=0 face_y=0 height=656 trim_to=0 media_key_timestamp=1706045399000 message_url=https://mmg.whatsapp.net/v/t62.7161- 24/20113550_379621051319267_5688658229159435561_n.enc?ccb=11- 4&oh=01_AdSn6ApxVO3Cb0- ji40CCpszjzWq6PoUdakYjTD9yjCU5g&oe=65D7A70B&_nc_sid=5e03e0&mms3=true media_caption=null trim_from=0 mime_type=video/mp4 partial_media_enc_hash=null width=368 original_file_hash=null has_streaming_sidecar=1 autotransfer_retry_enabled=1 media_upload_handle=null message_row_id=52088 multicast_id=null enc_file_hash=zmeAjAJnxSnzkrv+Jb2DOCH4avy/Kckk6XklNwsnrpM= mute_video=0 page_count=0 first_scan_sidecar=null suspicious_content=0 file_length=1900607 media_name=null media_duration=14 chat_row_id=72 media_key=[B@264bab1
01-23 14:49:34.879 15312 15370 E SQLiteDatabase: android.database.sqlite.SQLiteConstraintException: UNIQUE constraint failed: message_media.message_row_id (code 1555 SQLITE_CONSTRAINT_PRIMARYKEY)
01-23 14:49:34.879 15312 15370 E SQLiteDatabase: at android.database.sqlite.SQLiteConnection.nativeExecuteForLastInsertedRowId(Native Method)
01-23 14:49:34.879 15312 15370 E SQLiteDatabase: at android.database.sqlite.SQLiteConnection.executeForLastInsertedRowId(SQLiteConnecti on.java:938)
01-23 14:49:34.879 15312 15370 E SQLiteDatabase: at android.database.sqlite.SQLiteSession.executeForLastInsertedRowId(SQLiteSession.jav a:790)
01-23 14:49:34.879 15312 15370 E SQLiteDatabase: at android.database.sqlite.SQLiteStatement.executeInsert(SQLiteStatement.java:88)
01-23 14:49:34.879 15312 15370 E SQLiteDatabase: at android.database.sqlite.SQLiteDatabase.insertWithOnConflict(SQLiteDatabase.java:170 1)
01-23 14:49:34.879 15312 15370 E SQLiteDatabase: at android.database.sqlite.SQLiteDatabase.insert(SQLiteDatabase.java:1570)
01-23 14:49:34.879 15312 15370 E SQLiteDatabase: at X.2tm.A08(Unknown Source:6)
01-23 14:49:34.879 15312 15370 E SQLiteDatabase: at X.35Y.A07(Unknown Source:212)
01-23 14:49:34.879 15312 15370 E SQLiteDatabase: at X.3QF.A14(Unknown Source:470)
01-23 14:49:34.879 15312 15370 E SQLiteDatabase: at X.3gU.run(Unknown Source:982)
01-23 14:49:34.879 15312 15370 E SQLiteDatabase: at android.os.Handler.handleCallback(Handler.java:938)
01-23 14:49:34.879 15312 15370 E SQLiteDatabase: at android.os.Handler.dispatchMessage(Handler.java:99)
01-23 14:49:34.879 15312 15370 E SQLiteDatabase: at X.0zq.dispatchMessage(Unknown Source:4)
01-23 14:49:34.879 15312 15370 E SQLiteDatabase: at android.os.Looper.loop(Looper.java:250)
01-23 14:49:34.879 15312 15370 E SQLiteDatabase: at android.os.HandlerThread.run(HandlerThread.java:67)
01-23 14:49:35.011 15312 15838 W Codec2Client: query -- param skipped: index = 1342179345.
01-23 14:49:35.011 15312 15838 W Codec2Client: query -- param skipped: index = 2415921170.
01-23 14:49:35.011 15312 15838 W Codec2Client: query -- param skipped: index = 1610614798.
01-23 14:49:35.019 15312 15833 E Surface : freeAllBuffers: 12 buffers were freed while being dequeued!
01-23 14:49:35.174 15312 15312 W BottomSheetBehavior: BottomSheetBehavior now supports multiple callbacks. `setBottomSheetCallback()` removes all existing callbacks, including ones set internally by library authors, which may result in unintended behavior. This may change in the future. Please use `addBottomSheetCallback()` and `removeBottomSheetCallback()` instead to set your own callbacks.
01-23 14:49:35.174 15312 15312 W BottomSheetBehavior: BottomSheetBehavior now supports multiple callbacks. `setBottomSheetCallback()` removes all existing callbacks, including ones set internally by library authors, which may result in unintended behavior. This may change in the future. Please use `addBottomSheetCallback()` and `removeBottomSheetCallback()` instead to set your own callbacks.
01-23 14:49:35.179 15312 15312 E RecyclerView: No adapter attached; skipping layout
01-23 14:49:35.827 15312 15855 W Codec2Client: query -- param skipped: index = 1107298332.
01-23 14:49:35.827 15312 15855 W CCodec : This behavior is subject to change. It is recommended that app developers double check whether the requested max input size is in reasonable range.
01-23 14:49:35.829 15312 15855 W Codec2Client: query -- param skipped: index = 1342179345.
01-23 14:49:35.830 15312 15855 W Codec2Client: query -- param skipped: index = 2415921170.
01-23 14:49:35.830 15312 15855 W Codec2Client: query -- param skipped: index = 1610614798.
01-23 14:49:35.830 15312 15855 E FMQ : grantorIdx must be less than 3
01-23 14:49:35.830 15312 15855 E FMQ : grantorIdx must be less than 3
01-23 14:49:35.835 15312 15855 E FMQ : grantorIdx must be less than 3
01-23 14:49:35.843 15312 15745 E FMQ : grantorIdx must be less than 3
01-23 14:49:36.709 15312 15855 W Codec2Client: query -- param skipped: index = 1342179345.
01-23 14:49:36.709 15312 15855 W Codec2Client: query -- param skipped: index = 2415921170.
01-23 14:49:36.709 15312 15855 W Codec2Client: query -- param skipped: index = 1610614798.
01-23 14:49:36.711 15312 15850 E Surface : freeAllBuffers: 12 buffers were freed while being dequeued!
01-23 14:49:36.718 15312 15312 W BottomSheetBehavior: BottomSheetBehavior now supports multiple callbacks. `setBottomSheetCallback()` removes all existing callbacks, including ones set internally by library authors, which may result in unintended behavior. This may change in the future. Please use `addBottomSheetCallback()` and `removeBottomSheetCallback()` instead to set your own callbacks.
01-23 14:49:36.718 15312 15312 W BottomSheetBehavior: BottomSheetBehavior now supports multiple callbacks. `setBottomSheetCallback()` removes all existing callbacks, including ones set internally by library authors, which may result in unintended behavior. This may change in the future. Please use `addBottomSheetCallback()` and `removeBottomSheetCallback()` instead to set your own callbacks.
01-23 14:49:39.208 15312 15312 E ArmVmp : Match on catch block at 0x38 in for 0xb1
01-23 14:49:39.208 15312 15312 W System.err: java.lang.NumberFormatException: For input string: ""
01-23 14:49:39.208 15312 15312 W System.err:
01-23 14:49:39.209 15312 15312 W System.err: at java.lang.Integer.parseInt(Integer.java:627)
01-23 14:49:39.209 15312 15312 W System.err:
01-23 14:49:39.209 15312 15312 W System.err: at java.lang.Integer.parseInt(Integer.java:650)
01-23 14:49:39.209 15312 15312 W System.err:
01-23 14:49:39.209 15312 15312 W System.err: at mbmodsd.mbmodsw.home.HomeActivity.mbcRe(Native Method)
01-23 14:49:39.209 15312 15312 W System.err:
01-23 14:49:39.209 15312 15312 W System.err: at com.mbwhatsapp.HomeActivity.onPause(Unknown Source:9)
01-23 14:49:39.209 15312 15312 W System.err:
01-23 14:49:39.209 15312 15312 W System.err: at android.app.Activity.performPause(Activity.java:8286)
01-23 14:49:39.209 15312 15312 W System.err:
01-23 14:49:39.209 15312 15312 W System.err: at android.app.Instrumentation.callActivityOnPause(Instrumentation.java:1510)
01-23 14:49:39.209 15312 15312 W System.err:
01-23 14:49:39.209 15312 15312 W System.err: at android.app.ActivityThread.performPauseActivityIfNeeded(ActivityThread.java:4834)
01-23 14:49:39.209 15312 15312 W System.err:
01-23 14:49:39.209 15312 15312 W System.err: at android.app.ActivityThread.performPauseActivity(ActivityThread.java:4795)
01-23 14:49:39.209 15312 15312 W System.err:
01-23 14:49:39.209 15312 15312 W System.err: at android.app.ActivityThread.handlePauseActivity(ActivityThread.java:4746)
01-23 14:49:39.209 15312 15312 W System.err:
01-23 14:49:39.209 15312 15312 W System.err: at android.app.servertransaction.PauseActivityItem.execute(PauseActivityItem.java:46)
01-23 14:49:39.209 15312 15312 W System.err:
01-23 14:49:39.209 15312 15312 W System.err: at android.app.servertransaction.TransactionExecutor.executeLifecycleState(Transaction Executor.java:176)
01-23 14:49:39.209 15312 15312 W System.err:
01-23 14:49:39.210 15312 15312 W System.err: at android.app.servertransaction.TransactionExecutor.execute(TransactionExecutor.java: 97)
01-23 14:49:39.210 15312 15312 W System.err:
01-23 14:49:39.210 15312 15312 W System.err: at android.app.ActivityThread$H.handleMessage(ActivityThread.java:2132)
01-23 14:49:39.210 15312 15312 W System.err:
01-23 14:49:39.210 15312 15312 W System.err: at android.os.Handler.dispatchMessage(Handler.java:106)
01-23 14:49:39.210 15312 15312 W System.err:
01-23 14:49:39.210 15312 15312 W System.err: at android.os.Looper.loop(Looper.java:250)
01-23 14:49:39.210 15312 15312 W System.err:
01-23 14:49:39.210 15312 15312 W System.err: at android.app.ActivityThread.main(ActivityThread.java:7848)
01-23 14:49:39.210 15312 15312 W System.err:
01-23 14:49:39.210 15312 15312 W System.err: at java.lang.reflect.Method.invoke(Native Method)
01-23 14:49:39.210 15312 15312 W System.err:
01-23 14:49:39.210 15312 15312 W System.err: at com.android.internal.os.RuntimeInit$MethodAndArgsCaller.run(RuntimeInit.java:592)
01-23 14:49:39.210 15312 15312 W System.err:
01-23 14:49:39.210 15312 15312 W System.err: at com.android.internal.os.ZygoteInit.main(ZygoteInit.java:958)
01-23 14:49:39.210 15312 15312 W System.err:
01-23 14:49:39.215 15312 15370 E SQLiteDatabase: Error inserting transferred=0 media_job_uuid=9827e6dd-c823-417f-ba12-c6adf7ef35b2 transcoded=0 gif_attribution=0 first_scan_length=0 direct_path=/v/t62.7161- 24/20098742_833341495285642_5300406884883935405_n.enc?ccb=11-4&oh=01_AdRLnXpPt2- Nbv6oxEl8yQkdjys0xNpdSY-TQT2lsSLqFw&oe=65D7A1EC&_nc_sid=5e03e0 thumbnail_height_width_ratio=1.8113208 is_animated_sticker=0 file_hash=l1OP/boeXTzFFSNJD+4YzQUu8C1UZJ3Pkz3QFTrgZis= file_path=null file_size=0 partial_media_hash=null face_x=0 face_y=0 height=672 trim_to=0 media_key_timestamp=1706044388000 message_url=https://mmg.whatsapp.net/v/t62.7161- 24/20098742_833341495285642_5300406884883935405_n.enc?ccb=11-4&oh=01_AdRLnXpPt2- Nbv6oxEl8yQkdjys0xNpdSY-TQT2lsSLqFw&oe=65D7A1EC&_nc_sid=5e03e0&mms3=true media_caption=null trim_from=0 mime_type=video/mp4 partial_media_enc_hash=null width=368 original_file_hash=null has_streaming_sidecar=1 autotransfer_retry_enabled=0 media_upload_handle=null message_row_id=52086 multicast_id=null enc_file_hash=lNB6+/3rBs7OLpzYLvvmlptl/oAydTBXQbEAtZ2muw0= mute_video=0 page_count=0 first_scan_sidecar=null suspicious_content=0 file_length=4735077 media_name=null media_duration=29 chat_row_id=72 media_key=[B@6db19bc
01-23 14:49:39.215 15312 15370 E SQLiteDatabase: android.database.sqlite.SQLiteConstraintException: UNIQUE constraint failed: message_media.message_row_id (code 1555 SQLITE_CONSTRAINT_PRIMARYKEY)
01-23 14:49:39.215 15312 15370 E SQLiteDatabase: at android.database.sqlite.SQLiteConnection.nativeExecuteForLastInsertedRowId(Native Method)
01-23 14:49:39.215 15312 15370 E SQLiteDatabase: at android.database.sqlite.SQLiteConnection.executeForLastInsertedRowId(SQLiteConnecti on.java:938)
01-23 14:49:39.215 15312 15370 E SQLiteDatabase: at android.database.sqlite.SQLiteSession.executeForLastInsertedRowId(SQLiteSession.jav a:790)
01-23 14:49:39.215 15312 15370 E SQLiteDatabase: at android.database.sqlite.SQLiteStatement.executeInsert(SQLiteStatement.java:88)
01-23 14:49:39.215 15312 15370 E SQLiteDatabase: at android.database.sqlite.SQLiteDatabase.insertWithOnConflict(SQLiteDatabase.java:170 1)
01-23 14:49:39.215 15312 15370 E SQLiteDatabase: at android.database.sqlite.SQLiteDatabase.insert(SQLiteDatabase.java:1570)
01-23 14:49:39.215 15312 15370 E SQLiteDatabase: at X.2tm.A08(Unknown Source:6)
01-23 14:49:39.215 15312 15370 E SQLiteDatabase: at X.35Y.A07(Unknown Source:212)
01-23 14:49:39.215 15312 15370 E SQLiteDatabase: at X.3QF.A14(Unknown Source:470)
01-23 14:49:39.215 15312 15370 E SQLiteDatabase: at X.3gU.run(Unknown Source:982)
01-23 14:49:39.215 15312 15370 E SQLiteDatabase: at android.os.Handler.handleCallback(Handler.java:938)
01-23 14:49:39.215 15312 15370 E SQLiteDatabase: at android.os.Handler.dispatchMessage(Handler.java:99)
01-23 14:49:39.215 15312 15370 E SQLiteDatabase: at X.0zq.dispatchMessage(Unknown Source:4)
01-23 14:49:39.215 15312 15370 E SQLiteDatabase: at android.os.Looper.loop(Looper.java:250)
01-23 14:49:39.215 15312 15370 E SQLiteDatabase: at android.os.HandlerThread.run(HandlerThread.java:67)
01-23 14:49:39.241 15312 15370 E SQLiteDatabase: Error inserting transferred=0 media_job_uuid=9827e6dd-c823-417f-ba12-c6adf7ef35b2 transcoded=0 gif_attribution=0 first_scan_length=0 direct_path=/v/t62.7161- 24/20098742_833341495285642_5300406884883935405_n.enc?ccb=11-4&oh=01_AdRLnXpPt2- Nbv6oxEl8yQkdjys0xNpdSY-TQT2lsSLqFw&oe=65D7A1EC&_nc_sid=5e03e0 thumbnail_height_width_ratio=1.8113208 is_animated_sticker=0 file_hash=l1OP/boeXTzFFSNJD+4YzQUu8C1UZJ3Pkz3QFTrgZis= file_path=null file_size=0 partial_media_hash=null face_x=0 face_y=0 height=672 trim_to=0 media_key_timestamp=1706044388000 message_url=https://mmg.whatsapp.net/v/t62.7161- 24/20098742_833341495285642_5300406884883935405_n.enc?ccb=11-4&oh=01_AdRLnXpPt2- Nbv6oxEl8yQkdjys0xNpdSY-TQT2lsSLqFw&oe=65D7A1EC&_nc_sid=5e03e0&mms3=true media_caption=null trim_from=0 mime_type=video/mp4 partial_media_enc_hash=null width=368 original_file_hash=null has_streaming_sidecar=1 autotransfer_retry_enabled=0 media_upload_handle=null message_row_id=52086 multicast_id=null enc_file_hash=lNB6+/3rBs7OLpzYLvvmlptl/oAydTBXQbEAtZ2muw0= mute_video=0 page_count=0 first_scan_sidecar=null suspicious_content=0 file_length=4735077 media_name=null media_duration=29 chat_row_id=72 media_key=[B@6db19bc
01-23 14:49:39.241 15312 15370 E SQLiteDatabase: android.database.sqlite.SQLiteConstraintException: UNIQUE constraint failed: message_media.message_row_id (code 1555 SQLITE_CONSTRAINT_PRIMARYKEY)
01-23 14:49:39.241 15312 15370 E SQLiteDatabase: at android.database.sqlite.SQLiteConnection.nativeExecuteForLastInsertedRowId(Native Method)
01-23 14:49:39.241 15312 15370 E SQLiteDatabase: at android.database.sqlite.SQLiteConnection.executeForLastInsertedRowId(SQLiteConnecti on.java:938)
01-23 14:49:39.241 15312 15370 E SQLiteDatabase: at android.database.sqlite.SQLiteSession.executeForLastInsertedRowId(SQLiteSession.jav a:790)
01-23 14:49:39.241 15312 15370 E SQLiteDatabase: at android.database.sqlite.SQLiteStatement.executeInsert(SQLiteStatement.java:88)
01-23 14:49:39.241 15312 15370 E SQLiteDatabase: at android.database.sqlite.SQLiteDatabase.insertWithOnConflict(SQLiteDatabase.java:170 1)
01-23 14:49:39.241 15312 15370 E SQLiteDatabase: at android.database.sqlite.SQLiteDatabase.insert(SQLiteDatabase.java:1570)
01-23 14:49:39.241 15312 15370 E SQLiteDatabase: at X.2tm.A08(Unknown Source:6)
01-23 14:49:39.241 15312 15370 E SQLiteDatabase: at X.35Y.A07(Unknown Source:212)
01-23 14:49:39.241 15312 15370 E SQLiteDatabase: at X.3QF.A14(Unknown Source:470)
01-23 14:49:39.241 15312 15370 E SQLiteDatabase: at X.3gU.run(Unknown Source:982)
01-23 14:49:39.241 15312 15370 E SQLiteDatabase: at android.os.Handler.handleCallback(Handler.java:938)
01-23 14:49:39.241 15312 15370 E SQLiteDatabase: at android.os.Handler.dispatchMessage(Handler.java:99)
01-23 14:49:39.241 15312 15370 E SQLiteDatabase: at X.0zq.dispatchMessage(Unknown Source:4)
01-23 14:49:39.241 15312 15370 E SQLiteDatabase: at android.os.Looper.loop(Looper.java:250)
01-23 14:49:39.241 15312 15370 E SQLiteDatabase: at android.os.HandlerThread.run(HandlerThread.java:67) --------- beginning of main
01-23 14:49:40.466 15884 15884 E com.mbwhatsapp: Not starting debugger since process cannot load the jdwp agent.
01-23 14:49:40.603 15884 15884 W System.err: java.lang.ClassNotFoundException: mbmodsd.mbmodsw.ui.views.btn.BtnBK
01-23 14:49:40.604 15884 15884 W System.err: at java.lang.Runtime.nativeLoad(Native Method)
01-23 14:49:40.604 15884 15884 W System.err: at java.lang.Runtime.nativeLoad(Runtime.java:1131)
01-23 14:49:40.604 15884 15884 W System.err: at java.lang.Runtime.loadLibrary0(Runtime.java:1085)
01-23 14:49:40.604 15884 15884 W System.err: at java.lang.Runtime.loadLibrary0(Runtime.java:1008)
01-23 14:49:40.604 15884 15884 W System.err: at java.lang.System.loadLibrary(System.java:1664)
01-23 14:49:40.604 15884 15884 W System.err: at arm.EpicVm.<clinit>(Unknown Source:2)
01-23 14:49:40.604 15884 15884 W System.err: at java.lang.Class.newInstance(Native Method)
01-23 14:49:40.604 15884 15884 W System.err: at android.app.AppComponentFactory.instantiateApplication(AppComponentFactory.java:76)
01-23 14:49:40.604 15884 15884 W System.err: at androidx.core.app.CoreComponentFactory.instantiateApplication(Unknown Source:0)
01-23 14:49:40.604 15884 15884 W System.err: at android.app.Instrumentation.newApplication(Instrumentation.java:1158)
01-23 14:49:40.604 15884 15884 W System.err: at android.app.LoadedApk.makeApplication(LoadedApk.java:1268)
01-23 14:49:40.604 15884 15884 W System.err: at android.app.ActivityThread.handleBindApplication(ActivityThread.java:6819)
01-23 14:49:40.604 15884 15884 W System.err: at android.app.ActivityThread.access$1400(ActivityThread.java:252)
01-23 14:49:40.604 15884 15884 W System.err: at android.app.ActivityThread$H.handleMessage(ActivityThread.java:1979)
01-23 14:49:40.604 15884 15884 W System.err: at android.os.Handler.dispatchMessage(Handler.java:106)
01-23 14:49:40.604 15884 15884 W System.err: at android.os.Looper.loop(Looper.java:250)
01-23 14:49:40.605 15884 15884 W System.err: at android.app.ActivityThread.main(ActivityThread.java:7848)
01-23 14:49:40.605 15884 15884 W System.err: at java.lang.reflect.Method.invoke(Native Method)
01-23 14:49:40.605 15884 15884 W System.err: at com.android.internal.os.RuntimeInit$MethodAndArgsCaller.run(RuntimeInit.java:592)
01-23 14:49:40.605 15884 15884 W System.err: at com.android.internal.os.ZygoteInit.main(ZygoteInit.java:958)
01-23 14:49:40.617 15884 15884 E CustomActivityOnCrash: IMPORTANT WARNING! You already have an UncaughtExceptionHandler, are you sure this is correct? If you use a custom UncaughtExceptionHandler, you must initialize it AFTER CustomActivityOnCrash! Installing anyway, but your original handler will not be called.
01-23 14:49:40.676 15884 15908 W LibraryVersion: Failed to get app version for libraryName: firebase-iid
01-23 14:49:41.048 15884 15884 W com.mbwhatsapp: Accessing hidden method Lcom/android/org/conscrypt/OpenSSLSocketImpl;->setUseSessionTickets(Z)V (greylist- max-q,test-api, reflection, denied)
01-23 14:49:41.048 15884 15884 W com.mbwhatsapp: Accessing hidden method Lcom/android/org/conscrypt/AbstractConscryptSocket;->setUseSessionTickets(Z)V (greylist-max-q, reflection, denied)
01-23 14:49:41.396 15884 15884 W com.mbwhatsapp: type=1400 audit(0.0:195488): avc: granted { execute } for path="/data/data/com.mbwhatsapp/files/decompressed/libs.spk.zst/libc++_shared.so" dev="mmcblk0p78" ino=63119 scontext=u:r:untrusted_app:s0:c167,c257,c512,c768 tcontext=u:object_r:app_data_file:s0:c167,c257,c512,c768 tclass=file app=com.mbwhatsapp
01-23 14:49:41.400 15884 15884 W linker : Warning: "/data/data/com.mbwhatsapp/files/decompressed/libs.spk.zst/libc++_shared.so" unused DT entry: unknown processor-specific (type 0x70000001 arg 0x0) (ignoring)
01-23 14:49:41.406 15884 15884 W com.mbwhatsapp: type=1400 audit(0.0:195489): avc: granted { execute } for path="/data/data/com.mbwhatsapp/files/decompressed/libs.spk.zst/libvlc.so" dev="mmcblk0p78" ino=515485 scontext=u:r:untrusted_app:s0:c167,c257,c512,c768 tcontext=u:object_r:app_data_file:s0:c167,c257,c512,c768 tclass=file app=com.mbwhatsapp
01-23 14:49:41.423 15884 15884 W com.mbwhatsapp: type=1400 audit(0.0:195490): avc: granted { execute } for path="/data/data/com.mbwhatsapp/files/decompressed/libs.spk.zst/libwhatsapp.so" dev="mmcblk0p78" ino=512112 scontext=u:r:untrusted_app:s0:c167,c257,c512,c768 tcontext=u:object_r:app_data_file:s0:c167,c257,c512,c768 tclass=file app=com.mbwhatsapp
01-23 14:49:41.473 15884 15884 W com.mbwhatsapp: type=1400 audit(0.0:195491): avc: granted { execute } for path="/data/data/com.mbwhatsapp/files/decompressed/libs.spk.zst/libcurve25519.so" dev="mmcblk0p78" ino=425206 scontext=u:r:untrusted_app:s0:c167,c257,c512,c768 tcontext=u:object_r:app_data_file:s0:c167,c257,c512,c768 tclass=file app=com.mbwhatsapp
01-23 14:49:41.490 15884 15884 W com.mbwhatsapp: type=1400 audit(0.0:195492): avc: granted { execute } for path="/data/data/com.mbwhatsapp/files/decompressed/libs.spk.zst/libwhatsapp.so" dev="mmcblk0p78" ino=512112 scontext=u:r:untrusted_app:s0:c167,c257,c512,c768 tcontext=u:object_r:app_data_file:s0:c167,c257,c512,c768 tclass=file app=com.mbwhatsapp
01-23 14:49:41.490 15884 15884 W com.mbwhatsapp: type=1400 audit(0.0:195493): avc: granted { execute } for path="/data/data/com.mbwhatsapp/files/decompressed/libs.spk.zst/libwhatsapp.so" dev="mmcblk0p78" ino=512112 scontext=u:r:untrusted_app:s0:c167,c257,c512,c768 tcontext=u:object_r:app_data_file:s0:c167,c257,c512,c768 tclass=file app=com.mbwhatsapp --------- beginning of system
01-23 14:49:41.602 15884 15946 W com.mbwhatsapp: Class X.2rL failed lock verification and will run slower.
01-23 14:49:41.602 15884 15946 W com.mbwhatsapp: Common causes for lock verification issues are non-optimized dex code
01-23 14:49:41.602 15884 15946 W com.mbwhatsapp: and incorrect proguard optimizations.
01-23 14:50:00.528 15884 15884 W com.mbwhatsapp: type=1400 audit(0.0:195495): avc: granted { execute } for comm=4D65646961446F776E6C6F61642023 path="/data/data/com.mbwhatsapp/files/decompressed/libs.spk.zst/libstatic-webp.so" dev="mmcblk0p78" ino=133751 scontext=u:r:untrusted_app:s0:c167,c257,c512,c768 tcontext=u:object_r:app_data_file:s0:c167,c257,c512,c768 tclass=file app=com.mbwhatsapp
01-23 14:50:00.614 15884 15943 E SQLiteDatabase: Error inserting transferred=1 media_job_uuid=82e3b1a4-e99c-4fa0-aa66-d99ec960cf2a transcoded=0 gif_attribution=0 first_scan_length=6002 direct_path=/v/t62.15575- 24/29952950_1187121065589919_2019344954576277633_n.enc?ccb=11- 4&oh=01_AdRyQcQR4G7Bi0xX_jCFiWsfwkLPAVud5jNVe20DszIspA&oe=65D78DD3&_nc_sid=5e03e0 thumbnail_height_width_ratio=1.0 is_animated_sticker=1 file_hash=umhLuE4p7m8UK98Nmf7z1qy/aBtAEd3VlruPAfieA3A= file_path=Media/MBWhatsApp Stickers/STK-20231212-WA0075.webp file_size=0 partial_media_hash=null face_x=0 face_y=0 height=64 trim_to=0 media_key_timestamp=1705991212000 message_url=https://mmg.whatsapp.net/v/t62.15575- 24/29952950_1187121065589919_2019344954576277633_n.enc?ccb=11- 4&oh=01_AdRyQcQR4G7Bi0xX_jCFiWsfwkLPAVud5jNVe20DszIspA&oe=65D78DD3&_nc_sid=5e03e0&m ms3=true media_caption=null trim_from=0 mime_type=image/webp partial_media_enc_hash=null width=64 original_file_hash=null has_streaming_sidecar=0 autotransfer_retry_enabled=1 media_upload_handle=null message_row_id=52095 multicast_id=null enc_file_hash=pWfl7TWCmkxu7QVXXv9uVfyUbKh/Mhy9w2GPVO3AUus= mute_video=0 page_count=0 first_scan_sidecar=[B@2c3e7db suspicious_content=0 file_length=435846 media_name=null media_duration=0 chat_row_id=185 media_key=[B@c70a278
01-23 14:50:00.614 15884 15943 E SQLiteDatabase: android.database.sqlite.SQLiteConstraintException: UNIQUE constraint failed: message_media.message_row_id (code 1555 SQLITE_CONSTRAINT_PRIMARYKEY)
01-23 14:50:00.614 15884 15943 E SQLiteDatabase: at android.database.sqlite.SQLiteConnection.nativeExecuteForLastInsertedRowId(Native Method)
01-23 14:50:00.614 15884 15943 E SQLiteDatabase: at android.database.sqlite.SQLiteConnection.executeForLastInsertedRowId(SQLiteConnecti on.java:938)
01-23 14:50:00.614 15884 15943 E SQLiteDatabase: at android.database.sqlite.SQLiteSession.executeForLastInsertedRowId(SQLiteSession.jav a:790)
01-23 14:50:00.614 15884 15943 E SQLiteDatabase: at android.database.sqlite.SQLiteStatement.executeInsert(SQLiteStatement.java:88)
01-23 14:50:00.614 15884 15943 E SQLiteDatabase: at android.database.sqlite.SQLiteDatabase.insertWithOnConflict(SQLiteDatabase.java:170 1)
01-23 14:50:00.614 15884 15943 E SQLiteDatabase: at android.database.sqlite.SQLiteDatabase.insert(SQLiteDatabase.java:1570)
01-23 14:50:00.614 15884 15943 E SQLiteDatabase: at X.2tm.A08(Unknown Source:6)
01-23 14:50:00.614 15884 15943 E SQLiteDatabase: at X.35Y.A07(Unknown Source:212)
01-23 14:50:00.614 15884 15943 E SQLiteDatabase: at X.3QF.A14(Unknown Source:470)
01-23 14:50:00.614 15884 15943 E SQLiteDatabase: at X.3gU.run(Unknown Source:982)
01-23 14:50:00.614 15884 15943 E SQLiteDatabase: at android.os.Handler.handleCallback(Handler.java:938)
01-23 14:50:00.614 15884 15943 E SQLiteDatabase: at android.os.Handler.dispatchMessage(Handler.java:99)
01-23 14:50:00.614 15884 15943 E SQLiteDatabase: at X.0zq.dispatchMessage(Unknown Source:4)
01-23 14:50:00.614 15884 15943 E SQLiteDatabase: at android.os.Looper.loop(Looper.java:250)
01-23 14:50:00.614 15884 15943 E SQLiteDatabase: at android.os.HandlerThread.run(HandlerThread.java:67)
01-23 14:50:17.270 15884 15897 W com.mbwhatsapp: Suspending all threads took: 244.173ms
01-23 14:50:18.050 15884 15884 W com.mbwhatsapp: Class X.0eU failed lock verification and will run slower.
01-23 14:50:18.408 15884 15884 W com.mbwhatsapp: Verification of void X.5pH.A1Z(android.os.Bundle) took 104.820ms (96670.09 bytecodes/s) (247944B approximate peak alloc)
01-23 14:50:19.126 15884 16703 E linker : library "" ("/apex/com.android.vndk.v30/lib64") needed or dlopened by "/apex/com.android.vndk.v30/lib64/libRS_internal.so" is not accessible for the namespace: [name="rs", ld_library_paths="", default_library_paths="/apex/com.android.vndk.v30/lib64:/vendor/lib64", permitted_paths="/odm/lib64:/vendor/lib64:/system/vendor/lib64:/data"]
01-23 14:50:19.157 15884 16703 E RenderScript: Failed loading RS driver: dlopen failed: library "" needed or dlopened by "/apex/com.android.vndk.v30/lib64/libRS_internal.so" is not accessible for the namespace "rs"
01-23 14:50:19.157 15884 16703 E RenderScript: Failed to load runtime , loading default
01-23 14:50:19.749 15884 16781 W LOTTIE : Unknown shape type rd
01-23 14:50:19.972 15884 15884 E ArmVmp : Match on catch block at 0x0a in for 0xc9
01-23 14:50:19.977 15884 15884 E ArmVmp : Match on catch block at 0x0a in for 0xc9
01-23 14:50:20.422 15884 15884 E ArmVmp : Match on catch block at 0x0a in for 0xc1
01-23 14:50:20.427 15884 15884 E ArmVmp : Match on catch block at 0x0a in for 0xc9
01-23 14:50:21.543 15884 15884 E ArmVmp : Match on catch block at 0xc3 in for 0xb5
01-23 14:50:21.649 15884 15884 E ArmVmp : Match on catch block at 0xc3 in for 0xb5
01-23 14:50:21.652 15884 15884 E ArmVmp : Match on catch block at 0xc3 in for 0xb5
01-23 14:50:21.695 15884 16653 W Gralloc3: mapper 3.x is not supported
01-23 14:50:21.977 15884 15884 E ArmVmp : Match on catch block at 0xc3 in for 0xb5
01-23 14:50:21.982 15884 15884 E ArmVmp : Match on catch block at 0xc3 in for 0xb5
01-23 14:50:22.066 15884 15884 E ArmVmp : Match on catch block at 0xc3 in for 0xa1
01-23 14:50:22.068 15884 15884 E ArmVmp : Match on catch block at 0xc3 in for 0xa9
01-23 14:50:22.078 15884 15884 E ArmVmp : Match on catch block at 0xc3 in for 0xa9
01-23 14:50:22.081 15884 15884 E ArmVmp : Match on catch block at 0xc3 in for 0xa1
01-23 14:50:22.082 15884 15884 E ArmVmp : Match on catch block at 0xc3 in for 0xa1
01-23 14:50:22.114 15884 15884 E ArmVmp : Match on catch block at 0xc3 in for 0xa1
01-23 14:50:22.117 15884 15884 E ArmVmp : Match on catch block at 0xc3 in for 0xa5
01-23 14:50:22.129 15884 15884 E ArmVmp : Match on catch block at 0xc3 in for 0xa5
01-23 14:50:22.131 15884 15884 E ArmVmp : Match on catch block at 0xc3 in for 0xa9
01-23 14:50:22.132 15884 15884 E ArmVmp : Match on catch block at 0xc3 in for 0xa9
01-23 14:50:22.138 15884 15884 E ArmVmp : Match on catch block at 0xc3 in for 0xa5
01-23 14:50:22.140 15884 15884 E ArmVmp : Match on catch block at 0xc3 in for 0xa9
01-23 14:50:22.142 15884 15884 E ArmVmp : Match on catch block at 0xc3 in for 0xa9
01-23 14:50:22.145 15884 15884 E ArmVmp : Match on catch block at 0xc3 in for 0xa1
01-23 14:50:22.148 15884 15884 E ArmVmp : Match on catch block at 0xc3 in for 0xa5
01-23 14:50:22.150 15884 15884 E ArmVmp : Match on catch block at 0xc3 in for 0xa5
01-23 14:50:22.153 15884 15884 E ArmVmp : Match on catch block at 0xc3 in for 0xa9
01-23 14:50:22.156 15884 15884 E ArmVmp : Match on catch block at 0xc3 in for 0xa1
01-23 14:50:22.157 15884 15884 E ArmVmp : Match on catch block at 0xc3 in for 0xa1
01-23 14:50:22.161 15884 15884 E ArmVmp : Match on catch block at 0xc3 in for 0xa5
01-23 14:50:22.167 15884 15884 E ArmVmp : Match on catch block at 0xc3 in for 0xa9
01-23 14:50:22.169 15884 15884 E ArmVmp : Match on catch block at 0xc3 in for 0xa9
01-23 14:50:22.172 15884 15884 E ArmVmp : Match on catch block at 0xc3 in for 0xa1
