01-23 18:41:08.809 11308 11308 E ArmVmp : Match on catch block at 0x0a in for 0xa1
01-23 18:41:08.823 11308 11308 E ArmVmp : Match on catch block at 0x0a in for 0xa1
01-23 18:41:08.865 11308 11329 W System : A resource failed to call release.
01-23 18:41:08.866 11308 11329 W System : A resource failed to call close.
01-23 18:41:08.964 11308 11308 E ArmVmp : Match on catch block at 0xc3 in for 0xa5
01-23 18:41:08.966 11308 11308 E ArmVmp : Match on catch block at 0xc3 in for 0xa9
01-23 18:41:09.465 11308 11308 E ArmVmp : Match on catch block at 0xc3 in for 0xa5
01-23 18:41:09.469 11308 11308 E ArmVmp : Match on catch block at 0xc3 in for 0xa9
01-23 18:41:09.478 11308 11329 W System : A resource failed to call release.
01-23 18:41:09.924 11308 11308 E ArmVmp : Match on catch block at 0x0a in for 0xa5
01-23 18:41:09.938 11308 11308 E ArmVmp : Match on catch block at 0x0a in for 0xa5
01-23 18:41:09.981 11308 11308 E ArmVmp : Match on catch block at 0xc3 in for 0xa9
01-23 18:41:09.983 11308 11308 E ArmVmp : Match on catch block at 0xc3 in for 0xa1
01-23 18:41:10.051 11308 11308 E ArmVmp : Match on catch block at 0x0a in for 0xa5
01-23 18:41:10.183 11308 11308 E ArmVmp : Match on catch block at 0x0a in for 0xa5
01-23 18:41:10.481 11308 11308 E ArmVmp : Match on catch block at 0xc3 in for 0xa9
01-23 18:41:10.484 11308 11308 E ArmVmp : Match on catch block at 0xc3 in for 0xa1
01-23 18:41:10.635 11308 11308 E ArmVmp : Match on catch block at 0x0a in for 0xa5
01-23 18:41:10.639 11308 11308 E ArmVmp : Match on catch block at 0x0a in for 0xa5
01-23 18:41:10.671 11308 11308 E ArmVmp : Match on catch block at 0x0a in for 0xa5
01-23 18:41:10.872 11308 11308 E ArmVmp : Match on catch block at 0x0a in for 0xa5
01-23 18:41:10.997 11308 11308 E ArmVmp : Match on catch block at 0xc3 in for 0xa9
01-23 18:41:11.000 11308 11308 E ArmVmp : Match on catch block at 0xc3 in for 0xa1
01-23 18:41:11.499 11308 11308 E ArmVmp : Match on catch block at 0xc3 in for 0xa9
01-23 18:41:11.504 11308 11308 E ArmVmp : Match on catch block at 0xc3 in for 0xa1
01-23 18:41:11.998 11308 11308 E ArmVmp : Match on catch block at 0xc3 in for 0xa9
01-23 18:41:12.003 11308 11308 E ArmVmp : Match on catch block at 0xc3 in for 0xa1
01-23 18:41:12.503 11308 11308 E ArmVmp : Match on catch block at 0xc3 in for 0xa9
01-23 18:41:12.506 11308 11308 E ArmVmp : Match on catch block at 0xc3 in for 0xa1
01-23 18:41:13.013 11308 11308 E ArmVmp : Match on catch block at 0xc3 in for 0xa9
01-23 18:41:13.016 11308 11308 E ArmVmp : Match on catch block at 0xc3 in for 0xa1
01-23 18:41:13.514 11308 11308 E ArmVmp : Match on catch block at 0xc3 in for 0xa9
01-23 18:41:13.519 11308 11308 E ArmVmp : Match on catch block at 0xc3 in for 0xa1
01-23 18:41:14.015 11308 11308 E ArmVmp : Match on catch block at 0xc3 in for 0xa9
01-23 18:41:14.019 11308 11308 E ArmVmp : Match on catch block at 0xc3 in for 0xa1
01-23 18:41:14.513 11308 11308 E ArmVmp : Match on catch block at 0xc3 in for 0xa9
01-23 18:41:14.517 11308 11308 E ArmVmp : Match on catch block at 0xc3 in for 0xa1
01-23 18:41:15.014 11308 11308 E ArmVmp : Match on catch block at 0xc3 in for 0xa9
01-23 18:41:15.019 11308 11308 E ArmVmp : Match on catch block at 0xc3 in for 0xa1
01-23 18:41:15.149 11308 11308 E ArmVmp : Match on catch block at 0x0a in for 0xa5
01-23 18:41:15.370 11308 11308 E ArmVmp : Match on catch block at 0x0a in for 0xa5
01-23 18:41:15.529 11308 11308 E ArmVmp : Match on catch block at 0xc3 in for 0xa9
01-23 18:41:15.532 11308 11308 E ArmVmp : Match on catch block at 0xc3 in for 0xa1
01-23 18:41:15.946 11308 11308 E ArmVmp : Match on catch block at 0x0a in for 0xa5
01-23 18:41:15.952 11308 11308 E ArmVmp : Match on catch block at 0x0a in for 0xa5
01-23 18:41:16.028 11308 11308 E ArmVmp : Match on catch block at 0xc3 in for 0xa9
01-23 18:41:16.031 11308 11308 E ArmVmp : Match on catch block at 0xc3 in for 0xa1
01-23 18:41:16.527 11308 11308 E ArmVmp : Match on catch block at 0xc3 in for 0xa9
01-23 18:41:16.530 11308 11308 E ArmVmp : Match on catch block at 0xc3 in for 0xa1
01-23 18:41:17.046 11308 11308 E ArmVmp : Match on catch block at 0xc3 in for 0xa9
01-23 18:41:17.053 11308 11308 E ArmVmp : Match on catch block at 0xc3 in for 0xa1
01-23 18:41:17.543 11308 11308 E ArmVmp : Match on catch block at 0xc3 in for 0xa9
01-23 18:41:17.546 11308 11308 E ArmVmp : Match on catch block at 0xc3 in for 0xa1
01-23 18:41:18.043 11308 11308 E ArmVmp : Match on catch block at 0xc3 in for 0xa9
01-23 18:41:18.045 11308 11308 E ArmVmp : Match on catch block at 0xc3 in for 0xa1
01-23 18:41:18.545 11308 11308 E ArmVmp : Match on catch block at 0xc3 in for 0xa9
01-23 18:41:18.552 11308 11308 E ArmVmp : Match on catch block at 0xc3 in for 0xa1
01-23 18:41:19.046 11308 11308 E ArmVmp : Match on catch block at 0xc3 in for 0xa9
01-23 18:41:19.053 11308 11308 E ArmVmp : Match on catch block at 0xc3 in for 0xa1
01-23 18:41:19.561 11308 11308 E ArmVmp : Match on catch block at 0xc3 in for 0xa5
01-23 18:41:19.565 11308 11308 E ArmVmp : Match on catch block at 0xc3 in for 0xa9
01-23 18:41:20.061 11308 11308 E ArmVmp : Match on catch block at 0xc3 in for 0xa5
01-23 18:41:20.068 11308 11308 E ArmVmp : Match on catch block at 0xc3 in for 0xa9
01-23 18:41:20.558 11308 11308 E ArmVmp : Match on catch block at 0xc3 in for 0xa5
01-23 18:41:20.562 11308 11308 E ArmVmp : Match on catch block at 0xc3 in for 0xa9
01-23 18:41:21.057 11308 11308 E ArmVmp : Match on catch block at 0xc3 in for 0xa5
01-23 18:41:21.060 11308 11308 E ArmVmp : Match on catch block at 0xc3 in for 0xa9
01-23 18:41:21.557 11308 11308 E ArmVmp : Match on catch block at 0xc3 in for 0xa5
01-23 18:41:21.560 11308 11308 E ArmVmp : Match on catch block at 0xc3 in for 0xa9
01-23 18:41:21.653 11308 11308 E ArmVmp : Match on catch block at 0xc3 in for 0xa1
01-23 18:41:21.656 11308 11308 E ArmVmp : Match on catch block at 0xc3 in for 0xa5
01-23 18:41:21.675 11308 11308 E ArmVmp : Match on catch block at 0xc3 in for 0xb5
01-23 18:41:21.713 11308 11308 E ArmVmp : Match on catch block at 0xc3 in for 0xa1
01-23 18:41:21.716 11308 11308 E ArmVmp : Match on catch block at 0xc3 in for 0xa5
01-23 18:41:21.731 11308 11308 E ArmVmp : Match on catch block at 0xc3 in for 0xa9
01-23 18:41:21.756 11308 11308 E ArmVmp : Match on catch block at 0xc3 in for 0xa9
01-23 18:41:21.759 11308 11308 E ArmVmp : Match on catch block at 0xc3 in for 0xa1
01-23 18:41:21.773 11308 11308 E ArmVmp : Match on catch block at 0xc3 in for 0xa5
01-23 18:41:22.431 11308 11308 E ArmVmp : Match on catch block at 0xc3 in for 0xa1
01-23 18:41:22.434 11308 11308 E ArmVmp : Match on catch block at 0xc3 in for 0xa5
01-23 18:41:22.447 11308 11308 E ArmVmp : Match on catch block at 0xc3 in for 0xa9
01-23 18:41:22.459 11308 11308 E ArmVmp : Match on catch block at 0xc3 in for 0xa5
01-23 18:41:22.462 11308 11308 E ArmVmp : Match on catch block at 0xc3 in for 0xa9
01-23 18:41:22.479 11308 11308 E ArmVmp : Match on catch block at 0xc3 in for 0xa9
01-23 18:41:22.481 11308 11308 E ArmVmp : Match on catch block at 0xc3 in for 0xa1
01-23 18:41:22.520 11308 11308 W Choreographer: Frame time is 0.083751 ms in the future! Check that graphics HAL is generating vsync timestamps using the correct timebase.
01-23 18:41:22.528 11308 11408 E SQLiteDatabase: Error inserting transferred=0 media_job_uuid=27a3baf3-ae1c-461e-94fe-877fbb9dda2b transcoded=1 gif_attribution=0 first_scan_length=0 direct_path=null thumbnail_height_width_ratio=1.0 is_animated_sticker=0 file_hash=0/m3ollcgcLHcbchWNJpIk+fUSxhQf8kTN16vrRUJBI= file_path=/data/user/0/com.mbwhatsapp/files/Stickers/0- m3ollcgcLHcbchWNJpIk+fUSxhQf8kTN16vrRUJBI=.webp file_size=65906 partial_media_hash=null face_x=0 face_y=0 height=64 trim_to=0 media_key_timestamp=0 message_url=null media_caption=null trim_from=0 mime_type=image/webp partial_media_enc_hash=null width=64 original_file_hash=null has_streaming_sidecar=0 autotransfer_retry_enabled=1 media_upload_handle=null message_row_id=52203 multicast_id=null enc_file_hash=null mute_video=0 page_count=0 first_scan_sidecar=null suspicious_content=0 file_length=65906 media_name=0- m3ollcgcLHcbchWNJpIk+fUSxhQf8kTN16vrRUJBI=.webp media_duration=0 chat_row_id=185 media_key=null
01-23 18:41:22.528 11308 11408 E SQLiteDatabase: android.database.sqlite.SQLiteConstraintException: UNIQUE constraint failed: message_media.message_row_id (code 1555 SQLITE_CONSTRAINT_PRIMARYKEY)
01-23 18:41:22.528 11308 11408 E SQLiteDatabase: at android.database.sqlite.SQLiteConnection.nativeExecuteForLastInsertedRowId(Native Method)
01-23 18:41:22.528 11308 11408 E SQLiteDatabase: at android.database.sqlite.SQLiteConnection.executeForLastInsertedRowId(SQLiteConnecti on.java:938)
01-23 18:41:22.528 11308 11408 E SQLiteDatabase: at android.database.sqlite.SQLiteSession.executeForLastInsertedRowId(SQLiteSession.jav a:790)
01-23 18:41:22.528 11308 11408 E SQLiteDatabase: at android.database.sqlite.SQLiteStatement.executeInsert(SQLiteStatement.java:88)
01-23 18:41:22.528 11308 11408 E SQLiteDatabase: at android.database.sqlite.SQLiteDatabase.insertWithOnConflict(SQLiteDatabase.java:170 1)
01-23 18:41:22.528 11308 11408 E SQLiteDatabase: at android.database.sqlite.SQLiteDatabase.insert(SQLiteDatabase.java:1570)
01-23 18:41:22.528 11308 11408 E SQLiteDatabase: at X.2tm.A08(Unknown Source:6)
01-23 18:41:22.528 11308 11408 E SQLiteDatabase: at X.35Y.A07(Unknown Source:212)
01-23 18:41:22.528 11308 11408 E SQLiteDatabase: at X.3QF.A14(Unknown Source:470)
01-23 18:41:22.528 11308 11408 E SQLiteDatabase: at X.3gU.run(Unknown Source:982)
01-23 18:41:22.528 11308 11408 E SQLiteDatabase: at android.os.Handler.handleCallback(Handler.java:938)
01-23 18:41:22.528 11308 11408 E SQLiteDatabase: at android.os.Handler.dispatchMessage(Handler.java:99)
01-23 18:41:22.528 11308 11408 E SQLiteDatabase: at X.0zq.dispatchMessage(Unknown Source:4)
01-23 18:41:22.528 11308 11408 E SQLiteDatabase: at android.os.Looper.loop(Looper.java:250)
01-23 18:41:22.528 11308 11408 E SQLiteDatabase: at android.os.HandlerThread.run(HandlerThread.java:67)
01-23 18:41:22.550 11308 11308 E ArmVmp : Match on catch block at 0xc3 in for 0xa9
01-23 18:41:22.553 11308 11308 E ArmVmp : Match on catch block at 0xc3 in for 0xa1
01-23 18:41:22.568 11308 11308 E ArmVmp : Match on catch block at 0xc3 in for 0xa5
01-23 18:41:22.570 11308 11308 E ArmVmp : Match on catch block at 0xc3 in for 0xa9
01-23 18:41:22.580 11308 11308 E ArmVmp : Match on catch block at 0xc3 in for 0xa5
01-23 18:41:22.582 11308 11308 E ArmVmp : Match on catch block at 0xc3 in for 0xa9
01-23 18:41:22.627 11308 11308 E ArmVmp : Match on catch block at 0xc3 in for 0xa1
01-23 18:41:22.630 11308 11308 E ArmVmp : Match on catch block at 0xc3 in for 0xa5
01-23 18:41:22.643 11308 11308 E ArmVmp : Match on catch block at 0xc3 in for 0xa1
01-23 18:41:22.646 11308 11308 E ArmVmp : Match on catch block at 0xc3 in for 0xa5
01-23 18:41:22.913 11308 11408 E SQLiteDatabase: Error inserting transferred=1 media_job_uuid=27a3baf3-ae1c-461e-94fe-877fbb9dda2b transcoded=1 gif_attribution=0 first_scan_length=0 direct_path=/v/t62.15575- 24/34735963_423738673339805_1016813973954603782_n.enc?ccb=11-4&oh=01_AdScJjhzU7VE- km9Ygvi-npQAJeoVVYmkx-ZMvXaDjMGvQ&oe=65D7EFA7&_nc_sid=5e03e0 thumbnail_height_width_ratio=1.0 is_animated_sticker=0 file_hash=0/m3ollcgcLHcbchWNJpIk+fUSxhQf8kTN16vrRUJBI= file_path=Media/MBWhatsApp Stickers/STK-20231220-WA0033.webp file_size=65906 partial_media_hash=null face_x=0 face_y=0 height=64 trim_to=0 media_key_timestamp=1706060482988 message_url=https://mmg.whatsapp.net/v/t62.15575- 24/34735963_423738673339805_1016813973954603782_n.enc?ccb=11-4&oh=01_AdScJjhzU7VE- km9Ygvi-npQAJeoVVYmkx-ZMvXaDjMGvQ&oe=65D7EFA7&_nc_sid=5e03e0&mms3=true media_caption=null trim_from=0 mime_type=image/webp partial_media_enc_hash=null width=64 original_file_hash=null has_streaming_sidecar=0 autotransfer_retry_enabled=0 media_upload_handle=null message_row_id=52203 multicast_id=null enc_file_hash=0kL34V0Z21ZGVEHCw5ljzsvc3G/6iU6HPwaGhAqnec0= mute_video=0 page_count=0 first_scan_sidecar=null suspicious_content=0 file_length=65906 media_name=0-m3ollcgcLHcbchWNJpIk+fUSxhQf8kTN16vrRUJBI=.webp media_duration=0 chat_row_id=185 media_key=[B@1db34fe
01-23 18:41:22.913 11308 11408 E SQLiteDatabase: android.database.sqlite.SQLiteConstraintException: UNIQUE constraint failed: message_media.message_row_id (code 1555 SQLITE_CONSTRAINT_PRIMARYKEY)
01-23 18:41:22.913 11308 11408 E SQLiteDatabase: at android.database.sqlite.SQLiteConnection.nativeExecuteForLastInsertedRowId(Native Method)
01-23 18:41:22.913 11308 11408 E SQLiteDatabase: at android.database.sqlite.SQLiteConnection.executeForLastInsertedRowId(SQLiteConnecti on.java:938)
01-23 18:41:22.913 11308 11408 E SQLiteDatabase: at android.database.sqlite.SQLiteSession.executeForLastInsertedRowId(SQLiteSession.jav a:790)
01-23 18:41:22.913 11308 11408 E SQLiteDatabase: at android.database.sqlite.SQLiteStatement.executeInsert(SQLiteStatement.java:88)
01-23 18:41:22.913 11308 11408 E SQLiteDatabase: at android.database.sqlite.SQLiteDatabase.insertWithOnConflict(SQLiteDatabase.java:170 1)
01-23 18:41:22.913 11308 11408 E SQLiteDatabase: at android.database.sqlite.SQLiteDatabase.insert(SQLiteDatabase.java:1570)
01-23 18:41:22.913 11308 11408 E SQLiteDatabase: at X.2tm.A08(Unknown Source:6)
01-23 18:41:22.913 11308 11408 E SQLiteDatabase: at X.35Y.A07(Unknown Source:212)
01-23 18:41:22.913 11308 11408 E SQLiteDatabase: at X.3QF.A14(Unknown Source:470)
01-23 18:41:22.913 11308 11408 E SQLiteDatabase: at X.3gU.run(Unknown Source:982)
01-23 18:41:22.913 11308 11408 E SQLiteDatabase: at android.os.Handler.handleCallback(Handler.java:938)
01-23 18:41:22.913 11308 11408 E SQLiteDatabase: at android.os.Handler.dispatchMessage(Handler.java:99)
01-23 18:41:22.913 11308 11408 E SQLiteDatabase: at X.0zq.dispatchMessage(Unknown Source:4)
01-23 18:41:22.913 11308 11408 E SQLiteDatabase: at android.os.Looper.loop(Looper.java:250)
01-23 18:41:22.913 11308 11408 E SQLiteDatabase: at android.os.HandlerThread.run(HandlerThread.java:67)
01-23 18:41:22.970 11308 11308 E ArmVmp : Match on catch block at 0xc3 in for 0xa5
01-23 18:41:22.972 11308 11308 E ArmVmp : Match on catch block at 0xc3 in for 0xa9
01-23 18:41:22.982 11308 11308 E ArmVmp : Match on catch block at 0xc3 in for 0xa5
01-23 18:41:22.984 11308 11308 E ArmVmp : Match on catch block at 0xc3 in for 0xa9
01-23 18:41:23.094 11308 11308 E ArmVmp : Match on catch block at 0xc3 in for 0xa5
01-23 18:41:23.096 11308 11308 E ArmVmp : Match on catch block at 0xc3 in for 0xa9
01-23 18:41:23.104 11308 12596 W MediaPlayer: Use of stream types is deprecated for operations other than volume control
01-23 18:41:23.104 11308 12596 W MediaPlayer: See the documentation of setAudioStreamType() for what to use instead with android.media.AudioAttributes to qualify your playback use case
01-23 18:41:23.105 11308 11308 E ArmVmp : Match on catch block at 0xc3 in for 0xa5
01-23 18:41:23.108 11308 11308 E ArmVmp : Match on catch block at 0xc3 in for 0xa9
01-23 18:41:23.491 11308 11308 E ArmVmp : Match on catch block at 0xc3 in for 0xa5
01-23 18:41:23.496 11308 11308 E ArmVmp : Match on catch block at 0xc3 in for 0xa9
01-23 18:41:23.743 11308 11308 E ArmVmp : Match on catch block at 0xc3 in for 0xa5
01-23 18:41:23.749 11308 11308 E ArmVmp : Match on catch block at 0xc3 in for 0xa9
01-23 18:41:23.794 11308 11308 E ArmVmp : Match on catch block at 0xc3 in for 0xa5
01-23 18:41:23.799 11308 11308 E ArmVmp : Match on catch block at 0xc3 in for 0xa9
01-23 18:41:23.814 11308 11308 E ArmVmp : Match on catch block at 0xc3 in for 0xa5
01-23 18:41:23.818 11308 11308 E ArmVmp : Match on catch block at 0xc3 in for 0xa9
01-23 18:41:23.990 11308 11308 E ArmVmp : Match on catch block at 0xc3 in for 0xa5
01-23 18:41:23.996 11308 11308 E ArmVmp : Match on catch block at 0xc3 in for 0xa9
01-23 18:41:24.506 11308 11308 E ArmVmp : Match on catch block at 0xc3 in for 0xa5
01-23 18:41:24.512 11308 11308 E ArmVmp : Match on catch block at 0xc3 in for 0xa9
01-23 18:41:25.009 11308 11308 E ArmVmp : Match on catch block at 0xc3 in for 0xa5
01-23 18:41:25.016 11308 11308 E ArmVmp : Match on catch block at 0xc3 in for 0xa9
01-23 18:41:25.391 11308 11308 E ArmVmp : Match on catch block at 0xc3 in for 0xa5
01-23 18:41:25.401 11308 11308 E ArmVmp : Match on catch block at 0xc3 in for 0xa9
01-23 18:41:25.422 11308 11308 E ArmVmp : Match on catch block at 0xc3 in for 0xa5
01-23 18:41:25.427 11308 11308 E ArmVmp : Match on catch block at 0xc3 in for 0xa9
01-23 18:41:25.437 11308 11308 E ArmVmp : Match on catch block at 0xc3 in for 0xa5
01-23 18:41:25.442 11308 11308 E ArmVmp : Match on catch block at 0xc3 in for 0xa9
01-23 18:41:25.454 11308 11308 E ArmVmp : Match on catch block at 0xc3 in for 0xa5
01-23 18:41:25.459 11308 11308 E ArmVmp : Match on catch block at 0xc3 in for 0xa9
01-23 18:41:25.471 11308 11308 E ArmVmp : Match on catch block at 0xc3 in for 0xa5
01-23 18:41:25.476 11308 11308 E ArmVmp : Match on catch block at 0xc3 in for 0xa9
01-23 18:41:25.487 11308 11308 E ArmVmp : Match on catch block at 0xc3 in for 0xa5
01-23 18:41:25.493 11308 11308 E ArmVmp : Match on catch block at 0xc3 in for 0xa9
01-23 18:41:25.504 11308 11308 E ArmVmp : Match on catch block at 0xc3 in for 0xa5
01-23 18:41:25.508 11308 11308 E ArmVmp : Match on catch block at 0xc3 in for 0xa9
01-23 18:41:25.520 11308 11308 E ArmVmp : Match on catch block at 0xc3 in for 0xa5
01-23 18:41:25.524 11308 11308 E ArmVmp : Match on catch block at 0xc3 in for 0xa9
01-23 18:41:25.537 11308 11308 E ArmVmp : Match on catch block at 0xc3 in for 0xa5
01-23 18:41:25.541 11308 11308 E ArmVmp : Match on catch block at 0xc3 in for 0xa9
01-23 18:41:25.554 11308 11308 E ArmVmp : Match on catch block at 0xc3 in for 0xa5
01-23 18:41:25.559 11308 11308 E ArmVmp : Match on catch block at 0xc3 in for 0xa9
01-23 18:41:25.570 11308 11308 E ArmVmp : Match on catch block at 0xc3 in for 0xa5
01-23 18:41:25.575 11308 11308 E ArmVmp : Match on catch block at 0xc3 in for 0xa9
01-23 18:41:25.587 11308 11308 E ArmVmp : Match on catch block at 0xc3 in for 0xa5
01-23 18:41:25.592 11308 11308 E ArmVmp : Match on catch block at 0xc3 in for 0xa9
01-23 18:41:25.604 11308 11308 E ArmVmp : Match on catch block at 0xc3 in for 0xa5
01-23 18:41:25.608 11308 11308 E ArmVmp : Match on catch block at 0xc3 in for 0xa9
01-23 18:41:25.620 11308 11308 E ArmVmp : Match on catch block at 0xc3 in for 0xa5
01-23 18:41:25.625 11308 11308 E ArmVmp : Match on catch block at 0xc3 in for 0xa9
01-23 18:41:25.638 11308 11308 E ArmVmp : Match on catch block at 0xc3 in for 0xa5
01-23 18:41:25.642 11308 11308 E ArmVmp : Match on catch block at 0xc3 in for 0xa9
01-23 18:41:25.905 11308 11308 E ArmVmp : Match on catch block at 0xc3 in for 0xa1
01-23 18:41:25.908 11308 11308 E ArmVmp : Match on catch block at 0xc3 in for 0xa5
01-23 18:41:25.921 11308 11308 E ArmVmp : Match on catch block at 0xc3 in for 0xa1
01-23 18:41:25.924 11308 11308 E ArmVmp : Match on catch block at 0xc3 in for 0xa5
01-23 18:41:25.938 11308 11308 E ArmVmp : Match on catch block at 0xc3 in for 0xa1
01-23 18:41:25.941 11308 11308 E ArmVmp : Match on catch block at 0xc3 in for 0xa5
01-23 18:41:25.954 11308 11308 E ArmVmp : Match on catch block at 0xc3 in for 0xa1
01-23 18:41:25.957 11308 11308 E ArmVmp : Match on catch block at 0xc3 in for 0xa5
01-23 18:41:25.970 11308 11308 E ArmVmp : Match on catch block at 0xc3 in for 0xa1
01-23 18:41:25.974 11308 11308 E ArmVmp : Match on catch block at 0xc3 in for 0xa5
01-23 18:41:26.004 11308 11308 E ArmVmp : Match on catch block at 0xc3 in for 0xa1
01-23 18:41:26.007 11308 11308 E ArmVmp : Match on catch block at 0xc3 in for 0xa5
01-23 18:41:26.536 11308 11308 E ArmVmp : Match on catch block at 0xc3 in for 0xa9
01-23 18:41:26.540 11308 11308 E ArmVmp : Match on catch block at 0xc3 in for 0xa1
01-23 18:41:26.549 11308 11308 E ArmVmp : Match on catch block at 0xc3 in for 0xa9
01-23 18:41:26.553 11308 11308 E ArmVmp : Match on catch block at 0xc3 in for 0xa1
01-23 18:41:27.053 11308 11308 E ArmVmp : Match on catch block at 0xc3 in for 0xa9
01-23 18:41:27.056 11308 11308 E ArmVmp : Match on catch block at 0xc3 in for 0xa1
01-23 18:41:27.085 11308 11308 E ArmVmp : Match on catch block at 0xc3 in for 0xa1
01-23 18:41:27.089 11308 11308 E ArmVmp : Match on catch block at 0xc3 in for 0xa5
01-23 18:41:27.112 11308 11308 E ArmVmp : Match on catch block at 0xc3 in for 0xa1
01-23 18:41:27.115 11308 11308 E ArmVmp : Match on catch block at 0xc3 in for 0xa5
01-23 18:41:27.218 11308 11308 E ArmVmp : Match on catch block at 0xc3 in for 0xa1
01-23 18:41:27.220 11308 11308 E ArmVmp : Match on catch block at 0xc3 in for 0xa5
01-23 18:41:27.292 11308 11308 E ArmVmp : Match on catch block at 0xc3 in for 0xa5
01-23 18:41:27.295 11308 11308 E ArmVmp : Match on catch block at 0xc3 in for 0xa9
01-23 18:41:27.364 11308 11308 W IInputConnectionWrapper: requestCursorAnchorInfo on inactive InputConnection
01-23 18:41:27.365 11308 11640 E BitmapFactory: Unable to decode stream: java.io.FileNotFoundException: /storage/emulated/0/Android/media/com.mbwhatsapp/MBWhatsApp/Media/.Links/ 571021dccd5efff2a77ab6877ebd8e43: open failed: ENOENT (No such file or directory)
01-23 18:41:27.377 11308 11308 W IInputConnectionWrapper: requestCursorAnchorInfo on inactive InputConnection
01-23 18:41:31.664 11308 11308 E ArmVmp : Match on catch block at 0x0a in for 0xc1
01-23 18:41:31.667 11308 11308 E ArmVmp : Match on catch block at 0x0a in for 0xc9
01-23 18:41:31.939 11308 11308 E ArmVmp : Match on catch block at 0xc3 in for 0xb1
01-23 18:41:31.945 11308 11308 E ArmVmp : Match on catch block at 0xc3 in for 0xb1
01-23 18:41:31.995 11308 11308 E ArmVmp : Match on catch block at 0xc3 in for 0xa1
01-23 18:41:31.997 11308 11308 E ArmVmp : Match on catch block at 0xc3 in for 0xa5
01-23 18:41:31.999 11308 11308 E ArmVmp : Match on catch block at 0xc3 in for 0xa5
01-23 18:41:32.038 11308 11308 E ArmVmp : Match on catch block at 0xc3 in for 0xa1
01-23 18:41:32.041 11308 11308 E ArmVmp : Match on catch block at 0xc3 in for 0xa5
01-23 18:41:32.042 11308 11308 E ArmVmp : Match on catch block at 0xc3 in for 0xa5
01-23 18:41:32.100 11308 11308 E ArmVmp : Match on catch block at 0xc3 in for 0xa9
01-23 18:41:32.103 11308 11308 E ArmVmp : Match on catch block at 0xc3 in for 0xa1
01-23 18:41:32.105 11308 11308 E ArmVmp : Match on catch block at 0xc3 in for 0xa1
01-23 18:41:32.134 11308 11308 E ArmVmp : Match on catch block at 0xc3 in for 0xa9
01-23 18:41:32.138 11308 11308 E ArmVmp : Match on catch block at 0xc3 in for 0xa1
01-23 18:41:32.140 11308 11308 E ArmVmp : Match on catch block at 0xc3 in for 0xa1
01-23 18:41:32.515 11308 11308 E ArmVmp : Match on catch block at 0xc3 in for 0xa5
01-23 18:41:32.519 11308 11308 E ArmVmp : Match on catch block at 0xc3 in for 0xa9
01-23 18:41:32.521 11308 11308 E ArmVmp : Match on catch block at 0xc3 in for 0xa9
01-23 18:41:32.531 11308 11308 E ArmVmp : Match on catch block at 0xc3 in for 0xa1
01-23 18:41:32.534 11308 11308 E ArmVmp : Match on catch block at 0xc3 in for 0xa5
01-23 18:41:32.536 11308 11308 E ArmVmp : Match on catch block at 0xc3 in for 0xa5
01-23 18:41:32.548 11308 11308 E ArmVmp : Match on catch block at 0xc3 in for 0xa9
01-23 18:41:32.551 11308 11308 E ArmVmp : Match on catch block at 0xc3 in for 0xa1
01-23 18:41:32.553 11308 11308 E ArmVmp : Match on catch block at 0xc3 in for 0xa1
01-23 18:41:32.564 11308 11308 E ArmVmp : Match on catch block at 0xc3 in for 0xa5
01-23 18:41:32.568 11308 11308 E ArmVmp : Match on catch block at 0xc3 in for 0xa9
01-23 18:41:32.570 11308 11308 E ArmVmp : Match on catch block at 0xc3 in for 0xa9
01-23 18:41:32.581 11308 11308 E ArmVmp : Match on catch block at 0xc3 in for 0xa1
01-23 18:41:32.585 11308 11308 E ArmVmp : Match on catch block at 0xc3 in for 0xa5
01-23 18:41:32.587 11308 11308 E ArmVmp : Match on catch block at 0xc3 in for 0xa5
01-23 18:41:32.597 11308 11308 E ArmVmp : Match on catch block at 0xc3 in for 0xa9
01-23 18:41:32.600 11308 11308 E ArmVmp : Match on catch block at 0xc3 in for 0xa1
01-23 18:41:32.602 11308 11308 E ArmVmp : Match on catch block at 0xc3 in for 0xa1
01-23 18:41:32.614 11308 11308 E ArmVmp : Match on catch block at 0xc3 in for 0xa5
01-23 18:41:32.618 11308 11308 E ArmVmp : Match on catch block at 0xc3 in for 0xa9
01-23 18:41:32.620 11308 11308 E ArmVmp : Match on catch block at 0xc3 in for 0xa9
01-23 18:41:32.631 11308 11308 E ArmVmp : Match on catch block at 0xc3 in for 0xa1
01-23 18:41:32.635 11308 11308 E ArmVmp : Match on catch block at 0xc3 in for 0xa5
01-23 18:41:32.637 11308 11308 E ArmVmp : Match on catch block at 0xc3 in for 0xa5
01-23 18:41:32.648 11308 11308 E ArmVmp : Match on catch block at 0xc3 in for 0xa9
01-23 18:41:32.650 11308 11308 E ArmVmp : Match on catch block at 0xc3 in for 0xa1
01-23 18:41:32.653 11308 11308 E ArmVmp : Match on catch block at 0xc3 in for 0xa1
01-23 18:41:32.665 11308 11308 E ArmVmp : Match on catch block at 0xc3 in for 0xa5
01-23 18:41:32.668 11308 11308 E ArmVmp : Match on catch block at 0xc3 in for 0xa9
01-23 18:41:32.671 11308 11308 E ArmVmp : Match on catch block at 0xc3 in for 0xa9
01-23 18:41:32.681 11308 11308 E ArmVmp : Match on catch block at 0xc3 in for 0xa1
01-23 18:41:32.684 11308 11308 E ArmVmp : Match on catch block at 0xc3 in for 0xa5
01-23 18:41:32.687 11308 11308 E ArmVmp : Match on catch block at 0xc3 in for 0xa5
01-23 18:41:32.698 11308 11308 E ArmVmp : Match on catch block at 0xc3 in for 0xa9
01-23 18:41:32.701 11308 11308 E ArmVmp : Match on catch block at 0xc3 in for 0xa1
01-23 18:41:32.703 11308 11308 E ArmVmp : Match on catch block at 0xc3 in for 0xa1
01-23 18:41:32.714 11308 11308 E ArmVmp : Match on catch block at 0xc3 in for 0xa5
01-23 18:41:32.718 11308 11308 E ArmVmp : Match on catch block at 0xc3 in for 0xa9
01-23 18:41:32.720 11308 11308 E ArmVmp : Match on catch block at 0xc3 in for 0xa9
01-23 18:41:32.731 11308 11308 E ArmVmp : Match on catch block at 0xc3 in for 0xa1
01-23 18:41:32.734 11308 11308 E ArmVmp : Match on catch block at 0xc3 in for 0xa5
01-23 18:41:32.736 11308 11308 E ArmVmp : Match on catch block at 0xc3 in for 0xa5
01-23 18:41:32.748 11308 11308 E ArmVmp : Match on catch block at 0xc3 in for 0xa9
01-23 18:41:32.751 11308 11308 E ArmVmp : Match on catch block at 0xc3 in for 0xa1
01-23 18:41:32.753 11308 11308 E ArmVmp : Match on catch block at 0xc3 in for 0xa1
01-23 18:41:32.764 11308 11308 E ArmVmp : Match on catch block at 0xc3 in for 0xa5
01-23 18:41:32.768 11308 11308 E ArmVmp : Match on catch block at 0xc3 in for 0xa9
01-23 18:41:32.770 11308 11308 E ArmVmp : Match on catch block at 0xc3 in for 0xa9
01-23 18:41:32.781 11308 11308 E ArmVmp : Match on catch block at 0xc3 in for 0xa1
01-23 18:41:32.784 11308 11308 E ArmVmp : Match on catch block at 0xc3 in for 0xa5
01-23 18:41:32.786 11308 11308 E ArmVmp : Match on catch block at 0xc3 in for 0xa5
01-23 18:41:32.798 11308 11308 E ArmVmp : Match on catch block at 0xc3 in for 0xa9
01-23 18:41:32.802 11308 11308 E ArmVmp : Match on catch block at 0xc3 in for 0xa1
01-23 18:41:32.805 11308 11308 E ArmVmp : Match on catch block at 0xc3 in for 0xa1
01-23 18:41:32.815 11308 11308 E ArmVmp : Match on catch block at 0xc3 in for 0xa5
01-23 18:41:32.818 11308 11308 E ArmVmp : Match on catch block at 0xc3 in for 0xa9
01-23 18:41:32.820 11308 11308 E ArmVmp : Match on catch block at 0xc3 in for 0xa9
01-23 18:41:33.051 11308 11308 E ArmVmp : Match on catch block at 0xc3 in for 0xa1
01-23 18:41:33.055 11308 11308 E ArmVmp : Match on catch block at 0xc3 in for 0xa5
01-23 18:41:33.057 11308 11308 E ArmVmp : Match on catch block at 0xc3 in for 0xa5
01-23 18:41:33.099 11308 11308 W IInputConnectionWrapper: requestCursorAnchorInfo on inactive InputConnection
01-23 18:41:33.147 11308 11408 E SQLiteDatabase: Error inserting transferred=1 media_job_uuid=d6139186-ac40-4dc2-a99d-ba75d0b4bb49 transcoded=0 gif_attribution=0 first_scan_length=0 direct_path=/v/t62.7161- 24/34763594_360370966719421_3619165277015273468_n.enc?ccb=11- 4&oh=01_AdQgkBzVJtazaZJ0rP5Z0NaQyOXvJ6Vvn-Rv4OoShWa91g&oe=65D7BDE7&_nc_sid=5e03e0 thumbnail_height_width_ratio=1.8 is_animated_sticker=0 file_hash=+Szcxt22vT0p/HBx29zNU5GzURDRezEh2898HUr4yCs= file_path=/data/user/0/com.mbwhatsapp/files/ViewOnce/VID-lrr1kdct.mp4 file_size=565881 partial_media_hash=null face_x=0 face_y=0 height=864 trim_to=0 media_key_timestamp=1706055781000 message_url=https://mmg.whatsapp.net/v/t62.7161- 24/34763594_360370966719421_3619165277015273468_n.enc?ccb=11- 4&oh=01_AdQgkBzVJtazaZJ0rP5Z0NaQyOXvJ6Vvn- Rv4OoShWa91g&oe=65D7BDE7&_nc_sid=5e03e0&mms3=true media_caption=null trim_from=0 mime_type=video/mp4 partial_media_enc_hash=null width=480 original_file_hash=null has_streaming_sidecar=0 autotransfer_retry_enabled=1 media_upload_handle=null message_row_id=52146 multicast_id=null enc_file_hash=XbBau+pMZCBaG9qL0Itwqd5CwKbQnfnACpC0RKaKdBQ= mute_video=0 page_count=0 first_scan_sidecar=null suspicious_content=0 file_length=565881 media_name=null media_duration=2 chat_row_id=19 media_key=[B@651a96
01-23 18:41:33.147 11308 11408 E SQLiteDatabase: android.database.sqlite.SQLiteConstraintException: UNIQUE constraint failed: message_media.message_row_id (code 1555 SQLITE_CONSTRAINT_PRIMARYKEY)
01-23 18:41:33.147 11308 11408 E SQLiteDatabase: at android.database.sqlite.SQLiteConnection.nativeExecuteForLastInsertedRowId(Native Method)
01-23 18:41:33.147 11308 11408 E SQLiteDatabase: at android.database.sqlite.SQLiteConnection.executeForLastInsertedRowId(SQLiteConnecti on.java:938)
01-23 18:41:33.147 11308 11408 E SQLiteDatabase: at android.database.sqlite.SQLiteSession.executeForLastInsertedRowId(SQLiteSession.jav a:790)
01-23 18:41:33.147 11308 11408 E SQLiteDatabase: at android.database.sqlite.SQLiteStatement.executeInsert(SQLiteStatement.java:88)
01-23 18:41:33.147 11308 11408 E SQLiteDatabase: at android.database.sqlite.SQLiteDatabase.insertWithOnConflict(SQLiteDatabase.java:170 1)
01-23 18:41:33.147 11308 11408 E SQLiteDatabase: at android.database.sqlite.SQLiteDatabase.insert(SQLiteDatabase.java:1570)
01-23 18:41:33.147 11308 11408 E SQLiteDatabase: at X.2tm.A08(Unknown Source:6)
01-23 18:41:33.147 11308 11408 E SQLiteDatabase: at X.35Y.A07(Unknown Source:212)
01-23 18:41:33.147 11308 11408 E SQLiteDatabase: at X.3QF.A14(Unknown Source:470)
01-23 18:41:33.147 11308 11408 E SQLiteDatabase: at X.31e.A03(Unknown Source:174)
01-23 18:41:33.147 11308 11408 E SQLiteDatabase: at X.3g7.run(Unknown Source:1017)
01-23 18:41:33.147 11308 11408 E SQLiteDatabase: at android.os.Handler.handleCallback(Handler.java:938)
01-23 18:41:33.147 11308 11408 E SQLiteDatabase: at android.os.Handler.dispatchMessage(Handler.java:99)
01-23 18:41:33.147 11308 11408 E SQLiteDatabase: at X.0zq.dispatchMessage(Unknown Source:4)
01-23 18:41:33.147 11308 11408 E SQLiteDatabase: at android.os.Looper.loop(Looper.java:250)
01-23 18:41:33.147 11308 11408 E SQLiteDatabase: at android.os.HandlerThread.run(HandlerThread.java:67)
01-23 18:41:33.159 11308 11308 E ArmVmp : Match on catch block at 0xc3 in for 0xa5
01-23 18:41:33.162 11308 11308 E ArmVmp : Match on catch block at 0xc3 in for 0xa9
01-23 18:41:33.164 11308 11308 E ArmVmp : Match on catch block at 0xc3 in for 0xa9
01-23 18:41:33.172 11308 11308 E ArmVmp : Match on catch block at 0xc3 in for 0xa1
01-23 18:41:33.177 11308 11308 E ArmVmp : Match on catch block at 0xc3 in for 0xa5
01-23 18:41:33.179 11308 11308 E ArmVmp : Match on catch block at 0xc3 in for 0xa5
01-23 18:41:33.264 11308 11308 W AudioManager: Use of stream types is deprecated for operations other than volume control
01-23 18:41:33.264 11308 11308 W AudioManager: See the documentation of requestAudioFocus() for what to use instead with android.media.AudioAttributes to qualify your playback use case
01-23 18:41:33.306 11308 12761 W Utils : could not parse long range '484-472'
01-23 18:41:33.306 11308 12761 W VideoCapabilities: Unrecognized profile/level 0/3 for video/mpeg2
01-23 18:41:33.442 11308 11409 E SQLiteDatabase: Error inserting transferred=1 media_job_uuid=d6139186-ac40-4dc2-a99d-ba75d0b4bb49 transcoded=0 gif_attribution=0 first_scan_length=0 direct_path=/v/t62.7161- 24/34763594_360370966719421_3619165277015273468_n.enc?ccb=11- 4&oh=01_AdQgkBzVJtazaZJ0rP5Z0NaQyOXvJ6Vvn-Rv4OoShWa91g&oe=65D7BDE7&_nc_sid=5e03e0 thumbnail_height_width_ratio=1.8 is_animated_sticker=0 file_hash=+Szcxt22vT0p/HBx29zNU5GzURDRezEh2898HUr4yCs= file_path=/data/user/0/com.mbwhatsapp/files/ViewOnce/VID-lrr1kdct.mp4 file_size=565881 partial_media_hash=null face_x=0 face_y=0 height=864 trim_to=0 media_key_timestamp=1706055781000 message_url=https://mmg.whatsapp.net/v/t62.7161- 24/34763594_360370966719421_3619165277015273468_n.enc?ccb=11- 4&oh=01_AdQgkBzVJtazaZJ0rP5Z0NaQyOXvJ6Vvn- Rv4OoShWa91g&oe=65D7BDE7&_nc_sid=5e03e0&mms3=true media_caption=null trim_from=0 mime_type=video/mp4 partial_media_enc_hash=null width=480 original_file_hash=null has_streaming_sidecar=0 autotransfer_retry_enabled=1 media_upload_handle=null message_row_id=52146 multicast_id=null enc_file_hash=XbBau+pMZCBaG9qL0Itwqd5CwKbQnfnACpC0RKaKdBQ= mute_video=0 page_count=0 first_scan_sidecar=null suspicious_content=0 file_length=565881 media_name=null media_duration=2 chat_row_id=19 media_key=[B@651a96
01-23 18:41:33.442 11308 11409 E SQLiteDatabase: android.database.sqlite.SQLiteConstraintException: UNIQUE constraint failed: message_media.message_row_id (code 1555 SQLITE_CONSTRAINT_PRIMARYKEY)
01-23 18:41:33.442 11308 11409 E SQLiteDatabase: at android.database.sqlite.SQLiteConnection.nativeExecuteForLastInsertedRowId(Native Method)
01-23 18:41:33.442 11308 11409 E SQLiteDatabase: at android.database.sqlite.SQLiteConnection.executeForLastInsertedRowId(SQLiteConnecti on.java:938)
01-23 18:41:33.442 11308 11409 E SQLiteDatabase: at android.database.sqlite.SQLiteSession.executeForLastInsertedRowId(SQLiteSession.jav a:790)
01-23 18:41:33.442 11308 11409 E SQLiteDatabase: at android.database.sqlite.SQLiteStatement.executeInsert(SQLiteStatement.java:88)
01-23 18:41:33.442 11308 11409 E SQLiteDatabase: at android.database.sqlite.SQLiteDatabase.insertWithOnConflict(SQLiteDatabase.java:170 1)
01-23 18:41:33.442 11308 11409 E SQLiteDatabase: at android.database.sqlite.SQLiteDatabase.insert(SQLiteDatabase.java:1570)
01-23 18:41:33.442 11308 11409 E SQLiteDatabase: at X.2tm.A08(Unknown Source:6)
01-23 18:41:33.442 11308 11409 E SQLiteDatabase: at X.35Y.A07(Unknown Source:212)
01-23 18:41:33.442 11308 11409 E SQLiteDatabase: at X.3QF.A14(Unknown Source:470)
01-23 18:41:33.442 11308 11409 E SQLiteDatabase: at X.31e.A03(Unknown Source:174)
01-23 18:41:33.442 11308 11409 E SQLiteDatabase: at X.3Uz.A07(Unknown Source:381)
01-23 18:41:33.442 11308 11409 E SQLiteDatabase: at X.3Uz.A02(Unknown Source:692)
01-23 18:41:33.442 11308 11409 E SQLiteDatabase: at X.3eS.run(Unknown Source:4041)
01-23 18:41:33.442 11308 11409 E SQLiteDatabase: at android.os.Handler.handleCallback(Handler.java:938)
01-23 18:41:33.442 11308 11409 E SQLiteDatabase: at android.os.Handler.dispatchMessage(Handler.java:99)
01-23 18:41:33.442 11308 11409 E SQLiteDatabase: at X.0zr.dispatchMessage(Unknown Source:4)
01-23 18:41:33.442 11308 11409 E SQLiteDatabase: at android.os.Looper.loop(Looper.java:250)
01-23 18:41:33.442 11308 11409 E SQLiteDatabase: at android.os.HandlerThread.run(HandlerThread.java:67)
01-23 18:41:33.471 11308 11308 E ArmVmp : Match on catch block at 0xc3 in for 0xa9
01-23 18:41:33.474 11308 11308 E ArmVmp : Match on catch block at 0xc3 in for 0xa1
01-23 18:41:33.476 11308 11308 E ArmVmp : Match on catch block at 0xc3 in for 0xa1
01-23 18:41:33.488 11308 11308 E ArmVmp : Match on catch block at 0xc3 in for 0xa5
01-23 18:41:33.491 11308 11308 E ArmVmp : Match on catch block at 0xc3 in for 0xa9
01-23 18:41:33.493 11308 11308 E ArmVmp : Match on catch block at 0xc3 in for 0xa9
01-23 18:41:33.606 11308 12771 W Codec2Client: query -- param skipped: index = 1107298332.
01-23 18:41:33.606 11308 12771 W CCodec : This behavior is subject to change. It is recommended that app developers double check whether the requested max input size is in reasonable range.
01-23 18:41:33.608 11308 12771 W Codec2Client: query -- param skipped: index = 1342179345.
01-23 18:41:33.608 11308 12771 W Codec2Client: query -- param skipped: index = 2415921170.
01-23 18:41:33.608 11308 12771 W Codec2Client: query -- param skipped: index = 1610614798.
01-23 18:41:33.611 11308 12771 E FMQ : grantorIdx must be less than 3
01-23 18:41:33.611 11308 12771 E FMQ : grantorIdx must be less than 3
01-23 18:41:33.614 11308 12771 E ion : ioctl c0044901 failed with code -1: Invalid argument
01-23 18:41:33.617 11308 12771 E FMQ : grantorIdx must be less than 3
01-23 18:41:33.624 11308 12767 E FMQ : grantorIdx must be less than 3
01-23 18:41:33.769 11308 12761 W AudioTrack: getTimestamp_l(3730): retrograde timestamp time corrected, 556472877679549 < 556472882269029
01-23 18:41:33.880 11308 11308 E ArmVmp : Match on catch block at 0xc3 in for 0xa5
01-23 18:41:33.883 11308 11308 E ArmVmp : Match on catch block at 0xc3 in for 0xa9
01-23 18:41:33.885 11308 11308 E ArmVmp : Match on catch block at 0xc3 in for 0xa9
01-23 18:41:33.898 11308 11308 E ArmVmp : Match on catch block at 0xc3 in for 0xa1
01-23 18:41:33.903 11308 11308 E ArmVmp : Match on catch block at 0xc3 in for 0xa5
01-23 18:41:33.906 11308 11308 E ArmVmp : Match on catch block at 0xc3 in for 0xa5
01-23 18:41:33.922 11308 11308 E ArmVmp : Match on catch block at 0xc3 in for 0xa9
01-23 18:41:33.925 11308 11308 E ArmVmp : Match on catch block at 0xc3 in for 0xa1
01-23 18:41:33.926 11308 11308 E ArmVmp : Match on catch block at 0xc3 in for 0xa1
01-23 18:41:35.079 11308 11308 E ArmVmp : Match on catch block at 0xc3 in for 0xa5
01-23 18:41:35.083 11308 11308 E ArmVmp : Match on catch block at 0xc3 in for 0xa9
01-23 18:41:35.086 11308 11308 E ArmVmp : Match on catch block at 0xc3 in for 0xa9
01-23 18:41:35.104 11308 11308 E ArmVmp : Match on catch block at 0xc3 in for 0xa1
01-23 18:41:35.108 11308 11308 E ArmVmp : Match on catch block at 0xc3 in for 0xa5
01-23 18:41:35.109 11308 11308 E ArmVmp : Match on catch block at 0xc3 in for 0xa5
01-23 18:41:35.112 11308 11308 E ArmVmp : Match on catch block at 0xc3 in for 0xa9
01-23 18:41:35.115 11308 11308 E ArmVmp : Match on catch block at 0xc3 in for 0xa1
01-23 18:41:35.117 11308 11308 E ArmVmp : Match on catch block at 0xc3 in for 0xa1
01-23 18:41:35.129 11308 11308 E ArmVmp : Match on catch block at 0xc3 in for 0xa5
01-23 18:41:35.132 11308 11308 E ArmVmp : Match on catch block at 0xc3 in for 0xa9
01-23 18:41:35.133 11308 11308 E ArmVmp : Match on catch block at 0xc3 in for 0xa9
01-23 18:41:35.146 11308 11308 E ArmVmp : Match on catch block at 0xc3 in for 0xa1
01-23 18:41:35.148 11308 11308 E ArmVmp : Match on catch block at 0xc3 in for 0xa5
01-23 18:41:35.150 11308 11308 E ArmVmp : Match on catch block at 0xc3 in for 0xa5
01-23 18:41:35.162 11308 11308 E ArmVmp : Match on catch block at 0xc3 in for 0xa9
01-23 18:41:35.165 11308 11308 E ArmVmp : Match on catch block at 0xc3 in for 0xa1
01-23 18:41:35.166 11308 11308 E ArmVmp : Match on catch block at 0xc3 in for 0xa1
01-23 18:41:35.179 11308 11308 E ArmVmp : Match on catch block at 0xc3 in for 0xa5
01-23 18:41:35.182 11308 11308 E ArmVmp : Match on catch block at 0xc3 in for 0xa9
01-23 18:41:35.184 11308 11308 E ArmVmp : Match on catch block at 0xc3 in for 0xa9
01-23 18:41:35.196 11308 11308 E ArmVmp : Match on catch block at 0xc3 in for 0xa1
01-23 18:41:35.199 11308 11308 E ArmVmp : Match on catch block at 0xc3 in for 0xa5
01-23 18:41:35.201 11308 11308 E ArmVmp : Match on catch block at 0xc3 in for 0xa5
01-23 18:41:35.212 11308 11308 E ArmVmp : Match on catch block at 0xc3 in for 0xa9
01-23 18:41:35.216 11308 11308 E ArmVmp : Match on catch block at 0xc3 in for 0xa1
01-23 18:41:35.217 11308 11308 E ArmVmp : Match on catch block at 0xc3 in for 0xa1
01-23 18:41:35.229 11308 11308 E ArmVmp : Match on catch block at 0xc3 in for 0xa5
01-23 18:41:35.232 11308 11308 E ArmVmp : Match on catch block at 0xc3 in for 0xa9
01-23 18:41:35.234 11308 11308 E ArmVmp : Match on catch block at 0xc3 in for 0xa9
01-23 18:41:35.246 11308 11308 E ArmVmp : Match on catch block at 0xc3 in for 0xa1
01-23 18:41:35.249 11308 11308 E ArmVmp : Match on catch block at 0xc3 in for 0xa5
01-23 18:41:35.251 11308 11308 E ArmVmp : Match on catch block at 0xc3 in for 0xa5
01-23 18:41:35.262 11308 11308 E ArmVmp : Match on catch block at 0xc3 in for 0xa9
01-23 18:41:35.265 11308 11308 E ArmVmp : Match on catch block at 0xc3 in for 0xa1
01-23 18:41:35.267 11308 11308 E ArmVmp : Match on catch block at 0xc3 in for 0xa1
01-23 18:41:35.279 11308 11308 E ArmVmp : Match on catch block at 0xc3 in for 0xa5
01-23 18:41:35.282 11308 11308 E ArmVmp : Match on catch block at 0xc3 in for 0xa9
01-23 18:41:35.284 11308 11308 E ArmVmp : Match on catch block at 0xc3 in for 0xa9
01-23 18:41:35.296 11308 11308 E ArmVmp : Match on catch block at 0xc3 in for 0xa1
01-23 18:41:35.299 11308 11308 E ArmVmp : Match on catch block at 0xc3 in for 0xa5
01-23 18:41:35.300 11308 11308 E ArmVmp : Match on catch block at 0xc3 in for 0xa5
01-23 18:41:35.312 11308 11308 E ArmVmp : Match on catch block at 0xc3 in for 0xa9
01-23 18:41:35.316 11308 11308 E ArmVmp : Match on catch block at 0xc3 in for 0xa1
01-23 18:41:35.318 11308 11308 E ArmVmp : Match on catch block at 0xc3 in for 0xa1
01-23 18:41:35.329 11308 11308 E ArmVmp : Match on catch block at 0xc3 in for 0xa5
01-23 18:41:35.331 11308 11308 E ArmVmp : Match on catch block at 0xc3 in for 0xa9
01-23 18:41:35.333 11308 11308 E ArmVmp : Match on catch block at 0xc3 in for 0xa9
01-23 18:41:35.718 11308 11308 E ArmVmp : Match on catch block at 0xc3 in for 0xa1
01-23 18:41:35.721 11308 11308 E ArmVmp : Match on catch block at 0xc3 in for 0xa5
01-23 18:41:35.723 11308 11308 E ArmVmp : Match on catch block at 0xc3 in for 0xa5
01-23 18:41:35.733 11308 11308 E ArmVmp : Match on catch block at 0xc3 in for 0xa9
01-23 18:41:35.735 11308 11308 E ArmVmp : Match on catch block at 0xc3 in for 0xa1
01-23 18:41:35.737 11308 11308 E ArmVmp : Match on catch block at 0xc3 in for 0xa1
01-23 18:41:35.748 11308 11308 E ArmVmp : Match on catch block at 0xc3 in for 0xa5
01-23 18:41:35.751 11308 11308 E ArmVmp : Match on catch block at 0xc3 in for 0xa9
01-23 18:41:35.753 11308 11308 E ArmVmp : Match on catch block at 0xc3 in for 0xa9
01-23 18:41:36.517 11308 12771 W Codec2Client: query -- param skipped: index = 1342179345.
01-23 18:41:36.517 11308 12771 W Codec2Client: query -- param skipped: index = 2415921170.
01-23 18:41:36.517 11308 12771 W Codec2Client: query -- param skipped: index = 1610614798.
01-23 18:41:36.711 11308 11308 E ArmVmp : Match on catch block at 0xc3 in for 0xa1
01-23 18:41:36.716 11308 11308 E ArmVmp : Match on catch block at 0xc3 in for 0xa5
01-23 18:41:36.719 11308 11308 E ArmVmp : Match on catch block at 0xc3 in for 0xa5
01-23 18:41:36.727 11308 11308 E ArmVmp : Match on catch block at 0xc3 in for 0xa9
01-23 18:41:36.730 11308 11308 E ArmVmp : Match on catch block at 0xc3 in for 0xa1
01-23 18:41:36.732 11308 11308 E ArmVmp : Match on catch block at 0xc3 in for 0xa1
01-23 18:41:37.102 11308 12771 W Codec2Client: query -- param skipped: index = 1342179345.
01-23 18:41:37.102 11308 12771 W Codec2Client: query -- param skipped: index = 2415921170.
01-23 18:41:37.102 11308 12771 W Codec2Client: query -- param skipped: index = 1610614798.
01-23 18:41:37.106 11308 12765 E Surface : freeAllBuffers: 12 buffers were freed while being dequeued!
01-23 18:41:37.159 11308 11308 E ArmVmp : Match on catch block at 0xc3 in for 0xa5
01-23 18:41:37.164 11308 11308 E ArmVmp : Match on catch block at 0xc3 in for 0xa9
01-23 18:41:37.165 11308 11308 E ArmVmp : Match on catch block at 0xc3 in for 0xa9
01-23 18:41:37.199 11308 11308 E ArmVmp : Match on catch block at 0xc3 in for 0xa1
01-23 18:41:37.201 11308 11308 E ArmVmp : Match on catch block at 0xc3 in for 0xa5
01-23 18:41:37.202 11308 11308 E ArmVmp : Match on catch block at 0xc3 in for 0xa5
01-23 18:41:37.213 11308 11308 E ArmVmp : Match on catch block at 0xc3 in for 0xa9
01-23 18:41:37.215 11308 11308 E ArmVmp : Match on catch block at 0xc3 in for 0xa1
01-23 18:41:37.217 11308 11308 E ArmVmp : Match on catch block at 0xc3 in for 0xa1
01-23 18:41:37.695 11308 11308 E ArmVmp : Match on catch block at 0xc3 in for 0xa1
01-23 18:41:37.699 11308 11308 E ArmVmp : Match on catch block at 0xc3 in for 0xa5
01-23 18:41:37.702 11308 11308 E ArmVmp : Match on catch block at 0xc3 in for 0xa5
01-23 18:41:37.713 11308 11308 E ArmVmp : Match on catch block at 0xc3 in for 0xa9
01-23 18:41:37.717 11308 11308 E ArmVmp : Match on catch block at 0xc3 in for 0xa1
01-23 18:41:37.720 11308 11308 E ArmVmp : Match on catch block at 0xc3 in for 0xa1
01-23 18:41:37.748 11308 11308 E ArmVmp : Match on catch block at 0xc3 in for 0xa9
01-23 18:41:37.751 11308 11308 E ArmVmp : Match on catch block at 0xc3 in for 0xa1
01-23 18:41:37.755 11308 11308 E ArmVmp : Match on catch block at 0xc3 in for 0xa1
01-23 18:41:37.764 11308 11308 E ArmVmp : Match on catch block at 0xc3 in for 0xa9
01-23 18:41:37.769 11308 11308 E ArmVmp : Match on catch block at 0xc3 in for 0xa1
01-23 18:41:37.771 11308 11308 E ArmVmp : Match on catch block at 0xc3 in for 0xa1
01-23 18:41:37.779 11308 11308 E ArmVmp : Match on catch block at 0xc3 in for 0xa5
01-23 18:41:37.782 11308 11308 E ArmVmp : Match on catch block at 0xc3 in for 0xa9
01-23 18:41:37.784 11308 11308 E ArmVmp : Match on catch block at 0xc3 in for 0xa9
01-23 18:41:37.795 11308 11308 E ArmVmp : Match on catch block at 0xc3 in for 0xa1
01-23 18:41:37.798 11308 11308 E ArmVmp : Match on catch block at 0xc3 in for 0xa5
01-23 18:41:37.800 11308 11308 E ArmVmp : Match on catch block at 0xc3 in for 0xa5
01-23 18:41:37.813 11308 11308 E ArmVmp : Match on catch block at 0xc3 in for 0xa9
01-23 18:41:37.816 11308 11308 E ArmVmp : Match on catch block at 0xc3 in for 0xa1
01-23 18:41:37.818 11308 11308 E ArmVmp : Match on catch block at 0xc3 in for 0xa1
01-23 18:41:37.829 11308 11308 E ArmVmp : Match on catch block at 0xc3 in for 0xa5
01-23 18:41:37.832 11308 11308 E ArmVmp : Match on catch block at 0xc3 in for 0xa9
01-23 18:41:37.835 11308 11308 E ArmVmp : Match on catch block at 0xc3 in for 0xa9
01-23 18:41:37.846 11308 11308 E ArmVmp : Match on catch block at 0xc3 in for 0xa1
01-23 18:41:37.850 11308 11308 E ArmVmp : Match on catch block at 0xc3 in for 0xa5
01-23 18:41:37.852 11308 11308 E ArmVmp : Match on catch block at 0xc3 in for 0xa5
01-23 18:41:37.863 11308 11308 E ArmVmp : Match on catch block at 0xc3 in for 0xa9
01-23 18:41:37.867 11308 11308 E ArmVmp : Match on catch block at 0xc3 in for 0xa1
01-23 18:41:37.869 11308 11308 E ArmVmp : Match on catch block at 0xc3 in for 0xa1
01-23 18:41:37.879 11308 11308 E ArmVmp : Match on catch block at 0xc3 in for 0xa5
01-23 18:41:37.884 11308 11308 E ArmVmp : Match on catch block at 0xc3 in for 0xa9
01-23 18:41:37.887 11308 11308 E ArmVmp : Match on catch block at 0xc3 in for 0xa9
01-23 18:41:37.896 11308 11308 E ArmVmp : Match on catch block at 0xc3 in for 0xa1
01-23 18:41:37.900 11308 11308 E ArmVmp : Match on catch block at 0xc3 in for 0xa5
01-23 18:41:37.903 11308 11308 E ArmVmp : Match on catch block at 0xc3 in for 0xa5
01-23 18:41:37.914 11308 11308 E ArmVmp : Match on catch block at 0xc3 in for 0xa9
01-23 18:41:37.919 11308 11308 E ArmVmp : Match on catch block at 0xc3 in for 0xa1
01-23 18:41:37.921 11308 11308 E ArmVmp : Match on catch block at 0xc3 in for 0xa1
01-23 18:41:37.930 11308 11308 E ArmVmp : Match on catch block at 0xc3 in for 0xa5
01-23 18:41:37.935 11308 11308 E ArmVmp : Match on catch block at 0xc3 in for 0xa9
01-23 18:41:37.937 11308 11308 E ArmVmp : Match on catch block at 0xc3 in for 0xa9
01-23 18:41:37.945 11308 11308 E ArmVmp : Match on catch block at 0xc3 in for 0xa1
01-23 18:41:37.947 11308 11308 E ArmVmp : Match on catch block at 0xc3 in for 0xa5
01-23 18:41:37.949 11308 11308 E ArmVmp : Match on catch block at 0xc3 in for 0xa5
01-23 18:41:37.962 11308 11308 E ArmVmp : Match on catch block at 0xc3 in for 0xa9
01-23 18:41:37.965 11308 11308 E ArmVmp : Match on catch block at 0xc3 in for 0xa1
01-23 18:41:37.967 11308 11308 E ArmVmp : Match on catch block at 0xc3 in for 0xa1
01-23 18:41:37.979 11308 11308 E ArmVmp : Match on catch block at 0xc3 in for 0xa5
01-23 18:41:37.982 11308 11308 E ArmVmp : Match on catch block at 0xc3 in for 0xa9
01-23 18:41:37.984 11308 11308 E ArmVmp : Match on catch block at 0xc3 in for 0xa9
01-23 18:41:38.030 11308 11308 E ArmVmp : Match on catch block at 0xc3 in for 0xa1
01-23 18:41:38.033 11308 11308 E ArmVmp : Match on catch block at 0xc3 in for 0xa5
01-23 18:41:38.046 11308 11308 E ArmVmp : Match on catch block at 0xc3 in for 0xa5
01-23 18:41:38.050 11308 11308 E ArmVmp : Match on catch block at 0xc3 in for 0xa9
01-23 18:41:38.052 11308 11308 E ArmVmp : Match on catch block at 0xc3 in for 0xa9
01-23 18:41:38.162 11308 11308 E ArmVmp : Match on catch block at 0xc3 in for 0xa5
01-23 18:41:38.166 11308 11308 E ArmVmp : Match on catch block at 0xc3 in for 0xa9
01-23 18:41:38.168 11308 11308 E ArmVmp : Match on catch block at 0xc3 in for 0xa9
01-23 18:41:38.179 11308 11308 E ArmVmp : Match on catch block at 0xc3 in for 0xa1
01-23 18:41:38.183 11308 11308 E ArmVmp : Match on catch block at 0xc3 in for 0xa5
01-23 18:41:38.186 11308 11308 E ArmVmp : Match on catch block at 0xc3 in for 0xa5
01-23 18:41:38.444 11308 11308 E ArmVmp : Match on catch block at 0xc3 in for 0xa9
01-23 18:41:38.448 11308 11308 E ArmVmp : Match on catch block at 0xc3 in for 0xa1
01-23 18:41:38.450 11308 11308 E ArmVmp : Match on catch block at 0xc3 in for 0xa1
01-23 18:41:38.460 11308 11308 E ArmVmp : Match on catch block at 0xc3 in for 0xa5
01-23 18:41:38.463 11308 11308 E ArmVmp : Match on catch block at 0xc3 in for 0xa9
