01-23 11:11:49.557 31949 31949 W com.mbwhatsapp: Accessing hidden method Lcom/android/org/conscrypt/OpenSSLSocketImpl;->setUseSessionTickets(Z)V (greylist- max-q,test-api, reflection, denied)
01-23 11:11:49.558 31949 31949 W com.mbwhatsapp: Accessing hidden method Lcom/android/org/conscrypt/AbstractConscryptSocket;->setUseSessionTickets(Z)V (greylist-max-q, reflection, denied)
01-23 11:11:49.659 31949 31949 W com.mbwhatsapp: type=1400 audit(0.0:187749): avc: granted { execute } for path="/data/data/com.mbwhatsapp/files/decompressed/libs.spk.zst/libc++_shared.so" dev="mmcblk0p78" ino=63119 scontext=u:r:untrusted_app:s0:c167,c257,c512,c768 tcontext=u:object_r:app_data_file:s0:c167,c257,c512,c768 tclass=file app=com.mbwhatsapp
01-23 11:11:49.662 31949 31949 W linker : Warning: "/data/data/com.mbwhatsapp/files/decompressed/libs.spk.zst/libc++_shared.so" unused DT entry: unknown processor-specific (type 0x70000001 arg 0x0) (ignoring)
01-23 11:11:49.669 31949 31949 W com.mbwhatsapp: type=1400 audit(0.0:187750): avc: granted { execute } for path="/data/data/com.mbwhatsapp/files/decompressed/libs.spk.zst/libvlc.so" dev="mmcblk0p78" ino=515485 scontext=u:r:untrusted_app:s0:c167,c257,c512,c768 tcontext=u:object_r:app_data_file:s0:c167,c257,c512,c768 tclass=file app=com.mbwhatsapp
01-23 11:11:49.689 31949 31949 W com.mbwhatsapp: type=1400 audit(0.0:187751): avc: granted { execute } for path="/data/data/com.mbwhatsapp/files/decompressed/libs.spk.zst/libwhatsapp.so" dev="mmcblk0p78" ino=512112 scontext=u:r:untrusted_app:s0:c167,c257,c512,c768 tcontext=u:object_r:app_data_file:s0:c167,c257,c512,c768 tclass=file app=com.mbwhatsapp
01-23 11:11:49.765 31949 31949 W com.mbwhatsapp: type=1400 audit(0.0:187752): avc: granted { execute } for path="/data/data/com.mbwhatsapp/files/decompressed/libs.spk.zst/libcurve25519.so" dev="mmcblk0p78" ino=425206 scontext=u:r:untrusted_app:s0:c167,c257,c512,c768 tcontext=u:object_r:app_data_file:s0:c167,c257,c512,c768 tclass=file app=com.mbwhatsapp
01-23 11:11:49.775 31949 31949 W com.mbwhatsapp: type=1400 audit(0.0:187753): avc: granted { execute } for path="/data/data/com.mbwhatsapp/files/decompressed/libs.spk.zst/libwhatsapp.so" dev="mmcblk0p78" ino=512112 scontext=u:r:untrusted_app:s0:c167,c257,c512,c768 tcontext=u:object_r:app_data_file:s0:c167,c257,c512,c768 tclass=file app=com.mbwhatsapp
01-23 11:11:49.775 31949 31949 W com.mbwhatsapp: type=1400 audit(0.0:187754): avc: granted { execute } for path="/data/data/com.mbwhatsapp/files/decompressed/libs.spk.zst/libwhatsapp.so" dev="mmcblk0p78" ino=512112 scontext=u:r:untrusted_app:s0:c167,c257,c512,c768 tcontext=u:object_r:app_data_file:s0:c167,c257,c512,c768 tclass=file app=com.mbwhatsapp
01-23 11:11:49.889 31949 31998 W com.mbwhatsapp: Class X.2rL failed lock verification and will run slower.
01-23 11:11:49.889 31949 31998 W com.mbwhatsapp: Common causes for lock verification issues are non-optimized dex code
01-23 11:11:49.889 31949 31998 W com.mbwhatsapp: and incorrect proguard optimizations.
01-23 11:12:34.659 31949 31995 E SQLiteDatabase: Error inserting transferred=1 media_job_uuid=c2a77c5a-e022-4e0c-b2a4-e2938a7b7a3b transcoded=0 gif_attribution=0 first_scan_length=5547 direct_path=/v/t62.7118- 24/56111345_1126407998359594_7641387357985210_n.enc?ccb=11- 4&oh=01_AdSM9zIla1gdGOqPTWzb5mZGchdN7hJ_XO4PU0TcKg1yBw&oe=65D7738E&_nc_sid=5e03e0 thumbnail_height_width_ratio=1.2473118 is_animated_sticker=0 file_hash=lYVrP6KaCmJtCdtX1DeCfkHKBqd8fpyc5SkjsDiwYmk= file_path=Media/.Statuses/369cefd3bd1849bdaa0bca267653eec0.jpg file_size=49214 partial_media_hash=TqYqd7baEXDVVfq2g2qoif9J1MIdow1Gj5jtbzK5PTk= face_x=0 face_y=0 height=960 trim_to=0 media_key_timestamp=1706033542000 message_url=https://mmg.whatsapp.net/v/t62.7118- 24/56111345_1126407998359594_7641387357985210_n.enc?ccb=11- 4&oh=01_AdSM9zIla1gdGOqPTWzb5mZGchdN7hJ_XO4PU0TcKg1yBw&oe=65D7738E&_nc_sid=5e03e0&m ms3=true media_caption=null trim_from=0 mime_type=image/jpeg partial_media_enc_hash=null width=768 original_file_hash=null has_streaming_sidecar=1 autotransfer_retry_enabled=1 media_upload_handle=null message_row_id=51998 multicast_id=null enc_file_hash=3Cgzg6Ll+JQ1Y2clErlS8UiBJi+rWUR9rhuJhuThkhU= mute_video=0 page_count=0 first_scan_sidecar=[B@9496e24 suspicious_content=0 file_length=49214 media_name=null media_duration=0 chat_row_id=72 media_key=[B@7ab0d8d
01-23 11:12:34.659 31949 31995 E SQLiteDatabase: android.database.sqlite.SQLiteConstraintException: UNIQUE constraint failed: message_media.message_row_id (code 1555 SQLITE_CONSTRAINT_PRIMARYKEY)
01-23 11:12:34.659 31949 31995 E SQLiteDatabase: at android.database.sqlite.SQLiteConnection.nativeExecuteForLastInsertedRowId(Native Method)
01-23 11:12:34.659 31949 31995 E SQLiteDatabase: at android.database.sqlite.SQLiteConnection.executeForLastInsertedRowId(SQLiteConnecti on.java:938)
01-23 11:12:34.659 31949 31995 E SQLiteDatabase: at android.database.sqlite.SQLiteSession.executeForLastInsertedRowId(SQLiteSession.jav a:790)
01-23 11:12:34.659 31949 31995 E SQLiteDatabase: at android.database.sqlite.SQLiteStatement.executeInsert(SQLiteStatement.java:88)
01-23 11:12:34.659 31949 31995 E SQLiteDatabase: at android.database.sqlite.SQLiteDatabase.insertWithOnConflict(SQLiteDatabase.java:170 1)
01-23 11:12:34.659 31949 31995 E SQLiteDatabase: at android.database.sqlite.SQLiteDatabase.insert(SQLiteDatabase.java:1570)
01-23 11:12:34.659 31949 31995 E SQLiteDatabase: at X.2tm.A08(Unknown Source:6)
01-23 11:12:34.659 31949 31995 E SQLiteDatabase: at X.35Y.A07(Unknown Source:212)
01-23 11:12:34.659 31949 31995 E SQLiteDatabase: at X.3QF.A14(Unknown Source:470)
01-23 11:12:34.659 31949 31995 E SQLiteDatabase: at X.3gU.run(Unknown Source:982)
01-23 11:12:34.659 31949 31995 E SQLiteDatabase: at android.os.Handler.handleCallback(Handler.java:938)
01-23 11:12:34.659 31949 31995 E SQLiteDatabase: at android.os.Handler.dispatchMessage(Handler.java:99)
01-23 11:12:34.659 31949 31995 E SQLiteDatabase: at X.0zq.dispatchMessage(Unknown Source:4)
01-23 11:12:34.659 31949 31995 E SQLiteDatabase: at android.os.Looper.loop(Looper.java:250)
01-23 11:12:34.659 31949 31995 E SQLiteDatabase: at android.os.HandlerThread.run(HandlerThread.java:67) --------- beginning of main
01-23 11:14:22.212 2642 2642 E com.mbwhatsapp: Not starting debugger since process cannot load the jdwp agent.
01-23 11:14:22.695 2642 2642 W System.err: java.lang.ClassNotFoundException: mbmodsd.mbmodsw.ui.views.btn.BtnBK
01-23 11:14:22.699 2642 2642 W System.err: at java.lang.Runtime.nativeLoad(Native Method)
01-23 11:14:22.699 2642 2642 W System.err: at java.lang.Runtime.nativeLoad(Runtime.java:1131)
01-23 11:14:22.699 2642 2642 W System.err: at java.lang.Runtime.loadLibrary0(Runtime.java:1085)
01-23 11:14:22.699 2642 2642 W System.err: at java.lang.Runtime.loadLibrary0(Runtime.java:1008)
01-23 11:14:22.699 2642 2642 W System.err: at java.lang.System.loadLibrary(System.java:1664)
01-23 11:14:22.699 2642 2642 W System.err: at arm.EpicVm.<clinit>(Unknown Source:2)
01-23 11:14:22.699 2642 2642 W System.err: at java.lang.Class.newInstance(Native Method)
01-23 11:14:22.699 2642 2642 W System.err: at android.app.AppComponentFactory.instantiateApplication(AppComponentFactory.java:76)
01-23 11:14:22.700 2642 2642 W System.err: at androidx.core.app.CoreComponentFactory.instantiateApplication(Unknown Source:0)
01-23 11:14:22.700 2642 2642 W System.err: at android.app.Instrumentation.newApplication(Instrumentation.java:1158)
01-23 11:14:22.700 2642 2642 W System.err: at android.app.LoadedApk.makeApplication(LoadedApk.java:1268)
01-23 11:14:22.700 2642 2642 W System.err: at android.app.ActivityThread.handleBindApplication(ActivityThread.java:6819)
01-23 11:14:22.700 2642 2642 W System.err: at android.app.ActivityThread.access$1400(ActivityThread.java:252)
01-23 11:14:22.700 2642 2642 W System.err: at android.app.ActivityThread$H.handleMessage(ActivityThread.java:1979)
01-23 11:14:22.700 2642 2642 W System.err: at android.os.Handler.dispatchMessage(Handler.java:106)
01-23 11:14:22.700 2642 2642 W System.err: at android.os.Looper.loop(Looper.java:250)
01-23 11:14:22.700 2642 2642 W System.err: at android.app.ActivityThread.main(ActivityThread.java:7848)
01-23 11:14:22.700 2642 2642 W System.err: at java.lang.reflect.Method.invoke(Native Method)
01-23 11:14:22.700 2642 2642 W System.err: at com.android.internal.os.RuntimeInit$MethodAndArgsCaller.run(RuntimeInit.java:592)
01-23 11:14:22.700 2642 2642 W System.err: at com.android.internal.os.ZygoteInit.main(ZygoteInit.java:958)
01-23 11:14:22.777 2642 2642 E CustomActivityOnCrash: IMPORTANT WARNING! You already have an UncaughtExceptionHandler, are you sure this is correct? If you use a custom UncaughtExceptionHandler, you must initialize it AFTER CustomActivityOnCrash! Installing anyway, but your original handler will not be called.
01-23 11:14:25.936 2642 2642 W com.mbwhatsapp: Accessing hidden method Lcom/android/org/conscrypt/OpenSSLSocketImpl;->setUseSessionTickets(Z)V (greylist- max-q,test-api, reflection, denied)
01-23 11:14:25.943 2642 2642 W com.mbwhatsapp: Accessing hidden method Lcom/android/org/conscrypt/AbstractConscryptSocket;->setUseSessionTickets(Z)V (greylist-max-q, reflection, denied)
01-23 11:14:26.145 2642 2642 W com.mbwhatsapp: Verification of void X.3gG.run() took 131.501ms (18159.52 bytecodes/s) (73648B approximate peak alloc)
01-23 11:14:26.384 2642 2642 W linker : Warning: "/data/data/com.mbwhatsapp/files/decompressed/libs.spk.zst/libc++_shared.so" unused DT entry: unknown processor-specific (type 0x70000001 arg 0x0) (ignoring)
01-23 11:14:26.382 2642 2642 W com.mbwhatsapp: type=1400 audit(0.0:188030): avc: granted { execute } for path="/data/data/com.mbwhatsapp/files/decompressed/libs.spk.zst/libc++_shared.so" dev="mmcblk0p78" ino=63119 scontext=u:r:untrusted_app:s0:c167,c257,c512,c768 tcontext=u:object_r:app_data_file:s0:c167,c257,c512,c768 tclass=file app=com.mbwhatsapp
01-23 11:14:26.402 2642 2642 W com.mbwhatsapp: type=1400 audit(0.0:188031): avc: granted { execute } for path="/data/data/com.mbwhatsapp/files/decompressed/libs.spk.zst/libvlc.so" dev="mmcblk0p78" ino=515485 scontext=u:r:untrusted_app:s0:c167,c257,c512,c768 tcontext=u:object_r:app_data_file:s0:c167,c257,c512,c768 tclass=file app=com.mbwhatsapp
01-23 11:14:26.465 2642 2642 W com.mbwhatsapp: type=1400 audit(0.0:188032): avc: granted { execute } for path="/data/data/com.mbwhatsapp/files/decompressed/libs.spk.zst/libwhatsapp.so" dev="mmcblk0p78" ino=512112 scontext=u:r:untrusted_app:s0:c167,c257,c512,c768 tcontext=u:object_r:app_data_file:s0:c167,c257,c512,c768 tclass=file app=com.mbwhatsapp
01-23 11:14:26.635 2642 2642 W com.mbwhatsapp: type=1400 audit(0.0:188033): avc: granted { execute } for path="/data/data/com.mbwhatsapp/files/decompressed/libs.spk.zst/libcurve25519.so" dev="mmcblk0p78" ino=425206 scontext=u:r:untrusted_app:s0:c167,c257,c512,c768 tcontext=u:object_r:app_data_file:s0:c167,c257,c512,c768 tclass=file app=com.mbwhatsapp
01-23 11:14:26.669 2642 2642 W com.mbwhatsapp: type=1400 audit(0.0:188034): avc: granted { execute } for path="/data/data/com.mbwhatsapp/files/decompressed/libs.spk.zst/libwhatsapp.so" dev="mmcblk0p78" ino=512112 scontext=u:r:untrusted_app:s0:c167,c257,c512,c768 tcontext=u:object_r:app_data_file:s0:c167,c257,c512,c768 tclass=file app=com.mbwhatsapp
01-23 11:14:26.942 2642 3156 W com.mbwhatsapp: Class X.2rL failed lock verification and will run slower.
01-23 11:14:26.942 2642 3156 W com.mbwhatsapp: Common causes for lock verification issues are non-optimized dex code
01-23 11:14:26.942 2642 3156 W com.mbwhatsapp: and incorrect proguard optimizations. --------- beginning of main
01-23 11:14:53.032 4875 4875 W stagram.android: type=1400 audit(0.0:188244): avc: denied { read } for name="zoneinfo" dev="proc" ino=4026532110 scontext=u:r:untrusted_app:s0:c56,c257,c512,c768 tcontext=u:object_r:proc_zoneinfo:s0 tclass=file permissive=0 app=com.mbwhatsapp
01-23 11:14:53.045 4875 4875 W Lacrima_single_: type=1400 audit(0.0:188245): avc: denied { read } for name="sdcard" dev="tmpfs" ino=18778 scontext=u:r:untrusted_app:s0:c56,c257,c512,c768 tcontext=u:object_r:mnt_sdcard_file:s0 tclass=lnk_file permissive=0 app=com.mbwhatsapp
01-23 11:14:53.045 4875 4875 W Lacrima_single_: type=1400 audit(0.0:188246): avc: denied { read } for name="sdcard" dev="tmpfs" ino=18778 scontext=u:r:untrusted_app:s0:c56,c257,c512,c768 tcontext=u:object_r:mnt_sdcard_file:s0 tclass=lnk_file permissive=0 app=com.mbwhatsapp
01-23 11:14:53.085 4875 4875 W Lacrima_startup: type=1400 audit(0.0:188247): avc: granted { execute } for path="/data/data/com.instagram.android/lib-compressed/libredexsharedmerged.so" dev="mmcblk0p78" ino=138094 scontext=u:r:untrusted_app:s0:c56,c257,c512,c768 tcontext=u:object_r:app_data_file:s0:c56,c257,c512,c768 tclass=file app=com.mbwhatsapp
01-23 11:14:53.092 4875 4875 W Lacrima_startup: type=1400 audit(0.0:188248): avc: granted { execute } for path="/data/data/com.instagram.android/lib-compressed/libdextricksmerged.so" dev="mmcblk0p78" ino=825139 scontext=u:r:untrusted_app:s0:c56,c257,c512,c768 tcontext=u:object_r:app_data_file:s0:c56,c257,c512,c768 tclass=file app=com.mbwhatsapp
01-23 11:14:53.112 4875 4875 W Lacrima_startup: type=1400 audit(0.0:188249): avc: granted { execute } for path="/data/data/com.instagram.android/lib-compressed/libloommerged_1.so" dev="mmcblk0p78" ino=625236 scontext=u:r:untrusted_app:s0:c56,c257,c512,c768 tcontext=u:object_r:app_data_file:s0:c56,c257,c512,c768 tclass=file app=com.mbwhatsapp
01-23 11:14:53.125 4875 4875 W Lacrima_startup: type=1400 audit(0.0:188250): avc: granted { execute } for path="/data/data/com.instagram.android/lib-compressed/libloommerged.so" dev="mmcblk0p78" ino=636904 scontext=u:r:untrusted_app:s0:c56,c257,c512,c768 tcontext=u:object_r:app_data_file:s0:c56,c257,c512,c768 tclass=file app=com.mbwhatsapp
01-23 11:14:53.135 4875 4875 W Lacrima_startup: type=1400 audit(0.0:188251): avc: granted { execute } for path="/data/data/com.instagram.android/lib-compressed/libpthread_interceptor.so" dev="mmcblk0p78" ino=728887 scontext=u:r:untrusted_app:s0:c56,c257,c512,c768 tcontext=u:object_r:app_data_file:s0:c56,c257,c512,c768 tclass=file app=com.mbwhatsapp
01-23 11:14:53.142 4875 4875 W Lacrima_startup: type=1400 audit(0.0:188252): avc: granted { execute } for path="/data/data/com.instagram.android/lib-compressed/libappstatelogger2.so" dev="mmcblk0p78" ino=227840 scontext=u:r:untrusted_app:s0:c56,c257,c512,c768 tcontext=u:object_r:app_data_file:s0:c56,c257,c512,c768 tclass=file app=com.mbwhatsapp
01-23 11:14:54.297 5062 5062 E com.mbwhatsapp: Not starting debugger since process cannot load the jdwp agent.
01-23 11:14:54.695 4875 4875 W SIMPLE_WORKER8: type=1400 audit(0.0:188287): avc: granted { execute } for path="/data/data/com.instagram.android/lib-compressed/librtgqlsdk-lite.so" dev="mmcblk0p78" ino=439853 scontext=u:r:untrusted_app:s0:c56,c257,c512,c768 tcontext=u:object_r:app_data_file:s0:c56,c257,c512,c768 tclass=file app=com.mbwhatsapp
01-23 11:14:54.740 5062 5062 W System.err: java.lang.ClassNotFoundException: mbmodsd.mbmodsw.ui.views.btn.BtnBK
01-23 11:14:54.740 5062 5062 W System.err: at java.lang.Runtime.nativeLoad(Native Method)
01-23 11:14:54.740 5062 5062 W System.err: at java.lang.Runtime.nativeLoad(Runtime.java:1131)
01-23 11:14:54.740 5062 5062 W System.err: at java.lang.Runtime.loadLibrary0(Runtime.java:1085)
01-23 11:14:54.740 5062 5062 W System.err: at java.lang.Runtime.loadLibrary0(Runtime.java:1008)
01-23 11:14:54.740 5062 5062 W System.err: at java.lang.System.loadLibrary(System.java:1664)
01-23 11:14:54.740 5062 5062 W System.err: at arm.EpicVm.<clinit>(Unknown Source:2)
01-23 11:14:54.740 5062 5062 W System.err: at java.lang.Class.newInstance(Native Method)
01-23 11:14:54.740 5062 5062 W System.err: at android.app.AppComponentFactory.instantiateApplication(AppComponentFactory.java:76)
01-23 11:14:54.740 5062 5062 W System.err: at androidx.core.app.CoreComponentFactory.instantiateApplication(Unknown Source:0)
01-23 11:14:54.740 5062 5062 W System.err: at android.app.Instrumentation.newApplication(Instrumentation.java:1158)
01-23 11:14:54.740 5062 5062 W System.err: at android.app.LoadedApk.makeApplication(LoadedApk.java:1268)
01-23 11:14:54.741 5062 5062 W System.err: at android.app.ActivityThread.handleBindApplication(ActivityThread.java:6819)
01-23 11:14:54.741 5062 5062 W System.err: at android.app.ActivityThread.access$1400(ActivityThread.java:252)
01-23 11:14:54.741 5062 5062 W System.err: at android.app.ActivityThread$H.handleMessage(ActivityThread.java:1979)
01-23 11:14:54.741 5062 5062 W System.err: at android.os.Handler.dispatchMessage(Handler.java:106)
01-23 11:14:54.741 5062 5062 W System.err: at android.os.Looper.loop(Looper.java:250)
01-23 11:14:54.741 5062 5062 W System.err: at android.app.ActivityThread.main(ActivityThread.java:7848)
01-23 11:14:54.741 5062 5062 W System.err: at java.lang.reflect.Method.invoke(Native Method)
01-23 11:14:54.741 5062 5062 W System.err: at com.android.internal.os.RuntimeInit$MethodAndArgsCaller.run(RuntimeInit.java:592)
01-23 11:14:54.741 5062 5062 W System.err: at com.android.internal.os.ZygoteInit.main(ZygoteInit.java:958)
01-23 11:14:54.812 5062 5062 E CustomActivityOnCrash: IMPORTANT WARNING! You already have an UncaughtExceptionHandler, are you sure this is correct? If you use a custom UncaughtExceptionHandler, you must initialize it AFTER CustomActivityOnCrash! Installing anyway, but your original handler will not be called.
01-23 11:14:54.815 4875 4875 W SIMPLE_WORKER8: type=1400 audit(0.0:188288): avc: granted { execute } for path="/data/data/com.instagram.android/lib-compressed/libfb_mboost.so" dev="mmcblk0p78" ino=778260 scontext=u:r:untrusted_app:s0:c56,c257,c512,c768 tcontext=u:object_r:app_data_file:s0:c56,c257,c512,c768 tclass=file app=com.mbwhatsapp
01-23 11:14:54.855 4875 4875 W SIMPLE_WORKER8: type=1400 audit(0.0:188289): avc: granted { execute } for path="/data/data/com.instagram.android/lib-compressed/libxplat_ReliableMedia_Reliab leMediaAndroid.so" dev="mmcblk0p78" ino=745294 scontext=u:r:untrusted_app:s0:c56,c257,c512,c768 tcontext=u:object_r:app_data_file:s0:c56,c257,c512,c768 tclass=file app=com.mbwhatsapp
01-23 11:14:54.859 4875 4875 W SIMPLE_WORKER8: type=1400 audit(0.0:188290): avc: granted { execute } for path="/data/data/com.instagram.android/lib-compressed/libxplat_ReliableMedia_UrlMap Parser_UrlMapParserAndroid.so" dev="mmcblk0p78" ino=667715 scontext=u:r:untrusted_app:s0:c56,c257,c512,c768 tcontext=u:object_r:app_data_file:s0:c56,c257,c512,c768 tclass=file app=com.mbwhatsapp
01-23 11:14:54.869 4875 4875 W SIMPLE_WORKER8: type=1400 audit(0.0:188291): avc: granted { execute } for path="/data/data/com.instagram.android/lib-compressed/libxplat_ReliableMedia_TigonU rlMapFetcher_TigonUrlMapFetcherAndroid.so" dev="mmcblk0p78" ino=772922 scontext=u:r:untrusted_app:s0:c56,c257,c512,c768 tcontext=u:object_r:app_data_file:s0:c56,c257,c512,c768 tclass=file app=com.mbwhatsapp
01-23 11:14:55.506 5062 5062 W com.mbwhatsapp: Accessing hidden method Lcom/android/org/conscrypt/OpenSSLSocketImpl;->setUseSessionTickets(Z)V (greylist- max-q,test-api, reflection, denied)
01-23 11:14:55.506 5062 5062 W com.mbwhatsapp: Accessing hidden method Lcom/android/org/conscrypt/AbstractConscryptSocket;->setUseSessionTickets(Z)V (greylist-max-q, reflection, denied)
01-23 11:14:55.634 5062 5062 W linker : Warning: "/data/data/com.mbwhatsapp/files/decompressed/libs.spk.zst/libc++_shared.so" unused DT entry: unknown processor-specific (type 0x70000001 arg 0x0) (ignoring)
01-23 11:14:55.922 5062 5155 W com.mbwhatsapp: Class X.2rL failed lock verification and will run slower.
01-23 11:14:55.922 5062 5155 W com.mbwhatsapp: Common causes for lock verification issues are non-optimized dex code
01-23 11:14:55.922 5062 5155 W com.mbwhatsapp: and incorrect proguard optimizations.
01-23 11:14:56.779 4875 4875 W SIMPLE_WORKER8: type=1400 audit(0.0:188303): avc: granted { execute } for path="/data/data/com.instagram.android/lib-compressed/libliger.so" dev="mmcblk0p78" ino=434484 scontext=u:r:untrusted_app:s0:c56,c257,c512,c768 tcontext=u:object_r:app_data_file:s0:c56,c257,c512,c768 tclass=file app=com.mbwhatsapp
01-23 11:14:56.825 4875 4875 W SIMPLE_WORKER8: type=1400 audit(0.0:188304): avc: granted { execute } for path="/data/data/com.instagram.android/modules/pytorch_4c68b1a11843535961bee8d76cc1 e53142d0a5c12a2bc526a714c8fc40f81efb/lib-compressed/arm64-v8a/ libtorchmerged_pytorch_1.so" dev="mmcblk0p78" ino=712161 scontext=u:r:untrusted_app:s0:c56,c257,c512,c768 tcontext=u:object_r:app_data_file:s0:c56,c257,c512,c768 tclass=file app=com.mbwhatsapp
01-23 11:14:56.829 4875 4875 W SIMPLE_WORKER8: type=1400 audit(0.0:188305): avc: granted { execute } for path="/data/data/com.instagram.android/modules/pytorch_4c68b1a11843535961bee8d76cc1 e53142d0a5c12a2bc526a714c8fc40f81efb/lib-compressed/arm64-v8a/libxplat_third- party_NNPACK_NNPACKAndroid.so" dev="mmcblk0p78" ino=340027 scontext=u:r:untrusted_app:s0:c56,c257,c512,c768 tcontext=u:object_r:app_data_file:s0:c56,c257,c512,c768 tclass=file app=com.mbwhatsapp
01-23 11:14:56.842 4875 4875 W SIMPLE_WORKER8: type=1400 audit(0.0:188306): avc: granted { execute } for path="/data/data/com.instagram.android/lib-compressed/libdextricksmerged_1.so" dev="mmcblk0p78" ino=439597 scontext=u:r:untrusted_app:s0:c56,c257,c512,c768 tcontext=u:object_r:app_data_file:s0:c56,c257,c512,c768 tclass=file app=com.mbwhatsapp
01-23 11:14:56.869 4875 4875 W SIMPLE_WORKER8: type=1400 audit(0.0:188307): avc: granted { execute } for path="/data/data/com.instagram.android/lib-compressed/libtorchmerged.so" dev="mmcblk0p78" ino=657198 scontext=u:r:untrusted_app:s0:c56,c257,c512,c768 tcontext=u:object_r:app_data_file:s0:c56,c257,c512,c768 tclass=file app=com.mbwhatsapp
01-23 11:14:56.875 4875 4875 W SIMPLE_WORKER8: type=1400 audit(0.0:188308): avc: granted { execute } for path="/data/data/com.instagram.android/modules/pytorch_4c68b1a11843535961bee8d76cc1 e53142d0a5c12a2bc526a714c8fc40f81efb/lib-compressed/arm64-v8a/ libtorchmerged_pytorch.so" dev="mmcblk0p78" ino=756420 scontext=u:r:untrusted_app:s0:c56,c257,c512,c768 tcontext=u:object_r:app_data_file:s0:c56,c257,c512,c768 tclass=file app=com.mbwhatsapp
01-23 11:16:12.049 5062 5062 W com.mbwhatsapp: Class X.0eU failed lock verification and will run slower.
01-23 11:16:12.801 5062 5062 W com.mbwhatsapp: Class com.mbwhatsapp.HomeActivity failed lock verification and will run slower.
01-23 11:16:14.418 5062 5062 E ArmVmp : Match on catch block at 0x0a in for 0xc9
01-23 11:16:14.578 5062 5938 W com.mbwhatsapp: Accessing hidden method Lcom/android/org/conscrypt/ConscryptEngineSocket;->setUseSessionTickets(Z)V (greylist-max-q,test-api, reflection, denied)
01-23 11:16:14.578 5062 5938 W com.mbwhatsapp: Accessing hidden method Lcom/android/org/conscrypt/OpenSSLSocketImpl;->setUseSessionTickets(Z)V (greylist- max-q,test-api, reflection, denied)
01-23 11:16:14.578 5062 5938 W com.mbwhatsapp: Accessing hidden method Lcom/android/org/conscrypt/AbstractConscryptSocket;->setUseSessionTickets(Z)V (greylist-max-q, reflection, denied)
01-23 11:16:14.579 5062 5938 W com.mbwhatsapp: Accessing hidden method Lcom/android/org/conscrypt/ConscryptEngineSocket;->setHostname(Ljava/lang/String;)V (greylist-max-q,test-api, reflection, denied)
01-23 11:16:14.579 5062 5938 W com.mbwhatsapp: Accessing hidden method Lcom/android/org/conscrypt/OpenSSLSocketImpl;->setHostname(Ljava/lang/String;)V (greylist-max-q,test-api, reflection, denied)
01-23 11:16:14.580 5062 5938 W com.mbwhatsapp: Accessing hidden method Lcom/android/org/conscrypt/AbstractConscryptSocket;->setHostname(Ljava/lang/ String;)V (greylist-max-q, reflection, denied)
01-23 11:16:14.580 5062 5938 W com.mbwhatsapp: Accessing hidden method Lcom/android/org/conscrypt/OpenSSLSocketImpl;->setAlpnProtocols([B)V (greylist-max- q,test-api, reflection, denied)
01-23 11:16:14.580 5062 5938 W com.mbwhatsapp: Accessing hidden method Lcom/android/org/conscrypt/AbstractConscryptSocket;->setAlpnProtocols([B)V (greylist-max-q, reflection, denied)
01-23 11:16:14.728 5062 5062 E ArmVmp : Match on catch block at 0x0a in for 0x139
01-23 11:16:14.756 5062 5938 W com.mbwhatsapp: Accessing hidden method Lcom/android/org/conscrypt/OpenSSLSocketImpl;->getAlpnSelectedProtocol()[B (greylist-max-q,test-api, reflection, denied)
01-23 11:16:14.757 5062 5938 W com.mbwhatsapp: Accessing hidden method Lcom/android/org/conscrypt/AbstractConscryptSocket;->getAlpnSelectedProtocol()[B (greylist-max-q, reflection, denied)
01-23 11:16:17.915 5062 5062 E RecyclerView: No adapter attached; skipping layout
01-23 11:16:18.009 5062 5062 E RecyclerView: No adapter attached; skipping layout
01-23 11:16:18.051 5062 5062 E ArmVmp : Match on catch block at 0x0a in for 0xd5
01-23 11:16:18.254 5062 6300 W LOTTIE : Animation contains merge paths. Merge paths are only supported on KitKat+ and must be manually enabled by calling enableMergePathsForKitKatAndAbove().
01-23 11:16:18.766 5062 5913 W Gralloc3: mapper 3.x is not supported
01-23 11:16:19.033 5062 5062 W LOTTIE : Animation contains merge paths but they are disabled.
01-23 11:16:20.498 5062 5062 E ArmVmp : Match on catch block at 0x5b in for 0x89
01-23 11:16:20.587 5062 5062 E ArmVmp : Match on catch block at 0x5b in for 0x81
01-23 11:16:20.602 5062 5062 E ArmVmp : Match on catch block at 0x5b in for 0x85
01-23 11:16:20.628 5062 5062 E ArmVmp : Match on catch block at 0x5b in for 0x89
01-23 11:16:20.660 5062 5062 E ArmVmp : Match on catch block at 0x5b in for 0x89
01-23 11:16:20.696 5062 6447 E BitmapFactory: Unable to decode stream: java.io.FileNotFoundException: /storage/emulated/0/Android/media/com.mbwhatsapp/MBWhatsApp/Media/.Links/ 6502e40324f487a1699811b844db76cd: open failed: ENOENT (No such file or directory)
01-23 11:16:25.128 5062 6659 E linker : library "" ("/apex/com.android.vndk.v30/lib64") needed or dlopened by "/apex/com.android.vndk.v30/lib64/libRS_internal.so" is not accessible for the namespace: [name="rs", ld_library_paths="", default_library_paths="/apex/com.android.vndk.v30/lib64:/vendor/lib64", permitted_paths="/odm/lib64:/vendor/lib64:/system/vendor/lib64:/data"]
01-23 11:16:25.129 5062 6659 E RenderScript: Failed loading RS driver: dlopen failed: library "" needed or dlopened by "/apex/com.android.vndk.v30/lib64/libRS_internal.so" is not accessible for the namespace "rs"
01-23 11:16:25.129 5062 6659 E RenderScript: Failed to load runtime , loading default
01-23 11:16:25.362 5062 6300 W LOTTIE : Unknown shape type rd
01-23 11:16:25.480 5062 5062 E ArmVmp : Match on catch block at 0x0a in for 0xc5
01-23 11:16:25.484 5062 5062 E ArmVmp : Match on catch block at 0x0a in for 0xc5
01-23 11:16:26.053 5062 5062 E ArmVmp : Match on catch block at 0xc3 in for 0xb5
01-23 11:16:26.082 5062 5062 E ArmVmp : Match on catch block at 0xc3 in for 0xb1
01-23 11:16:26.086 5062 5062 E ArmVmp : Match on catch block at 0xc3 in for 0xb1
01-23 11:16:26.197 5062 5062 E ArmVmp : Match on catch block at 0xc3 in for 0xa1
01-23 11:16:26.200 5062 5062 E ArmVmp : Match on catch block at 0xc3 in for 0xa9
01-23 11:16:26.202 5062 5062 E ArmVmp : Match on catch block at 0xc3 in for 0xa9
01-23 11:16:26.274 5062 5062 E ArmVmp : Match on catch block at 0xc3 in for 0xa9
01-23 11:16:26.277 5062 5062 E ArmVmp : Match on catch block at 0xc3 in for 0xa1
01-23 11:16:26.280 5062 5062 E ArmVmp : Match on catch block at 0xc3 in for 0xa1
01-23 11:16:26.366 5062 5062 E ArmVmp : Match on catch block at 0xc3 in for 0xa5
01-23 11:16:26.372 5062 5062 E ArmVmp : Match on catch block at 0xc3 in for 0xa9
01-23 11:16:26.376 5062 5062 E ArmVmp : Match on catch block at 0xc3 in for 0xa9
01-23 11:16:26.410 5062 5062 E ArmVmp : Match on catch block at 0xc3 in for 0xa9
01-23 11:16:26.414 5062 5062 E ArmVmp : Match on catch block at 0xc3 in for 0xa1
01-23 11:16:26.416 5062 5062 E ArmVmp : Match on catch block at 0xc3 in for 0xa1
01-23 11:16:26.424 5062 5062 E ArmVmp : Match on catch block at 0xc3 in for 0xa5
01-23 11:16:26.430 5062 5062 E ArmVmp : Match on catch block at 0xc3 in for 0xa9
01-23 11:16:26.435 5062 5062 E ArmVmp : Match on catch block at 0xc3 in for 0xa9
01-23 11:16:26.458 5062 5062 E ArmVmp : Match on catch block at 0xc3 in for 0xa1
01-23 11:16:26.461 5062 5062 E ArmVmp : Match on catch block at 0xc3 in for 0xa5
01-23 11:16:26.464 5062 5062 E ArmVmp : Match on catch block at 0xc3 in for 0xa5
01-23 11:16:26.473 5062 5062 E ArmVmp : Match on catch block at 0xc3 in for 0xa9
01-23 11:16:26.476 5062 5062 E ArmVmp : Match on catch block at 0xc3 in for 0xa1
01-23 11:16:26.478 5062 5062 E ArmVmp : Match on catch block at 0xc3 in for 0xa1
01-23 11:16:26.490 5062 5062 E ArmVmp : Match on catch block at 0xc3 in for 0xa5
01-23 11:16:26.495 5062 5062 E ArmVmp : Match on catch block at 0xc3 in for 0xa9
01-23 11:16:26.499 5062 5062 E ArmVmp : Match on catch block at 0xc3 in for 0xa9
01-23 11:16:26.507 5062 5062 E ArmVmp : Match on catch block at 0xc3 in for 0xa1
01-23 11:16:26.512 5062 5062 E ArmVmp : Match on catch block at 0xc3 in for 0xa5
01-23 11:16:26.515 5062 5062 E ArmVmp : Match on catch block at 0xc3 in for 0xa5
01-23 11:16:26.523 5062 5062 E ArmVmp : Match on catch block at 0xc3 in for 0xa9
01-23 11:16:26.526 5062 5062 E ArmVmp : Match on catch block at 0xc3 in for 0xa1
01-23 11:16:26.530 5062 5062 E ArmVmp : Match on catch block at 0xc3 in for 0xa1
01-23 11:16:26.540 5062 5062 E ArmVmp : Match on catch block at 0xc3 in for 0xa5
01-23 11:16:26.545 5062 5062 E ArmVmp : Match on catch block at 0xc3 in for 0xa9
01-23 11:16:26.547 5062 5062 E ArmVmp : Match on catch block at 0xc3 in for 0xa9
01-23 11:16:26.556 5062 5062 E ArmVmp : Match on catch block at 0xc3 in for 0xa5
01-23 11:16:26.562 5062 5062 E ArmVmp : Match on catch block at 0xc3 in for 0xa9
01-23 11:16:26.566 5062 5062 E ArmVmp : Match on catch block at 0xc3 in for 0xa9
01-23 11:16:26.579 5062 5062 E ArmVmp : Match on catch block at 0xc3 in for 0xa9
01-23 11:16:26.582 5062 5062 E ArmVmp : Match on catch block at 0xc3 in for 0xa1
01-23 11:16:26.585 5062 5062 E ArmVmp : Match on catch block at 0xc3 in for 0xa1
01-23 11:16:26.594 5062 5062 E ArmVmp : Match on catch block at 0xc3 in for 0xa5
01-23 11:16:26.597 5062 5062 E ArmVmp : Match on catch block at 0xc3 in for 0xa9
01-23 11:16:26.600 5062 5062 E ArmVmp : Match on catch block at 0xc3 in for 0xa9
01-23 11:16:26.607 5062 5062 E ArmVmp : Match on catch block at 0xc3 in for 0xa1
01-23 11:16:26.610 5062 5062 E ArmVmp : Match on catch block at 0xc3 in for 0xa5
01-23 11:16:26.613 5062 5062 E ArmVmp : Match on catch block at 0xc3 in for 0xa5
01-23 11:16:26.625 5062 5062 E ArmVmp : Match on catch block at 0xc3 in for 0xa9
01-23 11:16:26.630 5062 5062 E ArmVmp : Match on catch block at 0xc3 in for 0xa1
01-23 11:16:26.632 5062 5062 E ArmVmp : Match on catch block at 0xc3 in for 0xa1
01-23 11:16:26.643 5062 5062 E ArmVmp : Match on catch block at 0xc3 in for 0xa1
01-23 11:16:26.647 5062 5062 E ArmVmp : Match on catch block at 0xc3 in for 0xa5
01-23 11:16:26.650 5062 5062 E ArmVmp : Match on catch block at 0xc3 in for 0xa5
01-23 11:16:26.658 5062 5062 E ArmVmp : Match on catch block at 0xc3 in for 0xa9
01-23 11:16:26.661 5062 5062 E ArmVmp : Match on catch block at 0xc3 in for 0xa1
01-23 11:16:26.664 5062 5062 E ArmVmp : Match on catch block at 0xc3 in for 0xa1
01-23 11:16:26.673 5062 5062 E ArmVmp : Match on catch block at 0xc3 in for 0xa5
01-23 11:16:26.676 5062 5062 E ArmVmp : Match on catch block at 0xc3 in for 0xa9
01-23 11:16:26.679 5062 5062 E ArmVmp : Match on catch block at 0xc3 in for 0xa9
01-23 11:16:26.689 5062 5062 E ArmVmp : Match on catch block at 0xc3 in for 0xa1
01-23 11:16:26.693 5062 5062 E ArmVmp : Match on catch block at 0xc3 in for 0xa5
01-23 11:16:26.696 5062 5062 E ArmVmp : Match on catch block at 0xc3 in for 0xa5
01-23 11:16:26.705 5062 5062 E ArmVmp : Match on catch block at 0xc3 in for 0xa9
01-23 11:16:26.709 5062 5062 E ArmVmp : Match on catch block at 0xc3 in for 0xa1
01-23 11:16:26.712 5062 5062 E ArmVmp : Match on catch block at 0xc3 in for 0xa1
01-23 11:16:26.726 5062 5062 E ArmVmp : Match on catch block at 0xc3 in for 0xa5
01-23 11:16:26.729 5062 5062 E ArmVmp : Match on catch block at 0xc3 in for 0xa9
01-23 11:16:26.732 5062 5062 E ArmVmp : Match on catch block at 0xc3 in for 0xa9
01-23 11:16:26.755 5062 5062 E ArmVmp : Match on catch block at 0xc3 in for 0xa1
01-23 11:16:26.759 5062 5062 E ArmVmp : Match on catch block at 0xc3 in for 0xa5
01-23 11:16:26.761 5062 5062 E ArmVmp : Match on catch block at 0xc3 in for 0xa5
01-23 11:16:27.255 5062 5062 E ArmVmp : Match on catch block at 0xc3 in for 0xa9
01-23 11:16:27.258 5062 5062 E ArmVmp : Match on catch block at 0xc3 in for 0xa1
01-23 11:16:27.260 5062 5062 E ArmVmp : Match on catch block at 0xc3 in for 0xa1
01-23 11:16:27.756 5062 5062 E ArmVmp : Match on catch block at 0xc3 in for 0xa5
01-23 11:16:27.760 5062 5062 E ArmVmp : Match on catch block at 0xc3 in for 0xa9
01-23 11:16:27.763 5062 5062 E ArmVmp : Match on catch block at 0xc3 in for 0xa9
01-23 11:16:27.872 5062 5062 E ArmVmp : Match on catch block at 0xc3 in for 0xa1
01-23 11:16:27.876 5062 5062 E ArmVmp : Match on catch block at 0xc3 in for 0xa5
01-23 11:16:27.880 5062 5062 E ArmVmp : Match on catch block at 0xc3 in for 0xa5
01-23 11:16:27.888 5062 5062 E ArmVmp : Match on catch block at 0xc3 in for 0xa9
01-23 11:16:27.892 5062 5062 E ArmVmp : Match on catch block at 0xc3 in for 0xa1
01-23 11:16:27.894 5062 5062 E ArmVmp : Match on catch block at 0xc3 in for 0xa1
01-23 11:16:27.905 5062 5062 E ArmVmp : Match on catch block at 0xc3 in for 0xa5
01-23 11:16:27.908 5062 5062 E ArmVmp : Match on catch block at 0xc3 in for 0xa9
01-23 11:16:27.910 5062 5062 E ArmVmp : Match on catch block at 0xc3 in for 0xa9
01-23 11:16:27.921 5062 5062 E ArmVmp : Match on catch block at 0xc3 in for 0xa1
01-23 11:16:27.924 5062 5062 E ArmVmp : Match on catch block at 0xc3 in for 0xa5
01-23 11:16:27.926 5062 5062 E ArmVmp : Match on catch block at 0xc3 in for 0xa5
01-23 11:16:27.938 5062 5062 E ArmVmp : Match on catch block at 0xc3 in for 0xa9
01-23 11:16:27.941 5062 5062 E ArmVmp : Match on catch block at 0xc3 in for 0xa1
01-23 11:16:27.944 5062 5062 E ArmVmp : Match on catch block at 0xc3 in for 0xa1
01-23 11:16:27.956 5062 5062 E ArmVmp : Match on catch block at 0xc3 in for 0xa5
01-23 11:16:27.960 5062 5062 E ArmVmp : Match on catch block at 0xc3 in for 0xa9
01-23 11:16:27.963 5062 5062 E ArmVmp : Match on catch block at 0xc3 in for 0xa9
01-23 11:16:27.972 5062 5062 E ArmVmp : Match on catch block at 0xc3 in for 0xa1
01-23 11:16:27.976 5062 5062 E ArmVmp : Match on catch block at 0xc3 in for 0xa5
01-23 11:16:27.979 5062 5062 E ArmVmp : Match on catch block at 0xc3 in for 0xa5
01-23 11:16:27.989 5062 5062 E ArmVmp : Match on catch block at 0xc3 in for 0xa9
01-23 11:16:27.993 5062 5062 E ArmVmp : Match on catch block at 0xc3 in for 0xa1
01-23 11:16:27.995 5062 5062 E ArmVmp : Match on catch block at 0xc3 in for 0xa1
01-23 11:16:28.005 5062 5062 E ArmVmp : Match on catch block at 0xc3 in for 0xa5
01-23 11:16:28.014 5062 5062 E ArmVmp : Match on catch block at 0xc3 in for 0xa9
01-23 11:16:28.017 5062 5062 E ArmVmp : Match on catch block at 0xc3 in for 0xa9
01-23 11:16:28.026 5062 5062 E ArmVmp : Match on catch block at 0xc3 in for 0xa1
01-23 11:16:28.032 5062 5062 E ArmVmp : Match on catch block at 0xc3 in for 0xa5
01-23 11:16:28.034 5062 5062 E ArmVmp : Match on catch block at 0xc3 in for 0xa5
01-23 11:16:28.039 5062 5062 E ArmVmp : Match on catch block at 0xc3 in for 0xa9
01-23 11:16:28.042 5062 5062 E ArmVmp : Match on catch block at 0xc3 in for 0xa1
01-23 11:16:28.045 5062 5062 E ArmVmp : Match on catch block at 0xc3 in for 0xa1
01-23 11:16:28.055 5062 5062 E ArmVmp : Match on catch block at 0xc3 in for 0xa5
01-23 11:16:28.059 5062 5062 E ArmVmp : Match on catch block at 0xc3 in for 0xa9
01-23 11:16:28.061 5062 5062 E ArmVmp : Match on catch block at 0xc3 in for 0xa9
01-23 11:16:28.072 5062 5062 E ArmVmp : Match on catch block at 0xc3 in for 0xa1
01-23 11:16:28.075 5062 5062 E ArmVmp : Match on catch block at 0xc3 in for 0xa5
01-23 11:16:28.077 5062 5062 E ArmVmp : Match on catch block at 0xc3 in for 0xa5
01-23 11:16:28.088 5062 5062 E ArmVmp : Match on catch block at 0xc3 in for 0xa9
01-23 11:16:28.091 5062 5062 E ArmVmp : Match on catch block at 0xc3 in for 0xa1
01-23 11:16:28.093 5062 5062 E ArmVmp : Match on catch block at 0xc3 in for 0xa1
01-23 11:16:28.104 5062 5062 E ArmVmp : Match on catch block at 0xc3 in for 0xa5
01-23 11:16:28.108 5062 5062 E ArmVmp : Match on catch block at 0xc3 in for 0xa9
01-23 11:16:28.110 5062 5062 E ArmVmp : Match on catch block at 0xc3 in for 0xa9
01-23 11:16:28.121 5062 5062 E ArmVmp : Match on catch block at 0xc3 in for 0xa1
01-23 11:16:28.125 5062 5062 E ArmVmp : Match on catch block at 0xc3 in for 0xa5
01-23 11:16:28.128 5062 5062 E ArmVmp : Match on catch block at 0xc3 in for 0xa5
01-23 11:16:28.257 5062 5062 E ArmVmp : Match on catch block at 0xc3 in for 0xa9
01-23 11:16:28.262 5062 5062 E ArmVmp : Match on catch block at 0xc3 in for 0xa1
01-23 11:16:28.267 5062 5062 E ArmVmp : Match on catch block at 0xc3 in for 0xa1
01-23 11:16:28.754 5062 5062 E ArmVmp : Match on catch block at 0xc3 in for 0xa1
01-23 11:16:28.757 5062 5062 E ArmVmp : Match on catch block at 0xc3 in for 0xa5
01-23 11:16:28.759 5062 5062 E ArmVmp : Match on catch block at 0xc3 in for 0xa5
01-23 11:16:29.273 5062 5062 E ArmVmp : Match on catch block at 0xc3 in for 0xa9
01-23 11:16:29.278 5062 5062 E ArmVmp : Match on catch block at 0xc3 in for 0xa1
01-23 11:16:29.282 5062 5062 E ArmVmp : Match on catch block at 0xc3 in for 0xa1
01-23 11:16:29.772 5062 5062 E ArmVmp : Match on catch block at 0xc3 in for 0xa5
01-23 11:16:29.777 5062 5062 E ArmVmp : Match on catch block at 0xc3 in for 0xa9
01-23 11:16:29.781 5062 5062 E ArmVmp : Match on catch block at 0xc3 in for 0xa9
01-23 11:16:30.270 5062 5062 E ArmVmp : Match on catch block at 0xc3 in for 0xa1
01-23 11:16:30.274 5062 5062 E ArmVmp : Match on catch block at 0xc3 in for 0xa5
01-23 11:16:30.276 5062 5062 E ArmVmp : Match on catch block at 0xc3 in for 0xa5
01-23 11:16:30.770 5062 5062 E ArmVmp : Match on catch block at 0xc3 in for 0xa9
01-23 11:16:30.775 5062 5062 E ArmVmp : Match on catch block at 0xc3 in for 0xa1
01-23 11:16:30.778 5062 5062 E ArmVmp : Match on catch block at 0xc3 in for 0xa1
01-23 11:16:31.271 5062 5062 E ArmVmp : Match on catch block at 0xc3 in for 0xa5
01-23 11:16:31.277 5062 5062 E ArmVmp : Match on catch block at 0xc3 in for 0xa9
01-23 11:16:31.282 5062 5062 E ArmVmp : Match on catch block at 0xc3 in for 0xa9
01-23 11:16:31.688 5062 5062 E ArmVmp : Match on catch block at 0xc3 in for 0xa5
01-23 11:16:31.691 5062 5062 E ArmVmp : Match on catch block at 0xc3 in for 0xa9
01-23 11:16:31.693 5062 5062 E ArmVmp : Match on catch block at 0xc3 in for 0xa9
01-23 11:16:31.698 5062 5062 E ArmVmp : Match on catch block at 0xc3 in for 0xa1
01-23 11:16:31.703 5062 5062 E ArmVmp : Match on catch block at 0xc3 in for 0xa5
01-23 11:16:31.706 5062 5062 E ArmVmp : Match on catch block at 0xc3 in for 0xa5
01-23 11:16:31.768 5062 5062 E ArmVmp : Match on catch block at 0xc3 in for 0xa9
01-23 11:16:31.771 5062 5062 E ArmVmp : Match on catch block at 0xc3 in for 0xa1
01-23 11:16:31.773 5062 5062 E ArmVmp : Match on catch block at 0xc3 in for 0xa1
01-23 11:16:32.270 5062 5062 E ArmVmp : Match on catch block at 0xc3 in for 0xa5
01-23 11:16:32.277 5062 5062 E ArmVmp : Match on catch block at 0xc3 in for 0xa9
01-23 11:16:32.280 5062 5062 E ArmVmp : Match on catch block at 0xc3 in for 0xa9
01-23 11:16:32.429 5062 5062 E ArmVmp : Match on catch block at 0xc3 in for 0xa9
01-23 11:16:32.433 5062 5062 E ArmVmp : Match on catch block at 0xc3 in for 0xa1
01-23 11:16:32.436 5062 5062 E ArmVmp : Match on catch block at 0xc3 in for 0xa1
01-23 11:16:32.455 5062 5062 E ArmVmp : Match on catch block at 0xc3 in for 0xa5
01-23 11:16:32.458 5062 5062 E ArmVmp : Match on catch block at 0xc3 in for 0xa9
01-23 11:16:32.460 5062 5062 E ArmVmp : Match on catch block at 0xc3 in for 0xa9
01-23 11:16:32.769 5062 5062 E ArmVmp : Match on catch block at 0xc3 in for 0xa1
01-23 11:16:32.772 5062 5062 E ArmVmp : Match on catch block at 0xc3 in for 0xa5
01-23 11:16:32.774 5062 5062 E ArmVmp : Match on catch block at 0xc3 in for 0xa5
01-23 11:16:33.270 5062 5062 E ArmVmp : Match on catch block at 0xc3 in for 0xa9
01-23 11:16:33.275 5062 5062 E ArmVmp : Match on catch block at 0xc3 in for 0xa1
01-23 11:16:33.278 5062 5062 E ArmVmp : Match on catch block at 0xc3 in for 0xa1
01-23 11:16:33.770 5062 5062 E ArmVmp : Match on catch block at 0xc3 in for 0xa5
01-23 11:16:33.775 5062 5062 E ArmVmp : Match on catch block at 0xc3 in for 0xa9
01-23 11:16:33.779 5062 5062 E ArmVmp : Match on catch block at 0xc3 in for 0xa9
01-23 11:16:34.015 5062 5062 E ArmVmp : Match on catch block at 0xc3 in for 0xa5
01-23 11:16:34.019 5062 5062 E ArmVmp : Match on catch block at 0xc3 in for 0xa9
01-23 11:16:34.022 5062 5062 E ArmVmp : Match on catch block at 0xc3 in for 0xa9
01-23 11:16:34.036 5062 5062 E ArmVmp : Match on catch block at 0xc3 in for 0xa9
01-23 11:16:34.039 5062 5062 E ArmVmp : Match on catch block at 0xc3 in for 0xa1
01-23 11:16:34.042 5062 5062 E ArmVmp : Match on catch block at 0xc3 in for 0xa1
01-23 11:16:34.050 5062 5062 E ArmVmp : Match on catch block at 0xc3 in for 0xa5
01-23 11:16:34.053 5062 5062 E ArmVmp : Match on catch block at 0xc3 in for 0xa9
01-23 11:16:34.055 5062 5062 E ArmVmp : Match on catch block at 0xc3 in for 0xa9
01-23 11:16:34.068 5062 5062 E ArmVmp : Match on catch block at 0xc3 in for 0xa1
01-23 11:16:34.073 5062 5062 E ArmVmp : Match on catch block at 0xc3 in for 0xa5
01-23 11:16:34.077 5062 5062 E ArmVmp : Match on catch block at 0xc3 in for 0xa5
01-23 11:16:34.088 5062 5062 E ArmVmp : Match on catch block at 0xc3 in for 0xa9
01-23 11:16:34.092 5062 5062 E ArmVmp : Match on catch block at 0xc3 in for 0xa1
01-23 11:16:34.094 5062 5062 E ArmVmp : Match on catch block at 0xc3 in for 0xa1
01-23 11:16:34.100 5062 5062 E ArmVmp : Match on catch block at 0xc3 in for 0xa5
01-23 11:16:34.104 5062 5062 E ArmVmp : Match on catch block at 0xc3 in for 0xa9
01-23 11:16:34.107 5062 5062 E ArmVmp : Match on catch block at 0xc3 in for 0xa9
01-23 11:16:34.120 5062 5062 E ArmVmp : Match on catch block at 0xc3 in for 0xa1
01-23 11:16:34.123 5062 5062 E ArmVmp : Match on catch block at 0xc3 in for 0xa5
01-23 11:16:34.126 5062 5062 E ArmVmp : Match on catch block at 0xc3 in for 0xa5
01-23 11:16:34.135 5062 5062 E ArmVmp : Match on catch block at 0xc3 in for 0xa9
01-23 11:16:34.138 5062 5062 E ArmVmp : Match on catch block at 0xc3 in for 0xa1
01-23 11:16:34.140 5062 5062 E ArmVmp : Match on catch block at 0xc3 in for 0xa1
01-23 11:16:34.150 5062 5062 E ArmVmp : Match on catch block at 0xc3 in for 0xa5
01-23 11:16:34.153 5062 5062 E ArmVmp : Match on catch block at 0xc3 in for 0xa9
01-23 11:16:34.155 5062 5062 E ArmVmp : Match on catch block at 0xc3 in for 0xa9
01-23 11:16:34.167 5062 5062 E ArmVmp : Match on catch block at 0xc3 in for 0xa1
01-23 11:16:34.170 5062 5062 E ArmVmp : Match on catch block at 0xc3 in for 0xa5
01-23 11:16:34.172 5062 5062 E ArmVmp : Match on catch block at 0xc3 in for 0xa5
01-23 11:16:34.185 5062 5062 E ArmVmp : Match on catch block at 0xc3 in for 0xa9
01-23 11:16:34.193 5062 5062 E ArmVmp : Match on catch block at 0xc3 in for 0xa1
01-23 11:16:34.196 5062 5062 E ArmVmp : Match on catch block at 0xc3 in for 0xa1
01-23 11:16:34.201 5062 5062 E ArmVmp : Match on catch block at 0xc3 in for 0xa5
01-23 11:16:34.205 5062 5062 E ArmVmp : Match on catch block at 0xc3 in for 0xa9
01-23 11:16:34.207 5062 5062 E ArmVmp : Match on catch block at 0xc3 in for 0xa9
01-23 11:16:34.217 5062 5062 E ArmVmp : Match on catch block at 0xc3 in for 0xa1
01-23 11:16:34.221 5062 5062 E ArmVmp : Match on catch block at 0xc3 in for 0xa5
01-23 11:16:34.224 5062 5062 E ArmVmp : Match on catch block at 0xc3 in for 0xa5
01-23 11:16:34.234 5062 5062 E ArmVmp : Match on catch block at 0xc3 in for 0xa9
01-23 11:16:34.237 5062 5062 E ArmVmp : Match on catch block at 0xc3 in for 0xa1
01-23 11:16:34.240 5062 5062 E ArmVmp : Match on catch block at 0xc3 in for 0xa1
01-23 11:16:34.250 5062 5062 E ArmVmp : Match on catch block at 0xc3 in for 0xa5
01-23 11:16:34.254 5062 5062 E ArmVmp : Match on catch block at 0xc3 in for 0xa9
01-23 11:16:34.257 5062 5062 E ArmVmp : Match on catch block at 0xc3 in for 0xa9
01-23 11:16:34.269 5062 5062 E ArmVmp : Match on catch block at 0xc3 in for 0xa1
01-23 11:16:34.279 5062 5062 E ArmVmp : Match on catch block at 0xc3 in for 0xa5
01-23 11:16:34.281 5062 5062 E ArmVmp : Match on catch block at 0xc3 in for 0xa5
01-23 11:16:34.294 5062 5062 E ArmVmp : Match on catch block at 0xc3 in for 0xa9
01-23 11:16:34.298 5062 5062 E ArmVmp : Match on catch block at 0xc3 in for 0xa1
01-23 11:16:34.301 5062 5062 E ArmVmp : Match on catch block at 0xc3 in for 0xa1
01-23 11:16:34.600 5062 5062 E ArmVmp : Match on catch block at 0xc3 in for 0xa5
01-23 11:16:34.604 5062 5062 E ArmVmp : Match on catch block at 0xc3 in for 0xa9
01-23 11:16:34.607 5062 5062 E ArmVmp : Match on catch block at 0xc3 in for 0xa9
01-23 11:16:34.750 5062 5062 E ArmVmp : Match on catch block at 0xc3 in for 0xa1
01-23 11:16:34.754 5062 5062 E ArmVmp : Match on catch block at 0xc3 in for 0xa5
01-23 11:16:34.758 5062 5062 E ArmVmp : Match on catch block at 0xc3 in for 0xa5
01-23 11:16:34.967 5062 5062 E ArmVmp : Match on catch block at 0xc3 in for 0xa9
01-23 11:16:34.970 5062 5062 E ArmVmp : Match on catch block at 0xc3 in for 0xa1
01-23 11:16:34.973 5062 5062 E ArmVmp : Match on catch block at 0xc3 in for 0xa1
01-23 11:16:35.133 5062 5062 E ArmVmp : Match on catch block at 0xc3 in for 0xa5
01-23 11:16:35.137 5062 5062 E ArmVmp : Match on catch block at 0xc3 in for 0xa9
01-23 11:16:35.141 5062 5062 E ArmVmp : Match on catch block at 0xc3 in for 0xa9
01-23 11:16:35.270 5062 5062 E ArmVmp : Match on catch block at 0xc3 in for 0xa1
01-23 11:16:35.273 5062 5062 E ArmVmp : Match on catch block at 0xc3 in for 0xa5
01-23 11:16:35.276 5062 5062 E ArmVmp : Match on catch block at 0xc3 in for 0xa5
01-23 11:16:35.306 5062 5062 E ArmVmp : Match on catch block at 0xc3 in for 0xa1
01-23 11:16:35.309 5062 5062 E ArmVmp : Match on catch block at 0xc3 in for 0xa5
01-23 11:16:35.311 5062 5062 E ArmVmp : Match on catch block at 0xc3 in for 0xa5
01-23 11:16:35.330 5062 5062 E ArmVmp : Match on catch block at 0xc3 in for 0xa5
01-23 11:16:35.334 5062 5062 E ArmVmp : Match on catch block at 0xc3 in for 0xa9
01-23 11:16:35.339 5062 5062 E ArmVmp : Match on catch block at 0xc3 in for 0xa5
01-23 11:16:35.342 5062 5062 E ArmVmp : Match on catch block at 0xc3 in for 0xa9
01-23 11:16:35.349 5062 5062 E ArmVmp : Match on catch block at 0xc3 in for 0xa5
01-23 11:16:35.352 5062 5062 E ArmVmp : Match on catch block at 0xc3 in for 0xa9
01-23 11:16:35.366 5062 5062 E ArmVmp : Match on catch block at 0xc3 in for 0xa5
01-23 11:16:35.369 5062 5062 E ArmVmp : Match on catch block at 0xc3 in for 0xa9
01-23 11:16:35.383 5062 5062 E ArmVmp : Match on catch block at 0xc3 in for 0xa5
01-23 11:16:35.385 5062 5062 E ArmVmp : Match on catch block at 0xc3 in for 0xa9
01-23 11:16:35.400 5062 5062 E ArmVmp : Match on catch block at 0xc3 in for 0xa5
01-23 11:16:35.403 5062 5062 E ArmVmp : Match on catch block at 0xc3 in for 0xa9
01-23 11:16:35.416 5062 5062 E ArmVmp : Match on catch block at 0xc3 in for 0xa5
01-23 11:16:35.418 5062 5062 E ArmVmp : Match on catch block at 0xc3 in for 0xa9
01-23 11:16:35.432 5062 5062 E ArmVmp : Match on catch block at 0xc3 in for 0xa5
01-23 11:16:35.435 5062 5062 E ArmVmp : Match on catch block at 0xc3 in for 0xa9
01-23 11:16:35.449 5062 5062 E ArmVmp : Match on catch block at 0xc3 in for 0xa5
01-23 11:16:35.452 5062 5062 E ArmVmp : Match on catch block at 0xc3 in for 0xa9
01-23 11:16:35.492 5062 5062 E ArmVmp : Match on catch block at 0xc3 in for 0xa1
01-23 11:16:35.495 5062 5062 E ArmVmp : Match on catch block at 0xc3 in for 0xa5
01-23 11:16:35.515 5062 5062 E ArmVmp : Match on catch block at 0xc3 in for 0xa5
01-23 11:16:35.519 5062 5062 E ArmVmp : Match on catch block at 0xc3 in for 0xa9
01-23 11:16:35.558 5062 5062 E ArmVmp : Match on catch block at 0xc3 in for 0xa1
01-23 11:16:35.562 5062 5062 E ArmVmp : Match on catch block at 0xc3 in for 0xa5
01-23 11:16:35.799 5062 5062 E ArmVmp : Match on catch block at 0xc3 in for 0xa1
01-23 11:16:35.803 5062 5062 E ArmVmp : Match on catch block at 0xc3 in for 0xa5
01-23 11:16:35.838 5062 5062 E ArmVmp : Match on catch block at 0xc3 in for 0xa1
01-23 11:16:35.841 5062 5062 E ArmVmp : Match on catch block at 0xc3 in for 0xa5
01-23 11:16:35.852 5062 5062 E ArmVmp : Match on catch block at 0xc3 in for 0xa5
01-23 11:16:35.854 5062 5062 E ArmVmp : Match on catch block at 0xc3 in for 0xa9
01-23 11:16:35.857 5062 5994 W MediaPlayer: Use of stream types is deprecated for operations other than volume control
01-23 11:16:35.857 5062 5994 W MediaPlayer: See the documentation of setAudioStreamType() for what to use instead with android.media.AudioAttributes to qualify your playback use case
01-23 11:16:36.084 5062 5062 E ArmVmp : Match on catch block at 0xc3 in for 0xa5
01-23 11:16:36.088 5062 5062 E ArmVmp : Match on catch block at 0xc3 in for 0xa9
01-23 11:16:36.256 5062 5062 E ArmVmp : Match on catch block at 0xc3 in for 0xa9
01-23 11:16:36.259 5062 5062 E ArmVmp : Match on catch block at 0xc3 in for 0xa1
01-23 11:16:36.716 5062 5062 E ArmVmp : Match on catch block at 0xc3 in for 0xa1
01-23 11:16:36.718 5062 5062 E ArmVmp : Match on catch block at 0xc3 in for 0xa5
01-23 11:16:36.769 5062 5062 E ArmVmp : Match on catch block at 0xc3 in for 0xa9
01-23 11:16:36.772 5062 5062 E ArmVmp : Match on catch block at 0xc3 in for 0xa1
01-23 11:16:37.066 5062 5062 E ArmVmp : Match on catch block at 0xc3 in for 0xa5
