01-23 20:41:01.496 9804 9804 E ArmVmp : Match on catch block at 0xc3 in for 0xa5
01-23 20:41:01.509 9804 9804 E ArmVmp : Match on catch block at 0xc3 in for 0xa9
01-23 20:41:01.512 9804 9804 E ArmVmp : Match on catch block at 0xc3 in for 0xa1
01-23 20:41:01.513 9804 9804 E ArmVmp : Match on catch block at 0xc3 in for 0xa1
01-23 20:41:01.544 9804 9804 E ArmVmp : Match on catch block at 0xc3 in for 0xa5
01-23 20:41:01.552 9804 9804 E ArmVmp : Match on catch block at 0xc3 in for 0xa9
01-23 20:41:01.559 9804 9804 E ArmVmp : Match on catch block at 0xc3 in for 0xa9
01-23 20:41:01.717 9804 9804 E ArmVmp : Match on catch block at 0xc3 in for 0xa5
01-23 20:41:01.722 9804 9804 E ArmVmp : Match on catch block at 0xc3 in for 0xa9
01-23 20:41:01.726 9804 9804 E ArmVmp : Match on catch block at 0xc3 in for 0xa9
01-23 20:41:01.743 9804 9804 E ArmVmp : Match on catch block at 0xc3 in for 0xa1
01-23 20:41:01.746 9804 9804 E ArmVmp : Match on catch block at 0xc3 in for 0xa5
01-23 20:41:01.749 9804 9804 E ArmVmp : Match on catch block at 0xc3 in for 0xa5
01-23 20:41:01.759 9804 9804 E ArmVmp : Match on catch block at 0xc3 in for 0xa9
01-23 20:41:01.761 9804 9804 E ArmVmp : Match on catch block at 0xc3 in for 0xa1
01-23 20:41:01.763 9804 9804 E ArmVmp : Match on catch block at 0xc3 in for 0xa1
01-23 20:41:01.775 9804 9804 E ArmVmp : Match on catch block at 0xc3 in for 0xa5
01-23 20:41:01.778 9804 9804 E ArmVmp : Match on catch block at 0xc3 in for 0xa9
01-23 20:41:01.782 9804 9804 E ArmVmp : Match on catch block at 0xc3 in for 0xa9
01-23 20:41:01.791 9804 9804 E ArmVmp : Match on catch block at 0xc3 in for 0xa1
01-23 20:41:01.794 9804 9804 E ArmVmp : Match on catch block at 0xc3 in for 0xa5
01-23 20:41:01.796 9804 9804 E ArmVmp : Match on catch block at 0xc3 in for 0xa5
01-23 20:41:01.809 9804 9804 E ArmVmp : Match on catch block at 0xc3 in for 0xa9
01-23 20:41:01.813 9804 9804 E ArmVmp : Match on catch block at 0xc3 in for 0xa1
01-23 20:41:01.817 9804 9804 E ArmVmp : Match on catch block at 0xc3 in for 0xa1
01-23 20:41:01.852 9804 9804 E ArmVmp : Match on catch block at 0xc3 in for 0xa5
01-23 20:41:01.855 9804 9804 E ArmVmp : Match on catch block at 0xc3 in for 0xa9
01-23 20:41:01.857 9804 9804 E ArmVmp : Match on catch block at 0xc3 in for 0xa9
01-23 20:41:01.861 9804 9804 E ArmVmp : Match on catch block at 0xc3 in for 0xa1
01-23 20:41:01.864 9804 9804 E ArmVmp : Match on catch block at 0xc3 in for 0xa5
01-23 20:41:01.866 9804 9804 E ArmVmp : Match on catch block at 0xc3 in for 0xa5
01-23 20:41:01.875 9804 9804 E ArmVmp : Match on catch block at 0xc3 in for 0xa9
01-23 20:41:01.878 9804 9804 E ArmVmp : Match on catch block at 0xc3 in for 0xa1
01-23 20:41:01.881 9804 9804 E ArmVmp : Match on catch block at 0xc3 in for 0xa1
01-23 20:41:01.893 9804 9804 E ArmVmp : Match on catch block at 0xc3 in for 0xa5
01-23 20:41:01.897 9804 9804 E ArmVmp : Match on catch block at 0xc3 in for 0xa9
01-23 20:41:01.899 9804 9804 E ArmVmp : Match on catch block at 0xc3 in for 0xa9
01-23 20:41:01.909 9804 9804 E ArmVmp : Match on catch block at 0xc3 in for 0xa1
01-23 20:41:01.913 9804 9804 E ArmVmp : Match on catch block at 0xc3 in for 0xa5
01-23 20:41:01.916 9804 9804 E ArmVmp : Match on catch block at 0xc3 in for 0xa5
01-23 20:41:02.228 9804 9804 E ArmVmp : Match on catch block at 0xc3 in for 0xa9
01-23 20:41:02.234 9804 9804 E ArmVmp : Match on catch block at 0xc3 in for 0xa1
01-23 20:41:02.238 9804 9804 E ArmVmp : Match on catch block at 0xc3 in for 0xa1
01-23 20:41:02.727 9804 9804 E ArmVmp : Match on catch block at 0xc3 in for 0xa5
01-23 20:41:02.733 9804 9804 E ArmVmp : Match on catch block at 0xc3 in for 0xa9
01-23 20:41:02.737 9804 9804 E ArmVmp : Match on catch block at 0xc3 in for 0xa9
01-23 20:41:03.228 9804 9804 E ArmVmp : Match on catch block at 0xc3 in for 0xa1
01-23 20:41:03.235 9804 9804 E ArmVmp : Match on catch block at 0xc3 in for 0xa5
01-23 20:41:03.239 9804 9804 E ArmVmp : Match on catch block at 0xc3 in for 0xa5
01-23 20:41:03.458 9804 9804 E ArmVmp : Match on catch block at 0xc3 in for 0xa9
01-23 20:41:03.462 9804 9804 E ArmVmp : Match on catch block at 0xc3 in for 0xa1
01-23 20:41:03.464 9804 9804 E ArmVmp : Match on catch block at 0xc3 in for 0xa1
01-23 20:41:03.474 9804 9804 E ArmVmp : Match on catch block at 0xc3 in for 0xa5
01-23 20:41:03.477 9804 9804 E ArmVmp : Match on catch block at 0xc3 in for 0xa9
01-23 20:41:03.479 9804 9804 E ArmVmp : Match on catch block at 0xc3 in for 0xa9
01-23 20:41:03.490 9804 9804 E ArmVmp : Match on catch block at 0xc3 in for 0xa1
01-23 20:41:03.493 9804 9804 E ArmVmp : Match on catch block at 0xc3 in for 0xa5
01-23 20:41:03.495 9804 9804 E ArmVmp : Match on catch block at 0xc3 in for 0xa5
01-23 20:41:03.509 9804 9804 E ArmVmp : Match on catch block at 0xc3 in for 0xa9
01-23 20:41:03.512 9804 9804 E ArmVmp : Match on catch block at 0xc3 in for 0xa1
01-23 20:41:03.516 9804 9804 E ArmVmp : Match on catch block at 0xc3 in for 0xa1
01-23 20:41:03.525 9804 9804 E ArmVmp : Match on catch block at 0xc3 in for 0xa5
01-23 20:41:03.530 9804 9804 E ArmVmp : Match on catch block at 0xc3 in for 0xa9
01-23 20:41:03.538 9804 9804 E ArmVmp : Match on catch block at 0xc3 in for 0xa9
01-23 20:41:03.553 9804 9804 E ArmVmp : Match on catch block at 0xc3 in for 0xa1
01-23 20:41:03.557 9804 9804 E ArmVmp : Match on catch block at 0xc3 in for 0xa5
01-23 20:41:03.561 9804 9804 E ArmVmp : Match on catch block at 0xc3 in for 0xa5
01-23 20:41:03.577 9804 9804 E ArmVmp : Match on catch block at 0xc3 in for 0xa1
01-23 20:41:03.580 9804 9804 E ArmVmp : Match on catch block at 0xc3 in for 0xa5
01-23 20:41:03.600 9804 9804 E ArmVmp : Match on catch block at 0xc3 in for 0xa5
01-23 20:41:03.603 9804 9804 E ArmVmp : Match on catch block at 0xc3 in for 0xa9
01-23 20:41:03.605 9804 9804 E ArmVmp : Match on catch block at 0xc3 in for 0xa9
01-23 20:41:03.609 9804 9804 E ArmVmp : Match on catch block at 0xc3 in for 0xa1
01-23 20:41:03.613 9804 9804 E ArmVmp : Match on catch block at 0xc3 in for 0xa5
01-23 20:41:03.616 9804 9804 E ArmVmp : Match on catch block at 0xc3 in for 0xa5
01-23 20:41:03.624 9804 9804 E ArmVmp : Match on catch block at 0xc3 in for 0xa9
01-23 20:41:03.627 9804 9804 E ArmVmp : Match on catch block at 0xc3 in for 0xa1
01-23 20:41:03.630 9804 9804 E ArmVmp : Match on catch block at 0xc3 in for 0xa1
01-23 20:41:03.641 9804 9804 E ArmVmp : Match on catch block at 0xc3 in for 0xa5
01-23 20:41:03.644 9804 9804 E ArmVmp : Match on catch block at 0xc3 in for 0xa9
01-23 20:41:03.647 9804 9804 E ArmVmp : Match on catch block at 0xc3 in for 0xa9
01-23 20:41:03.657 9804 9804 E ArmVmp : Match on catch block at 0xc3 in for 0xa1
01-23 20:41:03.661 9804 9804 E ArmVmp : Match on catch block at 0xc3 in for 0xa5
01-23 20:41:03.662 9804 9804 E ArmVmp : Match on catch block at 0xc3 in for 0xa5
01-23 20:41:03.674 9804 9804 E ArmVmp : Match on catch block at 0xc3 in for 0xa9
01-23 20:41:03.677 9804 9804 E ArmVmp : Match on catch block at 0xc3 in for 0xa1
01-23 20:41:03.679 9804 9804 E ArmVmp : Match on catch block at 0xc3 in for 0xa1
01-23 20:41:03.691 9804 9804 E ArmVmp : Match on catch block at 0xc3 in for 0xa5
01-23 20:41:03.695 9804 9804 E ArmVmp : Match on catch block at 0xc3 in for 0xa9
01-23 20:41:03.697 9804 9804 E ArmVmp : Match on catch block at 0xc3 in for 0xa9
01-23 20:41:03.709 9804 9804 E ArmVmp : Match on catch block at 0xc3 in for 0xa1
01-23 20:41:03.712 9804 9804 E ArmVmp : Match on catch block at 0xc3 in for 0xa5
01-23 20:41:03.714 9804 9804 E ArmVmp : Match on catch block at 0xc3 in for 0xa5
01-23 20:41:03.724 9804 9804 E ArmVmp : Match on catch block at 0xc3 in for 0xa9
01-23 20:41:03.727 9804 9804 E ArmVmp : Match on catch block at 0xc3 in for 0xa1
01-23 20:41:03.730 9804 9804 E ArmVmp : Match on catch block at 0xc3 in for 0xa1
01-23 20:41:03.740 9804 9804 E ArmVmp : Match on catch block at 0xc3 in for 0xa5
01-23 20:41:03.742 9804 9804 E ArmVmp : Match on catch block at 0xc3 in for 0xa9
01-23 20:41:03.745 9804 9804 E ArmVmp : Match on catch block at 0xc3 in for 0xa9
01-23 20:41:03.757 9804 9804 E ArmVmp : Match on catch block at 0xc3 in for 0xa1
01-23 20:41:03.760 9804 9804 E ArmVmp : Match on catch block at 0xc3 in for 0xa5
01-23 20:41:03.762 9804 9804 E ArmVmp : Match on catch block at 0xc3 in for 0xa5
01-23 20:41:03.773 9804 9804 E ArmVmp : Match on catch block at 0xc3 in for 0xa9
01-23 20:41:03.775 9804 9804 E ArmVmp : Match on catch block at 0xc3 in for 0xa1
01-23 20:41:03.777 9804 9804 E ArmVmp : Match on catch block at 0xc3 in for 0xa1
01-23 20:41:04.076 9804 9804 E ArmVmp : Match on catch block at 0xc3 in for 0xa5
01-23 20:41:04.081 9804 9804 E ArmVmp : Match on catch block at 0xc3 in for 0xa9
01-23 20:41:04.086 9804 9804 E ArmVmp : Match on catch block at 0xc3 in for 0xa9
01-23 20:41:04.219 9804 9804 E ArmVmp : Match on catch block at 0xc3 in for 0xa5
01-23 20:41:04.225 9804 9804 E ArmVmp : Match on catch block at 0xc3 in for 0xa9
01-23 20:41:04.228 9804 9804 E ArmVmp : Match on catch block at 0xc3 in for 0xa9
01-23 20:41:04.241 9804 9804 E ArmVmp : Match on catch block at 0xc3 in for 0xa1
01-23 20:41:04.245 9804 9804 E ArmVmp : Match on catch block at 0xc3 in for 0xa5
01-23 20:41:04.248 9804 9804 E ArmVmp : Match on catch block at 0xc3 in for 0xa5
01-23 20:41:04.257 9804 9804 E ArmVmp : Match on catch block at 0xc3 in for 0xa9
01-23 20:41:04.259 9804 9804 E ArmVmp : Match on catch block at 0xc3 in for 0xa1
01-23 20:41:04.261 9804 9804 E ArmVmp : Match on catch block at 0xc3 in for 0xa1
01-23 20:41:04.273 9804 9804 E ArmVmp : Match on catch block at 0xc3 in for 0xa5
01-23 20:41:04.275 9804 9804 E ArmVmp : Match on catch block at 0xc3 in for 0xa9
01-23 20:41:04.277 9804 9804 E ArmVmp : Match on catch block at 0xc3 in for 0xa9
01-23 20:41:04.290 9804 9804 E ArmVmp : Match on catch block at 0xc3 in for 0xa1
01-23 20:41:04.293 9804 9804 E ArmVmp : Match on catch block at 0xc3 in for 0xa5
01-23 20:41:04.295 9804 9804 E ArmVmp : Match on catch block at 0xc3 in for 0xa5
01-23 20:41:04.306 9804 9804 E ArmVmp : Match on catch block at 0xc3 in for 0xa9
01-23 20:41:04.309 9804 9804 E ArmVmp : Match on catch block at 0xc3 in for 0xa1
01-23 20:41:04.311 9804 9804 E ArmVmp : Match on catch block at 0xc3 in for 0xa1
01-23 20:41:04.323 9804 9804 E ArmVmp : Match on catch block at 0xc3 in for 0xa5
01-23 20:41:04.328 9804 9804 E ArmVmp : Match on catch block at 0xc3 in for 0xa9
01-23 20:41:04.329 9804 9804 E ArmVmp : Match on catch block at 0xc3 in for 0xa9
01-23 20:41:04.340 9804 9804 E ArmVmp : Match on catch block at 0xc3 in for 0xa1
01-23 20:41:04.342 9804 9804 E ArmVmp : Match on catch block at 0xc3 in for 0xa5
01-23 20:41:04.344 9804 9804 E ArmVmp : Match on catch block at 0xc3 in for 0xa5
01-23 20:41:04.356 9804 9804 E ArmVmp : Match on catch block at 0xc3 in for 0xa9
01-23 20:41:04.359 9804 9804 E ArmVmp : Match on catch block at 0xc3 in for 0xa1
01-23 20:41:04.362 9804 9804 E ArmVmp : Match on catch block at 0xc3 in for 0xa1
01-23 20:41:04.374 9804 9804 E ArmVmp : Match on catch block at 0xc3 in for 0xa5
01-23 20:41:04.377 9804 9804 E ArmVmp : Match on catch block at 0xc3 in for 0xa9
01-23 20:41:04.381 9804 9804 E ArmVmp : Match on catch block at 0xc3 in for 0xa9
01-23 20:41:04.391 9804 9804 E ArmVmp : Match on catch block at 0xc3 in for 0xa1
01-23 20:41:04.395 9804 9804 E ArmVmp : Match on catch block at 0xc3 in for 0xa5
01-23 20:41:04.400 9804 9804 E ArmVmp : Match on catch block at 0xc3 in for 0xa5
01-23 20:41:04.407 9804 9804 E ArmVmp : Match on catch block at 0xc3 in for 0xa9
01-23 20:41:04.410 9804 9804 E ArmVmp : Match on catch block at 0xc3 in for 0xa1
01-23 20:41:04.412 9804 9804 E ArmVmp : Match on catch block at 0xc3 in for 0xa1
01-23 20:41:04.480 9804 9804 E ArmVmp : Match on catch block at 0xc3 in for 0xa9
01-23 20:41:04.484 9804 9804 E ArmVmp : Match on catch block at 0xc3 in for 0xa1
01-23 20:41:04.507 9804 9804 E ArmVmp : Match on catch block at 0xc3 in for 0xa1
01-23 20:41:04.509 9804 9804 E ArmVmp : Match on catch block at 0xc3 in for 0xa5
01-23 20:41:04.511 9804 9804 E ArmVmp : Match on catch block at 0xc3 in for 0xa5
01-23 20:41:04.523 9804 9804 E ArmVmp : Match on catch block at 0xc3 in for 0xa9
01-23 20:41:04.526 9804 9804 E ArmVmp : Match on catch block at 0xc3 in for 0xa1
01-23 20:41:04.529 9804 9804 E ArmVmp : Match on catch block at 0xc3 in for 0xa1
01-23 20:41:04.541 9804 9804 E ArmVmp : Match on catch block at 0xc3 in for 0xa5
01-23 20:41:04.545 9804 9804 E ArmVmp : Match on catch block at 0xc3 in for 0xa9
01-23 20:41:04.548 9804 9804 E ArmVmp : Match on catch block at 0xc3 in for 0xa9
01-23 20:41:04.558 9804 9804 E ArmVmp : Match on catch block at 0xc3 in for 0xa1
01-23 20:41:04.562 9804 9804 E ArmVmp : Match on catch block at 0xc3 in for 0xa5
01-23 20:41:04.565 9804 9804 E ArmVmp : Match on catch block at 0xc3 in for 0xa5
01-23 20:41:04.574 9804 9804 E ArmVmp : Match on catch block at 0xc3 in for 0xa9
01-23 20:41:04.578 9804 9804 E ArmVmp : Match on catch block at 0xc3 in for 0xa1
01-23 20:41:04.581 9804 9804 E ArmVmp : Match on catch block at 0xc3 in for 0xa1
01-23 20:41:04.604 9804 9804 E ArmVmp : Match on catch block at 0xc3 in for 0xa5
01-23 20:41:04.607 9804 9804 E ArmVmp : Match on catch block at 0xc3 in for 0xa9
01-23 20:41:04.610 9804 9804 E ArmVmp : Match on catch block at 0xc3 in for 0xa9
01-23 20:41:04.623 9804 9804 E ArmVmp : Match on catch block at 0xc3 in for 0xa1
01-23 20:41:04.625 9804 9804 E ArmVmp : Match on catch block at 0xc3 in for 0xa5
01-23 20:41:04.627 9804 9804 E ArmVmp : Match on catch block at 0xc3 in for 0xa5
01-23 20:41:04.641 9804 9804 E ArmVmp : Match on catch block at 0xc3 in for 0xa9
01-23 20:41:04.646 9804 9804 E ArmVmp : Match on catch block at 0xc3 in for 0xa1
01-23 20:41:04.650 9804 9804 E ArmVmp : Match on catch block at 0xc3 in for 0xa1
01-23 20:41:04.657 9804 9804 E ArmVmp : Match on catch block at 0xc3 in for 0xa5
01-23 20:41:04.661 9804 9804 E ArmVmp : Match on catch block at 0xc3 in for 0xa9
01-23 20:41:04.664 9804 9804 E ArmVmp : Match on catch block at 0xc3 in for 0xa9
01-23 20:41:04.674 9804 9804 E ArmVmp : Match on catch block at 0xc3 in for 0xa1
01-23 20:41:04.678 9804 9804 E ArmVmp : Match on catch block at 0xc3 in for 0xa5
01-23 20:41:04.680 9804 9804 E ArmVmp : Match on catch block at 0xc3 in for 0xa5
01-23 20:41:04.690 9804 9804 E ArmVmp : Match on catch block at 0xc3 in for 0xa9
01-23 20:41:04.693 9804 9804 E ArmVmp : Match on catch block at 0xc3 in for 0xa1
01-23 20:41:04.695 9804 9804 E ArmVmp : Match on catch block at 0xc3 in for 0xa1
01-23 20:41:05.040 9804 9804 E ArmVmp : Match on catch block at 0xc3 in for 0xa5
01-23 20:41:05.043 9804 9804 E ArmVmp : Match on catch block at 0xc3 in for 0xa9
01-23 20:41:05.047 9804 9804 E ArmVmp : Match on catch block at 0xc3 in for 0xa9
01-23 20:41:05.275 9804 9804 E ArmVmp : Match on catch block at 0xc3 in for 0xa1
01-23 20:41:05.279 9804 9804 E ArmVmp : Match on catch block at 0xc3 in for 0xa5
01-23 20:41:05.284 9804 9804 E ArmVmp : Match on catch block at 0xc3 in for 0xa5
01-23 20:41:05.640 9804 9804 E ArmVmp : Match on catch block at 0xc3 in for 0xa9
01-23 20:41:05.645 9804 9804 E ArmVmp : Match on catch block at 0xc3 in for 0xa1
01-23 20:41:05.650 9804 9804 E ArmVmp : Match on catch block at 0xc3 in for 0xa1
01-23 20:41:06.141 9804 9804 E ArmVmp : Match on catch block at 0xc3 in for 0xa5
01-23 20:41:06.146 9804 9804 E ArmVmp : Match on catch block at 0xc3 in for 0xa9
01-23 20:41:06.151 9804 9804 E ArmVmp : Match on catch block at 0xc3 in for 0xa9
01-23 20:41:06.290 9804 9804 E ArmVmp : Match on catch block at 0xc3 in for 0xa1
01-23 20:41:06.294 9804 9804 E ArmVmp : Match on catch block at 0xc3 in for 0xa5
01-23 20:41:06.299 9804 9804 E ArmVmp : Match on catch block at 0xc3 in for 0xa5
01-23 20:41:06.773 9804 9804 E ArmVmp : Match on catch block at 0xc3 in for 0xa9
01-23 20:41:06.777 9804 9804 E ArmVmp : Match on catch block at 0xc3 in for 0xa1
01-23 20:41:06.781 9804 9804 E ArmVmp : Match on catch block at 0xc3 in for 0xa1
01-23 20:41:06.957 9804 9804 E ArmVmp : Match on catch block at 0xc3 in for 0xa5
01-23 20:41:06.962 9804 9804 E ArmVmp : Match on catch block at 0xc3 in for 0xa9
01-23 20:41:06.966 9804 9804 E ArmVmp : Match on catch block at 0xc3 in for 0xa9
01-23 20:41:07.141 9804 9804 E ArmVmp : Match on catch block at 0xc3 in for 0xa1
01-23 20:41:07.146 9804 9804 E ArmVmp : Match on catch block at 0xc3 in for 0xa5
01-23 20:41:07.150 9804 9804 E ArmVmp : Match on catch block at 0xc3 in for 0xa5
01-23 20:41:07.373 9804 9804 E ArmVmp : Match on catch block at 0xc3 in for 0xa9
01-23 20:41:07.378 9804 9804 E ArmVmp : Match on catch block at 0xc3 in for 0xa1
01-23 20:41:07.383 9804 9804 E ArmVmp : Match on catch block at 0xc3 in for 0xa1
01-23 20:41:07.489 9804 9804 E ArmVmp : Match on catch block at 0xc3 in for 0xa5
01-23 20:41:07.493 9804 9804 E ArmVmp : Match on catch block at 0xc3 in for 0xa9
01-23 20:41:07.497 9804 9804 E ArmVmp : Match on catch block at 0xc3 in for 0xa9
01-23 20:41:07.671 9804 9804 E ArmVmp : Match on catch block at 0xc3 in for 0xa1
01-23 20:41:07.675 9804 9804 E ArmVmp : Match on catch block at 0xc3 in for 0xa5
01-23 20:41:07.681 9804 9804 E ArmVmp : Match on catch block at 0xc3 in for 0xa5
01-23 20:41:08.123 9804 9804 E ArmVmp : Match on catch block at 0xc3 in for 0xa9
01-23 20:41:08.132 9804 9804 E ArmVmp : Match on catch block at 0xc3 in for 0xa1
01-23 20:41:08.137 9804 9804 E ArmVmp : Match on catch block at 0xc3 in for 0xa1
01-23 20:41:08.589 9804 9804 E ArmVmp : Match on catch block at 0xc3 in for 0xa5
01-23 20:41:08.595 9804 9804 E ArmVmp : Match on catch block at 0xc3 in for 0xa9
01-23 20:41:08.598 9804 9804 E ArmVmp : Match on catch block at 0xc3 in for 0xa9
01-23 20:41:08.988 9804 9804 E ArmVmp : Match on catch block at 0xc3 in for 0xa1
01-23 20:41:08.993 9804 9804 E ArmVmp : Match on catch block at 0xc3 in for 0xa5
01-23 20:41:08.997 9804 9804 E ArmVmp : Match on catch block at 0xc3 in for 0xa5
01-23 20:41:09.155 9804 9804 E ArmVmp : Match on catch block at 0xc3 in for 0xa9
01-23 20:41:09.159 9804 9804 E ArmVmp : Match on catch block at 0xc3 in for 0xa1
01-23 20:41:09.163 9804 9804 E ArmVmp : Match on catch block at 0xc3 in for 0xa1
01-23 20:41:09.355 9804 9804 E ArmVmp : Match on catch block at 0xc3 in for 0xa5
01-23 20:41:09.360 9804 9804 E ArmVmp : Match on catch block at 0xc3 in for 0xa9
01-23 20:41:09.365 9804 9804 E ArmVmp : Match on catch block at 0xc3 in for 0xa9
01-23 20:41:09.605 9804 9804 E ArmVmp : Match on catch block at 0xc3 in for 0xa1
01-23 20:41:09.610 9804 9804 E ArmVmp : Match on catch block at 0xc3 in for 0xa5
01-23 20:41:09.614 9804 9804 E ArmVmp : Match on catch block at 0xc3 in for 0xa5
01-23 20:41:09.956 9804 9804 E ArmVmp : Match on catch block at 0xc3 in for 0xa9
01-23 20:41:09.961 9804 9804 E ArmVmp : Match on catch block at 0xc3 in for 0xa1
01-23 20:41:09.965 9804 9804 E ArmVmp : Match on catch block at 0xc3 in for 0xa1
01-23 20:41:10.000 9804 9804 E ArmVmp : Match on catch block at 0xc3 in for 0xa9
01-23 20:41:10.003 9804 9804 E ArmVmp : Match on catch block at 0xc3 in for 0xa1
01-23 20:41:10.006 9804 9804 E ArmVmp : Match on catch block at 0xc3 in for 0xa1
01-23 20:41:10.029 9804 9804 E ArmVmp : Match on catch block at 0xc3 in for 0xa5
01-23 20:41:10.032 9804 9804 E ArmVmp : Match on catch block at 0xc3 in for 0xa9
01-23 20:41:10.037 9804 9804 E ArmVmp : Match on catch block at 0xc3 in for 0xa5
01-23 20:41:10.039 9804 9804 E ArmVmp : Match on catch block at 0xc3 in for 0xa9
01-23 20:41:10.052 9804 9804 E ArmVmp : Match on catch block at 0xc3 in for 0xa5
01-23 20:41:10.055 9804 9804 E ArmVmp : Match on catch block at 0xc3 in for 0xa9
01-23 20:41:10.069 9804 9804 E ArmVmp : Match on catch block at 0xc3 in for 0xa5
01-23 20:41:10.071 9804 9804 E ArmVmp : Match on catch block at 0xc3 in for 0xa9
01-23 20:41:10.086 9804 9804 E ArmVmp : Match on catch block at 0xc3 in for 0xa5
01-23 20:41:10.088 9804 9804 E ArmVmp : Match on catch block at 0xc3 in for 0xa9
01-23 20:41:10.130 9804 9804 E ArmVmp : Match on catch block at 0xc3 in for 0xa5
01-23 20:41:10.132 9804 9804 E ArmVmp : Match on catch block at 0xc3 in for 0xa9
01-23 20:41:10.144 9804 9804 E ArmVmp : Match on catch block at 0xc3 in for 0xa5
01-23 20:41:10.146 9804 9804 E ArmVmp : Match on catch block at 0xc3 in for 0xa9
01-23 20:41:10.161 9804 9804 E ArmVmp : Match on catch block at 0xc3 in for 0xa1
01-23 20:41:10.163 9804 9804 E ArmVmp : Match on catch block at 0xc3 in for 0xa5
01-23 20:41:10.170 9804 9804 E ArmVmp : Match on catch block at 0xc3 in for 0xa1
01-23 20:41:10.172 9804 9804 E ArmVmp : Match on catch block at 0xc3 in for 0xa5
01-23 20:41:10.186 9804 9804 E ArmVmp : Match on catch block at 0xc3 in for 0xa1
01-23 20:41:10.189 9804 9804 E ArmVmp : Match on catch block at 0xc3 in for 0xa5
01-23 20:41:10.409 9804 9804 E ArmVmp : Match on catch block at 0xc3 in for 0xa1
01-23 20:41:10.413 9804 9804 E ArmVmp : Match on catch block at 0xc3 in for 0xa5
01-23 20:41:10.427 9804 9804 E ArmVmp : Match on catch block at 0xc3 in for 0xa5
01-23 20:41:10.428 9804 9896 W MediaPlayer: Use of stream types is deprecated for operations other than volume control
01-23 20:41:10.428 9804 9896 W MediaPlayer: See the documentation of setAudioStreamType() for what to use instead with android.media.AudioAttributes to qualify your playback use case
01-23 20:41:10.430 9804 9804 E ArmVmp : Match on catch block at 0xc3 in for 0xa9
01-23 20:41:10.503 9804 9804 E ArmVmp : Match on catch block at 0xc3 in for 0xa5
01-23 20:41:10.505 9804 9804 E ArmVmp : Match on catch block at 0xc3 in for 0xa9
01-23 20:41:10.844 9804 9804 E ArmVmp : Match on catch block at 0xc3 in for 0xa1
01-23 20:41:10.848 9804 9804 E ArmVmp : Match on catch block at 0xc3 in for 0xa5
01-23 20:41:10.864 9804 9804 E ArmVmp : Match on catch block at 0xc3 in for 0xa9
01-23 20:41:10.867 9804 9804 E ArmVmp : Match on catch block at 0xc3 in for 0xa1
01-23 20:41:10.879 9804 9804 E ArmVmp : Match on catch block at 0xc3 in for 0xa5
01-23 20:41:10.882 9804 9804 E ArmVmp : Match on catch block at 0xc3 in for 0xa9
01-23 20:41:11.004 9804 9804 E ArmVmp : Match on catch block at 0xc3 in for 0xa1
01-23 20:41:11.008 9804 9804 E ArmVmp : Match on catch block at 0xc3 in for 0xa5
01-23 20:41:11.055 9804 9804 E ArmVmp : Match on catch block at 0xc3 in for 0xa5
01-23 20:41:11.060 9804 9804 E ArmVmp : Match on catch block at 0xc3 in for 0xa9
01-23 20:41:11.122 9804 9804 E ArmVmp : Match on catch block at 0xc3 in for 0xa1
01-23 20:41:11.125 9804 9804 E ArmVmp : Match on catch block at 0xc3 in for 0xa5
01-23 20:41:11.213 9804 9804 E ArmVmp : Match on catch block at 0xc3 in for 0xa1
01-23 20:41:11.216 9804 9804 E ArmVmp : Match on catch block at 0xc3 in for 0xa5
01-23 20:41:11.326 9804 9804 E ArmVmp : Match on catch block at 0xc3 in for 0xa5
01-23 20:41:11.329 9804 9804 E ArmVmp : Match on catch block at 0xc3 in for 0xa9
01-23 20:41:11.350 9804 9804 W IInputConnectionWrapper: requestCursorAnchorInfo on inactive InputConnection
01-23 20:41:12.628 9804 9804 E ArmVmp : Match on catch block at 0x0a in for 0xc1
01-23 20:41:12.630 9804 9804 E ArmVmp : Match on catch block at 0x0a in for 0xc9
01-23 20:41:12.866 9804 9804 E ArmVmp : Match on catch block at 0xc3 in for 0xb1
01-23 20:41:12.869 9804 9804 E ArmVmp : Match on catch block at 0xc3 in for 0xb1
01-23 20:41:12.917 9804 9804 E ArmVmp : Match on catch block at 0xc3 in for 0xa1
01-23 20:41:12.920 9804 9804 E ArmVmp : Match on catch block at 0xc3 in for 0xa5
01-23 20:41:12.951 9804 9804 E ArmVmp : Match on catch block at 0xc3 in for 0xa9
01-23 20:41:12.953 9804 9804 E ArmVmp : Match on catch block at 0xc3 in for 0xa1
01-23 20:41:13.005 9804 9804 E ArmVmp : Match on catch block at 0xc3 in for 0xa9
01-23 20:41:13.008 9804 9804 E ArmVmp : Match on catch block at 0xc3 in for 0xa1
01-23 20:41:13.018 9804 9804 E ArmVmp : Match on catch block at 0xc3 in for 0xa1
01-23 20:41:13.021 9804 9804 E ArmVmp : Match on catch block at 0xc3 in for 0xa5
01-23 20:41:13.281 9804 9804 E ArmVmp : Match on catch block at 0xc3 in for 0xa9
01-23 20:41:13.284 9804 9804 E ArmVmp : Match on catch block at 0xc3 in for 0xa1
01-23 20:41:13.289 9804 9804 E ArmVmp : Match on catch block at 0xc3 in for 0xa1
01-23 20:41:13.293 9804 9804 E ArmVmp : Match on catch block at 0xc3 in for 0xa5
01-23 20:41:13.426 9804 9804 E ArmVmp : Match on catch block at 0xc3 in for 0xa5
01-23 20:41:13.430 9804 9804 E ArmVmp : Match on catch block at 0xc3 in for 0xa9
01-23 20:41:13.442 9804 9804 E ArmVmp : Match on catch block at 0xc3 in for 0xa9
01-23 20:41:13.444 9804 9804 E ArmVmp : Match on catch block at 0xc3 in for 0xa1
01-23 20:41:13.485 9804 9804 E ArmVmp : Match on catch block at 0xc3 in for 0xa1
01-23 20:41:13.490 9804 9804 E ArmVmp : Match on catch block at 0xc3 in for 0xa5
01-23 20:41:13.501 9804 9804 E ArmVmp : Match on catch block at 0xc3 in for 0xa5
01-23 20:41:13.506 9804 9804 E ArmVmp : Match on catch block at 0xc3 in for 0xa9
01-23 20:41:13.518 9804 9804 E ArmVmp : Match on catch block at 0xc3 in for 0xa9
01-23 20:41:13.522 9804 9804 E ArmVmp : Match on catch block at 0xc3 in for 0xa1
01-23 20:41:13.534 9804 9804 E ArmVmp : Match on catch block at 0xc3 in for 0xa1
01-23 20:41:13.537 9804 9804 E ArmVmp : Match on catch block at 0xc3 in for 0xa5
01-23 20:41:13.550 9804 9804 E ArmVmp : Match on catch block at 0xc3 in for 0xa5
01-23 20:41:13.553 9804 9804 E ArmVmp : Match on catch block at 0xc3 in for 0xa9
01-23 20:41:13.567 9804 9804 E ArmVmp : Match on catch block at 0xc3 in for 0xa9
01-23 20:41:13.569 9804 9804 E ArmVmp : Match on catch block at 0xc3 in for 0xa1
01-23 20:41:13.584 9804 9804 E ArmVmp : Match on catch block at 0xc3 in for 0xa1
01-23 20:41:13.586 9804 9804 E ArmVmp : Match on catch block at 0xc3 in for 0xa5
01-23 20:41:13.600 9804 9804 E ArmVmp : Match on catch block at 0xc3 in for 0xa5
01-23 20:41:13.602 9804 9804 E ArmVmp : Match on catch block at 0xc3 in for 0xa9
01-23 20:41:13.617 9804 9804 E ArmVmp : Match on catch block at 0xc3 in for 0xa9
01-23 20:41:13.621 9804 9804 E ArmVmp : Match on catch block at 0xc3 in for 0xa1
01-23 20:41:13.635 9804 9804 E ArmVmp : Match on catch block at 0xc3 in for 0xa1
01-23 20:41:13.638 9804 9804 E ArmVmp : Match on catch block at 0xc3 in for 0xa5
01-23 20:41:13.652 9804 9804 E ArmVmp : Match on catch block at 0xc3 in for 0xa5
01-23 20:41:13.655 9804 9804 E ArmVmp : Match on catch block at 0xc3 in for 0xa9
01-23 20:41:13.668 9804 9804 E ArmVmp : Match on catch block at 0xc3 in for 0xa9
01-23 20:41:13.672 9804 9804 E ArmVmp : Match on catch block at 0xc3 in for 0xa1
01-23 20:41:13.685 9804 9804 E ArmVmp : Match on catch block at 0xc3 in for 0xa1
01-23 20:41:13.690 9804 9804 E ArmVmp : Match on catch block at 0xc3 in for 0xa5
01-23 20:41:13.702 9804 9804 E ArmVmp : Match on catch block at 0xc3 in for 0xa5
01-23 20:41:13.709 9804 9804 E ArmVmp : Match on catch block at 0xc3 in for 0xa9
01-23 20:41:13.718 9804 9804 E ArmVmp : Match on catch block at 0xc3 in for 0xa9
01-23 20:41:13.722 9804 9804 E ArmVmp : Match on catch block at 0xc3 in for 0xa1
01-23 20:41:13.734 9804 9804 E ArmVmp : Match on catch block at 0xc3 in for 0xa1
01-23 20:41:13.738 9804 9804 E ArmVmp : Match on catch block at 0xc3 in for 0xa5
01-23 20:41:13.751 9804 9804 E ArmVmp : Match on catch block at 0xc3 in for 0xa5
01-23 20:41:13.756 9804 9804 E ArmVmp : Match on catch block at 0xc3 in for 0xa9
01-23 20:41:13.768 9804 9804 E ArmVmp : Match on catch block at 0xc3 in for 0xa9
01-23 20:41:13.772 9804 9804 E ArmVmp : Match on catch block at 0xc3 in for 0xa1
01-23 20:41:13.786 9804 9804 E ArmVmp : Match on catch block at 0xc3 in for 0xa1
01-23 20:41:13.789 9804 9804 E ArmVmp : Match on catch block at 0xc3 in for 0xa5
01-23 20:41:14.031 9804 9804 E ArmVmp : Match on catch block at 0xc3 in for 0xa9
01-23 20:41:14.036 9804 9804 E ArmVmp : Match on catch block at 0xc3 in for 0xa1
01-23 20:41:14.094 9804 9804 E ArmVmp : Match on catch block at 0xc3 in for 0xa1
01-23 20:41:14.097 9804 9804 E ArmVmp : Match on catch block at 0xc3 in for 0xa5
01-23 20:41:14.117 9804 9804 E ArmVmp : Match on catch block at 0xc3 in for 0xa1
01-23 20:41:14.121 9804 9804 E ArmVmp : Match on catch block at 0xc3 in for 0xa5
01-23 20:41:14.135 9804 9804 E ArmVmp : Match on catch block at 0xc3 in for 0xa5
01-23 20:41:14.138 9804 9804 E ArmVmp : Match on catch block at 0xc3 in for 0xa9
01-23 20:41:14.152 9804 9804 E ArmVmp : Match on catch block at 0xc3 in for 0xa9
01-23 20:41:14.155 9804 9804 E ArmVmp : Match on catch block at 0xc3 in for 0xa1
01-23 20:41:14.169 9804 9804 E ArmVmp : Match on catch block at 0xc3 in for 0xa1
01-23 20:41:14.172 9804 9804 E ArmVmp : Match on catch block at 0xc3 in for 0xa5
01-23 20:41:14.184 9804 9804 E ArmVmp : Match on catch block at 0xc3 in for 0xa5
01-23 20:41:14.188 9804 9804 E ArmVmp : Match on catch block at 0xc3 in for 0xa9
01-23 20:41:14.206 9804 9804 E ArmVmp : Match on catch block at 0xc3 in for 0xa9
01-23 20:41:14.210 9804 9804 E ArmVmp : Match on catch block at 0xc3 in for 0xa1
01-23 20:41:14.221 9804 9804 E ArmVmp : Match on catch block at 0xc3 in for 0xa1
01-23 20:41:14.224 9804 9804 E ArmVmp : Match on catch block at 0xc3 in for 0xa5
01-23 20:41:14.234 9804 9804 E ArmVmp : Match on catch block at 0xc3 in for 0xa5
01-23 20:41:14.237 9804 9804 E ArmVmp : Match on catch block at 0xc3 in for 0xa9
01-23 20:41:14.251 9804 9804 E ArmVmp : Match on catch block at 0xc3 in for 0xa9
01-23 20:41:14.255 9804 9804 E ArmVmp : Match on catch block at 0xc3 in for 0xa1
01-23 20:41:14.268 9804 9804 E ArmVmp : Match on catch block at 0xc3 in for 0xa1
01-23 20:41:14.271 9804 9804 E ArmVmp : Match on catch block at 0xc3 in for 0xa5
01-23 20:41:14.284 9804 9804 E ArmVmp : Match on catch block at 0xc3 in for 0xa5
01-23 20:41:14.286 9804 9804 E ArmVmp : Match on catch block at 0xc3 in for 0xa9
01-23 20:41:14.336 9804 9804 E ArmVmp : Match on catch block at 0xc3 in for 0xa9
01-23 20:41:14.339 9804 9804 E ArmVmp : Match on catch block at 0xc3 in for 0xa1
01-23 20:41:14.469 9804 9804 E ArmVmp : Match on catch block at 0xc3 in for 0xa1
01-23 20:41:14.473 9804 9804 E ArmVmp : Match on catch block at 0xc3 in for 0xa5
01-23 20:41:14.969 9804 9804 E ArmVmp : Match on catch block at 0xc3 in for 0xa5
01-23 20:41:14.975 9804 9804 E ArmVmp : Match on catch block at 0xc3 in for 0xa9
01-23 20:41:15.002 9804 9804 E ArmVmp : Match on catch block at 0xc3 in for 0xa9
01-23 20:41:15.009 9804 9804 E ArmVmp : Match on catch block at 0xc3 in for 0xa1
01-23 20:41:15.017 9804 9804 E ArmVmp : Match on catch block at 0xc3 in for 0xa9
01-23 20:41:15.019 9804 9804 E ArmVmp : Match on catch block at 0xc3 in for 0xa1
01-23 20:41:15.033 9804 9804 E ArmVmp : Match on catch block at 0xc3 in for 0xa1
01-23 20:41:15.036 9804 9804 E ArmVmp : Match on catch block at 0xc3 in for 0xa5
01-23 20:41:15.049 9804 9804 E ArmVmp : Match on catch block at 0xc3 in for 0xa5
01-23 20:41:15.052 9804 9804 E ArmVmp : Match on catch block at 0xc3 in for 0xa9
01-23 20:41:15.066 9804 9804 E ArmVmp : Match on catch block at 0xc3 in for 0xa9
01-23 20:41:15.069 9804 9804 E ArmVmp : Match on catch block at 0xc3 in for 0xa1
01-23 20:41:15.083 9804 9804 E ArmVmp : Match on catch block at 0xc3 in for 0xa1
01-23 20:41:15.087 9804 9804 E ArmVmp : Match on catch block at 0xc3 in for 0xa5
01-23 20:41:15.100 9804 9804 E ArmVmp : Match on catch block at 0xc3 in for 0xa5
01-23 20:41:15.105 9804 9804 E ArmVmp : Match on catch block at 0xc3 in for 0xa9
01-23 20:41:15.118 9804 9804 E ArmVmp : Match on catch block at 0xc3 in for 0xa9
01-23 20:41:15.124 9804 9804 E ArmVmp : Match on catch block at 0xc3 in for 0xa1
01-23 20:41:15.134 9804 9804 E ArmVmp : Match on catch block at 0xc3 in for 0xa1
01-23 20:41:15.139 9804 9804 E ArmVmp : Match on catch block at 0xc3 in for 0xa5
01-23 20:41:15.150 9804 9804 E ArmVmp : Match on catch block at 0xc3 in for 0xa5
01-23 20:41:15.155 9804 9804 E ArmVmp : Match on catch block at 0xc3 in for 0xa9
01-23 20:41:15.168 9804 9804 E ArmVmp : Match on catch block at 0xc3 in for 0xa9
01-23 20:41:15.172 9804 9804 E ArmVmp : Match on catch block at 0xc3 in for 0xa1
01-23 20:41:15.185 9804 9804 E ArmVmp : Match on catch block at 0xc3 in for 0xa1
01-23 20:41:15.191 9804 9804 E ArmVmp : Match on catch block at 0xc3 in for 0xa5
01-23 20:41:15.202 9804 9804 E ArmVmp : Match on catch block at 0xc3 in for 0xa5
01-23 20:41:15.207 9804 9804 E ArmVmp : Match on catch block at 0xc3 in for 0xa9
01-23 20:41:15.216 9804 9804 E ArmVmp : Match on catch block at 0xc3 in for 0xa9
01-23 20:41:15.218 9804 9804 E ArmVmp : Match on catch block at 0xc3 in for 0xa1
01-23 20:41:15.233 9804 9804 E ArmVmp : Match on catch block at 0xc3 in for 0xa1
01-23 20:41:15.237 9804 9804 E ArmVmp : Match on catch block at 0xc3 in for 0xa5
01-23 20:41:15.251 9804 9804 E ArmVmp : Match on catch block at 0xc3 in for 0xa5
01-23 20:41:15.255 9804 9804 E ArmVmp : Match on catch block at 0xc3 in for 0xa9
01-23 20:41:15.283 9804 9804 E ArmVmp : Match on catch block at 0xc3 in for 0xa9
01-23 20:41:15.286 9804 9804 E ArmVmp : Match on catch block at 0xc3 in for 0xa1
01-23 20:41:15.433 9804 9804 E ArmVmp : Match on catch block at 0xc3 in for 0xa1
01-23 20:41:15.438 9804 9804 E ArmVmp : Match on catch block at 0xc3 in for 0xa5
01-23 20:41:15.650 9804 9804 E ArmVmp : Match on catch block at 0xc3 in for 0xa5
01-23 20:41:15.655 9804 9804 E ArmVmp : Match on catch block at 0xc3 in for 0xa9
01-23 20:41:16.034 9804 9804 E ArmVmp : Match on catch block at 0xc3 in for 0xa5
01-23 20:41:16.039 9804 9804 E ArmVmp : Match on catch block at 0xc3 in for 0xa9
01-23 20:41:16.382 9804 9804 E ArmVmp : Match on catch block at 0xc3 in for 0xa9
01-23 20:41:16.387 9804 9804 E ArmVmp : Match on catch block at 0xc3 in for 0xa1
01-23 20:41:16.411 9804 9804 E ArmVmp : Match on catch block at 0xc3 in for 0xa5
01-23 20:41:16.413 9804 9804 E ArmVmp : Match on catch block at 0xc3 in for 0xa9
01-23 20:41:16.438 9804 9804 E ArmVmp : Match on catch block at 0xc3 in for 0xa9
01-23 20:41:16.440 9804 9804 E ArmVmp : Match on catch block at 0xc3 in for 0xa1
01-23 20:41:16.448 9804 9804 E ArmVmp : Match on catch block at 0xc3 in for 0xa1
01-23 20:41:16.450 9804 9804 E ArmVmp : Match on catch block at 0xc3 in for 0xa5
01-23 20:41:16.465 9804 9804 E ArmVmp : Match on catch block at 0xc3 in for 0xa5
01-23 20:41:16.467 9804 9804 E ArmVmp : Match on catch block at 0xc3 in for 0xa9
01-23 20:41:16.481 9804 9804 E ArmVmp : Match on catch block at 0xc3 in for 0xa9
01-23 20:41:16.484 9804 9804 E ArmVmp : Match on catch block at 0xc3 in for 0xa1
01-23 20:41:16.526 9804 9804 E ArmVmp : Match on catch block at 0xc3 in for 0xa9
01-23 20:41:16.527 9804 9804 E ArmVmp : Match on catch block at 0xc3 in for 0xa1
01-23 20:41:16.539 9804 9804 E ArmVmp : Match on catch block at 0xc3 in for 0xa5
01-23 20:41:16.541 9804 9804 E ArmVmp : Match on catch block at 0xc3 in for 0xa9
01-23 20:41:16.556 9804 9804 E ArmVmp : Match on catch block at 0xc3 in for 0xa5
01-23 20:41:16.557 9804 9804 E ArmVmp : Match on catch block at 0xc3 in for 0xa9
01-23 20:41:16.565 9804 9804 E ArmVmp : Match on catch block at 0xc3 in for 0xa9
01-23 20:41:16.567 9804 9804 E ArmVmp : Match on catch block at 0xc3 in for 0xa1
01-23 20:41:16.581 9804 9804 E ArmVmp : Match on catch block at 0xc3 in for 0xa1
01-23 20:41:16.583 9804 9804 E ArmVmp : Match on catch block at 0xc3 in for 0xa5
01-23 20:41:16.598 9804 9804 E ArmVmp : Match on catch block at 0xc3 in for 0xa5
01-23 20:41:16.601 9804 9804 E ArmVmp : Match on catch block at 0xc3 in for 0xa9
01-23 20:41:16.724 9804 9804 E ArmVmp : Match on catch block at 0xc3 in for 0xa9
01-23 20:41:16.729 9804 9804 E ArmVmp : Match on catch block at 0xc3 in for 0xa1
01-23 20:41:16.738 9804 9804 E ArmVmp : Match on catch block at 0xc3 in for 0xa1
01-23 20:41:16.743 9804 9804 E ArmVmp : Match on catch block at 0xc3 in for 0xa5
01-23 20:41:16.745 9804 9896 W MediaPlayer: Use of stream types is deprecated for operations other than volume control
01-23 20:41:16.745 9804 9896 W MediaPlayer: See the documentation of setAudioStreamType() for what to use instead with android.media.AudioAttributes to qualify your playback use case
01-23 20:41:16.916 9804 9804 E ArmVmp : Match on catch block at 0xc3 in for 0xa9
01-23 20:41:16.921 9804 9804 E ArmVmp : Match on catch block at 0xc3 in for 0xa1
01-23 20:41:17.018 9804 9804 E ArmVmp : Match on catch block at 0xc3 in for 0xa5
01-23 20:41:17.023 9804 9804 E ArmVmp : Match on catch block at 0xc3 in for 0xa9
01-23 20:41:17.119 9804 9804 E ArmVmp : Match on catch block at 0xc3 in for 0xa5
01-23 20:41:17.121 9804 9804 E ArmVmp : Match on catch block at 0xc3 in for 0xa9
01-23 20:41:17.260 9804 9804 E ArmVmp : Match on catch block at 0xc3 in for 0xa1
01-23 20:41:17.262 9804 9804 E ArmVmp : Match on catch block at 0xc3 in for 0xa5
01-23 20:41:17.308 9804 9804 W IInputConnectionWrapper: requestCursorAnchorInfo on inactive InputConnection
01-23 20:41:23.078 9804 9804 E ArmVmp : Match on catch block at 0x38 in for 0xb1
01-23 20:41:23.079 9804 9804 W System.err: java.lang.NumberFormatException: For input string: ""
01-23 20:41:23.079 9804 9804 W System.err:
01-23 20:41:23.082 9804 9804 W System.err: at java.lang.Integer.parseInt(Integer.java:627)
01-23 20:41:23.082 9804 9804 W System.err:
01-23 20:41:23.082 9804 9804 W System.err: at java.lang.Integer.parseInt(Integer.java:650)
01-23 20:41:23.082 9804 9804 W System.err:
01-23 20:41:23.082 9804 9804 W System.err: at mbmodsd.mbmodsw.home.HomeActivity.mbcRe(Native Method)
01-23 20:41:23.082 9804 9804 W System.err:
01-23 20:41:23.082 9804 9804 W System.err: at com.mbwhatsapp.HomeActivity.onPause(Unknown Source:9)
01-23 20:41:23.082 9804 9804 W System.err:
01-23 20:41:23.083 9804 9804 W System.err: at android.app.Activity.performPause(Activity.java:8286)
01-23 20:41:23.083 9804 9804 W System.err:
01-23 20:41:23.083 9804 9804 W System.err: at android.app.Instrumentation.callActivityOnPause(Instrumentation.java:1510)
01-23 20:41:23.083 9804 9804 W System.err:
01-23 20:41:23.083 9804 9804 W System.err: at android.app.ActivityThread.performPauseActivityIfNeeded(ActivityThread.java:4834)
01-23 20:41:23.083 9804 9804 W System.err:
01-23 20:41:23.083 9804 9804 W System.err: at android.app.ActivityThread.performPauseActivity(ActivityThread.java:4795)
01-23 20:41:23.083 9804 9804 W System.err:
01-23 20:41:23.084 9804 9804 W System.err: at android.app.ActivityThread.handlePauseActivity(ActivityThread.java:4746)
01-23 20:41:23.084 9804 9804 W System.err:
01-23 20:41:23.084 9804 9804 W System.err: at android.app.servertransaction.PauseActivityItem.execute(PauseActivityItem.java:46)
01-23 20:41:23.084 9804 9804 W System.err:
01-23 20:41:23.084 9804 9804 W System.err: at android.app.servertransaction.TransactionExecutor.executeLifecycleState(Transaction Executor.java:176)
01-23 20:41:23.084 9804 9804 W System.err:
01-23 20:41:23.084 9804 9804 W System.err: at android.app.servertransaction.TransactionExecutor.execute(TransactionExecutor.java: 97)
01-23 20:41:23.084 9804 9804 W System.err:
01-23 20:41:23.084 9804 9804 W System.err: at android.app.ActivityThread$H.handleMessage(ActivityThread.java:2132)
01-23 20:41:23.084 9804 9804 W System.err:
01-23 20:41:23.084 9804 9804 W System.err: at android.os.Handler.dispatchMessage(Handler.java:106)
01-23 20:41:23.084 9804 9804 W System.err:
01-23 20:41:23.084 9804 9804 W System.err: at android.os.Looper.loop(Looper.java:250)
01-23 20:41:23.084 9804 9804 W System.err:
01-23 20:41:23.085 9804 9804 W System.err: at android.app.ActivityThread.main(ActivityThread.java:7848)
01-23 20:41:23.085 9804 9804 W System.err:
01-23 20:41:23.085 9804 9804 W System.err: at java.lang.reflect.Method.invoke(Native Method)
01-23 20:41:23.085 9804 9804 W System.err:
01-23 20:41:23.085 9804 9804 W System.err: at com.android.internal.os.RuntimeInit$MethodAndArgsCaller.run(RuntimeInit.java:592)
01-23 20:41:23.085 9804 9804 W System.err:
01-23 20:41:23.085 9804 9804 W System.err: at com.android.internal.os.ZygoteInit.main(ZygoteInit.java:958)
01-23 20:41:23.085 9804 9804 W System.err:
01-23 20:41:23.303 9804 9804 W BottomSheetBehavior: BottomSheetBehavior now supports multiple callbacks. `setBottomSheetCallback()` removes all existing callbacks, including ones set internally by library authors, which may result in unintended behavior. This may change in the future. Please use `addBottomSheetCallback()` and `removeBottomSheetCallback()` instead to set your own callbacks.
01-23 20:41:23.304 9804 9804 W BottomSheetBehavior: BottomSheetBehavior now supports multiple callbacks. `setBottomSheetCallback()` removes all existing callbacks, including ones set internally by library authors, which may result in unintended behavior. This may change in the future. Please use `addBottomSheetCallback()` and `removeBottomSheetCallback()` instead to set your own callbacks.
01-23 20:41:23.402 9804 9804 W BottomSheetBehavior: BottomSheetBehavior now supports multiple callbacks. `setBottomSheetCallback()` removes all existing callbacks, including ones set internally by library authors, which may result in unintended behavior. This may change in the future. Please use `addBottomSheetCallback()` and `removeBottomSheetCallback()` instead to set your own callbacks.
01-23 20:41:23.402 9804 9804 W BottomSheetBehavior: BottomSheetBehavior now supports multiple callbacks. `setBottomSheetCallback()` removes all existing callbacks, including ones set internally by library authors, which may result in unintended behavior. This may change in the future. Please use `addBottomSheetCallback()` and `removeBottomSheetCallback()` instead to set your own callbacks.
01-23 20:41:23.417 9804 9804 W BottomSheetBehavior: BottomSheetBehavior now supports multiple callbacks. `setBottomSheetCallback()` removes all existing callbacks, including ones set internally by library authors, which may result in unintended behavior. This may change in the future. Please use `addBottomSheetCallback()` and `removeBottomSheetCallback()` instead to set your own callbacks.
01-23 20:41:23.417 9804 9804 W BottomSheetBehavior: BottomSheetBehavior now supports multiple callbacks. `setBottomSheetCallback()` removes all existing callbacks, including ones set internally by library authors, which may result in unintended behavior. This may change in the future. Please use `addBottomSheetCallback()` and `removeBottomSheetCallback()` instead to set your own callbacks.
01-23 20:41:23.436 9804 9804 E RecyclerView: No adapter attached; skipping layout
01-23 20:41:23.437 9804 10219 W Utils : could not parse long range '484-472'
01-23 20:41:23.437 9804 10219 W VideoCapabilities: Unrecognized profile/level 0/3 for video/mpeg2
01-23 20:41:23.438 9804 9804 E RecyclerView: No adapter attached; skipping layout
01-23 20:41:23.658 9804 10228 W Gralloc4: allocator 3.x is not supported
01-23 20:41:23.660 9804 10228 W Gralloc3: allocator 3.x is not supported
01-23 20:41:23.695 9804 10241 W Codec2Client: query -- param skipped: index = 1107298332.
01-23 20:41:23.695 9804 10241 W CCodec : This behavior is subject to change. It is recommended that app developers double check whether the requested max input size is in reasonable range.
01-23 20:41:23.698 9804 10241 W Codec2Client: query -- param skipped: index = 1342179345.
01-23 20:41:23.698 9804 10241 W Codec2Client: query -- param skipped: index = 2415921170.
01-23 20:41:23.698 9804 10241 W Codec2Client: query -- param skipped: index = 1610614798.
01-23 20:41:23.701 9804 10241 E FMQ : grantorIdx must be less than 3
01-23 20:41:23.701 9804 10241 E FMQ : grantorIdx must be less than 3
01-23 20:41:23.703 9804 10241 E ion : ioctl c0044901 failed with code -1: Invalid argument
01-23 20:41:23.705 9804 10241 E FMQ : grantorIdx must be less than 3
01-23 20:41:23.721 9804 10229 E FMQ : grantorIdx must be less than 3
01-23 20:41:23.722 9804 10227 E Surface : freeAllBuffers: 4 buffers were freed while being dequeued!
01-23 20:41:23.834 9804 10219 W AudioTrack: getTimestamp_l(3969): retrograde timestamp time corrected, 562087362791877 < 562087370246357
01-23 20:41:24.604 9804 9875 E SQLiteDatabase: Error inserting transferred=1 media_job_uuid=12ca5d45-0da2-4cf4-a3bc-54b437741897 transcoded=0 gif_attribution=0 first_scan_length=0 direct_path=/v/t62.7161- 24/19155224_1425384111708706_7965928659322451923_n.enc?ccb=11- 4&oh=01_AdTFLho_6LY9JIjmDbfD9Uo4Hd9ETjwIWGYDoBKD68Yy5Q&oe=65D7F4A0&_nc_sid=5e03e0 thumbnail_height_width_ratio=1.7846154 is_animated_sticker=0 file_hash=YnxPsnDygqBaqQ8gFp/D3vbJP/ydDJ/EEus5jCp/W6U= file_path=Media/.Statuses/b3d6ce3407c9411d914f48c94589b36b.mp4 file_size=879446 partial_media_hash=null face_x=0 face_y=0 height=1024 trim_to=0 media_key_timestamp=1706063777000 message_url=https://mmg.whatsapp.net/v/t62.7161- 24/19155224_1425384111708706_7965928659322451923_n.enc?ccb=11- 4&oh=01_AdTFLho_6LY9JIjmDbfD9Uo4Hd9ETjwIWGYDoBKD68Yy5Q&oe=65D7F4A0&_nc_sid=5e03e0&m ms3=true media_caption=null trim_from=0 mime_type=video/mp4 partial_media_enc_hash=null width=576 original_file_hash=null has_streaming_sidecar=1 autotransfer_retry_enabled=1 media_upload_handle=null message_row_id=52220 multicast_id=null enc_file_hash=xj4/hztvu2Z3rnqNM2HnozVENNWc5hvuEIzzeIX8QV8= mute_video=0 page_count=0 first_scan_sidecar=null suspicious_content=0 file_length=879446 media_name=null media_duration=8 chat_row_id=72 media_key=[B@8dd80da
01-23 20:41:24.604 9804 9875 E SQLiteDatabase: android.database.sqlite.SQLiteConstraintException: UNIQUE constraint failed: message_media.message_row_id (code 1555 SQLITE_CONSTRAINT_PRIMARYKEY)
01-23 20:41:24.604 9804 9875 E SQLiteDatabase: at android.database.sqlite.SQLiteConnection.nativeExecuteForLastInsertedRowId(Native Method)
01-23 20:41:24.604 9804 9875 E SQLiteDatabase: at android.database.sqlite.SQLiteConnection.executeForLastInsertedRowId(SQLiteConnecti on.java:938)
01-23 20:41:24.604 9804 9875 E SQLiteDatabase: at android.database.sqlite.SQLiteSession.executeForLastInsertedRowId(SQLiteSession.jav a:790)
01-23 20:41:24.604 9804 9875 E SQLiteDatabase: at android.database.sqlite.SQLiteStatement.executeInsert(SQLiteStatement.java:88)
01-23 20:41:24.604 9804 9875 E SQLiteDatabase: at android.database.sqlite.SQLiteDatabase.insertWithOnConflict(SQLiteDatabase.java:170 1)
01-23 20:41:24.604 9804 9875 E SQLiteDatabase: at android.database.sqlite.SQLiteDatabase.insert(SQLiteDatabase.java:1570)
01-23 20:41:24.604 9804 9875 E SQLiteDatabase: at X.2tm.A08(Unknown Source:6)
01-23 20:41:24.604 9804 9875 E SQLiteDatabase: at X.35Y.A07(Unknown Source:212)
01-23 20:41:24.604 9804 9875 E SQLiteDatabase: at X.3QF.A14(Unknown Source:470)
01-23 20:41:24.604 9804 9875 E SQLiteDatabase: at X.3gU.run(Unknown Source:982)
01-23 20:41:24.604 9804 9875 E SQLiteDatabase: at android.os.Handler.handleCallback(Handler.java:938)
01-23 20:41:24.604 9804 9875 E SQLiteDatabase: at android.os.Handler.dispatchMessage(Handler.java:99)
01-23 20:41:24.604 9804 9875 E SQLiteDatabase: at X.0zq.dispatchMessage(Unknown Source:4)
01-23 20:41:24.604 9804 9875 E SQLiteDatabase: at android.os.Looper.loop(Looper.java:250)
01-23 20:41:24.604 9804 9875 E SQLiteDatabase: at android.os.HandlerThread.run(HandlerThread.java:67)
01-23 20:41:30.696 9804 10241 W Codec2Client: query -- param skipped: index = 1342179345.
01-23 20:41:30.696 9804 10241 W Codec2Client: query -- param skipped: index = 2415921170.
01-23 20:41:30.696 9804 10241 W Codec2Client: query -- param skipped: index = 1610614798.
01-23 20:41:30.705 9804 10227 E Surface : freeAllBuffers: 12 buffers were freed while being dequeued!
01-23 20:41:30.715 9804 9804 W BottomSheetBehavior: BottomSheetBehavior now supports multiple callbacks. `setBottomSheetCallback()` removes all existing callbacks, including ones set internally by library authors, which may result in unintended behavior. This may change in the future. Please use `addBottomSheetCallback()` and `removeBottomSheetCallback()` instead to set your own callbacks.
01-23 20:41:30.715 9804 9804 W BottomSheetBehavior: BottomSheetBehavior now supports multiple callbacks. `setBottomSheetCallback()` removes all existing callbacks, including ones set internally by library authors, which may result in unintended behavior. This may change in the future. Please use `addBottomSheetCallback()` and `removeBottomSheetCallback()` instead to set your own callbacks.
01-23 20:41:31.502 9804 10281 W Codec2Client: query -- param skipped: index = 1107298332.
01-23 20:41:31.502 9804 10281 W CCodec : This behavior is subject to change. It is recommended that app developers double check whether the requested max input size is in reasonable range.
01-23 20:41:31.504 9804 10281 W Codec2Client: query -- param skipped: index = 1342179345.
01-23 20:41:31.504 9804 10281 W Codec2Client: query -- param skipped: index = 2415921170.
01-23 20:41:31.504 9804 10281 W Codec2Client: query -- param skipped: index = 1610614798.
01-23 20:41:31.505 9804 10281 E FMQ : grantorIdx must be less than 3
01-23 20:41:31.505 9804 10281 E FMQ : grantorIdx must be less than 3
01-23 20:41:31.509 9804 10281 E FMQ : grantorIdx must be less than 3
01-23 20:41:31.520 9804 10229 E FMQ : grantorIdx must be less than 3
01-23 20:41:31.542 9804 10281 W Codec2Client: query -- param skipped: index = 1342179345.
01-23 20:41:31.542 9804 10281 W Codec2Client: query -- param skipped: index = 2415921170.
01-23 20:41:31.542 9804 10281 W Codec2Client: query -- param skipped: index = 1610614798.
01-23 20:41:31.544 9804 10276 E Surface : freeAllBuffers: 12 buffers were freed while being dequeued!
01-23 20:41:32.016 9804 10296 W Codec2Client: query -- param skipped: index = 1107298332.
01-23 20:41:32.016 9804 10296 W CCodec : This behavior is subject to change. It is recommended that app developers double check whether the requested max input size is in reasonable range.
01-23 20:41:32.017 9804 10296 W Codec2Client: query -- param skipped: index = 1342179345.
01-23 20:41:32.017 9804 10296 W Codec2Client: query -- param skipped: index = 2415921170.
01-23 20:41:32.017 9804 10296 W Codec2Client: query -- param skipped: index = 1610614798.
