We take content rights seriously. If you suspect this is your content, claim it here.
Available Formats
Download as TXT, PDF, TXT or read online on Scribd
You are on page 1/ 2273
--------- beginning of main
01-22 22:22:42.014 22919 22919 E com.mbwhatsapp: Not starting debugger since
process cannot load the jdwp agent.
01-22 22:22:42.755 22919 22919 W System.err: java.lang.ClassNotFoundException: mbmodsd.mbmodsw.ui.views.btn.BtnBK
01-22 22:22:42.769 22919 22919 W System.err: at java.lang.Runtime.nativeLoad(Native Method)
01-22 22:22:42.769 22919 22919 W System.err: at java.lang.Runtime.nativeLoad(Runtime.java:1131)
01-22 22:22:42.769 22919 22919 W System.err: at java.lang.Runtime.loadLibrary0(Runtime.java:1085)
01-22 22:22:42.769 22919 22919 W System.err: at java.lang.Runtime.loadLibrary0(Runtime.java:1008)
01-22 22:22:42.769 22919 22919 W System.err: at java.lang.System.loadLibrary(System.java:1664)
01-22 22:22:42.769 22919 22919 W System.err: at arm.EpicVm.<clinit>(Unknown Source:2)
01-22 22:22:42.769 22919 22919 W System.err: at java.lang.Class.newInstance(Native Method)
01-22 22:22:42.769 22919 22919 W System.err: at android.app.AppComponentFactory.instantiateApplication(AppComponentFactory.java:76)
01-22 22:22:42.769 22919 22919 W System.err: at androidx.core.app.CoreComponentFactory.instantiateApplication(Unknown Source:0)
01-22 22:22:42.769 22919 22919 W System.err: at android.app.Instrumentation.newApplication(Instrumentation.java:1158)
01-22 22:22:42.769 22919 22919 W System.err: at android.app.LoadedApk.makeApplication(LoadedApk.java:1268)
01-22 22:22:42.769 22919 22919 W System.err: at android.app.ActivityThread.handleBindApplication(ActivityThread.java:6819)
01-22 22:22:42.769 22919 22919 W System.err: at android.app.ActivityThread.access$1400(ActivityThread.java:252)
01-22 22:22:42.769 22919 22919 W System.err: at android.app.ActivityThread$H.handleMessage(ActivityThread.java:1979)
01-22 22:22:42.769 22919 22919 W System.err: at android.os.Handler.dispatchMessage(Handler.java:106)
01-22 22:22:42.769 22919 22919 W System.err: at android.os.Looper.loop(Looper.java:250)
01-22 22:22:42.769 22919 22919 W System.err: at android.app.ActivityThread.main(ActivityThread.java:7848)
01-22 22:22:42.769 22919 22919 W System.err: at java.lang.reflect.Method.invoke(Native Method)
01-22 22:22:42.769 22919 22919 W System.err: at com.android.internal.os.RuntimeInit$MethodAndArgsCaller.run(RuntimeInit.java:592)
01-22 22:22:42.769 22919 22919 W System.err: at com.android.internal.os.ZygoteInit.main(ZygoteInit.java:958)
01-22 22:22:43.006 22919 22919 E CustomActivityOnCrash: IMPORTANT WARNING! You already have an UncaughtExceptionHandler, are you sure this is correct? If you use a custom UncaughtExceptionHandler, you must initialize it AFTER CustomActivityOnCrash! Installing anyway, but your original handler will not be called.
01-22 22:22:45.645 22919 22919 W com.mbwhatsapp: Accessing hidden method Lcom/android/org/conscrypt/OpenSSLSocketImpl;->setUseSessionTickets(Z)V (greylist- max-q,test-api, reflection, denied)
01-22 22:22:45.645 22919 22919 W com.mbwhatsapp: Accessing hidden method Lcom/android/org/conscrypt/AbstractConscryptSocket;->setUseSessionTickets(Z)V (greylist-max-q, reflection, denied)
01-22 22:22:48.166 22919 22919 W linker : Warning: "/data/data/com.mbwhatsapp/files/decompressed/libs.spk.zst/libc++_shared.so" unused DT entry: unknown processor-specific (type 0x70000001 arg 0x0) (ignoring)
01-22 22:22:48.162 22919 22919 W com.mbwhatsapp: type=1400 audit(0.0:170861): avc: granted { execute } for path="/data/data/com.mbwhatsapp/files/decompressed/libs.spk.zst/libc++_shared.so" dev="mmcblk0p78" ino=63119 scontext=u:r:untrusted_app:s0:c167,c257,c512,c768 tcontext=u:object_r:app_data_file:s0:c167,c257,c512,c768 tclass=file app=com.mbwhatsapp
01-22 22:22:48.169 22919 22919 W com.mbwhatsapp: type=1400 audit(0.0:170862): avc: granted { execute } for path="/data/data/com.mbwhatsapp/files/decompressed/libs.spk.zst/libvlc.so" dev="mmcblk0p78" ino=515485 scontext=u:r:untrusted_app:s0:c167,c257,c512,c768 tcontext=u:object_r:app_data_file:s0:c167,c257,c512,c768 tclass=file app=com.mbwhatsapp
01-22 22:22:48.182 22919 22919 W com.mbwhatsapp: type=1400 audit(0.0:170863): avc: granted { execute } for path="/data/data/com.mbwhatsapp/files/decompressed/libs.spk.zst/libwhatsapp.so" dev="mmcblk0p78" ino=512112 scontext=u:r:untrusted_app:s0:c167,c257,c512,c768 tcontext=u:object_r:app_data_file:s0:c167,c257,c512,c768 tclass=file app=com.mbwhatsapp
01-22 22:22:48.235 22919 22919 W com.mbwhatsapp: type=1400 audit(0.0:170864): avc: granted { execute } for path="/data/data/com.mbwhatsapp/files/decompressed/libs.spk.zst/libcurve25519.so" dev="mmcblk0p78" ino=425206 scontext=u:r:untrusted_app:s0:c167,c257,c512,c768 tcontext=u:object_r:app_data_file:s0:c167,c257,c512,c768 tclass=file app=com.mbwhatsapp
01-22 22:22:48.309 22919 22919 W com.mbwhatsapp: type=1400 audit(0.0:170865): avc: granted { execute } for path="/data/data/com.mbwhatsapp/files/decompressed/libs.spk.zst/libwhatsapp.so" dev="mmcblk0p78" ino=512112 scontext=u:r:untrusted_app:s0:c167,c257,c512,c768 tcontext=u:object_r:app_data_file:s0:c167,c257,c512,c768 tclass=file app=com.mbwhatsapp
01-22 22:22:49.077 22919 22932 W com.mbwhatsapp: Suspending all threads took: 14.554ms
01-22 22:22:49.604 22919 23190 W com.mbwhatsapp: Class X.2rL failed lock verification and will run slower.
01-22 22:22:49.604 22919 23190 W com.mbwhatsapp: Common causes for lock verification issues are non-optimized dex code
01-22 22:22:49.604 22919 23190 W com.mbwhatsapp: and incorrect proguard optimizations.
01-22 22:31:09.515 22919 22919 W com.mbwhatsapp: Class X.0eU failed lock verification and will run slower.
01-22 22:31:10.231 22919 22919 W com.mbwhatsapp: Class com.mbwhatsapp.HomeActivity failed lock verification and will run slower.
01-22 22:31:11.124 22919 22919 E ArmVmp : Match on catch block at 0x0a in for 0xc5
01-22 22:31:11.300 22919 25463 W com.mbwhatsapp: Accessing hidden method Lcom/android/org/conscrypt/ConscryptEngineSocket;->setUseSessionTickets(Z)V (greylist-max-q,test-api, reflection, denied)
01-22 22:31:11.300 22919 25463 W com.mbwhatsapp: Accessing hidden method Lcom/android/org/conscrypt/OpenSSLSocketImpl;->setUseSessionTickets(Z)V (greylist- max-q,test-api, reflection, denied)
01-22 22:31:11.300 22919 25463 W com.mbwhatsapp: Accessing hidden method Lcom/android/org/conscrypt/AbstractConscryptSocket;->setUseSessionTickets(Z)V (greylist-max-q, reflection, denied)
01-22 22:31:11.302 22919 25463 W com.mbwhatsapp: Accessing hidden method Lcom/android/org/conscrypt/ConscryptEngineSocket;->setHostname(Ljava/lang/String;)V (greylist-max-q,test-api, reflection, denied)
01-22 22:31:11.302 22919 25463 W com.mbwhatsapp: Accessing hidden method Lcom/android/org/conscrypt/OpenSSLSocketImpl;->setHostname(Ljava/lang/String;)V (greylist-max-q,test-api, reflection, denied)
01-22 22:31:11.302 22919 25463 W com.mbwhatsapp: Accessing hidden method Lcom/android/org/conscrypt/AbstractConscryptSocket;->setHostname(Ljava/lang/ String;)V (greylist-max-q, reflection, denied)
01-22 22:31:11.302 22919 25463 W com.mbwhatsapp: Accessing hidden method Lcom/android/org/conscrypt/OpenSSLSocketImpl;->setAlpnProtocols([B)V (greylist-max- q,test-api, reflection, denied)
01-22 22:31:11.302 22919 25463 W com.mbwhatsapp: Accessing hidden method Lcom/android/org/conscrypt/AbstractConscryptSocket;->setAlpnProtocols([B)V (greylist-max-q, reflection, denied)
01-22 22:31:11.533 22919 25463 W com.mbwhatsapp: Accessing hidden method Lcom/android/org/conscrypt/OpenSSLSocketImpl;->getAlpnSelectedProtocol()[B (greylist-max-q,test-api, reflection, denied)
01-22 22:31:11.533 22919 25463 W com.mbwhatsapp: Accessing hidden method Lcom/android/org/conscrypt/AbstractConscryptSocket;->getAlpnSelectedProtocol()[B (greylist-max-q, reflection, denied)
01-22 22:31:11.536 22919 22919 E ArmVmp : Match on catch block at 0x0a in for 0x135
01-22 22:31:13.228 22919 22919 E ArmVmp : Match on catch block at 0x0a in for 0xd5
01-22 22:31:15.673 22919 22919 E RecyclerView: No adapter attached; skipping layout
01-22 22:31:15.905 22919 25768 W LibraryVersion: Failed to get app version for libraryName: firebase-iid
01-22 22:31:16.050 22919 22919 E RecyclerView: No adapter attached; skipping layout
01-22 22:31:16.053 22919 22919 W View : requestLayout() improperly called by androidx.appcompat.view.menu.ActionMenuItemView{741caea VFED..C.. ......ID 170,0- 254,0 #7f0b0f8a app:id/menuitem_search} during layout: running second layout pass
01-22 22:31:16.053 22919 22919 W View : requestLayout() improperly called by androidx.appcompat.widget.ActionMenuView{c8cb8c V.E...... ......ID 333,219-750,219} during layout: running second layout pass
01-22 22:31:16.199 22919 25777 W LOTTIE : Animation contains merge paths. Merge paths are only supported on KitKat+ and must be manually enabled by calling enableMergePathsForKitKatAndAbove().
01-22 22:31:17.343 22919 25405 W Gralloc3: mapper 3.x is not supported
01-22 22:31:18.122 22919 22919 W LOTTIE : Animation contains merge paths but they are disabled.
01-22 22:31:18.130 22919 23187 E SQLiteDatabase: Error inserting transferred=1 media_job_uuid=aa528286-c2c6-47f3-8112-221dedf4cb64 transcoded=0 gif_attribution=0 first_scan_length=9824 direct_path=/o1/v/t62.7118-24/f1/m233/up-oil-image-cd513cff- 2d2e-4b6e-9989-49a20b3036b8?ccb=9-4&oh=01_AdQ2wkEZHNsLH03yqYiQfBPZONLrmEQztd- JpSqnFax-nw&oe=65D6CD63&_nc_sid=000000 thumbnail_height_width_ratio=1.7111111 is_animated_sticker=0 file_hash=vZimQ8SG8Sa6LJYJknW8CXwH2vyduGbSfj3hrAD4xVA= file_path=Media/.Statuses/01013f1b7b6b4816aaba5cdd47376d10.jpg file_size=63437 partial_media_hash=KmqbzX2iCz6wqxW0lzAc4+A8iv6pGNOOuAHID8q1J5g= face_x=0 face_y=0 height=1234 trim_to=0 media_key_timestamp=1705987217000 message_url=https://mmg.whatsapp.net/o1/v/t62.7118-24/f1/m233/up-oil-image- cd513cff-2d2e-4b6e-9989-49a20b3036b8?ccb=9- 4&oh=01_AdQ2wkEZHNsLH03yqYiQfBPZONLrmEQztd-JpSqnFax- nw&oe=65D6CD63&_nc_sid=000000&mms3=true media_caption=null trim_from=0 mime_type=image/jpeg partial_media_enc_hash=null width=720 original_file_hash=null has_streaming_sidecar=1 autotransfer_retry_enabled=1 media_upload_handle=null message_row_id=51861 multicast_id=null enc_file_hash=8PfFlTm8ycn6GctIOpJVCAS9ooYIAugvPGxeU4OlnP4= mute_video=0 page_count=0 first_scan_sidecar=[B@61df65c suspicious_content=0 file_length=63437 media_name=null media_duration=0 chat_row_id=72 media_key=[B@2fa1d65
01-22 22:31:18.130 22919 23187 E SQLiteDatabase: android.database.sqlite.SQLiteConstraintException: UNIQUE constraint failed: message_media.message_row_id (code 1555 SQLITE_CONSTRAINT_PRIMARYKEY)
01-22 22:31:18.130 22919 23187 E SQLiteDatabase: at android.database.sqlite.SQLiteConnection.nativeExecuteForLastInsertedRowId(Native Method)
01-22 22:31:18.130 22919 23187 E SQLiteDatabase: at android.database.sqlite.SQLiteConnection.executeForLastInsertedRowId(SQLiteConnecti on.java:938)
01-22 22:31:18.130 22919 23187 E SQLiteDatabase: at android.database.sqlite.SQLiteSession.executeForLastInsertedRowId(SQLiteSession.jav a:790)
01-22 22:31:18.130 22919 23187 E SQLiteDatabase: at android.database.sqlite.SQLiteStatement.executeInsert(SQLiteStatement.java:88)
01-22 22:31:18.130 22919 23187 E SQLiteDatabase: at android.database.sqlite.SQLiteDatabase.insertWithOnConflict(SQLiteDatabase.java:170 1)
01-22 22:31:18.130 22919 23187 E SQLiteDatabase: at android.database.sqlite.SQLiteDatabase.insert(SQLiteDatabase.java:1570)
01-22 22:31:18.130 22919 23187 E SQLiteDatabase: at X.2tm.A08(Unknown Source:6)
01-22 22:31:18.130 22919 23187 E SQLiteDatabase: at X.35Y.A07(Unknown Source:212)
01-22 22:31:18.130 22919 23187 E SQLiteDatabase: at X.3QF.A14(Unknown Source:470)
01-22 22:31:18.130 22919 23187 E SQLiteDatabase: at X.3gU.run(Unknown Source:982)
01-22 22:31:18.130 22919 23187 E SQLiteDatabase: at android.os.Handler.handleCallback(Handler.java:938)
01-22 22:31:18.130 22919 23187 E SQLiteDatabase: at android.os.Handler.dispatchMessage(Handler.java:99)
01-22 22:31:18.130 22919 23187 E SQLiteDatabase: at X.0zq.dispatchMessage(Unknown Source:4)
01-22 22:31:18.130 22919 23187 E SQLiteDatabase: at android.os.Looper.loop(Looper.java:250)
01-22 22:31:18.130 22919 23187 E SQLiteDatabase: at android.os.HandlerThread.run(HandlerThread.java:67)
01-22 22:31:18.267 22919 22919 W View : requestLayout() improperly called by DecorView@e4de6b4[HomeActivity] during second layout pass: posting in next frame
01-22 22:31:19.146 22919 23187 E SQLiteDatabase: Error inserting transferred=1 media_job_uuid=1ca8bef1-716c-4c56-b126-a14cbd87e9f9 transcoded=0 gif_attribution=0 first_scan_length=14248 direct_path=/v/t62.7118- 24/28777820_751861533486031_7323980362836535179_n.enc?ccb=11- 4&oh=01_AdSmSR7U86GHMpSiK-_U4qVqANBefV2HlFX_VIGbNKdBTw&oe=65D6CF4C&_nc_sid=5e03e0 thumbnail_height_width_ratio=1.7647059 is_animated_sticker=0 file_hash=Dbeo3bTVgH8XFNomORcPvj5zwAUcrAFSEUCEoe57z4w= file_path=Media/.Statuses/3690ca72f2ff4c8a8007595318df0538.jpg file_size=138318 partial_media_hash=G/bkFM9hu8FLfDcebFhnyHuHma2JNWa3X5cUyGP5tm0= face_x=317 face_y=654 height=1599 trim_to=0 media_key_timestamp=1705909542000 message_url=https://mmg.whatsapp.net/v/t62.7118- 24/28777820_751861533486031_7323980362836535179_n.enc?ccb=11- 4&oh=01_AdSmSR7U86GHMpSiK- _U4qVqANBefV2HlFX_VIGbNKdBTw&oe=65D6CF4C&_nc_sid=5e03e0&mms3=true media_caption=null trim_from=0 mime_type=image/jpeg partial_media_enc_hash=null width=899 original_file_hash=null has_streaming_sidecar=1 autotransfer_retry_enabled=1 media_upload_handle=null message_row_id=51862 multicast_id=null enc_file_hash=W+SwD76pb9jINaVXfBWzPs/rFhUpk9lEiiua64IKM/E= mute_video=0 page_count=0 first_scan_sidecar=[B@d3bd018 suspicious_content=0 file_length=138318 media_name=null media_duration=0 chat_row_id=72 media_key=[B@66f1a71
01-22 22:31:19.146 22919 23187 E SQLiteDatabase: android.database.sqlite.SQLiteConstraintException: UNIQUE constraint failed: message_media.message_row_id (code 1555 SQLITE_CONSTRAINT_PRIMARYKEY)
01-22 22:31:19.146 22919 23187 E SQLiteDatabase: at android.database.sqlite.SQLiteConnection.nativeExecuteForLastInsertedRowId(Native Method)
01-22 22:31:19.146 22919 23187 E SQLiteDatabase: at android.database.sqlite.SQLiteConnection.executeForLastInsertedRowId(SQLiteConnecti on.java:938)
01-22 22:31:19.146 22919 23187 E SQLiteDatabase: at android.database.sqlite.SQLiteSession.executeForLastInsertedRowId(SQLiteSession.jav a:790)
01-22 22:31:19.146 22919 23187 E SQLiteDatabase: at android.database.sqlite.SQLiteStatement.executeInsert(SQLiteStatement.java:88)
01-22 22:31:19.146 22919 23187 E SQLiteDatabase: at android.database.sqlite.SQLiteDatabase.insertWithOnConflict(SQLiteDatabase.java:170 1)
01-22 22:31:19.146 22919 23187 E SQLiteDatabase: at android.database.sqlite.SQLiteDatabase.insert(SQLiteDatabase.java:1570)
01-22 22:31:19.146 22919 23187 E SQLiteDatabase: at X.2tm.A08(Unknown Source:6)
01-22 22:31:19.146 22919 23187 E SQLiteDatabase: at X.35Y.A07(Unknown Source:212)
01-22 22:31:19.146 22919 23187 E SQLiteDatabase: at X.3QF.A14(Unknown Source:470)
01-22 22:31:19.146 22919 23187 E SQLiteDatabase: at X.3gU.run(Unknown Source:982)
01-22 22:31:19.146 22919 23187 E SQLiteDatabase: at android.os.Handler.handleCallback(Handler.java:938)
01-22 22:31:19.146 22919 23187 E SQLiteDatabase: at android.os.Handler.dispatchMessage(Handler.java:99)
01-22 22:31:19.146 22919 23187 E SQLiteDatabase: at X.0zq.dispatchMessage(Unknown Source:4)
01-22 22:31:19.146 22919 23187 E SQLiteDatabase: at android.os.Looper.loop(Looper.java:250)
01-22 22:31:19.146 22919 23187 E SQLiteDatabase: at android.os.HandlerThread.run(HandlerThread.java:67)
01-22 22:31:20.228 22919 22919 E ArmVmp : Match on catch block at 0x5b in for 0x85
01-22 22:31:20.295 22919 22919 E ArmVmp : Match on catch block at 0x5b in for 0x85
01-22 22:31:20.322 22919 22919 E ArmVmp : Match on catch block at 0x5b in for 0x85
01-22 22:31:20.338 22919 22919 E ArmVmp : Match on catch block at 0x5b in for 0x89
01-22 22:31:20.364 22919 22919 E ArmVmp : Match on catch block at 0x5b in for 0x85
01-22 22:31:20.452 22919 22919 W pool-6-thread-1: type=1400 audit(0.0:171252): avc: granted { execute } for path="/data/data/com.mbwhatsapp/files/decompressed/libs.spk.zst/libgifimage.so" dev="mmcblk0p78" ino=201115 scontext=u:r:untrusted_app:s0:c167,c257,c512,c768 tcontext=u:object_r:app_data_file:s0:c167,c257,c512,c768 tclass=file app=com.mbwhatsapp
01-22 22:31:24.185 22919 22919 E ArmVmp : Match on catch block at 0x38 in for 0xb9
01-22 22:31:24.186 22919 22919 W System.err: java.lang.NumberFormatException: For input string: ""
01-22 22:31:24.186 22919 22919 W System.err:
01-22 22:31:24.189 22919 22919 W System.err: at java.lang.Integer.parseInt(Integer.java:627)
01-22 22:31:24.189 22919 22919 W System.err:
01-22 22:31:24.189 22919 22919 W System.err: at java.lang.Integer.parseInt(Integer.java:650)
01-22 22:31:24.189 22919 22919 W System.err:
01-22 22:31:24.189 22919 22919 W System.err: at mbmodsd.mbmodsw.home.HomeActivity.mbcRe(Native Method)
01-22 22:31:24.189 22919 22919 W System.err:
01-22 22:31:24.189 22919 22919 W System.err: at com.mbwhatsapp.HomeActivity.onPause(Unknown Source:9)
01-22 22:31:24.189 22919 22919 W System.err:
01-22 22:31:24.190 22919 22919 W System.err: at android.app.Activity.performPause(Activity.java:8286)
01-22 22:31:24.190 22919 22919 W System.err:
01-22 22:31:24.190 22919 22919 W System.err: at android.app.Instrumentation.callActivityOnPause(Instrumentation.java:1510)
01-22 22:31:24.190 22919 22919 W System.err:
01-22 22:31:24.190 22919 22919 W System.err: at android.app.ActivityThread.performPauseActivityIfNeeded(ActivityThread.java:4834)
01-22 22:31:24.190 22919 22919 W System.err:
01-22 22:31:24.190 22919 22919 W System.err: at android.app.ActivityThread.performPauseActivity(ActivityThread.java:4795)
01-22 22:31:24.190 22919 22919 W System.err:
01-22 22:31:24.190 22919 22919 W System.err: at android.app.ActivityThread.handlePauseActivity(ActivityThread.java:4746)
01-22 22:31:24.190 22919 22919 W System.err:
01-22 22:31:24.191 22919 22919 W System.err: at android.app.servertransaction.PauseActivityItem.execute(PauseActivityItem.java:46)
01-22 22:31:24.191 22919 22919 W System.err:
01-22 22:31:24.191 22919 22919 W System.err: at android.app.servertransaction.TransactionExecutor.executeLifecycleState(Transaction Executor.java:176)
01-22 22:31:24.191 22919 22919 W System.err:
01-22 22:31:24.191 22919 22919 W System.err: at android.app.servertransaction.TransactionExecutor.execute(TransactionExecutor.java: 97)
01-22 22:31:24.191 22919 22919 W System.err:
01-22 22:31:24.191 22919 22919 W System.err: at android.app.ActivityThread$H.handleMessage(ActivityThread.java:2132)
01-22 22:31:24.191 22919 22919 W System.err:
01-22 22:31:24.191 22919 22919 W System.err: at android.os.Handler.dispatchMessage(Handler.java:106)
01-22 22:31:24.191 22919 22919 W System.err:
01-22 22:31:24.191 22919 22919 W System.err: at android.os.Looper.loop(Looper.java:250)
01-22 22:31:24.191 22919 22919 W System.err:
01-22 22:31:24.191 22919 22919 W System.err: at android.app.ActivityThread.main(ActivityThread.java:7848)
01-22 22:31:24.191 22919 22919 W System.err:
01-22 22:31:24.192 22919 22919 W System.err: at java.lang.reflect.Method.invoke(Native Method)
01-22 22:31:24.192 22919 22919 W System.err:
01-22 22:31:24.192 22919 22919 W System.err: at com.android.internal.os.RuntimeInit$MethodAndArgsCaller.run(RuntimeInit.java:592)
01-22 22:31:24.192 22919 22919 W System.err:
01-22 22:31:24.192 22919 22919 W System.err: at com.android.internal.os.ZygoteInit.main(ZygoteInit.java:958)
01-22 22:31:24.192 22919 22919 W System.err:
01-22 22:31:24.469 22919 22919 W BottomSheetBehavior: BottomSheetBehavior now supports multiple callbacks. `setBottomSheetCallback()` removes all existing callbacks, including ones set internally by library authors, which may result in unintended behavior. This may change in the future. Please use `addBottomSheetCallback()` and `removeBottomSheetCallback()` instead to set your own callbacks.
01-22 22:31:24.470 22919 22919 W BottomSheetBehavior: BottomSheetBehavior now supports multiple callbacks. `setBottomSheetCallback()` removes all existing callbacks, including ones set internally by library authors, which may result in unintended behavior. This may change in the future. Please use `addBottomSheetCallback()` and `removeBottomSheetCallback()` instead to set your own callbacks.
01-22 22:31:24.511 22919 22919 W BottomSheetBehavior: BottomSheetBehavior now supports multiple callbacks. `setBottomSheetCallback()` removes all existing callbacks, including ones set internally by library authors, which may result in unintended behavior. This may change in the future. Please use `addBottomSheetCallback()` and `removeBottomSheetCallback()` instead to set your own callbacks.
01-22 22:31:24.511 22919 22919 W BottomSheetBehavior: BottomSheetBehavior now supports multiple callbacks. `setBottomSheetCallback()` removes all existing callbacks, including ones set internally by library authors, which may result in unintended behavior. This may change in the future. Please use `addBottomSheetCallback()` and `removeBottomSheetCallback()` instead to set your own callbacks.
01-22 22:31:24.531 22919 22919 W BottomSheetBehavior: BottomSheetBehavior now supports multiple callbacks. `setBottomSheetCallback()` removes all existing callbacks, including ones set internally by library authors, which may result in unintended behavior. This may change in the future. Please use `addBottomSheetCallback()` and `removeBottomSheetCallback()` instead to set your own callbacks.
01-22 22:31:24.532 22919 22919 W BottomSheetBehavior: BottomSheetBehavior now supports multiple callbacks. `setBottomSheetCallback()` removes all existing callbacks, including ones set internally by library authors, which may result in unintended behavior. This may change in the future. Please use `addBottomSheetCallback()` and `removeBottomSheetCallback()` instead to set your own callbacks.
01-22 22:31:24.583 22919 22919 E RecyclerView: No adapter attached; skipping layout
01-22 22:31:24.585 22919 22919 E RecyclerView: No adapter attached; skipping layout
01-22 22:31:26.210 22919 22919 W BottomSheetBehavior: BottomSheetBehavior now supports multiple callbacks. `setBottomSheetCallback()` removes all existing callbacks, including ones set internally by library authors, which may result in unintended behavior. This may change in the future. Please use `addBottomSheetCallback()` and `removeBottomSheetCallback()` instead to set your own callbacks.
01-22 22:31:26.210 22919 22919 W BottomSheetBehavior: BottomSheetBehavior now supports multiple callbacks. `setBottomSheetCallback()` removes all existing callbacks, including ones set internally by library authors, which may result in unintended behavior. This may change in the future. Please use `addBottomSheetCallback()` and `removeBottomSheetCallback()` instead to set your own callbacks.
01-22 22:31:26.263 22919 22919 W BottomSheetBehavior: BottomSheetBehavior now supports multiple callbacks. `setBottomSheetCallback()` removes all existing callbacks, including ones set internally by library authors, which may result in unintended behavior. This may change in the future. Please use `addBottomSheetCallback()` and `removeBottomSheetCallback()` instead to set your own callbacks.
01-22 22:31:26.263 22919 22919 W BottomSheetBehavior: BottomSheetBehavior now supports multiple callbacks. `setBottomSheetCallback()` removes all existing callbacks, including ones set internally by library authors, which may result in unintended behavior. This may change in the future. Please use `addBottomSheetCallback()` and `removeBottomSheetCallback()` instead to set your own callbacks.
01-22 22:31:26.275 22919 22919 E RecyclerView: No adapter attached; skipping layout
01-22 22:31:26.384 22919 23187 E SQLiteDatabase: Error inserting transferred=0 media_job_uuid=8202e0a0-a01a-4abd-9a01-1752a5c36a36 transcoded=0 gif_attribution=0 first_scan_length=0 direct_path=/v/t62.7161- 24/26790770_907516340655589_1023721285824359049_n.enc?ccb=11- 4&oh=01_AdRIry0QbDyodcIfRmY9-E1O8oztx8JlNJvTA2sQA55iYA&oe=65D6A0EF&_nc_sid=5e03e0 thumbnail_height_width_ratio=1.7777778 is_animated_sticker=0 file_hash=VcGVtI1rIbpKci/YABj0zUFm7Pm1PiyV5EMEYO9r0V8= file_path=null file_size=0 partial_media_hash=null face_x=0 face_y=0 height=1024 trim_to=0 media_key_timestamp=1705974793000 message_url=https://mmg.whatsapp.net/v/t62.7161- 24/26790770_907516340655589_1023721285824359049_n.enc?ccb=11- 4&oh=01_AdRIry0QbDyodcIfRmY9- E1O8oztx8JlNJvTA2sQA55iYA&oe=65D6A0EF&_nc_sid=5e03e0&mms3=true media_caption=null trim_from=0 mime_type=video/mp4 partial_media_enc_hash=null width=576 original_file_hash=null has_streaming_sidecar=1 autotransfer_retry_enabled=1 media_upload_handle=null message_row_id=51808 multicast_id=null enc_file_hash=Zbd+kpwlFanhbyAYUoPXHEkaqKK3hdna10LwdrqUbbI= mute_video=0 page_count=0 first_scan_sidecar=null suspicious_content=0 file_length=8824295 media_name=null media_duration=32 chat_row_id=72 media_key=[B@a457e38
01-22 22:31:26.384 22919 23187 E SQLiteDatabase: android.database.sqlite.SQLiteConstraintException: UNIQUE constraint failed: message_media.message_row_id (code 1555 SQLITE_CONSTRAINT_PRIMARYKEY)
01-22 22:31:26.384 22919 23187 E SQLiteDatabase: at android.database.sqlite.SQLiteConnection.nativeExecuteForLastInsertedRowId(Native Method)
01-22 22:31:26.384 22919 23187 E SQLiteDatabase: at android.database.sqlite.SQLiteConnection.executeForLastInsertedRowId(SQLiteConnecti on.java:938)
01-22 22:31:26.384 22919 23187 E SQLiteDatabase: at android.database.sqlite.SQLiteSession.executeForLastInsertedRowId(SQLiteSession.jav a:790)
01-22 22:31:26.384 22919 23187 E SQLiteDatabase: at android.database.sqlite.SQLiteStatement.executeInsert(SQLiteStatement.java:88)
01-22 22:31:26.384 22919 23187 E SQLiteDatabase: at android.database.sqlite.SQLiteDatabase.insertWithOnConflict(SQLiteDatabase.java:170 1)
01-22 22:31:26.384 22919 23187 E SQLiteDatabase: at android.database.sqlite.SQLiteDatabase.insert(SQLiteDatabase.java:1570)
01-22 22:31:26.384 22919 23187 E SQLiteDatabase: at X.2tm.A08(Unknown Source:6)
01-22 22:31:26.384 22919 23187 E SQLiteDatabase: at X.35Y.A07(Unknown Source:212)
01-22 22:31:26.384 22919 23187 E SQLiteDatabase: at X.3QF.A14(Unknown Source:470)
01-22 22:31:26.384 22919 23187 E SQLiteDatabase: at X.3gU.run(Unknown Source:982)
01-22 22:31:26.384 22919 23187 E SQLiteDatabase: at android.os.Handler.handleCallback(Handler.java:938)
01-22 22:31:26.384 22919 23187 E SQLiteDatabase: at android.os.Handler.dispatchMessage(Handler.java:99)
01-22 22:31:26.384 22919 23187 E SQLiteDatabase: at X.0zq.dispatchMessage(Unknown Source:4)
01-22 22:31:26.384 22919 23187 E SQLiteDatabase: at android.os.Looper.loop(Looper.java:250)
01-22 22:31:26.384 22919 23187 E SQLiteDatabase: at android.os.HandlerThread.run(HandlerThread.java:67)
01-22 22:31:27.797 22919 22919 W BottomSheetBehavior: BottomSheetBehavior now supports multiple callbacks. `setBottomSheetCallback()` removes all existing callbacks, including ones set internally by library authors, which may result in unintended behavior. This may change in the future. Please use `addBottomSheetCallback()` and `removeBottomSheetCallback()` instead to set your own callbacks.
01-22 22:31:27.797 22919 22919 W BottomSheetBehavior: BottomSheetBehavior now supports multiple callbacks. `setBottomSheetCallback()` removes all existing callbacks, including ones set internally by library authors, which may result in unintended behavior. This may change in the future. Please use `addBottomSheetCallback()` and `removeBottomSheetCallback()` instead to set your own callbacks.
01-22 22:31:27.802 22919 22919 E RecyclerView: No adapter attached; skipping layout
01-22 22:31:28.246 22919 22919 W BottomSheetBehavior: BottomSheetBehavior now supports multiple callbacks. `setBottomSheetCallback()` removes all existing callbacks, including ones set internally by library authors, which may result in unintended behavior. This may change in the future. Please use `addBottomSheetCallback()` and `removeBottomSheetCallback()` instead to set your own callbacks.
01-22 22:31:28.246 22919 22919 W BottomSheetBehavior: BottomSheetBehavior now supports multiple callbacks. `setBottomSheetCallback()` removes all existing callbacks, including ones set internally by library authors, which may result in unintended behavior. This may change in the future. Please use `addBottomSheetCallback()` and `removeBottomSheetCallback()` instead to set your own callbacks.
01-22 22:31:28.313 22919 22919 E RecyclerView: No adapter attached; skipping layout
01-22 22:31:28.875 22919 22919 W BottomSheetBehavior: BottomSheetBehavior now supports multiple callbacks. `setBottomSheetCallback()` removes all existing callbacks, including ones set internally by library authors, which may result in unintended behavior. This may change in the future. Please use `addBottomSheetCallback()` and `removeBottomSheetCallback()` instead to set your own callbacks.
01-22 22:31:28.875 22919 22919 W BottomSheetBehavior: BottomSheetBehavior now supports multiple callbacks. `setBottomSheetCallback()` removes all existing callbacks, including ones set internally by library authors, which may result in unintended behavior. This may change in the future. Please use `addBottomSheetCallback()` and `removeBottomSheetCallback()` instead to set your own callbacks.
01-22 22:31:28.899 22919 22919 W BottomSheetBehavior: BottomSheetBehavior now supports multiple callbacks. `setBottomSheetCallback()` removes all existing callbacks, including ones set internally by library authors, which may result in unintended behavior. This may change in the future. Please use `addBottomSheetCallback()` and `removeBottomSheetCallback()` instead to set your own callbacks.
01-22 22:31:28.899 22919 22919 W BottomSheetBehavior: BottomSheetBehavior now supports multiple callbacks. `setBottomSheetCallback()` removes all existing callbacks, including ones set internally by library authors, which may result in unintended behavior. This may change in the future. Please use `addBottomSheetCallback()` and `removeBottomSheetCallback()` instead to set your own callbacks.
01-22 22:31:28.921 22919 22919 E RecyclerView: No adapter attached; skipping layout
01-22 22:31:29.242 22919 23187 E SQLiteDatabase: Error inserting transferred=0 media_job_uuid=278275fc-f45c-4235-8191-8d2d719e0692 transcoded=0 gif_attribution=0 first_scan_length=0 direct_path=/v/t62.7161- 24/30577489_231309396699230_4425222422707314778_n.enc?ccb=11-4&oh=01_AdTjj- 8MAHUWlEDqdXrN6b24Q6xgowNs6HDNsQuovC9peA&oe=65D6D134&_nc_sid=5e03e0 thumbnail_height_width_ratio=1.7575758 is_animated_sticker=0 file_hash=XCW3tJ8wcDdGN6CYrJG0eZF7V+Q2OQp8Vex8XZWfpLA= file_path=null file_size=0 partial_media_hash=null face_x=0 face_y=0 height=848 trim_to=0 media_key_timestamp=1705985795000 message_url=https://mmg.whatsapp.net/v/t62.7161- 24/30577489_231309396699230_4425222422707314778_n.enc?ccb=11-4&oh=01_AdTjj- 8MAHUWlEDqdXrN6b24Q6xgowNs6HDNsQuovC9peA&oe=65D6D134&_nc_sid=5e03e0&mms3=true media_caption=null trim_from=0 mime_type=video/mp4 partial_media_enc_hash=null width=480 original_file_hash=null has_streaming_sidecar=1 autotransfer_retry_enabled=1 media_upload_handle=null message_row_id=51856 multicast_id=null enc_file_hash=fmHAcn63QPdqE+DaGyevwcvGmubN2Mv8piYsOhFsEcU= mute_video=0 page_count=0 first_scan_sidecar=null suspicious_content=0 file_length=2217449 media_name=null media_duration=16 chat_row_id=72 media_key=[B@236abca
01-22 22:31:29.242 22919 23187 E SQLiteDatabase: android.database.sqlite.SQLiteConstraintException: UNIQUE constraint failed: message_media.message_row_id (code 1555 SQLITE_CONSTRAINT_PRIMARYKEY)
01-22 22:31:29.242 22919 23187 E SQLiteDatabase: at android.database.sqlite.SQLiteConnection.nativeExecuteForLastInsertedRowId(Native Method)
01-22 22:31:29.242 22919 23187 E SQLiteDatabase: at android.database.sqlite.SQLiteConnection.executeForLastInsertedRowId(SQLiteConnecti on.java:938)
01-22 22:31:29.242 22919 23187 E SQLiteDatabase: at android.database.sqlite.SQLiteSession.executeForLastInsertedRowId(SQLiteSession.jav a:790)
01-22 22:31:29.242 22919 23187 E SQLiteDatabase: at android.database.sqlite.SQLiteStatement.executeInsert(SQLiteStatement.java:88)
01-22 22:31:29.242 22919 23187 E SQLiteDatabase: at android.database.sqlite.SQLiteDatabase.insertWithOnConflict(SQLiteDatabase.java:170 1)
01-22 22:31:29.242 22919 23187 E SQLiteDatabase: at android.database.sqlite.SQLiteDatabase.insert(SQLiteDatabase.java:1570)
01-22 22:31:29.242 22919 23187 E SQLiteDatabase: at X.2tm.A08(Unknown Source:6)
01-22 22:31:29.242 22919 23187 E SQLiteDatabase: at X.35Y.A07(Unknown Source:212)
01-22 22:31:29.242 22919 23187 E SQLiteDatabase: at X.3QF.A14(Unknown Source:470)
01-22 22:31:29.242 22919 23187 E SQLiteDatabase: at X.3gU.run(Unknown Source:982)
01-22 22:31:29.242 22919 23187 E SQLiteDatabase: at android.os.Handler.handleCallback(Handler.java:938)
01-22 22:31:29.242 22919 23187 E SQLiteDatabase: at android.os.Handler.dispatchMessage(Handler.java:99)
01-22 22:31:29.242 22919 23187 E SQLiteDatabase: at X.0zq.dispatchMessage(Unknown Source:4)
01-22 22:31:29.242 22919 23187 E SQLiteDatabase: at android.os.Looper.loop(Looper.java:250)
01-22 22:31:29.242 22919 23187 E SQLiteDatabase: at android.os.HandlerThread.run(HandlerThread.java:67)
01-22 22:31:29.659 22919 22919 W BottomSheetBehavior: BottomSheetBehavior now supports multiple callbacks. `setBottomSheetCallback()` removes all existing callbacks, including ones set internally by library authors, which may result in unintended behavior. This may change in the future. Please use `addBottomSheetCallback()` and `removeBottomSheetCallback()` instead to set your own callbacks.
01-22 22:31:29.659 22919 22919 W BottomSheetBehavior: BottomSheetBehavior now supports multiple callbacks. `setBottomSheetCallback()` removes all existing callbacks, including ones set internally by library authors, which may result in unintended behavior. This may change in the future. Please use `addBottomSheetCallback()` and `removeBottomSheetCallback()` instead to set your own callbacks.
01-22 22:31:30.842 22919 22919 W BottomSheetBehavior: BottomSheetBehavior now supports multiple callbacks. `setBottomSheetCallback()` removes all existing callbacks, including ones set internally by library authors, which may result in unintended behavior. This may change in the future. Please use `addBottomSheetCallback()` and `removeBottomSheetCallback()` instead to set your own callbacks.
01-22 22:31:30.842 22919 22919 W BottomSheetBehavior: BottomSheetBehavior now supports multiple callbacks. `setBottomSheetCallback()` removes all existing callbacks, including ones set internally by library authors, which may result in unintended behavior. This may change in the future. Please use `addBottomSheetCallback()` and `removeBottomSheetCallback()` instead to set your own callbacks.
01-22 22:31:30.851 22919 22919 E RecyclerView: No adapter attached; skipping layout
01-22 22:31:32.322 22919 23187 E SQLiteDatabase: Error inserting transferred=1 media_job_uuid=278275fc-f45c-4235-8191-8d2d719e0692 transcoded=0 gif_attribution=0 first_scan_length=0 direct_path=/v/t62.7161- 24/30577489_231309396699230_4425222422707314778_n.enc?ccb=11-4&oh=01_AdTjj- 8MAHUWlEDqdXrN6b24Q6xgowNs6HDNsQuovC9peA&oe=65D6D134&_nc_sid=5e03e0 thumbnail_height_width_ratio=1.7575758 is_animated_sticker=0 file_hash=XCW3tJ8wcDdGN6CYrJG0eZF7V+Q2OQp8Vex8XZWfpLA= file_path=Media/.Statuses/10bba792555a4e2c9a29b28859d744b3.mp4 file_size=2217449 partial_media_hash=null face_x=0 face_y=0 height=848 trim_to=0 media_key_timestamp=1705985795000 message_url=https://mmg.whatsapp.net/v/t62.7161- 24/30577489_231309396699230_4425222422707314778_n.enc?ccb=11-4&oh=01_AdTjj- 8MAHUWlEDqdXrN6b24Q6xgowNs6HDNsQuovC9peA&oe=65D6D134&_nc_sid=5e03e0&mms3=true media_caption=null trim_from=0 mime_type=video/mp4 partial_media_enc_hash=null width=480 original_file_hash=null has_streaming_sidecar=1 autotransfer_retry_enabled=1 media_upload_handle=null message_row_id=51856 multicast_id=null enc_file_hash=fmHAcn63QPdqE+DaGyevwcvGmubN2Mv8piYsOhFsEcU= mute_video=0 page_count=0 first_scan_sidecar=null suspicious_content=0 file_length=2217449 media_name=null media_duration=16 chat_row_id=72 media_key=[B@236abca
01-22 22:31:32.322 22919 23187 E SQLiteDatabase: android.database.sqlite.SQLiteConstraintException: UNIQUE constraint failed: message_media.message_row_id (code 1555 SQLITE_CONSTRAINT_PRIMARYKEY)
01-22 22:31:32.322 22919 23187 E SQLiteDatabase: at android.database.sqlite.SQLiteConnection.nativeExecuteForLastInsertedRowId(Native Method)
01-22 22:31:32.322 22919 23187 E SQLiteDatabase: at android.database.sqlite.SQLiteConnection.executeForLastInsertedRowId(SQLiteConnecti on.java:938)
01-22 22:31:32.322 22919 23187 E SQLiteDatabase: at android.database.sqlite.SQLiteSession.executeForLastInsertedRowId(SQLiteSession.jav a:790)
01-22 22:31:32.322 22919 23187 E SQLiteDatabase: at android.database.sqlite.SQLiteStatement.executeInsert(SQLiteStatement.java:88)
01-22 22:31:32.322 22919 23187 E SQLiteDatabase: at android.database.sqlite.SQLiteDatabase.insertWithOnConflict(SQLiteDatabase.java:170 1)
01-22 22:31:32.322 22919 23187 E SQLiteDatabase: at android.database.sqlite.SQLiteDatabase.insert(SQLiteDatabase.java:1570)
01-22 22:31:32.322 22919 23187 E SQLiteDatabase: at X.2tm.A08(Unknown Source:6)
01-22 22:31:32.322 22919 23187 E SQLiteDatabase: at X.35Y.A07(Unknown Source:212)
01-22 22:31:32.322 22919 23187 E SQLiteDatabase: at X.3QF.A14(Unknown Source:470)
01-22 22:31:32.322 22919 23187 E SQLiteDatabase: at X.3gU.run(Unknown Source:982)
01-22 22:31:32.322 22919 23187 E SQLiteDatabase: at android.os.Handler.handleCallback(Handler.java:938)
01-22 22:31:32.322 22919 23187 E SQLiteDatabase: at android.os.Handler.dispatchMessage(Handler.java:99)
01-22 22:31:32.322 22919 23187 E SQLiteDatabase: at X.0zq.dispatchMessage(Unknown Source:4)
01-22 22:31:32.322 22919 23187 E SQLiteDatabase: at android.os.Looper.loop(Looper.java:250)
01-22 22:31:32.322 22919 23187 E SQLiteDatabase: at android.os.HandlerThread.run(HandlerThread.java:67)
01-22 22:31:34.805 22919 25900 W Utils : could not parse long range '484-472'
01-22 22:31:34.806 22919 25900 W VideoCapabilities: Unrecognized profile/level 0/3 for video/mpeg2
01-22 22:31:35.246 22919 25921 W Gralloc4: allocator 3.x is not supported
01-22 22:31:35.249 22919 25921 W Gralloc3: allocator 3.x is not supported
01-22 22:31:35.326 22919 25928 W Codec2Client: query -- param skipped: index = 1107298332.
01-22 22:31:35.326 22919 25928 W CCodec : This behavior is subject to change. It is recommended that app developers double check whether the requested max input size is in reasonable range.
01-22 22:31:35.337 22919 25928 W Codec2Client: query -- param skipped: index = 1342179345.
01-22 22:31:35.337 22919 25928 W Codec2Client: query -- param skipped: index = 2415921170.
01-22 22:31:35.337 22919 25928 W Codec2Client: query -- param skipped: index = 1610614798.
01-22 22:31:35.339 22919 25928 E FMQ : grantorIdx must be less than 3
01-22 22:31:35.339 22919 25928 E FMQ : grantorIdx must be less than 3
01-22 22:31:35.349 22919 25928 E ion : ioctl c0044901 failed with code -1: Invalid argument
01-22 22:31:35.350 22919 25928 E FMQ : grantorIdx must be less than 3
01-22 22:31:35.358 22919 25922 E FMQ : grantorIdx must be less than 3
01-22 22:31:35.389 22919 25928 W Codec2Client: query -- param skipped: index = 1342179345.
01-22 22:31:35.389 22919 25928 W Codec2Client: query -- param skipped: index = 2415921170.
01-22 22:31:35.389 22919 25928 W Codec2Client: query -- param skipped: index = 1610614798.
01-22 22:31:35.393 22919 25920 E Surface : freeAllBuffers: 17 buffers were freed while being dequeued!
01-22 22:31:37.041 22919 22919 E ArmVmp : Match on catch block at 0x38 in for 0xb5
01-22 22:31:37.042 22919 22919 W System.err: java.lang.NumberFormatException: For input string: ""
01-22 22:31:37.043 22919 22919 W System.err:
01-22 22:31:37.044 22919 22919 W System.err: at java.lang.Integer.parseInt(Integer.java:627)
01-22 22:31:37.044 22919 22919 W System.err:
01-22 22:31:37.044 22919 22919 W System.err: at java.lang.Integer.parseInt(Integer.java:650)
01-22 22:31:37.044 22919 22919 W System.err:
01-22 22:31:37.044 22919 22919 W System.err: at mbmodsd.mbmodsw.home.HomeActivity.mbcRe(Native Method)
01-22 22:31:37.044 22919 22919 W System.err:
01-22 22:31:37.044 22919 22919 W System.err: at com.mbwhatsapp.HomeActivity.onPause(Unknown Source:9)
01-22 22:31:37.044 22919 22919 W System.err:
01-22 22:31:37.044 22919 22919 W System.err: at android.app.Activity.performPause(Activity.java:8286)
01-22 22:31:37.045 22919 22919 W System.err:
01-22 22:31:37.045 22919 22919 W System.err: at android.app.Instrumentation.callActivityOnPause(Instrumentation.java:1510)
01-22 22:31:37.045 22919 22919 W System.err:
01-22 22:31:37.045 22919 22919 W System.err: at android.app.ActivityThread.performPauseActivityIfNeeded(ActivityThread.java:4834)
01-22 22:31:37.045 22919 22919 W System.err:
01-22 22:31:37.045 22919 22919 W System.err: at android.app.ActivityThread.performPauseActivity(ActivityThread.java:4795)
01-22 22:31:37.045 22919 22919 W System.err:
01-22 22:31:37.045 22919 22919 W System.err: at android.app.ActivityThread.handlePauseActivity(ActivityThread.java:4746)
01-22 22:31:37.045 22919 22919 W System.err:
01-22 22:31:37.045 22919 22919 W System.err: at android.app.servertransaction.PauseActivityItem.execute(PauseActivityItem.java:46)
01-22 22:31:37.045 22919 22919 W System.err:
01-22 22:31:37.045 22919 22919 W System.err: at android.app.servertransaction.TransactionExecutor.executeLifecycleState(Transaction Executor.java:176)
01-22 22:31:37.045 22919 22919 W System.err:
01-22 22:31:37.046 22919 22919 W System.err: at android.app.servertransaction.TransactionExecutor.execute(TransactionExecutor.java: 97)
01-22 22:31:37.046 22919 22919 W System.err:
01-22 22:31:37.046 22919 22919 W System.err: at android.app.ActivityThread$H.handleMessage(ActivityThread.java:2132)
01-22 22:31:37.046 22919 22919 W System.err:
01-22 22:31:37.046 22919 22919 W System.err: at android.os.Handler.dispatchMessage(Handler.java:106)
01-22 22:31:37.046 22919 22919 W System.err:
01-22 22:31:37.046 22919 22919 W System.err: at android.os.Looper.loop(Looper.java:250)
01-22 22:31:37.046 22919 22919 W System.err:
01-22 22:31:37.046 22919 22919 W System.err: at android.app.ActivityThread.main(ActivityThread.java:7848)
01-22 22:31:37.046 22919 22919 W System.err:
01-22 22:31:37.046 22919 22919 W System.err: at java.lang.reflect.Method.invoke(Native Method)
01-22 22:31:37.046 22919 22919 W System.err:
01-22 22:31:37.046 22919 22919 W System.err: at com.android.internal.os.RuntimeInit$MethodAndArgsCaller.run(RuntimeInit.java:592)
01-22 22:31:37.046 22919 22919 W System.err:
01-22 22:31:37.046 22919 22919 W System.err: at com.android.internal.os.ZygoteInit.main(ZygoteInit.java:958)
01-22 22:31:37.047 22919 22919 W System.err:
01-22 22:31:42.282 22919 22934 W System : A resource failed to call release.
01-22 22:34:27.217 22919 23187 E SQLiteDatabase: Error inserting transferred=1 media_job_uuid=71972beb-3a88-4b74-bce0-3781284f6235 transcoded=0 gif_attribution=0 first_scan_length=9078 direct_path=/o1/v/t62.7118-24/f1/m234/up-oil-image-f5d291be- b695-4c48-a21a-912fb6f31c9a?ccb=9- 4&oh=01_AdT8j_BHqrYYMQOzNncD7AW2h1Qc25OBFtZu9fYvTOE73Q&oe=65D6BBB3&_nc_sid=000000 thumbnail_height_width_ratio=1.2608696 is_animated_sticker=0 file_hash=Ro7a4EvH0R/0Q05Wzo7HYSEJzPembkIHI5DXg/c2BTI= file_path=Media/.Statuses/0f93d1e05bf740e5a36d193429042cd5.jpg file_size=75039 partial_media_hash=sKE2hZIvdpHX9RF9EMBw0dsH23Kyyk0XzL0bCR7oT1c= face_x=0 face_y=0 height=1418 trim_to=0 media_key_timestamp=1705988064000 message_url=https://mmg.whatsapp.net/o1/v/t62.7118-24/f1/m234/up-oil-image- f5d291be-b695-4c48-a21a-912fb6f31c9a?ccb=9- 4&oh=01_AdT8j_BHqrYYMQOzNncD7AW2h1Qc25OBFtZu9fYvTOE73Q&oe=65D6BBB3&_nc_sid=000000&m ms3=true media_caption=null trim_from=0 mime_type=image/jpeg partial_media_enc_hash=null width=1125 original_file_hash=null has_streaming_sidecar=1 autotransfer_retry_enabled=1 media_upload_handle=null message_row_id=51866 multicast_id=null enc_file_hash=Fd/CvYQZ+4syTmBDGkmGjbvHPQ9IKDakIlwleT4dS04= mute_video=0 page_count=0 first_scan_sidecar=[B@a95c9cd suspicious_content=0 file_length=75039 media_name=null media_duration=0 chat_row_id=72 media_key=[B@6d19282
01-22 22:34:27.217 22919 23187 E SQLiteDatabase: android.database.sqlite.SQLiteConstraintException: UNIQUE constraint failed: message_media.message_row_id (code 1555 SQLITE_CONSTRAINT_PRIMARYKEY)
01-22 22:34:27.217 22919 23187 E SQLiteDatabase: at android.database.sqlite.SQLiteConnection.nativeExecuteForLastInsertedRowId(Native Method)
01-22 22:34:27.217 22919 23187 E SQLiteDatabase: at android.database.sqlite.SQLiteConnection.executeForLastInsertedRowId(SQLiteConnecti on.java:938)
01-22 22:34:27.217 22919 23187 E SQLiteDatabase: at android.database.sqlite.SQLiteSession.executeForLastInsertedRowId(SQLiteSession.jav a:790)
01-22 22:34:27.217 22919 23187 E SQLiteDatabase: at android.database.sqlite.SQLiteStatement.executeInsert(SQLiteStatement.java:88)
01-22 22:34:27.217 22919 23187 E SQLiteDatabase: at android.database.sqlite.SQLiteDatabase.insertWithOnConflict(SQLiteDatabase.java:170 1)
01-22 22:34:27.217 22919 23187 E SQLiteDatabase: at android.database.sqlite.SQLiteDatabase.insert(SQLiteDatabase.java:1570)
01-22 22:34:27.217 22919 23187 E SQLiteDatabase: at X.2tm.A08(Unknown Source:6)
01-22 22:34:27.217 22919 23187 E SQLiteDatabase: at X.35Y.A07(Unknown Source:212)
01-22 22:34:27.217 22919 23187 E SQLiteDatabase: at X.3QF.A14(Unknown Source:470)
01-22 22:34:27.217 22919 23187 E SQLiteDatabase: at X.3gU.run(Unknown Source:982)
01-22 22:34:27.217 22919 23187 E SQLiteDatabase: at android.os.Handler.handleCallback(Handler.java:938)
01-22 22:34:27.217 22919 23187 E SQLiteDatabase: at android.os.Handler.dispatchMessage(Handler.java:99)
01-22 22:34:27.217 22919 23187 E SQLiteDatabase: at X.0zq.dispatchMessage(Unknown Source:4)
01-22 22:34:27.217 22919 23187 E SQLiteDatabase: at android.os.Looper.loop(Looper.java:250)
01-22 22:34:27.217 22919 23187 E SQLiteDatabase: at android.os.HandlerThread.run(HandlerThread.java:67)
01-22 22:36:34.073 22919 23187 E SQLiteDatabase: Error inserting transferred=1 media_job_uuid=5768ccd8-c603-4a7d-b9cd-e1237e49c88e transcoded=0 gif_attribution=0 first_scan_length=4019 direct_path=/v/t62.7118- 24/33342890_783915273558552_8440849509392888716_n.enc?ccb=11- 4&oh=01_AdSkyNmVEtiwpAqc3gMLaUvQsgyyUMlsoxC4BEOsfTjwpQ&oe=65D6B924&_nc_sid=5e03e0 thumbnail_height_width_ratio=1.7846154 is_animated_sticker=0 file_hash=ap1fXkWRDoaNBxZwWR2JS+JrY/gs3NS+qPuZlxKIVvk= file_path=Media/.Statuses/01361aad648d4bec971d0da8b4a83846.jpg file_size=36453 partial_media_hash=yXZp8YopHcejSA/pLEX8iWTHVkppowY/ZTaK56kYoHE= face_x=0 face_y=0 height=1024 trim_to=0 media_key_timestamp=1705988170000 message_url=https://mmg.whatsapp.net/v/t62.7118- 24/33342890_783915273558552_8440849509392888716_n.enc?ccb=11- 4&oh=01_AdSkyNmVEtiwpAqc3gMLaUvQsgyyUMlsoxC4BEOsfTjwpQ&oe=65D6B924&_nc_sid=5e03e0&m ms3=true media_caption=null trim_from=0 mime_type=image/jpeg partial_media_enc_hash=null width=576 original_file_hash=null has_streaming_sidecar=1 autotransfer_retry_enabled=1 media_upload_handle=null message_row_id=51867 multicast_id=null enc_file_hash=Aswdw+8yqTn7F9adMRm2fYf5CAQMwmhlYotGDdyLcZo= mute_video=0 page_count=0 first_scan_sidecar=[B@887633a suspicious_content=0 file_length=36453 media_name=null media_duration=0 chat_row_id=72 media_key=[B@abd1beb
01-22 22:36:34.073 22919 23187 E SQLiteDatabase: android.database.sqlite.SQLiteConstraintException: UNIQUE constraint failed: message_media.message_row_id (code 1555 SQLITE_CONSTRAINT_PRIMARYKEY)
01-22 22:36:34.073 22919 23187 E SQLiteDatabase: at android.database.sqlite.SQLiteConnection.nativeExecuteForLastInsertedRowId(Native Method)
01-22 22:36:34.073 22919 23187 E SQLiteDatabase: at android.database.sqlite.SQLiteConnection.executeForLastInsertedRowId(SQLiteConnecti on.java:938)
01-22 22:36:34.073 22919 23187 E SQLiteDatabase: at android.database.sqlite.SQLiteSession.executeForLastInsertedRowId(SQLiteSession.jav a:790)
01-22 22:36:34.073 22919 23187 E SQLiteDatabase: at android.database.sqlite.SQLiteStatement.executeInsert(SQLiteStatement.java:88)
01-22 22:36:34.073 22919 23187 E SQLiteDatabase: at android.database.sqlite.SQLiteDatabase.insertWithOnConflict(SQLiteDatabase.java:170 1)
01-22 22:36:34.073 22919 23187 E SQLiteDatabase: at android.database.sqlite.SQLiteDatabase.insert(SQLiteDatabase.java:1570)
01-22 22:36:34.073 22919 23187 E SQLiteDatabase: at X.2tm.A08(Unknown Source:6)
01-22 22:36:34.073 22919 23187 E SQLiteDatabase: at X.35Y.A07(Unknown Source:212)
01-22 22:36:34.073 22919 23187 E SQLiteDatabase: at X.3QF.A14(Unknown Source:470)
01-22 22:36:34.073 22919 23187 E SQLiteDatabase: at X.3gU.run(Unknown Source:982)
01-22 22:36:34.073 22919 23187 E SQLiteDatabase: at android.os.Handler.handleCallback(Handler.java:938)
01-22 22:36:34.073 22919 23187 E SQLiteDatabase: at android.os.Handler.dispatchMessage(Handler.java:99)
01-22 22:36:34.073 22919 23187 E SQLiteDatabase: at X.0zq.dispatchMessage(Unknown Source:4)
01-22 22:36:34.073 22919 23187 E SQLiteDatabase: at android.os.Looper.loop(Looper.java:250)
01-22 22:36:34.073 22919 23187 E SQLiteDatabase: at android.os.HandlerThread.run(HandlerThread.java:67)
