02-24 16:37:21.979 19166 19166 E ArmVmp : Match on catch block at 0xc3 in for 0xa9
02-24 16:37:21.985 19166 19166 E ArmVmp : Match on catch block at 0xc3 in for 0xa1
02-24 16:37:21.996 19166 19166 E ArmVmp : Match on catch block at 0xc3 in for 0xa1
02-24 16:37:22.002 19166 19166 E ArmVmp : Match on catch block at 0xc3 in for 0xa5
02-24 16:37:22.012 19166 19166 E ArmVmp : Match on catch block at 0xc3 in for 0xa5
02-24 16:37:22.023 19166 19166 E ArmVmp : Match on catch block at 0xc3 in for 0xa9
02-24 16:37:22.034 19166 19166 E ArmVmp : Match on catch block at 0xc3 in for 0xa9
02-24 16:37:22.041 19166 19166 E ArmVmp : Match on catch block at 0xc3 in for 0xa1
02-24 16:37:22.051 19166 19166 E ArmVmp : Match on catch block at 0xc3 in for 0xa1
02-24 16:37:22.056 19166 19166 E ArmVmp : Match on catch block at 0xc3 in for 0xa5
02-24 16:37:22.065 19166 19166 E ArmVmp : Match on catch block at 0xc3 in for 0xa5
02-24 16:37:22.071 19166 19166 E ArmVmp : Match on catch block at 0xc3 in for 0xa9
02-24 16:37:22.079 19166 19166 E ArmVmp : Match on catch block at 0xc3 in for 0xa9
02-24 16:37:22.088 19166 19166 E ArmVmp : Match on catch block at 0xc3 in for 0xa1
02-24 16:37:22.096 19166 19166 E ArmVmp : Match on catch block at 0xc3 in for 0xa1
02-24 16:37:22.102 19166 19166 E ArmVmp : Match on catch block at 0xc3 in for 0xa5
02-24 16:37:22.112 19166 19166 E ArmVmp : Match on catch block at 0xc3 in for 0xa5
02-24 16:37:22.118 19166 19166 E ArmVmp : Match on catch block at 0xc3 in for 0xa9
02-24 16:37:22.129 19166 19166 E ArmVmp : Match on catch block at 0xc3 in for 0xa9
02-24 16:37:22.135 19166 19166 E ArmVmp : Match on catch block at 0xc3 in for 0xa1
02-24 16:37:22.146 19166 19166 E ArmVmp : Match on catch block at 0xc3 in for 0xa1
02-24 16:37:22.152 19166 19166 E ArmVmp : Match on catch block at 0xc3 in for 0xa5
02-24 16:37:22.163 19166 19166 E ArmVmp : Match on catch block at 0xc3 in for 0xa5
02-24 16:37:22.169 19166 19166 E ArmVmp : Match on catch block at 0xc3 in for 0xa9
02-24 16:37:22.179 19166 19166 E ArmVmp : Match on catch block at 0xc3 in for 0xa9
02-24 16:37:22.184 19166 19166 E ArmVmp : Match on catch block at 0xc3 in for 0xa1
02-24 16:37:22.196 19166 19166 E ArmVmp : Match on catch block at 0xc3 in for 0xa1
02-24 16:37:22.201 19166 19166 E ArmVmp : Match on catch block at 0xc3 in for 0xa5
02-24 16:37:22.213 19166 19166 E ArmVmp : Match on catch block at 0xc3 in for 0xa5
02-24 16:37:22.218 19166 19166 E ArmVmp : Match on catch block at 0xc3 in for 0xa9
02-24 16:37:22.230 19166 19166 E ArmVmp : Match on catch block at 0xc3 in for 0xa9
02-24 16:37:22.234 19166 19166 E ArmVmp : Match on catch block at 0xc3 in for 0xa1
02-24 16:37:22.415 19166 19166 E ArmVmp : Match on catch block at 0xc3 in for 0xa1
02-24 16:37:22.421 19166 19166 E ArmVmp : Match on catch block at 0xc3 in for 0xa5
02-24 16:37:22.667 19166 19166 E ArmVmp : Match on catch block at 0xc3 in for 0xa5
02-24 16:37:22.674 19166 19166 E ArmVmp : Match on catch block at 0xc3 in for 0xa9
02-24 16:37:23.170 19166 19166 E ArmVmp : Match on catch block at 0xc3 in for 0xa9
02-24 16:37:23.176 19166 19166 E ArmVmp : Match on catch block at 0xc3 in for 0xa1
02-24 16:37:23.473 19166 19166 E ArmVmp : Match on catch block at 0xc3 in for 0xa1
02-24 16:37:23.482 19166 19166 E ArmVmp : Match on catch block at 0xc3 in for 0xa5
02-24 16:37:23.507 19166 19166 E ArmVmp : Match on catch block at 0xc3 in for 0xa5
02-24 16:37:23.512 19166 19166 E ArmVmp : Match on catch block at 0xc3 in for 0xa9
02-24 16:37:23.977 19166 19166 E ArmVmp : Match on catch block at 0xc3 in for 0xa5
02-24 16:37:23.981 19166 19166 E ArmVmp : Match on catch block at 0xc3 in for 0xa9
02-24 16:37:23.999 19166 19166 W InputMethodManager: startInputReason = 3
02-24 16:37:24.014 19166 19166 E ArmVmp : Match on catch block at 0xc3 in for 0xa1
02-24 16:37:24.019 19166 19166 E ArmVmp : Match on catch block at 0xc3 in for 0xa5
02-24 16:37:24.026 19166 19166 W IInputConnectionWrapper: getExtractedText on
inactive InputConnection
02-24 16:37:24.036 19166 19166 E ArmVmp : Match on catch block at 0xc3 in for 0xa5
02-24 16:37:24.041 19166 19166 E ArmVmp : Match on catch block at 0xc3 in for 0xa9
02-24 16:37:24.046 19166 19166 W IInputConnectionWrapper: getTextBeforeCursor on
inactive InputConnection
02-24 16:37:24.050 19166 19166 E ArmVmp : Match on catch block at 0xc3 in for 0xa9
02-24 16:37:24.056 19166 19166 E ArmVmp : Match on catch block at 0xc3 in for 0xa1
02-24 16:37:24.077 19166 19166 E ArmVmp : Match on catch block at 0xc3 in for 0xa1
02-24 16:37:24.082 19166 19166 E ArmVmp : Match on catch block at 0xc3 in for 0xa5
02-24 16:37:24.088 19166 19166 E SpannableStringBuilder: SPAN_EXCLUSIVE_EXCLUSIVE
spans cannot have a zero length
02-24 16:37:24.110 19166 19166 E ArmVmp : Match on catch block at 0xc3 in for 0xa1
02-24 16:37:24.116 19166 19166 E ArmVmp : Match on catch block at 0xc3 in for 0xa5
02-24 16:37:24.123 19166 19166 E SpannableStringBuilder: SPAN_EXCLUSIVE_EXCLUSIVE
spans cannot have a zero length
02-24 16:37:24.134 19166 19166 E ArmVmp : Match on catch block at 0xc3 in for 0xa1
02-24 16:37:24.139 19166 19166 E ArmVmp : Match on catch block at 0xc3 in for 0xa5
02-24 16:37:24.156 19166 19166 E ArmVmp : Match on catch block at 0xc3 in for 0xa5
02-24 16:37:24.171 19166 19166 E ArmVmp : Match on catch block at 0xc3 in for 0xa9
02-24 16:37:24.176 19166 19166 E SpannableStringBuilder: SPAN_EXCLUSIVE_EXCLUSIVE
spans cannot have a zero length
02-24 16:37:24.179 19166 19166 E ArmVmp : Match on catch block at 0xc3 in for 0xa9
02-24 16:37:24.185 19166 19166 E ArmVmp : Match on catch block at 0xc3 in for 0xa1
02-24 16:37:24.194 19166 19166 E ArmVmp : Match on catch block at 0xc3 in for 0xa1
02-24 16:37:24.205 19166 19166 E ArmVmp : Match on catch block at 0xc3 in for 0xa5
02-24 16:37:24.211 19166 19166 E ArmVmp : Match on catch block at 0xc3 in for 0xa5
02-24 16:37:24.216 19166 19166 E ArmVmp : Match on catch block at 0xc3 in for 0xa9
02-24 16:37:24.335 19166 19166 E ArmVmp : Match on catch block at 0xc3 in for 0xa9
02-24 16:37:24.340 19166 19166 E ArmVmp : Match on catch block at 0xc3 in for 0xa1
02-24 16:37:24.349 19166 19166 E ArmVmp : Match on catch block at 0xc3 in for 0xa1
02-24 16:37:24.354 19166 19166 E ArmVmp : Match on catch block at 0xc3 in for 0xa5
02-24 16:37:24.515 19166 19166 E ArmVmp : Match on catch block at 0xc3 in for 0xa1
02-24 16:37:24.520 19166 19166 E ArmVmp : Match on catch block at 0xc3 in for 0xa5
02-24 16:37:24.654 19166 19166 E ArmVmp : Match on catch block at 0xc3 in for 0xa9
02-24 16:37:24.659 19166 19166 E ArmVmp : Match on catch block at 0xc3 in for 0xa1
02-24 16:37:24.709 19166 19166 E ArmVmp : Match on catch block at 0xc3 in for 0xa1
02-24 16:37:24.714 19166 19166 E ArmVmp : Match on catch block at 0xc3 in for 0xa5
02-24 16:37:24.736 19166 19166 E ArmVmp : Match on catch block at 0xc3 in for 0xa1
02-24 16:37:24.742 19166 19166 E ArmVmp : Match on catch block at 0xc3 in for 0xa5
02-24 16:37:24.792 19166 19166 E ArmVmp : Match on catch block at 0xc3 in for 0xa1
02-24 16:37:24.797 19166 19166 E ArmVmp : Match on catch block at 0xc3 in for 0xa5
02-24 16:37:24.844 19166 19166 E ArmVmp : Match on catch block at 0xc3 in for 0xa9
02-24 16:37:24.849 19166 19166 E ArmVmp : Match on catch block at 0xc3 in for 0xa1
02-24 16:37:24.873 19166 19166 E ArmVmp : Match on catch block at 0xc3 in for 0xa1
02-24 16:37:24.878 19166 19166 E ArmVmp : Match on catch block at 0xc3 in for 0xa5
02-24 16:37:24.891 19166 19166 E ArmVmp : Match on catch block at 0xc3 in for 0xa5
02-24 16:37:24.896 19166 19166 E ArmVmp : Match on catch block at 0xc3 in for 0xa9
02-24 16:37:24.916 19166 19166 E ArmVmp : Match on catch block at 0xc3 in for 0xa9
02-24 16:37:24.923 19166 19166 E ArmVmp : Match on catch block at 0xc3 in for 0xa1
02-24 16:37:24.935 19166 19166 E ArmVmp : Match on catch block at 0xc3 in for 0xa1
02-24 16:37:24.940 19166 19166 E ArmVmp : Match on catch block at 0xc3 in for 0xa5
02-24 16:37:24.953 19166 19166 E ArmVmp : Match on catch block at 0xc3 in for 0xa5
02-24 16:37:24.960 19166 19166 E ArmVmp : Match on catch block at 0xc3 in for 0xa9
02-24 16:37:24.975 19166 19166 E ArmVmp : Match on catch block at 0xc3 in for 0xa9
02-24 16:37:24.979 19166 19166 E ArmVmp : Match on catch block at 0xc3 in for 0xa1
02-24 16:37:24.993 19166 19166 E ArmVmp : Match on catch block at 0xc3 in for 0xa9
02-24 16:37:24.998 19166 19166 E ArmVmp : Match on catch block at 0xc3 in for 0xa1
02-24 16:37:25.013 19166 19166 E ArmVmp : Match on catch block at 0xc3 in for 0xa1
02-24 16:37:25.018 19166 19166 E ArmVmp : Match on catch block at 0xc3 in for 0xa5
02-24 16:37:25.034 19166 19166 E ArmVmp : Match on catch block at 0xc3 in for 0xa5
02-24 16:37:25.040 19166 19166 E ArmVmp : Match on catch block at 0xc3 in for 0xa9
02-24 16:37:25.054 19166 19166 E ArmVmp : Match on catch block at 0xc3 in for 0xa9
02-24 16:37:25.059 19166 19166 E ArmVmp : Match on catch block at 0xc3 in for 0xa1
02-24 16:37:25.073 19166 19166 E ArmVmp : Match on catch block at 0xc3 in for 0xa1
02-24 16:37:25.078 19166 19166 E ArmVmp : Match on catch block at 0xc3 in for 0xa5
02-24 16:37:25.092 19166 19166 E ArmVmp : Match on catch block at 0xc3 in for 0xa5
02-24 16:37:25.097 19166 19166 E ArmVmp : Match on catch block at 0xc3 in for 0xa9
02-24 16:37:25.127 19166 19269 W libEGL : EGLNativeWindowType 0x719432d010
disconnect failed
02-24 16:37:25.159 19166 19269 W libEGL : EGLNativeWindowType 0x719432d010
disconnect failed
02-24 16:37:25.210 19166 19269 W libEGL : EGLNativeWindowType 0x719432d010
disconnect failed
02-24 16:37:25.248 19166 19269 W libEGL : EGLNativeWindowType 0x719432d010
disconnect failed
02-24 16:37:25.279 19166 19269 W libEGL : EGLNativeWindowType 0x719432d010
disconnect failed
02-24 16:37:25.333 19166 19166 E ArmVmp : Match on catch block at 0xc3 in for 0xa1
02-24 16:37:25.339 19166 19166 E ArmVmp : Match on catch block at 0xc3 in for 0xa5
02-24 16:37:25.358 19166 19166 E ArmVmp : Match on catch block at 0xc3 in for 0xa1
02-24 16:37:25.363 19166 19166 E ArmVmp : Match on catch block at 0xc3 in for 0xa5
02-24 16:37:25.539 19166 19166 E ArmVmp : Match on catch block at 0xc3 in for 0xa5
02-24 16:37:25.545 19166 19166 E ArmVmp : Match on catch block at 0xc3 in for 0xa9
02-24 16:37:25.993 19166 19166 E ArmVmp : Match on catch block at 0xc3 in for 0xa5
02-24 16:37:25.998 19166 19166 E ArmVmp : Match on catch block at 0xc3 in for 0xa9
02-24 16:37:26.044 19166 19166 E ArmVmp : Match on catch block at 0xc3 in for 0xa9
02-24 16:37:26.050 19166 19166 E ArmVmp : Match on catch block at 0xc3 in for 0xa1
02-24 16:37:26.611 19166 19166 E ArmVmp : Match on catch block at 0xc3 in for 0xa5
02-24 16:37:26.616 19166 19166 E ArmVmp : Match on catch block at 0xc3 in for 0xa9
02-24 16:37:26.671 19166 19166 E ArmVmp : Match on catch block at 0xc3 in for 0xa1
02-24 16:37:26.677 19166 19166 E ArmVmp : Match on catch block at 0xc3 in for 0xa5
02-24 16:37:26.731 19166 19166 E ArmVmp : Match on catch block at 0xc3 in for 0xa9
02-24 16:37:26.737 19166 19166 E ArmVmp : Match on catch block at 0xc3 in for 0xa1
02-24 16:37:26.831 19166 19166 E ArmVmp : Match on catch block at 0xc3 in for 0xa9
02-24 16:37:26.835 19166 19166 E ArmVmp : Match on catch block at 0xc3 in for 0xa1
02-24 16:37:26.848 19166 19269 W libEGL : EGLNativeWindowType 0x719432d010
disconnect failed
02-24 16:37:26.878 19166 19166 E ArmVmp : Match on catch block at 0xc3 in for 0xa9
02-24 16:37:26.884 19166 19166 E ArmVmp : Match on catch block at 0xc3 in for 0xa1
02-24 16:37:26.916 19166 19166 E ArmVmp : Match on catch block at 0xc3 in for 0xa9
02-24 16:37:26.921 19166 19166 E ArmVmp : Match on catch block at 0xc3 in for 0xa1
02-24 16:37:26.938 19166 19166 E ArmVmp : Match on catch block at 0xc3 in for 0xa9
02-24 16:37:26.944 19166 19166 E ArmVmp : Match on catch block at 0xc3 in for 0xa1
02-24 16:37:26.959 19166 19166 E ArmVmp : Match on catch block at 0xc3 in for 0xa1
02-24 16:37:26.964 19166 19166 E ArmVmp : Match on catch block at 0xc3 in for 0xa5
02-24 16:37:26.988 19166 19166 E ArmVmp : Match on catch block at 0xc3 in for 0xa9
02-24 16:37:26.994 19166 19166 E ArmVmp : Match on catch block at 0xc3 in for 0xa1
02-24 16:37:27.008 19166 19166 E ArmVmp : Match on catch block at 0xc3 in for 0xa5
02-24 16:37:27.013 19166 19166 E ArmVmp : Match on catch block at 0xc3 in for 0xa9
02-24 16:37:27.027 19166 19166 E ArmVmp : Match on catch block at 0xc3 in for 0xa1
02-24 16:37:27.032 19166 19166 E ArmVmp : Match on catch block at 0xc3 in for 0xa5
02-24 16:37:27.046 19166 19166 E ArmVmp : Match on catch block at 0xc3 in for 0xa9
02-24 16:37:27.051 19166 19166 E ArmVmp : Match on catch block at 0xc3 in for 0xa1
02-24 16:37:27.064 19166 19166 E ArmVmp : Match on catch block at 0xc3 in for 0xa9
02-24 16:37:27.069 19166 19166 E ArmVmp : Match on catch block at 0xc3 in for 0xa1
02-24 16:37:27.083 19166 19166 E ArmVmp : Match on catch block at 0xc3 in for 0xa1
02-24 16:37:27.088 19166 19166 E ArmVmp : Match on catch block at 0xc3 in for 0xa5
02-24 16:37:27.101 19166 19166 E ArmVmp : Match on catch block at 0xc3 in for 0xa5
02-24 16:37:27.106 19166 19166 E ArmVmp : Match on catch block at 0xc3 in for 0xa9
02-24 16:37:27.120 19166 19166 E ArmVmp : Match on catch block at 0xc3 in for 0xa9
02-24 16:37:27.125 19166 19166 E ArmVmp : Match on catch block at 0xc3 in for 0xa1
02-24 16:37:27.139 19166 19166 E ArmVmp : Match on catch block at 0xc3 in for 0xa1
02-24 16:37:27.143 19166 19166 E ArmVmp : Match on catch block at 0xc3 in for 0xa5
02-24 16:37:27.338 19166 19269 W libEGL : EGLNativeWindowType 0x7193baf010
disconnect failed
02-24 16:37:27.351 19166 19166 W InputEventReceiver: Attempted to finish an input
event but the input event receiver has already been disposed.
02-24 16:37:27.491 19166 19166 E ArmVmp : Match on catch block at 0xc3 in for 0xa9
02-24 16:37:27.497 19166 19166 E ArmVmp : Match on catch block at 0xc3 in for 0xa1
02-24 16:37:27.506 19166 19166 E ArmVmp : Match on catch block at 0xc3 in for 0xa1
02-24 16:37:27.511 19166 19166 E ArmVmp : Match on catch block at 0xc3 in for 0xa5
02-24 16:37:27.519 19166 19166 E ArmVmp : Match on catch block at 0xc3 in for 0xa5
02-24 16:37:27.525 19166 19166 E ArmVmp : Match on catch block at 0xc3 in for 0xa9
02-24 16:37:27.536 19166 19166 E ArmVmp : Match on catch block at 0xc3 in for 0xa9
02-24 16:37:27.541 19166 19166 E ArmVmp : Match on catch block at 0xc3 in for 0xa1
02-24 16:37:27.553 19166 19166 E ArmVmp : Match on catch block at 0xc3 in for 0xa1
02-24 16:37:27.558 19166 19166 E ArmVmp : Match on catch block at 0xc3 in for 0xa5
02-24 16:37:27.570 19166 19166 E ArmVmp : Match on catch block at 0xc3 in for 0xa5
02-24 16:37:27.575 19166 19166 E ArmVmp : Match on catch block at 0xc3 in for 0xa9
02-24 16:37:27.587 19166 19166 E ArmVmp : Match on catch block at 0xc3 in for 0xa9
02-24 16:37:27.592 19166 19166 E ArmVmp : Match on catch block at 0xc3 in for 0xa1
02-24 16:37:27.603 19166 19166 E ArmVmp : Match on catch block at 0xc3 in for 0xa1
02-24 16:37:27.608 19166 19166 E ArmVmp : Match on catch block at 0xc3 in for 0xa5
02-24 16:37:27.620 19166 19166 E ArmVmp : Match on catch block at 0xc3 in for 0xa5
02-24 16:37:27.624 19166 19166 E ArmVmp : Match on catch block at 0xc3 in for 0xa9
02-24 16:37:27.636 19166 19166 E ArmVmp : Match on catch block at 0xc3 in for 0xa9
02-24 16:37:27.641 19166 19166 E ArmVmp : Match on catch block at 0xc3 in for 0xa1
02-24 16:37:27.655 19166 19166 E ArmVmp : Match on catch block at 0xc3 in for 0xa1
02-24 16:37:27.660 19166 19166 E ArmVmp : Match on catch block at 0xc3 in for 0xa5
02-24 16:37:28.157 19166 19166 E ArmVmp : Match on catch block at 0xc3 in for 0xa5
02-24 16:37:28.163 19166 19166 E ArmVmp : Match on catch block at 0xc3 in for 0xa9
02-24 16:37:28.662 19166 19166 E ArmVmp : Match on catch block at 0xc3 in for 0xa9
02-24 16:37:28.668 19166 19166 E ArmVmp : Match on catch block at 0xc3 in for 0xa1
02-24 16:37:29.065 19166 19166 E ArmVmp : Match on catch block at 0xc3 in for 0xa1
02-24 16:37:29.073 19166 19166 E ArmVmp : Match on catch block at 0xc3 in for 0xa5
02-24 16:37:29.083 19166 19166 E ArmVmp : Match on catch block at 0xc3 in for 0xa5
02-24 16:37:29.088 19166 19166 E ArmVmp : Match on catch block at 0xc3 in for 0xa9
02-24 16:37:29.098 19166 19166 E ArmVmp : Match on catch block at 0xc3 in for 0xa9
02-24 16:37:29.103 19166 19166 E ArmVmp : Match on catch block at 0xc3 in for 0xa1
02-24 16:37:29.114 19166 19166 E ArmVmp : Match on catch block at 0xc3 in for 0xa1
02-24 16:37:29.119 19166 19166 E ArmVmp : Match on catch block at 0xc3 in for 0xa5
02-24 16:37:29.133 19166 19166 E ArmVmp : Match on catch block at 0xc3 in for 0xa5
02-24 16:37:29.138 19166 19166 E ArmVmp : Match on catch block at 0xc3 in for 0xa9
02-24 16:37:29.148 19166 19166 E ArmVmp : Match on catch block at 0xc3 in for 0xa9
02-24 16:37:29.153 19166 19166 E ArmVmp : Match on catch block at 0xc3 in for 0xa1
02-24 16:37:29.165 19166 19166 E ArmVmp : Match on catch block at 0xc3 in for 0xa1
02-24 16:37:29.171 19166 19166 E ArmVmp : Match on catch block at 0xc3 in for 0xa5
02-24 16:37:29.181 19166 19166 E ArmVmp : Match on catch block at 0xc3 in for 0xa5
02-24 16:37:29.187 19166 19166 E ArmVmp : Match on catch block at 0xc3 in for 0xa9
02-24 16:37:29.198 19166 19166 E ArmVmp : Match on catch block at 0xc3 in for 0xa9
02-24 16:37:29.204 19166 19166 E ArmVmp : Match on catch block at 0xc3 in for 0xa1
02-24 16:37:29.215 19166 19166 E ArmVmp : Match on catch block at 0xc3 in for 0xa1
02-24 16:37:29.221 19166 19166 E ArmVmp : Match on catch block at 0xc3 in for 0xa5
02-24 16:37:29.232 19166 19166 E ArmVmp : Match on catch block at 0xc3 in for 0xa5
02-24 16:37:29.238 19166 19166 E ArmVmp : Match on catch block at 0xc3 in for 0xa9
02-24 16:37:29.248 19166 19166 E ArmVmp : Match on catch block at 0xc3 in for 0xa9
02-24 16:37:29.253 19166 19166 E ArmVmp : Match on catch block at 0xc3 in for 0xa1
02-24 16:37:29.266 19166 19166 E ArmVmp : Match on catch block at 0xc3 in for 0xa1
02-24 16:37:29.273 19166 19166 E ArmVmp : Match on catch block at 0xc3 in for 0xa5
02-24 16:37:29.282 19166 19166 E ArmVmp : Match on catch block at 0xc3 in for 0xa5
02-24 16:37:29.287 19166 19166 E ArmVmp : Match on catch block at 0xc3 in for 0xa9
02-24 16:37:29.299 19166 19166 E ArmVmp : Match on catch block at 0xc3 in for 0xa9
02-24 16:37:29.304 19166 19166 E ArmVmp : Match on catch block at 0xc3 in for 0xa1
02-24 16:37:29.316 19166 19166 E ArmVmp : Match on catch block at 0xc3 in for 0xa1
02-24 16:37:29.322 19166 19166 E ArmVmp : Match on catch block at 0xc3 in for 0xa5
02-24 16:37:29.671 19166 19166 E ArmVmp : Match on catch block at 0xc3 in for 0xa5
02-24 16:37:29.678 19166 19166 E ArmVmp : Match on catch block at 0xc3 in for 0xa9
02-24 16:37:30.124 19166 19166 E ArmVmp : Match on catch block at 0xc3 in for 0xa5
02-24 16:37:30.129 19166 19166 E ArmVmp : Match on catch block at 0xc3 in for 0xa9
02-24 16:37:30.142 19166 19166 E ArmVmp : Match on catch block at 0xc3 in for 0xa1
02-24 16:37:30.148 19166 19166 E ArmVmp : Match on catch block at 0xc3 in for 0xa5
02-24 16:37:30.156 19166 19166 E ArmVmp : Match on catch block at 0xc3 in for 0xa9
02-24 16:37:30.162 19166 19166 E ArmVmp : Match on catch block at 0xc3 in for 0xa1
02-24 16:37:30.174 19166 19166 E ArmVmp : Match on catch block at 0xc3 in for 0xa9
02-24 16:37:30.179 19166 19166 E ArmVmp : Match on catch block at 0xc3 in for 0xa1
02-24 16:37:30.197 19166 19166 E ArmVmp : Match on catch block at 0xc3 in for 0xa9
02-24 16:37:30.202 19166 19166 E ArmVmp : Match on catch block at 0xc3 in for 0xa1
02-24 16:37:30.369 19166 19166 E ArmVmp : Match on catch block at 0xc3 in for 0xa5
02-24 16:37:30.374 19166 19166 E ArmVmp : Match on catch block at 0xc3 in for 0xa9
02-24 16:37:30.429 19166 19166 W StaticLayout: maxLineHeight should not be -1.
maxLines:1 lineCount:1
02-24 16:37:30.475 19166 19166 E ArmVmp : Match on catch block at 0xc3 in for 0xa1
02-24 16:37:30.480 19166 19166 E ArmVmp : Match on catch block at 0xc3 in for 0xa5
02-24 16:37:30.508 19166 19166 W InputMethodManager: startInputReason = 1
02-24 16:37:30.560 19166 19269 W libEGL : EGLNativeWindowType 0x71953cb010
disconnect failed
02-24 16:37:30.569 19166 19166 E ArmVmp : Match on catch block at 0xc3 in for 0xa1
02-24 16:37:30.574 19166 19166 E ArmVmp : Match on catch block at 0xc3 in for 0xa5
02-24 16:37:31.435 19166 19166 W StaticLayout: maxLineHeight should not be -1.
maxLines:1 lineCount:1
02-24 16:37:31.899 19166 19166 W InputMethodManager: startInputReason = 1
02-24 16:37:31.926 19166 19269 W libEGL : EGLNativeWindowType 0x7195026010
disconnect failed
02-24 16:37:32.022 19166 19269 W libEGL : EGLNativeWindowType 0x7195026010
disconnect failed
02-24 16:37:32.077 19166 19269 W libEGL : EGLNativeWindowType 0x7195026010
disconnect failed
02-24 16:37:32.605 19166 19269 W libEGL : EGLNativeWindowType 0x719ac3e010
disconnect failed
02-24 16:37:32.642 19166 19166 W InputMethodManager: startInputReason = 1
02-24 16:37:32.665 19166 19166 W ActivityThread: handleWindowVisibility: no
activity for token android.os.BinderProxy@5c3fce9
02-24 16:37:33.039 19166 19166 W InputMethodManager: startInputReason = 1
02-24 16:37:33.205 19166 19269 W libEGL : EGLNativeWindowType 0x71bf475010
disconnect failed
02-24 16:37:33.510 19166 19269 W libEGL : EGLNativeWindowType 0x7195026010
disconnect failed
02-24 16:37:36.449 19166 19166 W Settings: Setting device_provisioned has moved
from android.provider.Settings.Secure to android.provider.Settings.Global.
02-24 16:37:36.645 19166 19166 W StaticLayout: maxLineHeight should not be -1.
maxLines:1 lineCount:1
02-24 16:37:36.739 19166 19166 W InputMethodManager: startInputReason = 1
02-24 16:37:36.856 19166 19269 W libEGL : EGLNativeWindowType 0x7196c26010
disconnect failed
02-24 16:37:37.684 19166 19166 W StaticLayout: maxLineHeight should not be -1.
maxLines:1 lineCount:1
02-24 16:37:37.831 19166 19166 W ActivityThread: handleWindowVisibility: no
activity for token android.os.BinderProxy@573c6ba
02-24 16:37:38.032 19166 19166 E ArmVmp : Match on catch block at 0x0a in for 0xc1
02-24 16:37:38.037 19166 19166 E ArmVmp : Match on catch block at 0x0a in for 0xc9
02-24 16:37:38.229 19166 19166 E ArmVmp : Match on catch block at 0xc3 in for 0xb5
02-24 16:37:38.233 19166 19166 E ArmVmp : Match on catch block at 0xc3 in for 0xb5
02-24 16:37:38.240 19166 19166 E ArmVmp : Match on catch block at 0xc3 in for 0xa9
02-24 16:37:38.242 19166 19166 E ArmVmp : Match on catch block at 0xc3 in for 0xa1
02-24 16:37:38.305 19166 19166 E ArmVmp : Match on catch block at 0xc3 in for 0xa9
02-24 16:37:38.308 19166 19166 E ArmVmp : Match on catch block at 0xc3 in for 0xa1
02-24 16:37:38.328 19166 19166 W InputMethodManager: startInputReason = 1
02-24 16:37:38.360 19166 19166 E ArmVmp : Match on catch block at 0xc3 in for 0xa9
02-24 16:37:38.364 19166 19166 E ArmVmp : Match on catch block at 0xc3 in for 0xa1
02-24 16:37:38.390 19166 19176 E : [ZeroHung]zrhung_get_config: Get config
failed for wp[0x0008]
02-24 16:37:38.397 19166 19166 E ArmVmp : Match on catch block at 0xc3 in for 0xa5
02-24 16:37:38.402 19166 19166 E ArmVmp : Match on catch block at 0xc3 in for 0xa9
02-24 16:37:38.431 19166 19166 E ArmVmp : Match on catch block at 0xc3 in for 0xa1
02-24 16:37:38.436 19166 19166 E ArmVmp : Match on catch block at 0xc3 in for 0xa5
02-24 16:37:38.461 19166 19166 E ArmVmp : Match on catch block at 0xc3 in for 0xa5
02-24 16:37:38.465 19166 19166 E ArmVmp : Match on catch block at 0xc3 in for 0xa9
02-24 16:37:38.481 19166 19269 W libEGL : EGLNativeWindowType 0x7195026010
disconnect failed
02-24 16:37:38.492 19166 19166 E ArmVmp : Match on catch block at 0xc3 in for 0xa9
02-24 16:37:38.496 19166 19166 E ArmVmp : Match on catch block at 0xc3 in for 0xa1
02-24 16:37:38.503 19166 19166 E SpannableStringBuilder: SPAN_EXCLUSIVE_EXCLUSIVE
spans cannot have a zero length
02-24 16:37:38.837 19166 19166 E ArmVmp : Match on catch block at 0xc3 in for 0xa1
02-24 16:37:38.846 19166 19166 E ArmVmp : Match on catch block at 0xc3 in for 0xa5
02-24 16:37:38.886 19166 19166 E ArmVmp : Match on catch block at 0xc3 in for 0xa5
02-24 16:37:38.891 19166 19166 E ArmVmp : Match on catch block at 0xc3 in for 0xa9
02-24 16:37:38.903 19166 19166 E ArmVmp : Match on catch block at 0xc3 in for 0xa9
02-24 16:37:38.908 19166 19166 E ArmVmp : Match on catch block at 0xc3 in for 0xa1
02-24 16:37:38.920 19166 19166 E ArmVmp : Match on catch block at 0xc3 in for 0xa1
02-24 16:37:38.926 19166 19166 E ArmVmp : Match on catch block at 0xc3 in for 0xa5
02-24 16:37:38.936 19166 19166 E ArmVmp : Match on catch block at 0xc3 in for 0xa5
02-24 16:37:38.941 19166 19166 E ArmVmp : Match on catch block at 0xc3 in for 0xa9
02-24 16:37:38.953 19166 19166 E ArmVmp : Match on catch block at 0xc3 in for 0xa9
02-24 16:37:38.958 19166 19166 E ArmVmp : Match on catch block at 0xc3 in for 0xa1
02-24 16:37:38.969 19166 19166 W Settings: Setting device_provisioned has moved
from android.provider.Settings.Secure to android.provider.Settings.Global.
02-24 16:37:38.974 19166 19166 E ArmVmp : Match on catch block at 0xc3 in for 0xa1
02-24 16:37:38.980 19166 19166 E ArmVmp : Match on catch block at 0xc3 in for 0xa5
02-24 16:37:38.989 19166 19166 E ArmVmp : Match on catch block at 0xc3 in for 0xa1
02-24 16:37:38.994 19166 19166 E ArmVmp : Match on catch block at 0xc3 in for 0xa5
02-24 16:37:39.001 19166 19166 W HiTouch_PressGestureDetector: Touch pointer move a
lot. The moving distance of X is:11.969162, limit is:60The moving distance of Y
is:62.81494, limit is:60
02-24 16:37:39.005 19166 19166 E ArmVmp : Match on catch block at 0xc3 in for 0xa5
02-24 16:37:39.010 19166 19166 E ArmVmp : Match on catch block at 0xc3 in for 0xa9
02-24 16:37:39.038 19166 19166 E ArmVmp : Match on catch block at 0xc3 in for 0xa9
02-24 16:37:39.042 19166 19166 E ArmVmp : Match on catch block at 0xc3 in for 0xa1
02-24 16:37:39.064 19166 19166 E ArmVmp : Match on catch block at 0xc3 in for 0xa5
02-24 16:37:39.069 19166 19166 E ArmVmp : Match on catch block at 0xc3 in for 0xa9
02-24 16:37:39.095 19166 19166 E ArmVmp : Match on catch block at 0xc3 in for 0xa9
02-24 16:37:39.100 19166 19166 E ArmVmp : Match on catch block at 0xc3 in for 0xa1
02-24 16:37:39.119 19166 19166 E ArmVmp : Match on catch block at 0xc3 in for 0xa1
02-24 16:37:39.124 19166 19166 E ArmVmp : Match on catch block at 0xc3 in for 0xa5
02-24 16:37:39.152 19166 19166 E ArmVmp : Match on catch block at 0xc3 in for 0xa5
02-24 16:37:39.157 19166 19166 E ArmVmp : Match on catch block at 0xc3 in for 0xa9
02-24 16:37:39.168 19166 19166 E ArmVmp : Match on catch block at 0xc3 in for 0xa9
02-24 16:37:39.173 19166 19166 E ArmVmp : Match on catch block at 0xc3 in for 0xa1
02-24 16:37:39.182 19166 19166 E ArmVmp : Match on catch block at 0xc3 in for 0xa1
02-24 16:37:39.188 19166 19166 E ArmVmp : Match on catch block at 0xc3 in for 0xa5
02-24 16:37:39.199 19166 19166 E ArmVmp : Match on catch block at 0xc3 in for 0xa5
02-24 16:37:39.206 19166 19166 E ArmVmp : Match on catch block at 0xc3 in for 0xa9
02-24 16:37:39.215 19166 19166 E ArmVmp : Match on catch block at 0xc3 in for 0xa9
02-24 16:37:39.220 19166 19166 E ArmVmp : Match on catch block at 0xc3 in for 0xa1
02-24 16:37:39.242 19166 19166 E ArmVmp : Match on catch block at 0xc3 in for 0xa1
02-24 16:37:39.246 19166 19166 E ArmVmp : Match on catch block at 0xc3 in for 0xa5
02-24 16:37:39.256 19166 19166 E ArmVmp : Match on catch block at 0xc3 in for 0xa9
02-24 16:37:39.261 19166 19166 E ArmVmp : Match on catch block at 0xc3 in for 0xa1
02-24 16:37:39.273 19166 19166 E ArmVmp : Match on catch block at 0xc3 in for 0xa5
02-24 16:37:39.277 19166 19166 E ArmVmp : Match on catch block at 0xc3 in for 0xa9
02-24 16:37:39.290 19166 19166 E ArmVmp : Match on catch block at 0xc3 in for 0xa1
02-24 16:37:39.294 19166 19166 E ArmVmp : Match on catch block at 0xc3 in for 0xa5
02-24 16:37:39.306 19166 19166 E ArmVmp : Match on catch block at 0xc3 in for 0xa9
02-24 16:37:39.311 19166 19166 E ArmVmp : Match on catch block at 0xc3 in for 0xa1
02-24 16:37:39.323 19166 19166 E ArmVmp : Match on catch block at 0xc3 in for 0xa5
02-24 16:37:39.327 19166 19166 E ArmVmp : Match on catch block at 0xc3 in for 0xa9
02-24 16:37:39.340 19166 19166 E ArmVmp : Match on catch block at 0xc3 in for 0xa1
02-24 16:37:39.345 19166 19166 E ArmVmp : Match on catch block at 0xc3 in for 0xa5
02-24 16:37:39.357 19166 19166 E ArmVmp : Match on catch block at 0xc3 in for 0xa9
02-24 16:37:39.362 19166 19166 E ArmVmp : Match on catch block at 0xc3 in for 0xa1
02-24 16:37:39.373 19166 19166 E ArmVmp : Match on catch block at 0xc3 in for 0xa1
02-24 16:37:39.378 19166 19166 E ArmVmp : Match on catch block at 0xc3 in for 0xa5
02-24 16:37:39.543 19166 19166 E ArmVmp : Match on catch block at 0xc3 in for 0xa5
02-24 16:37:39.549 19166 19166 E ArmVmp : Match on catch block at 0xc3 in for 0xa9
02-24 16:37:39.555 19166 19166 W HiTouch_PressGestureDetector: Touch pointer move a
lot. The moving distance of X is:35.003372, limit is:60The moving distance of Y
is:104.018555, limit is:60
02-24 16:37:39.575 19166 19166 E ArmVmp : Match on catch block at 0xc3 in for 0xa9
02-24 16:37:39.580 19166 19166 E ArmVmp : Match on catch block at 0xc3 in for 0xa1
02-24 16:37:39.588 19166 19166 E ArmVmp : Match on catch block at 0xc3 in for 0xa1
02-24 16:37:39.593 19166 19166 E ArmVmp : Match on catch block at 0xc3 in for 0xa5
02-24 16:37:39.601 19166 19166 E ArmVmp : Match on catch block at 0xc3 in for 0xa5
02-24 16:37:39.606 19166 19166 E ArmVmp : Match on catch block at 0xc3 in for 0xa9
02-24 16:37:39.625 19166 19166 E ArmVmp : Match on catch block at 0xc3 in for 0xa1
02-24 16:37:39.631 19166 19166 E ArmVmp : Match on catch block at 0xc3 in for 0xa5
02-24 16:37:39.640 19166 19166 E ArmVmp : Match on catch block at 0xc3 in for 0xa5
02-24 16:37:39.645 19166 19166 E ArmVmp : Match on catch block at 0xc3 in for 0xa9
02-24 16:37:39.653 19166 19166 E ArmVmp : Match on catch block at 0xc3 in for 0xa9
02-24 16:37:39.659 19166 19166 E ArmVmp : Match on catch block at 0xc3 in for 0xa1
02-24 16:37:39.667 19166 19166 E ArmVmp : Match on catch block at 0xc3 in for 0xa1
02-24 16:37:39.672 19166 19166 E ArmVmp : Match on catch block at 0xc3 in for 0xa5
02-24 16:37:39.699 19166 19166 E ArmVmp : Match on catch block at 0xc3 in for 0xa9
02-24 16:37:39.703 19166 19166 E ArmVmp : Match on catch block at 0xc3 in for 0xa1
02-24 16:37:39.712 19166 19166 E ArmVmp : Match on catch block at 0xc3 in for 0xa1
02-24 16:37:39.718 19166 19166 E ArmVmp : Match on catch block at 0xc3 in for 0xa5
02-24 16:37:39.727 19166 19166 E ArmVmp : Match on catch block at 0xc3 in for 0xa5
02-24 16:37:39.732 19166 19166 E ArmVmp : Match on catch block at 0xc3 in for 0xa9
02-24 16:37:39.744 19166 19166 E ArmVmp : Match on catch block at 0xc3 in for 0xa9
02-24 16:37:39.749 19166 19166 E ArmVmp : Match on catch block at 0xc3 in for 0xa1
02-24 16:37:39.761 19166 19166 E ArmVmp : Match on catch block at 0xc3 in for 0xa1
02-24 16:37:39.765 19166 19166 E ArmVmp : Match on catch block at 0xc3 in for 0xa5
02-24 16:37:39.777 19166 19166 E ArmVmp : Match on catch block at 0xc3 in for 0xa5
02-24 16:37:39.782 19166 19166 E ArmVmp : Match on catch block at 0xc3 in for 0xa9
02-24 16:37:39.794 19166 19166 E ArmVmp : Match on catch block at 0xc3 in for 0xa9
02-24 16:37:39.799 19166 19166 E ArmVmp : Match on catch block at 0xc3 in for 0xa1
02-24 16:37:39.812 19166 19166 E ArmVmp : Match on catch block at 0xc3 in for 0xa1
02-24 16:37:39.817 19166 19166 E ArmVmp : Match on catch block at 0xc3 in for 0xa5
02-24 16:37:39.827 19166 19166 E ArmVmp : Match on catch block at 0xc3 in for 0xa9
02-24 16:37:39.831 19166 19166 E ArmVmp : Match on catch block at 0xc3 in for 0xa1
02-24 16:37:39.843 19166 19166 E ArmVmp : Match on catch block at 0xc3 in for 0xa5
02-24 16:37:39.848 19166 19166 E ArmVmp : Match on catch block at 0xc3 in for 0xa9
02-24 16:37:39.861 19166 19166 E ArmVmp : Match on catch block at 0xc3 in for 0xa1
02-24 16:37:39.865 19166 19166 E ArmVmp : Match on catch block at 0xc3 in for 0xa5
02-24 16:37:39.877 19166 19166 E ArmVmp : Match on catch block at 0xc3 in for 0xa9
02-24 16:37:39.882 19166 19166 E ArmVmp : Match on catch block at 0xc3 in for 0xa1
02-24 16:37:39.894 19166 19166 E ArmVmp : Match on catch block at 0xc3 in for 0xa5
02-24 16:37:39.898 19166 19166 E ArmVmp : Match on catch block at 0xc3 in for 0xa9
02-24 16:37:39.911 19166 19166 E ArmVmp : Match on catch block at 0xc3 in for 0xa1
02-24 16:37:39.915 19166 19166 E ArmVmp : Match on catch block at 0xc3 in for 0xa5
02-24 16:37:39.928 19166 19166 E ArmVmp : Match on catch block at 0xc3 in for 0xa9
02-24 16:37:39.932 19166 19166 E ArmVmp : Match on catch block at 0xc3 in for 0xa1
02-24 16:37:39.944 19166 19166 E ArmVmp : Match on catch block at 0xc3 in for 0xa1
02-24 16:37:39.948 19166 19166 E ArmVmp : Match on catch block at 0xc3 in for 0xa5
02-24 16:37:40.267 19166 19166 E ArmVmp : Match on catch block at 0xc3 in for 0xa5
02-24 16:37:40.272 19166 19166 E ArmVmp : Match on catch block at 0xc3 in for 0xa9
02-24 16:37:40.279 19166 19166 W HiTouch_PressGestureDetector: Touch pointer move a
lot. The moving distance of X is:21.218872, limit is:60The moving distance of Y
is:65.31323, limit is:60
02-24 16:37:40.283 19166 19166 E ArmVmp : Match on catch block at 0xc3 in for 0xa9
02-24 16:37:40.288 19166 19166 E ArmVmp : Match on catch block at 0xc3 in for 0xa1
02-24 16:37:40.298 19166 19166 E ArmVmp : Match on catch block at 0xc3 in for 0xa1
02-24 16:37:40.303 19166 19166 E ArmVmp : Match on catch block at 0xc3 in for 0xa5
02-24 16:37:40.333 19166 19166 E ArmVmp : Match on catch block at 0xc3 in for 0xa9
02-24 16:37:40.338 19166 19166 E ArmVmp : Match on catch block at 0xc3 in for 0xa1
02-24 16:37:40.347 19166 19166 E ArmVmp : Match on catch block at 0xc3 in for 0xa1
02-24 16:37:40.351 19166 19166 E ArmVmp : Match on catch block at 0xc3 in for 0xa5
02-24 16:37:40.360 19166 19166 E ArmVmp : Match on catch block at 0xc3 in for 0xa5
02-24 16:37:40.366 19166 19166 E ArmVmp : Match on catch block at 0xc3 in for 0xa9
02-24 16:37:40.374 19166 19166 E ArmVmp : Match on catch block at 0xc3 in for 0xa9
02-24 16:37:40.379 19166 19166 E ArmVmp : Match on catch block at 0xc3 in for 0xa1
02-24 16:37:40.387 19166 19166 E ArmVmp : Match on catch block at 0xc3 in for 0xa1
02-24 16:37:40.392 19166 19166 E ArmVmp : Match on catch block at 0xc3 in for 0xa5
02-24 16:37:40.404 19166 19166 E ArmVmp : Match on catch block at 0xc3 in for 0xa5
02-24 16:37:40.409 19166 19166 E ArmVmp : Match on catch block at 0xc3 in for 0xa9
02-24 16:37:40.418 19166 19166 E ArmVmp : Match on catch block at 0xc3 in for 0xa9
02-24 16:37:40.424 19166 19166 E ArmVmp : Match on catch block at 0xc3 in for 0xa1
02-24 16:37:40.432 19166 19166 E ArmVmp : Match on catch block at 0xc3 in for 0xa1
02-24 16:37:40.437 19166 19166 E ArmVmp : Match on catch block at 0xc3 in for 0xa5
02-24 16:37:40.448 19166 19166 E ArmVmp : Match on catch block at 0xc3 in for 0xa5
02-24 16:37:40.453 19166 19166 E ArmVmp : Match on catch block at 0xc3 in for 0xa9
02-24 16:37:40.483 19166 19166 E ArmVmp : Match on catch block at 0xc3 in for 0xa1
02-24 16:37:40.488 19166 19166 E ArmVmp : Match on catch block at 0xc3 in for 0xa5
02-24 16:37:40.497 19166 19166 E ArmVmp : Match on catch block at 0xc3 in for 0xa5
02-24 16:37:40.502 19166 19166 E ArmVmp : Match on catch block at 0xc3 in for 0xa9
02-24 16:37:40.509 19166 19166 E ArmVmp : Match on catch block at 0xc3 in for 0xa9
02-24 16:37:40.514 19166 19166 E ArmVmp : Match on catch block at 0xc3 in for 0xa1
02-24 16:37:40.522 19166 19166 E ArmVmp : Match on catch block at 0xc3 in for 0xa1
02-24 16:37:40.527 19166 19166 E ArmVmp : Match on catch block at 0xc3 in for 0xa5
02-24 16:37:40.535 19166 19166 E ArmVmp : Match on catch block at 0xc3 in for 0xa5
02-24 16:37:40.541 19166 19166 E ArmVmp : Match on catch block at 0xc3 in for 0xa9
02-24 16:37:40.549 19166 19166 E ArmVmp : Match on catch block at 0xc3 in for 0xa9
02-24 16:37:40.555 19166 19166 E ArmVmp : Match on catch block at 0xc3 in for 0xa1
02-24 16:37:40.566 19166 19166 E ArmVmp : Match on catch block at 0xc3 in for 0xa1
02-24 16:37:40.572 19166 19166 E ArmVmp : Match on catch block at 0xc3 in for 0xa5
02-24 16:37:40.583 19166 19166 E ArmVmp : Match on catch block at 0xc3 in for 0xa5
02-24 16:37:40.589 19166 19166 E ArmVmp : Match on catch block at 0xc3 in for 0xa9
02-24 16:37:40.600 19166 19166 E ArmVmp : Match on catch block at 0xc3 in for 0xa9
02-24 16:37:40.606 19166 19166 E ArmVmp : Match on catch block at 0xc3 in for 0xa1
02-24 16:37:40.616 19166 19166 E ArmVmp : Match on catch block at 0xc3 in for 0xa5
02-24 16:37:40.622 19166 19166 E ArmVmp : Match on catch block at 0xc3 in for 0xa9
02-24 16:37:40.633 19166 19166 E ArmVmp : Match on catch block at 0xc3 in for 0xa1
02-24 16:37:40.638 19166 19166 E ArmVmp : Match on catch block at 0xc3 in for 0xa5
02-24 16:37:40.650 19166 19166 E ArmVmp : Match on catch block at 0xc3 in for 0xa9
02-24 16:37:40.655 19166 19166 E ArmVmp : Match on catch block at 0xc3 in for 0xa1
02-24 16:37:40.667 19166 19166 E ArmVmp : Match on catch block at 0xc3 in for 0xa5
02-24 16:37:40.672 19166 19166 E ArmVmp : Match on catch block at 0xc3 in for 0xa9
02-24 16:37:40.683 19166 19166 E ArmVmp : Match on catch block at 0xc3 in for 0xa1
02-24 16:37:40.689 19166 19166 E ArmVmp : Match on catch block at 0xc3 in for 0xa5
02-24 16:37:40.699 19166 19166 E ArmVmp : Match on catch block at 0xc3 in for 0xa5
02-24 16:37:40.705 19166 19166 E ArmVmp : Match on catch block at 0xc3 in for 0xa9
02-24 16:37:40.868 19166 19166 E ArmVmp : Match on catch block at 0xc3 in for 0xa9
02-24 16:37:40.876 19166 19166 E ArmVmp : Match on catch block at 0xc3 in for 0xa1
02-24 16:37:41.037 19166 19166 E ArmVmp : Match on catch block at 0xc3 in for 0xa1
02-24 16:37:41.042 19166 19166 E ArmVmp : Match on catch block at 0xc3 in for 0xa5
02-24 16:37:41.049 19166 19166 W HiTouch_PressGestureDetector: Touch pointer move a
lot. The moving distance of X is:18.78212, limit is:60The moving distance of Y
is:62.215027, limit is:60
02-24 16:37:41.053 19166 19166 E ArmVmp : Match on catch block at 0xc3 in for 0xa5
02-24 16:37:41.058 19166 19166 E ArmVmp : Match on catch block at 0xc3 in for 0xa9
02-24 16:37:41.110 19166 19166 E ArmVmp : Match on catch block at 0xc3 in for 0xa9
02-24 16:37:41.116 19166 19166 E ArmVmp : Match on catch block at 0xc3 in for 0xa1
02-24 16:37:41.126 19166 19166 E ArmVmp : Match on catch block at 0xc3 in for 0xa1
02-24 16:37:41.131 19166 19166 E ArmVmp : Match on catch block at 0xc3 in for 0xa5
02-24 16:37:41.142 19166 19166 E ArmVmp : Match on catch block at 0xc3 in for 0xa5
02-24 16:37:41.147 19166 19166 E ArmVmp : Match on catch block at 0xc3 in for 0xa9
02-24 16:37:41.176 19166 19166 E ArmVmp : Match on catch block at 0xc3 in for 0xa1
02-24 16:37:41.181 19166 19166 E ArmVmp : Match on catch block at 0xc3 in for 0xa5
02-24 16:37:41.191 19166 19166 E ArmVmp : Match on catch block at 0xc3 in for 0xa5
02-24 16:37:41.196 19166 19166 E ArmVmp : Match on catch block at 0xc3 in for 0xa9
02-24 16:37:41.204 19166 19166 E ArmVmp : Match on catch block at 0xc3 in for 0xa9
02-24 16:37:41.210 19166 19166 E ArmVmp : Match on catch block at 0xc3 in for 0xa1
02-24 16:37:41.222 19166 19166 E ArmVmp : Match on catch block at 0xc3 in for 0xa1
02-24 16:37:41.227 19166 19166 E ArmVmp : Match on catch block at 0xc3 in for 0xa5
02-24 16:37:41.238 19166 19166 E ArmVmp : Match on catch block at 0xc3 in for 0xa5
02-24 16:37:41.244 19166 19166 E ArmVmp : Match on catch block at 0xc3 in for 0xa9
02-24 16:37:41.254 19166 19166 E ArmVmp : Match on catch block at 0xc3 in for 0xa1
02-24 16:37:41.259 19166 19166 E ArmVmp : Match on catch block at 0xc3 in for 0xa5
02-24 16:37:41.278 19166 19166 E ArmVmp : Match on catch block at 0xc3 in for 0xa1
02-24 16:37:41.283 19166 19166 E ArmVmp : Match on catch block at 0xc3 in for 0xa5
02-24 16:37:41.291 19166 19166 E ArmVmp : Match on catch block at 0xc3 in for 0xa9
02-24 16:37:41.296 19166 19166 E ArmVmp : Match on catch block at 0xc3 in for 0xa1
02-24 16:37:41.305 19166 19166 E ArmVmp : Match on catch block at 0xc3 in for 0xa5
02-24 16:37:41.310 19166 19166 E ArmVmp : Match on catch block at 0xc3 in for 0xa9
02-24 16:37:41.321 19166 19166 E ArmVmp : Match on catch block at 0xc3 in for 0xa1
02-24 16:37:41.326 19166 19166 E ArmVmp : Match on catch block at 0xc3 in for 0xa5
02-24 16:37:41.338 19166 19166 E ArmVmp : Match on catch block at 0xc3 in for 0xa9
02-24 16:37:41.343 19166 19166 E ArmVmp : Match on catch block at 0xc3 in for 0xa1
02-24 16:37:41.369 19166 19166 E ArmVmp : Match on catch block at 0xc3 in for 0xa9
02-24 16:37:41.374 19166 19166 E ArmVmp : Match on catch block at 0xc3 in for 0xa1
02-24 16:37:41.382 19166 19166 E ArmVmp : Match on catch block at 0xc3 in for 0xa5
02-24 16:37:41.386 19166 19166 E ArmVmp : Match on catch block at 0xc3 in for 0xa9
02-24 16:37:41.394 19166 19166 E ArmVmp : Match on catch block at 0xc3 in for 0xa1
02-24 16:37:41.400 19166 19166 E ArmVmp : Match on catch block at 0xc3 in for 0xa5
02-24 16:37:41.408 19166 19166 E ArmVmp : Match on catch block at 0xc3 in for 0xa9
02-24 16:37:41.413 19166 19166 E ArmVmp : Match on catch block at 0xc3 in for 0xa1
02-24 16:37:41.422 19166 19166 E ArmVmp : Match on catch block at 0xc3 in for 0xa5
02-24 16:37:41.427 19166 19166 E ArmVmp : Match on catch block at 0xc3 in for 0xa9
02-24 16:37:41.439 19166 19166 E ArmVmp : Match on catch block at 0xc3 in for 0xa1
02-24 16:37:41.444 19166 19166 E ArmVmp : Match on catch block at 0xc3 in for 0xa5
02-24 16:37:41.456 19166 19166 E ArmVmp : Match on catch block at 0xc3 in for 0xa9
02-24 16:37:41.461 19166 19166 E ArmVmp : Match on catch block at 0xc3 in for 0xa1
02-24 16:37:41.473 19166 19166 E ArmVmp : Match on catch block at 0xc3 in for 0xa5
02-24 16:37:41.478 19166 19166 E ArmVmp : Match on catch block at 0xc3 in for 0xa9
02-24 16:37:41.489 19166 19166 E ArmVmp : Match on catch block at 0xc3 in for 0xa1
02-24 16:37:41.494 19166 19166 E ArmVmp : Match on catch block at 0xc3 in for 0xa5
02-24 16:37:41.514 19166 19166 E ArmVmp : Match on catch block at 0xc3 in for 0xa5
02-24 16:37:41.519 19166 19166 E ArmVmp : Match on catch block at 0xc3 in for 0xa9
02-24 16:37:41.528 19166 19166 E ArmVmp : Match on catch block at 0xc3 in for 0xa1
02-24 16:37:41.534 19166 19166 E ArmVmp : Match on catch block at 0xc3 in for 0xa5
02-24 16:37:41.542 19166 19166 E ArmVmp : Match on catch block at 0xc3 in for 0xa9
02-24 16:37:41.547 19166 19166 E ArmVmp : Match on catch block at 0xc3 in for 0xa1
02-24 16:37:41.664 19166 19166 E ArmVmp : Match on catch block at 0xc3 in for 0xa1
02-24 16:37:41.670 19166 19166 E ArmVmp : Match on catch block at 0xc3 in for 0xa5
02-24 16:37:41.684 19166 19166 E ArmVmp : Match on catch block at 0xc3 in for 0xa9
02-24 16:37:41.688 19166 19166 E ArmVmp : Match on catch block at 0xc3 in for 0xa1
02-24 16:37:41.722 19166 19166 E ArmVmp : Match on catch block at 0xc3 in for 0xa9
02-24 16:37:41.727 19166 19166 E ArmVmp : Match on catch block at 0xc3 in for 0xa1
02-24 16:37:41.741 19166 19166 E ArmVmp : Match on catch block at 0xc3 in for 0xa5
02-24 16:37:41.746 19166 19166 E ArmVmp : Match on catch block at 0xc3 in for 0xa9
02-24 16:37:41.753 19166 19166 E ArmVmp : Match on catch block at 0xc3 in for 0xa9
02-24 16:37:41.759 19166 19166 E ArmVmp : Match on catch block at 0xc3 in for 0xa1
02-24 16:37:41.774 19166 19166 E ArmVmp : Match on catch block at 0xc3 in for 0xa1
02-24 16:37:41.778 19166 19166 E ArmVmp : Match on catch block at 0xc3 in for 0xa5
02-24 16:37:41.791 19166 19166 E ArmVmp : Match on catch block at 0xc3 in for 0xa5
02-24 16:37:41.795 19166 19166 E ArmVmp : Match on catch block at 0xc3 in for 0xa9
02-24 16:37:41.808 19166 19166 E ArmVmp : Match on catch block at 0xc3 in for 0xa9
02-24 16:37:41.813 19166 19166 E ArmVmp : Match on catch block at 0xc3 in for 0xa1
02-24 16:37:41.892 19166 19166 E ArmVmp : Match on catch block at 0xc3 in for 0xa1
02-24 16:37:41.898 19166 19166 E ArmVmp : Match on catch block at 0xc3 in for 0xa5
02-24 16:37:42.398 19166 19166 E ArmVmp : Match on catch block at 0xc3 in for 0xa5
02-24 16:37:42.405 19166 19166 E ArmVmp : Match on catch block at 0xc3 in for 0xa9
02-24 16:37:42.583 19166 19166 E ArmVmp : Match on catch block at 0xc3 in for 0xa9
02-24 16:37:42.590 19166 19166 E ArmVmp : Match on catch block at 0xc3 in for 0xa1
02-24 16:37:42.596 19166 19166 W HiTouch_PressGestureDetector: Touch pointer move a
lot. The moving distance of X is:71.344574, limit is:60The moving distance of Y
is:105.90198, limit is:60
02-24 16:37:42.611 19166 19166 E ArmVmp : Match on catch block at 0xc3 in for 0xa1
02-24 16:37:42.615 19166 19166 E ArmVmp : Match on catch block at 0xc3 in for 0xa5
02-24 16:37:42.629 19166 19166 E ArmVmp : Match on catch block at 0xc3 in for 0xa5
02-24 16:37:42.633 19166 19166 E ArmVmp : Match on catch block at 0xc3 in for 0xa9
02-24 16:37:42.641 19166 19166 E ArmVmp : Match on catch block at 0xc3 in for 0xa1
02-24 16:37:42.645 19166 19166 E ArmVmp : Match on catch block at 0xc3 in for 0xa5
02-24 16:37:42.671 19166 19166 E ArmVmp : Match on catch block at 0xc3 in for 0xa1
02-24 16:37:42.675 19166 19166 E ArmVmp : Match on catch block at 0xc3 in for 0xa5
02-24 16:37:42.698 19166 19166 E ArmVmp : Match on catch block at 0xc3 in for 0xa1
02-24 16:37:42.702 19166 19166 E ArmVmp : Match on catch block at 0xc3 in for 0xa5
02-24 16:37:42.726 19166 19166 E ArmVmp : Match on catch block at 0xc3 in for 0xa5
02-24 16:37:42.730 19166 19166 E ArmVmp : Match on catch block at 0xc3 in for 0xa9
02-24 16:37:42.742 19166 19166 E ArmVmp : Match on catch block at 0xc3 in for 0xa9
02-24 16:37:42.747 19166 19166 E ArmVmp : Match on catch block at 0xc3 in for 0xa1
02-24 16:37:42.764 19166 19166 E ArmVmp : Match on catch block at 0xc3 in for 0xa9
02-24 16:37:42.769 19166 19166 E ArmVmp : Match on catch block at 0xc3 in for 0xa1
02-24 16:37:42.777 19166 19166 E ArmVmp : Match on catch block at 0xc3 in for 0xa5
02-24 16:37:42.781 19166 19166 E ArmVmp : Match on catch block at 0xc3 in for 0xa9
02-24 16:37:42.788 19166 19166 E ArmVmp : Match on catch block at 0xc3 in for 0xa1
02-24 16:37:42.793 19166 19166 E ArmVmp : Match on catch block at 0xc3 in for 0xa5
02-24 16:37:42.807 19166 19166 E ArmVmp : Match on catch block at 0xc3 in for 0xa1
02-24 16:37:42.812 19166 19166 E ArmVmp : Match on catch block at 0xc3 in for 0xa5
02-24 16:37:42.820 19166 19166 E ArmVmp : Match on catch block at 0xc3 in for 0xa9
02-24 16:37:42.825 19166 19166 E ArmVmp : Match on catch block at 0xc3 in for 0xa1
02-24 16:37:42.840 19166 19166 E ArmVmp : Match on catch block at 0xc3 in for 0xa9
02-24 16:37:42.845 19166 19166 E ArmVmp : Match on catch block at 0xc3 in for 0xa1
02-24 16:37:42.852 19166 19166 E ArmVmp : Match on catch block at 0xc3 in for 0xa5
02-24 16:37:42.857 19166 19166 E ArmVmp : Match on catch block at 0xc3 in for 0xa9
02-24 16:37:42.871 19166 19166 E ArmVmp : Match on catch block at 0xc3 in for 0xa1
02-24 16:37:42.875 19166 19166 E ArmVmp : Match on catch block at 0xc3 in for 0xa5
02-24 16:37:42.883 19166 19166 E ArmVmp : Match on catch block at 0xc3 in for 0xa9
02-24 16:37:42.888 19166 19166 E ArmVmp : Match on catch block at 0xc3 in for 0xa1
02-24 16:37:42.900 19166 19166 E ArmVmp : Match on catch block at 0xc3 in for 0xa5
02-24 16:37:42.905 19166 19166 E ArmVmp : Match on catch block at 0xc3 in for 0xa9
02-24 16:37:42.916 19166 19166 E ArmVmp : Match on catch block at 0xc3 in for 0xa1
02-24 16:37:42.924 19166 19166 E ArmVmp : Match on catch block at 0xc3 in for 0xa5
02-24 16:37:42.974 19166 19166 E ArmVmp : Match on catch block at 0xc3 in for 0xa9
02-24 16:37:42.979 19166 19166 E ArmVmp : Match on catch block at 0xc3 in for 0xa1
02-24 16:37:42.985 19166 19166 W HiTouch_PressGestureDetector: Touch pointer move a
lot. The moving distance of X is:140.09485, limit is:60The moving distance of Y
is:190.33105, limit is:60
02-24 16:37:42.996 19166 19166 E ArmVmp : Match on catch block at 0xc3 in for 0xa1
02-24 16:37:43.001 19166 19166 E ArmVmp : Match on catch block at 0xc3 in for 0xa5
02-24 16:37:43.021 19166 19166 E ArmVmp : Match on catch block at 0xc3 in for 0xa5
02-24 16:37:43.025 19166 19166 E ArmVmp : Match on catch block at 0xc3 in for 0xa9
02-24 16:37:43.052 19166 19166 E ArmVmp : Match on catch block at 0xc3 in for 0xa9
02-24 16:37:43.056 19166 19166 E ArmVmp : Match on catch block at 0xc3 in for 0xa1
02-24 16:37:43.074 19166 19166 E ArmVmp : Match on catch block at 0xc3 in for 0xa9
02-24 16:37:43.079 19166 19166 E ArmVmp : Match on catch block at 0xc3 in for 0xa1
02-24 16:37:43.101 19166 19166 E ArmVmp : Match on catch block at 0xc3 in for 0xa9
02-24 16:37:43.105 19166 19166 E ArmVmp : Match on catch block at 0xc3 in for 0xa1
02-24 16:37:43.124 19166 19166 E ArmVmp : Match on catch block at 0xc3 in for 0xa9
02-24 16:37:43.129 19166 19166 E ArmVmp : Match on catch block at 0xc3 in for 0xa1
02-24 16:37:43.154 19166 19166 E ArmVmp : Match on catch block at 0xc3 in for 0xa9
02-24 16:37:43.158 19166 19166 E ArmVmp : Match on catch block at 0xc3 in for 0xa1
02-24 16:37:43.175 19166 19166 E ArmVmp : Match on catch block at 0xc3 in for 0xa9
02-24 16:37:43.179 19166 19166 E ArmVmp : Match on catch block at 0xc3 in for 0xa1
02-24 16:37:43.237 19166 19166 E ArmVmp : Match on catch block at 0xc3 in for 0xa1
02-24 16:37:43.242 19166 19166 E ArmVmp : Match on catch block at 0xc3 in for 0xa5
02-24 16:37:43.254 19166 19166 E ArmVmp : Match on catch block at 0xc3 in for 0xa5
02-24 16:37:43.259 19166 19166 E ArmVmp : Match on catch block at 0xc3 in for 0xa9
02-24 16:37:43.342 19166 19166 E ArmVmp : Match on catch block at 0xc3 in for 0xa1
02-24 16:37:43.346 19166 19166 E ArmVmp : Match on catch block at 0xc3 in for 0xa5
02-24 16:37:43.373 19166 19166 E ArmVmp : Match on catch block at 0xc3 in for 0xa1
02-24 16:37:43.378 19166 19166 E ArmVmp : Match on catch block at 0xc3 in for 0xa5
02-24 16:37:43.410 19166 19166 E ArmVmp : Match on catch block at 0xc3 in for 0xa5
