02-24 16:32:20.228 16428 16428 E ArmVmp : Match on catch block at 0xc3 in for 0xa9
02-24 16:32:20.232 16428 16428 E ArmVmp : Match on catch block at 0xc3 in for 0xa9
02-24 16:32:20.239 16428 16428 E SpannableStringBuilder: SPAN_EXCLUSIVE_EXCLUSIVE
spans cannot have a zero length
02-24 16:32:20.490 16428 16428 E ArmVmp : Match on catch block at 0xc3 in for 0xa1
02-24 16:32:20.498 16428 16428 E ArmVmp : Match on catch block at 0xc3 in for 0xa5
02-24 16:32:20.501 16428 16428 E ArmVmp : Match on catch block at 0xc3 in for 0xa5
02-24 16:32:20.674 16428 16428 E ArmVmp : Match on catch block at 0xc3 in for 0xa9
02-24 16:32:20.681 16428 16428 E ArmVmp : Match on catch block at 0xc3 in for 0xa1
02-24 16:32:20.685 16428 16428 E ArmVmp : Match on catch block at 0xc3 in for 0xa1
02-24 16:32:20.877 16428 16428 E ArmVmp : Match on catch block at 0xc3 in for 0xa5
02-24 16:32:20.884 16428 16428 E ArmVmp : Match on catch block at 0xc3 in for 0xa9
02-24 16:32:20.888 16428 16428 E ArmVmp : Match on catch block at 0xc3 in for 0xa9
02-24 16:32:21.128 16428 16428 E ArmVmp : Match on catch block at 0xc3 in for 0xa1
02-24 16:32:21.136 16428 16428 E ArmVmp : Match on catch block at 0xc3 in for 0xa5
02-24 16:32:21.141 16428 16428 E ArmVmp : Match on catch block at 0xc3 in for 0xa5
02-24 16:32:21.280 16428 16428 E ArmVmp : Match on catch block at 0xc3 in for 0xa9
02-24 16:32:21.288 16428 16428 E ArmVmp : Match on catch block at 0xc3 in for 0xa1
02-24 16:32:21.293 16428 16428 E ArmVmp : Match on catch block at 0xc3 in for 0xa1
02-24 16:32:21.346 16428 16428 E ArmVmp : Match on catch block at 0xc3 in for 0xa5
02-24 16:32:21.352 16428 16428 E ArmVmp : Match on catch block at 0xc3 in for 0xa9
02-24 16:32:21.357 16428 16428 E ArmVmp : Match on catch block at 0xc3 in for 0xa9
02-24 16:32:21.564 16428 16428 E ArmVmp : Match on catch block at 0xc3 in for 0xa1
02-24 16:32:21.572 16428 16428 E ArmVmp : Match on catch block at 0xc3 in for 0xa5
02-24 16:32:21.575 16428 16428 E ArmVmp : Match on catch block at 0xc3 in for 0xa5
02-24 16:32:21.583 16428 16428 E SpannableStringBuilder: SPAN_EXCLUSIVE_EXCLUSIVE
spans cannot have a zero length
02-24 16:32:21.835 16428 16428 E ArmVmp : Match on catch block at 0xc3 in for 0xa9
02-24 16:32:21.842 16428 16428 E ArmVmp : Match on catch block at 0xc3 in for 0xa1
02-24 16:32:21.847 16428 16428 E ArmVmp : Match on catch block at 0xc3 in for 0xa1
02-24 16:32:21.968 16428 16428 E ArmVmp : Match on catch block at 0xc3 in for 0xa5
02-24 16:32:21.974 16428 16428 E ArmVmp : Match on catch block at 0xc3 in for 0xa9
02-24 16:32:21.977 16428 16428 E ArmVmp : Match on catch block at 0xc3 in for 0xa9
02-24 16:32:22.477 16428 16428 E ArmVmp : Match on catch block at 0xc3 in for 0xa1
02-24 16:32:22.490 16428 16428 E ArmVmp : Match on catch block at 0xc3 in for 0xa5
02-24 16:32:22.494 16428 16428 E ArmVmp : Match on catch block at 0xc3 in for 0xa5
02-24 16:32:22.983 16428 16428 E ArmVmp : Match on catch block at 0xc3 in for 0xa9
02-24 16:32:23.001 16428 16428 E ArmVmp : Match on catch block at 0xc3 in for 0xa1
02-24 16:32:23.009 16428 16428 E ArmVmp : Match on catch block at 0xc3 in for 0xa1
02-24 16:32:23.469 16428 16428 E ArmVmp : Match on catch block at 0xc3 in for 0xa5
02-24 16:32:23.486 16428 16428 E ArmVmp : Match on catch block at 0xc3 in for 0xa9
02-24 16:32:23.494 16428 16428 E ArmVmp : Match on catch block at 0xc3 in for 0xa9
02-24 16:32:23.648 16428 16428 E ArmVmp : Match on catch block at 0xc3 in for 0xa1
02-24 16:32:23.656 16428 16428 E ArmVmp : Match on catch block at 0xc3 in for 0xa5
02-24 16:32:23.660 16428 16428 E ArmVmp : Match on catch block at 0xc3 in for 0xa5
02-24 16:32:24.100 16428 16428 E ArmVmp : Match on catch block at 0xc3 in for 0xa9
02-24 16:32:24.107 16428 16428 E ArmVmp : Match on catch block at 0xc3 in for 0xa1
02-24 16:32:24.111 16428 16428 E ArmVmp : Match on catch block at 0xc3 in for 0xa1
02-24 16:32:24.433 16428 16428 E ArmVmp : Match on catch block at 0xc3 in for 0xa5
02-24 16:32:24.440 16428 16428 E ArmVmp : Match on catch block at 0xc3 in for 0xa9
02-24 16:32:24.445 16428 16428 E ArmVmp : Match on catch block at 0xc3 in for 0xa9
02-24 16:32:24.459 16428 16428 E ArmVmp : Match on catch block at 0xc3 in for 0xa1
02-24 16:32:24.466 16428 16428 E ArmVmp : Match on catch block at 0xc3 in for 0xa5
02-24 16:32:24.470 16428 16428 E ArmVmp : Match on catch block at 0xc3 in for 0xa5
02-24 16:32:24.552 16428 16428 E ArmVmp : Match on catch block at 0xc3 in for 0xa9
02-24 16:32:24.570 16428 16428 E ArmVmp : Match on catch block at 0xc3 in for 0xa1
02-24 16:32:24.577 16428 16428 E ArmVmp : Match on catch block at 0xc3 in for 0xa1
02-24 16:32:24.636 16428 16428 E ArmVmp : Match on catch block at 0xc3 in for 0xa5
02-24 16:32:24.643 16428 16428 E ArmVmp : Match on catch block at 0xc3 in for 0xa9
02-24 16:32:24.647 16428 16428 E ArmVmp : Match on catch block at 0xc3 in for 0xa9
02-24 16:32:24.838 16428 16428 E ArmVmp : Match on catch block at 0xc3 in for 0xa1
02-24 16:32:24.844 16428 16428 E ArmVmp : Match on catch block at 0xc3 in for 0xa5
02-24 16:32:24.848 16428 16428 E ArmVmp : Match on catch block at 0xc3 in for 0xa5
02-24 16:32:24.862 16428 16428 E SpannableStringBuilder: SPAN_EXCLUSIVE_EXCLUSIVE
spans cannot have a zero length
02-24 16:32:24.871 16428 16428 E ArmVmp : Match on catch block at 0xc3 in for 0xa9
02-24 16:32:24.878 16428 16428 E ArmVmp : Match on catch block at 0xc3 in for 0xa1
02-24 16:32:24.881 16428 16428 E ArmVmp : Match on catch block at 0xc3 in for 0xa1
02-24 16:32:24.886 16428 16428 E SpannableStringBuilder: SPAN_EXCLUSIVE_EXCLUSIVE
spans cannot have a zero length
02-24 16:32:25.381 16428 16428 E ArmVmp : Match on catch block at 0xc3 in for 0xa5
02-24 16:32:25.396 16428 16428 E ArmVmp : Match on catch block at 0xc3 in for 0xa9
02-24 16:32:25.406 16428 16428 E ArmVmp : Match on catch block at 0xc3 in for 0xa9
02-24 16:32:25.880 16428 16428 E ArmVmp : Match on catch block at 0xc3 in for 0xa1
02-24 16:32:25.889 16428 16428 E ArmVmp : Match on catch block at 0xc3 in for 0xa5
02-24 16:32:25.894 16428 16428 E ArmVmp : Match on catch block at 0xc3 in for 0xa5
02-24 16:32:26.014 16428 16428 E ArmVmp : Match on catch block at 0xc3 in for 0xa9
02-24 16:32:26.021 16428 16428 E ArmVmp : Match on catch block at 0xc3 in for 0xa1
02-24 16:32:26.025 16428 16428 E ArmVmp : Match on catch block at 0xc3 in for 0xa1
02-24 16:32:26.034 16428 16428 E ArmVmp : Match on catch block at 0xc3 in for 0xa5
02-24 16:32:26.041 16428 16428 E ArmVmp : Match on catch block at 0xc3 in for 0xa9
02-24 16:32:26.046 16428 16428 E ArmVmp : Match on catch block at 0xc3 in for 0xa9
02-24 16:32:26.055 16428 16428 E ArmVmp : Match on catch block at 0xc3 in for 0xa1
02-24 16:32:26.064 16428 16428 E ArmVmp : Match on catch block at 0xc3 in for 0xa5
02-24 16:32:26.069 16428 16428 E ArmVmp : Match on catch block at 0xc3 in for 0xa5
02-24 16:32:26.082 16428 16428 E ArmVmp : Match on catch block at 0xc3 in for 0xa9
02-24 16:32:26.088 16428 16428 E ArmVmp : Match on catch block at 0xc3 in for 0xa1
02-24 16:32:26.092 16428 16428 E ArmVmp : Match on catch block at 0xc3 in for 0xa1
02-24 16:32:26.101 16428 16428 E ArmVmp : Match on catch block at 0xc3 in for 0xa5
02-24 16:32:26.107 16428 16428 E ArmVmp : Match on catch block at 0xc3 in for 0xa9
02-24 16:32:26.111 16428 16428 E ArmVmp : Match on catch block at 0xc3 in for 0xa9
02-24 16:32:26.121 16428 16428 E ArmVmp : Match on catch block at 0xc3 in for 0xa1
02-24 16:32:26.129 16428 16428 E ArmVmp : Match on catch block at 0xc3 in for 0xa5
02-24 16:32:26.133 16428 16428 E ArmVmp : Match on catch block at 0xc3 in for 0xa5
02-24 16:32:26.148 16428 16428 E ArmVmp : Match on catch block at 0xc3 in for 0xa9
02-24 16:32:26.154 16428 16428 E ArmVmp : Match on catch block at 0xc3 in for 0xa1
02-24 16:32:26.157 16428 16428 E ArmVmp : Match on catch block at 0xc3 in for 0xa1
02-24 16:32:26.167 16428 16428 E ArmVmp : Match on catch block at 0xc3 in for 0xa5
02-24 16:32:26.172 16428 16428 E ArmVmp : Match on catch block at 0xc3 in for 0xa9
02-24 16:32:26.176 16428 16428 E ArmVmp : Match on catch block at 0xc3 in for 0xa9
02-24 16:32:26.186 16428 16428 E ArmVmp : Match on catch block at 0xc3 in for 0xa1
02-24 16:32:26.192 16428 16428 E ArmVmp : Match on catch block at 0xc3 in for 0xa5
02-24 16:32:26.195 16428 16428 E ArmVmp : Match on catch block at 0xc3 in for 0xa5
02-24 16:32:26.205 16428 16428 E ArmVmp : Match on catch block at 0xc3 in for 0xa9
02-24 16:32:26.211 16428 16428 E ArmVmp : Match on catch block at 0xc3 in for 0xa1
02-24 16:32:26.215 16428 16428 E ArmVmp : Match on catch block at 0xc3 in for 0xa1
02-24 16:32:26.229 16428 16428 E ArmVmp : Match on catch block at 0xc3 in for 0xa5
02-24 16:32:26.236 16428 16428 E ArmVmp : Match on catch block at 0xc3 in for 0xa9
02-24 16:32:26.239 16428 16428 E ArmVmp : Match on catch block at 0xc3 in for 0xa9
02-24 16:32:26.248 16428 16428 E ArmVmp : Match on catch block at 0xc3 in for 0xa1
02-24 16:32:26.255 16428 16428 E ArmVmp : Match on catch block at 0xc3 in for 0xa5
02-24 16:32:26.259 16428 16428 E ArmVmp : Match on catch block at 0xc3 in for 0xa5
02-24 16:32:26.268 16428 16428 E ArmVmp : Match on catch block at 0xc3 in for 0xa9
02-24 16:32:26.273 16428 16428 E ArmVmp : Match on catch block at 0xc3 in for 0xa1
02-24 16:32:26.277 16428 16428 E ArmVmp : Match on catch block at 0xc3 in for 0xa1
02-24 16:32:26.483 16428 16428 E ArmVmp : Match on catch block at 0xc3 in for 0xa5
02-24 16:32:26.490 16428 16428 E ArmVmp : Match on catch block at 0xc3 in for 0xa9
02-24 16:32:26.494 16428 16428 E ArmVmp : Match on catch block at 0xc3 in for 0xa9
02-24 16:32:26.602 16428 16428 E ArmVmp : Match on catch block at 0xc3 in for 0xa1
02-24 16:32:26.608 16428 16428 E ArmVmp : Match on catch block at 0xc3 in for 0xa5
02-24 16:32:26.613 16428 16428 E ArmVmp : Match on catch block at 0xc3 in for 0xa5
02-24 16:32:26.820 16428 16428 E ArmVmp : Match on catch block at 0xc3 in for 0xa9
02-24 16:32:26.828 16428 16428 E ArmVmp : Match on catch block at 0xc3 in for 0xa1
02-24 16:32:26.832 16428 16428 E ArmVmp : Match on catch block at 0xc3 in for 0xa1
02-24 16:32:26.838 16428 16428 E SpannableStringBuilder: SPAN_EXCLUSIVE_EXCLUSIVE
spans cannot have a zero length
02-24 16:32:26.854 16428 16428 E ArmVmp : Match on catch block at 0xc3 in for 0xa5
02-24 16:32:26.859 16428 16428 E ArmVmp : Match on catch block at 0xc3 in for 0xa9
02-24 16:32:26.863 16428 16428 E ArmVmp : Match on catch block at 0xc3 in for 0xa9
02-24 16:32:26.873 16428 16428 E ArmVmp : Match on catch block at 0xc3 in for 0xa1
02-24 16:32:26.877 16428 16428 E ArmVmp : Match on catch block at 0xc3 in for 0xa5
02-24 16:32:26.881 16428 16428 E ArmVmp : Match on catch block at 0xc3 in for 0xa5
02-24 16:32:26.891 16428 16428 E ArmVmp : Match on catch block at 0xc3 in for 0xa9
02-24 16:32:26.896 16428 16428 E ArmVmp : Match on catch block at 0xc3 in for 0xa1
02-24 16:32:26.900 16428 16428 E ArmVmp : Match on catch block at 0xc3 in for 0xa1
02-24 16:32:26.908 16428 16428 E ArmVmp : Match on catch block at 0xc3 in for 0xa5
02-24 16:32:26.913 16428 16428 E ArmVmp : Match on catch block at 0xc3 in for 0xa9
02-24 16:32:26.916 16428 16428 E ArmVmp : Match on catch block at 0xc3 in for 0xa9
02-24 16:32:26.923 16428 16428 E ArmVmp : Match on catch block at 0xc3 in for 0xa1
02-24 16:32:26.928 16428 16428 E ArmVmp : Match on catch block at 0xc3 in for 0xa5
02-24 16:32:26.932 16428 16428 E ArmVmp : Match on catch block at 0xc3 in for 0xa5
02-24 16:32:26.942 16428 16428 E ArmVmp : Match on catch block at 0xc3 in for 0xa9
02-24 16:32:26.948 16428 16428 E ArmVmp : Match on catch block at 0xc3 in for 0xa1
02-24 16:32:26.951 16428 16428 E ArmVmp : Match on catch block at 0xc3 in for 0xa1
02-24 16:32:26.960 16428 16428 E ArmVmp : Match on catch block at 0xc3 in for 0xa5
02-24 16:32:26.965 16428 16428 E ArmVmp : Match on catch block at 0xc3 in for 0xa9
02-24 16:32:26.968 16428 16428 E ArmVmp : Match on catch block at 0xc3 in for 0xa9
02-24 16:32:26.977 16428 16428 E ArmVmp : Match on catch block at 0xc3 in for 0xa1
02-24 16:32:26.981 16428 16428 E ArmVmp : Match on catch block at 0xc3 in for 0xa5
02-24 16:32:26.984 16428 16428 E ArmVmp : Match on catch block at 0xc3 in for 0xa5
02-24 16:32:26.992 16428 16428 E ArmVmp : Match on catch block at 0xc3 in for 0xa9
02-24 16:32:26.997 16428 16428 E ArmVmp : Match on catch block at 0xc3 in for 0xa1
02-24 16:32:27.000 16428 16428 E ArmVmp : Match on catch block at 0xc3 in for 0xa1
02-24 16:32:27.013 16428 16428 E ArmVmp : Match on catch block at 0xc3 in for 0xa5
02-24 16:32:27.019 16428 16428 E ArmVmp : Match on catch block at 0xc3 in for 0xa9
02-24 16:32:27.023 16428 16428 E ArmVmp : Match on catch block at 0xc3 in for 0xa9
02-24 16:32:27.038 16428 16428 E ArmVmp : Match on catch block at 0xc3 in for 0xa1
02-24 16:32:27.043 16428 16428 E ArmVmp : Match on catch block at 0xc3 in for 0xa5
02-24 16:32:27.046 16428 16428 E ArmVmp : Match on catch block at 0xc3 in for 0xa5
02-24 16:32:27.055 16428 16428 E ArmVmp : Match on catch block at 0xc3 in for 0xa9
02-24 16:32:27.060 16428 16428 E ArmVmp : Match on catch block at 0xc3 in for 0xa1
02-24 16:32:27.063 16428 16428 E ArmVmp : Match on catch block at 0xc3 in for 0xa1
02-24 16:32:27.071 16428 16428 E ArmVmp : Match on catch block at 0xc3 in for 0xa5
02-24 16:32:27.076 16428 16428 E ArmVmp : Match on catch block at 0xc3 in for 0xa9
02-24 16:32:27.079 16428 16428 E ArmVmp : Match on catch block at 0xc3 in for 0xa9
02-24 16:32:27.088 16428 16428 E ArmVmp : Match on catch block at 0xc3 in for 0xa1
02-24 16:32:27.093 16428 16428 E ArmVmp : Match on catch block at 0xc3 in for 0xa5
02-24 16:32:27.097 16428 16428 E ArmVmp : Match on catch block at 0xc3 in for 0xa5
02-24 16:32:27.110 16428 16428 E ArmVmp : Match on catch block at 0xc3 in for 0xa9
02-24 16:32:27.115 16428 16428 E ArmVmp : Match on catch block at 0xc3 in for 0xa1
02-24 16:32:27.118 16428 16428 E ArmVmp : Match on catch block at 0xc3 in for 0xa1
02-24 16:32:27.138 16428 16428 E ArmVmp : Match on catch block at 0xc3 in for 0xa5
02-24 16:32:27.144 16428 16428 E ArmVmp : Match on catch block at 0xc3 in for 0xa9
02-24 16:32:27.147 16428 16428 E ArmVmp : Match on catch block at 0xc3 in for 0xa9
02-24 16:32:27.155 16428 16428 E ArmVmp : Match on catch block at 0xc3 in for 0xa1
02-24 16:32:27.160 16428 16428 E ArmVmp : Match on catch block at 0xc3 in for 0xa5
02-24 16:32:27.163 16428 16428 E ArmVmp : Match on catch block at 0xc3 in for 0xa5
02-24 16:32:27.172 16428 16428 E ArmVmp : Match on catch block at 0xc3 in for 0xa9
02-24 16:32:27.176 16428 16428 E ArmVmp : Match on catch block at 0xc3 in for 0xa1
02-24 16:32:27.179 16428 16428 E ArmVmp : Match on catch block at 0xc3 in for 0xa1
02-24 16:32:27.189 16428 16428 E ArmVmp : Match on catch block at 0xc3 in for 0xa5
02-24 16:32:27.193 16428 16428 E ArmVmp : Match on catch block at 0xc3 in for 0xa9
02-24 16:32:27.196 16428 16428 E ArmVmp : Match on catch block at 0xc3 in for 0xa9
02-24 16:32:27.205 16428 16428 E ArmVmp : Match on catch block at 0xc3 in for 0xa1
02-24 16:32:27.210 16428 16428 E ArmVmp : Match on catch block at 0xc3 in for 0xa5
02-24 16:32:27.213 16428 16428 E ArmVmp : Match on catch block at 0xc3 in for 0xa5
02-24 16:32:27.375 16428 16428 E ArmVmp : Match on catch block at 0xc3 in for 0xa9
02-24 16:32:27.382 16428 16428 E ArmVmp : Match on catch block at 0xc3 in for 0xa1
02-24 16:32:27.387 16428 16428 E ArmVmp : Match on catch block at 0xc3 in for 0xa1
02-24 16:32:27.399 16428 16428 E ArmVmp : Match on catch block at 0xc3 in for 0xa5
02-24 16:32:27.405 16428 16428 E ArmVmp : Match on catch block at 0xc3 in for 0xa9
02-24 16:32:27.409 16428 16428 E ArmVmp : Match on catch block at 0xc3 in for 0xa9
02-24 16:32:27.491 16428 16428 E ArmVmp : Match on catch block at 0xc3 in for 0xa1
02-24 16:32:27.497 16428 16428 E ArmVmp : Match on catch block at 0xc3 in for 0xa5
02-24 16:32:27.501 16428 16428 E ArmVmp : Match on catch block at 0xc3 in for 0xa5
02-24 16:32:27.677 16428 16428 E ArmVmp : Match on catch block at 0xc3 in for 0xa9
02-24 16:32:27.683 16428 16428 E ArmVmp : Match on catch block at 0xc3 in for 0xa1
02-24 16:32:27.687 16428 16428 E ArmVmp : Match on catch block at 0xc3 in for 0xa1
02-24 16:32:27.979 16428 16428 E ArmVmp : Match on catch block at 0xc3 in for 0xa5
02-24 16:32:27.988 16428 16428 E ArmVmp : Match on catch block at 0xc3 in for 0xa9
02-24 16:32:27.995 16428 16428 E ArmVmp : Match on catch block at 0xc3 in for 0xa9
02-24 16:32:28.113 16428 16428 E ArmVmp : Match on catch block at 0xc3 in for 0xa1
02-24 16:32:28.120 16428 16428 E ArmVmp : Match on catch block at 0xc3 in for 0xa5
02-24 16:32:28.124 16428 16428 E ArmVmp : Match on catch block at 0xc3 in for 0xa5
02-24 16:32:28.465 16428 16428 E ArmVmp : Match on catch block at 0xc3 in for 0xa9
02-24 16:32:28.473 16428 16428 E ArmVmp : Match on catch block at 0xc3 in for 0xa1
02-24 16:32:28.478 16428 16428 E ArmVmp : Match on catch block at 0xc3 in for 0xa1
02-24 16:32:28.667 16428 16428 E ArmVmp : Match on catch block at 0xc3 in for 0xa5
02-24 16:32:28.675 16428 16428 E ArmVmp : Match on catch block at 0xc3 in for 0xa9
02-24 16:32:28.678 16428 16428 E ArmVmp : Match on catch block at 0xc3 in for 0xa9
02-24 16:32:28.869 16428 16428 E ArmVmp : Match on catch block at 0xc3 in for 0xa1
02-24 16:32:28.876 16428 16428 E ArmVmp : Match on catch block at 0xc3 in for 0xa5
02-24 16:32:28.880 16428 16428 E ArmVmp : Match on catch block at 0xc3 in for 0xa5
02-24 16:32:28.969 16428 16428 E ArmVmp : Match on catch block at 0xc3 in for 0xa9
02-24 16:32:28.974 16428 16428 E ArmVmp : Match on catch block at 0xc3 in for 0xa1
02-24 16:32:28.977 16428 16428 E ArmVmp : Match on catch block at 0xc3 in for 0xa1
02-24 16:32:28.986 16428 16428 E ArmVmp : Match on catch block at 0xc3 in for 0xa5
02-24 16:32:28.993 16428 16428 E ArmVmp : Match on catch block at 0xc3 in for 0xa9
02-24 16:32:28.996 16428 16428 E ArmVmp : Match on catch block at 0xc3 in for 0xa9
02-24 16:32:29.008 16428 16428 E ArmVmp : Match on catch block at 0xc3 in for 0xa1
02-24 16:32:29.015 16428 16428 E ArmVmp : Match on catch block at 0xc3 in for 0xa5
02-24 16:32:29.021 16428 16428 E ArmVmp : Match on catch block at 0xc3 in for 0xa5
02-24 16:32:29.031 16428 16428 E ArmVmp : Match on catch block at 0xc3 in for 0xa9
02-24 16:32:29.037 16428 16428 E ArmVmp : Match on catch block at 0xc3 in for 0xa1
02-24 16:32:29.041 16428 16428 E ArmVmp : Match on catch block at 0xc3 in for 0xa1
02-24 16:32:29.053 16428 16428 E ArmVmp : Match on catch block at 0xc3 in for 0xa5
02-24 16:32:29.059 16428 16428 E ArmVmp : Match on catch block at 0xc3 in for 0xa9
02-24 16:32:29.063 16428 16428 E ArmVmp : Match on catch block at 0xc3 in for 0xa9
02-24 16:32:29.072 16428 16428 E ArmVmp : Match on catch block at 0xc3 in for 0xa1
02-24 16:32:29.078 16428 16428 E ArmVmp : Match on catch block at 0xc3 in for 0xa5
02-24 16:32:29.082 16428 16428 E ArmVmp : Match on catch block at 0xc3 in for 0xa5
02-24 16:32:29.091 16428 16428 E ArmVmp : Match on catch block at 0xc3 in for 0xa9
02-24 16:32:29.097 16428 16428 E ArmVmp : Match on catch block at 0xc3 in for 0xa1
02-24 16:32:29.100 16428 16428 E ArmVmp : Match on catch block at 0xc3 in for 0xa1
02-24 16:32:29.109 16428 16428 E ArmVmp : Match on catch block at 0xc3 in for 0xa5
02-24 16:32:29.113 16428 16428 E ArmVmp : Match on catch block at 0xc3 in for 0xa9
02-24 16:32:29.116 16428 16428 E ArmVmp : Match on catch block at 0xc3 in for 0xa9
02-24 16:32:29.124 16428 16428 E ArmVmp : Match on catch block at 0xc3 in for 0xa1
02-24 16:32:29.130 16428 16428 E ArmVmp : Match on catch block at 0xc3 in for 0xa5
02-24 16:32:29.133 16428 16428 E ArmVmp : Match on catch block at 0xc3 in for 0xa5
02-24 16:32:29.141 16428 16428 E ArmVmp : Match on catch block at 0xc3 in for 0xa9
02-24 16:32:29.147 16428 16428 E ArmVmp : Match on catch block at 0xc3 in for 0xa1
02-24 16:32:29.151 16428 16428 E ArmVmp : Match on catch block at 0xc3 in for 0xa1
02-24 16:32:29.159 16428 16428 E ArmVmp : Match on catch block at 0xc3 in for 0xa5
02-24 16:32:29.163 16428 16428 E ArmVmp : Match on catch block at 0xc3 in for 0xa9
02-24 16:32:29.166 16428 16428 E ArmVmp : Match on catch block at 0xc3 in for 0xa9
02-24 16:32:29.176 16428 16428 E ArmVmp : Match on catch block at 0xc3 in for 0xa1
02-24 16:32:29.181 16428 16428 E ArmVmp : Match on catch block at 0xc3 in for 0xa5
02-24 16:32:29.186 16428 16428 E ArmVmp : Match on catch block at 0xc3 in for 0xa5
02-24 16:32:29.195 16428 16428 E ArmVmp : Match on catch block at 0xc3 in for 0xa9
02-24 16:32:29.201 16428 16428 E ArmVmp : Match on catch block at 0xc3 in for 0xa1
02-24 16:32:29.206 16428 16428 E ArmVmp : Match on catch block at 0xc3 in for 0xa1
02-24 16:32:29.221 16428 16428 E ArmVmp : Match on catch block at 0xc3 in for 0xa5
02-24 16:32:29.226 16428 16428 E ArmVmp : Match on catch block at 0xc3 in for 0xa9
02-24 16:32:29.230 16428 16428 E ArmVmp : Match on catch block at 0xc3 in for 0xa9
02-24 16:32:29.288 16428 16428 E ArmVmp : Match on catch block at 0xc3 in for 0xa1
02-24 16:32:29.295 16428 16428 E ArmVmp : Match on catch block at 0xc3 in for 0xa5
02-24 16:32:29.299 16428 16428 E ArmVmp : Match on catch block at 0xc3 in for 0xa5
02-24 16:32:29.422 16428 16428 E ArmVmp : Match on catch block at 0xc3 in for 0xa9
02-24 16:32:29.430 16428 16428 E ArmVmp : Match on catch block at 0xc3 in for 0xa1
02-24 16:32:29.433 16428 16428 E ArmVmp : Match on catch block at 0xc3 in for 0xa1
02-24 16:32:29.640 16428 16428 E ArmVmp : Match on catch block at 0xc3 in for 0xa5
02-24 16:32:29.649 16428 16428 E ArmVmp : Match on catch block at 0xc3 in for 0xa9
02-24 16:32:29.657 16428 16428 E ArmVmp : Match on catch block at 0xc3 in for 0xa9
02-24 16:32:29.898 16428 16428 E ArmVmp : Match on catch block at 0xc3 in for 0xa9
02-24 16:32:29.910 16428 16428 E ArmVmp : Match on catch block at 0xc3 in for 0xa1
02-24 16:32:29.914 16428 16428 E ArmVmp : Match on catch block at 0xc3 in for 0xa1
02-24 16:32:29.976 16428 16428 E ArmVmp : Match on catch block at 0xc3 in for 0xa5
02-24 16:32:29.982 16428 16428 E ArmVmp : Match on catch block at 0xc3 in for 0xa9
02-24 16:32:29.986 16428 16428 E ArmVmp : Match on catch block at 0xc3 in for 0xa9
02-24 16:32:29.995 16428 16428 E SpannableStringBuilder: SPAN_EXCLUSIVE_EXCLUSIVE
spans cannot have a zero length
02-24 16:32:30.010 16428 16428 E ArmVmp : Match on catch block at 0xc3 in for 0xa1
02-24 16:32:30.015 16428 16428 E ArmVmp : Match on catch block at 0xc3 in for 0xa5
02-24 16:32:30.020 16428 16428 E ArmVmp : Match on catch block at 0xc3 in for 0xa5
02-24 16:32:30.029 16428 16428 E ArmVmp : Match on catch block at 0xc3 in for 0xa9
02-24 16:32:30.035 16428 16428 E ArmVmp : Match on catch block at 0xc3 in for 0xa1
02-24 16:32:30.039 16428 16428 E ArmVmp : Match on catch block at 0xc3 in for 0xa1
02-24 16:32:30.047 16428 16428 E ArmVmp : Match on catch block at 0xc3 in for 0xa5
02-24 16:32:30.058 16428 16428 E ArmVmp : Match on catch block at 0xc3 in for 0xa9
02-24 16:32:30.062 16428 16428 E ArmVmp : Match on catch block at 0xc3 in for 0xa9
02-24 16:32:30.070 16428 16428 E ArmVmp : Match on catch block at 0xc3 in for 0xa1
02-24 16:32:30.075 16428 16428 E ArmVmp : Match on catch block at 0xc3 in for 0xa5
02-24 16:32:30.079 16428 16428 E ArmVmp : Match on catch block at 0xc3 in for 0xa5
02-24 16:32:30.086 16428 16428 E ArmVmp : Match on catch block at 0xc3 in for 0xa9
02-24 16:32:30.091 16428 16428 E ArmVmp : Match on catch block at 0xc3 in for 0xa1
02-24 16:32:30.095 16428 16428 E ArmVmp : Match on catch block at 0xc3 in for 0xa1
02-24 16:32:30.106 16428 16428 E ArmVmp : Match on catch block at 0xc3 in for 0xa5
02-24 16:32:30.113 16428 16428 E ArmVmp : Match on catch block at 0xc3 in for 0xa9
02-24 16:32:30.116 16428 16428 E ArmVmp : Match on catch block at 0xc3 in for 0xa9
02-24 16:32:30.124 16428 16428 E ArmVmp : Match on catch block at 0xc3 in for 0xa1
02-24 16:32:30.130 16428 16428 E ArmVmp : Match on catch block at 0xc3 in for 0xa5
02-24 16:32:30.133 16428 16428 E ArmVmp : Match on catch block at 0xc3 in for 0xa5
02-24 16:32:30.140 16428 16428 E ArmVmp : Match on catch block at 0xc3 in for 0xa9
02-24 16:32:30.147 16428 16428 E ArmVmp : Match on catch block at 0xc3 in for 0xa1
02-24 16:32:30.150 16428 16428 E ArmVmp : Match on catch block at 0xc3 in for 0xa1
02-24 16:32:30.158 16428 16428 E ArmVmp : Match on catch block at 0xc3 in for 0xa5
02-24 16:32:30.164 16428 16428 E ArmVmp : Match on catch block at 0xc3 in for 0xa9
02-24 16:32:30.167 16428 16428 E ArmVmp : Match on catch block at 0xc3 in for 0xa9
02-24 16:32:30.174 16428 16428 E ArmVmp : Match on catch block at 0xc3 in for 0xa1
02-24 16:32:30.181 16428 16428 E ArmVmp : Match on catch block at 0xc3 in for 0xa5
02-24 16:32:30.184 16428 16428 E ArmVmp : Match on catch block at 0xc3 in for 0xa5
02-24 16:32:30.192 16428 16428 E ArmVmp : Match on catch block at 0xc3 in for 0xa9
02-24 16:32:30.198 16428 16428 E ArmVmp : Match on catch block at 0xc3 in for 0xa1
02-24 16:32:30.201 16428 16428 E ArmVmp : Match on catch block at 0xc3 in for 0xa1
02-24 16:32:30.216 16428 16428 E ArmVmp : Match on catch block at 0xc3 in for 0xa5
02-24 16:32:30.222 16428 16428 E ArmVmp : Match on catch block at 0xc3 in for 0xa9
02-24 16:32:30.227 16428 16428 E ArmVmp : Match on catch block at 0xc3 in for 0xa9
02-24 16:32:30.245 16428 16428 E ArmVmp : Match on catch block at 0xc3 in for 0xa1
02-24 16:32:30.250 16428 16428 E ArmVmp : Match on catch block at 0xc3 in for 0xa5
02-24 16:32:30.254 16428 16428 E ArmVmp : Match on catch block at 0xc3 in for 0xa5
02-24 16:32:30.262 16428 16428 E ArmVmp : Match on catch block at 0xc3 in for 0xa9
02-24 16:32:30.268 16428 16428 E ArmVmp : Match on catch block at 0xc3 in for 0xa1
02-24 16:32:30.272 16428 16428 E ArmVmp : Match on catch block at 0xc3 in for 0xa1
02-24 16:32:30.280 16428 16428 E ArmVmp : Match on catch block at 0xc3 in for 0xa5
02-24 16:32:30.288 16428 16428 E ArmVmp : Match on catch block at 0xc3 in for 0xa9
02-24 16:32:30.292 16428 16428 E ArmVmp : Match on catch block at 0xc3 in for 0xa9
02-24 16:32:30.302 16428 16428 E ArmVmp : Match on catch block at 0xc3 in for 0xa1
02-24 16:32:30.307 16428 16428 E ArmVmp : Match on catch block at 0xc3 in for 0xa5
02-24 16:32:30.311 16428 16428 E ArmVmp : Match on catch block at 0xc3 in for 0xa5
02-24 16:32:30.318 16428 16428 E ArmVmp : Match on catch block at 0xc3 in for 0xa9
02-24 16:32:30.322 16428 16428 E ArmVmp : Match on catch block at 0xc3 in for 0xa1
02-24 16:32:30.325 16428 16428 E ArmVmp : Match on catch block at 0xc3 in for 0xa1
02-24 16:32:30.332 16428 16428 E ArmVmp : Match on catch block at 0xc3 in for 0xa5
02-24 16:32:30.337 16428 16428 E ArmVmp : Match on catch block at 0xc3 in for 0xa9
02-24 16:32:30.342 16428 16428 E ArmVmp : Match on catch block at 0xc3 in for 0xa9
02-24 16:32:30.352 16428 16428 E ArmVmp : Match on catch block at 0xc3 in for 0xa1
02-24 16:32:30.357 16428 16428 E ArmVmp : Match on catch block at 0xc3 in for 0xa5
02-24 16:32:30.361 16428 16428 E ArmVmp : Match on catch block at 0xc3 in for 0xa5
02-24 16:32:30.380 16428 16428 E ArmVmp : Match on catch block at 0xc3 in for 0xa9
02-24 16:32:30.386 16428 16428 E ArmVmp : Match on catch block at 0xc3 in for 0xa1
02-24 16:32:30.390 16428 16428 E ArmVmp : Match on catch block at 0xc3 in for 0xa1
02-24 16:32:30.412 16428 16428 E ArmVmp : Match on catch block at 0xc3 in for 0xa5
02-24 16:32:30.418 16428 16428 E ArmVmp : Match on catch block at 0xc3 in for 0xa9
02-24 16:32:30.421 16428 16428 E ArmVmp : Match on catch block at 0xc3 in for 0xa9
02-24 16:32:30.480 16428 16428 E ArmVmp : Match on catch block at 0xc3 in for 0xa1
02-24 16:32:30.486 16428 16428 E ArmVmp : Match on catch block at 0xc3 in for 0xa5
02-24 16:32:30.490 16428 16428 E ArmVmp : Match on catch block at 0xc3 in for 0xa5
02-24 16:32:30.580 16428 16428 E ArmVmp : Match on catch block at 0xc3 in for 0xa9
02-24 16:32:30.588 16428 16428 E ArmVmp : Match on catch block at 0xc3 in for 0xa1
02-24 16:32:30.592 16428 16428 E ArmVmp : Match on catch block at 0xc3 in for 0xa1
02-24 16:32:30.599 16428 16428 E SpannableStringBuilder: SPAN_EXCLUSIVE_EXCLUSIVE
spans cannot have a zero length
02-24 16:32:30.782 16428 16428 E ArmVmp : Match on catch block at 0xc3 in for 0xa9
02-24 16:32:30.790 16428 16428 E ArmVmp : Match on catch block at 0xc3 in for 0xa1
02-24 16:32:30.793 16428 16428 E ArmVmp : Match on catch block at 0xc3 in for 0xa1
02-24 16:32:30.806 16428 16428 E ArmVmp : Match on catch block at 0xc3 in for 0xa5
02-24 16:32:30.811 16428 16428 E ArmVmp : Match on catch block at 0xc3 in for 0xa9
02-24 16:32:30.814 16428 16428 E ArmVmp : Match on catch block at 0xc3 in for 0xa9
02-24 16:32:30.984 16428 16428 E ArmVmp : Match on catch block at 0xc3 in for 0xa1
02-24 16:32:30.989 16428 16428 E ArmVmp : Match on catch block at 0xc3 in for 0xa5
02-24 16:32:30.994 16428 16428 E ArmVmp : Match on catch block at 0xc3 in for 0xa5
02-24 16:32:31.202 16428 16428 E ArmVmp : Match on catch block at 0xc3 in for 0xa9
02-24 16:32:31.212 16428 16428 E ArmVmp : Match on catch block at 0xc3 in for 0xa1
02-24 16:32:31.216 16428 16428 E ArmVmp : Match on catch block at 0xc3 in for 0xa1
02-24 16:32:31.588 16428 16428 E ArmVmp : Match on catch block at 0xc3 in for 0xa5
02-24 16:32:31.595 16428 16428 E ArmVmp : Match on catch block at 0xc3 in for 0xa9
02-24 16:32:31.598 16428 16428 E ArmVmp : Match on catch block at 0xc3 in for 0xa9
02-24 16:32:31.608 16428 16428 E SpannableStringBuilder: SPAN_EXCLUSIVE_EXCLUSIVE
spans cannot have a zero length
02-24 16:32:31.874 16428 16428 E ArmVmp : Match on catch block at 0xc3 in for 0xa1
02-24 16:32:31.879 16428 16428 E ArmVmp : Match on catch block at 0xc3 in for 0xa5
02-24 16:32:31.883 16428 16428 E ArmVmp : Match on catch block at 0xc3 in for 0xa5
02-24 16:32:31.890 16428 16428 W InputMethodManager: startInputReason = 3
02-24 16:32:31.913 16428 16428 E ArmVmp : Match on catch block at 0xc3 in for 0xa1
02-24 16:32:31.918 16428 16428 E ArmVmp : Match on catch block at 0xc3 in for 0xa5
02-24 16:32:31.921 16428 16428 E ArmVmp : Match on catch block at 0xc3 in for 0xa5
02-24 16:32:31.949 16428 16428 E ArmVmp : Match on catch block at 0xc3 in for 0xa5
02-24 16:32:31.955 16428 16428 E ArmVmp : Match on catch block at 0xc3 in for 0xa9
02-24 16:32:31.963 16428 16428 E SpannableStringBuilder: SPAN_EXCLUSIVE_EXCLUSIVE
spans cannot have a zero length
02-24 16:32:31.966 16428 16428 E ArmVmp : Match on catch block at 0xc3 in for 0xa5
02-24 16:32:31.971 16428 16428 E ArmVmp : Match on catch block at 0xc3 in for 0xa9
02-24 16:32:31.976 16428 16428 E SpannableStringBuilder: SPAN_EXCLUSIVE_EXCLUSIVE
spans cannot have a zero length
02-24 16:32:31.991 16428 16428 E ArmVmp : Match on catch block at 0xc3 in for 0xa5
02-24 16:32:31.995 16428 16428 E ArmVmp : Match on catch block at 0xc3 in for 0xa9
02-24 16:32:32.024 16428 16428 E ArmVmp : Match on catch block at 0xc3 in for 0xa1
02-24 16:32:32.029 16428 16428 E ArmVmp : Match on catch block at 0xc3 in for 0xa5
02-24 16:32:32.049 16428 16428 E ArmVmp : Match on catch block at 0xc3 in for 0xa1
02-24 16:32:32.054 16428 16428 E ArmVmp : Match on catch block at 0xc3 in for 0xa5
02-24 16:32:32.067 16428 16428 E ArmVmp : Match on catch block at 0xc3 in for 0xa1
02-24 16:32:32.071 16428 16428 E ArmVmp : Match on catch block at 0xc3 in for 0xa5
02-24 16:32:32.078 16428 16428 E ArmVmp : Match on catch block at 0xc3 in for 0xa1
02-24 16:32:32.083 16428 16428 E ArmVmp : Match on catch block at 0xc3 in for 0xa5
02-24 16:32:32.094 16428 16428 E ArmVmp : Match on catch block at 0xc3 in for 0xa1
02-24 16:32:32.100 16428 16428 E ArmVmp : Match on catch block at 0xc3 in for 0xa5
02-24 16:32:32.104 16428 16428 E SpannableStringBuilder: SPAN_EXCLUSIVE_EXCLUSIVE
spans cannot have a zero length
02-24 16:32:32.214 16428 16428 E ArmVmp : Match on catch block at 0xc3 in for 0xa5
02-24 16:32:32.219 16428 16428 E ArmVmp : Match on catch block at 0xc3 in for 0xa9
02-24 16:32:32.229 16428 16428 E ArmVmp : Match on catch block at 0xc3 in for 0xa5
02-24 16:32:32.234 16428 16428 E ArmVmp : Match on catch block at 0xc3 in for 0xa9
02-24 16:32:32.410 16428 16428 E ArmVmp : Match on catch block at 0xc3 in for 0xa1
02-24 16:32:32.415 16428 16428 E ArmVmp : Match on catch block at 0xc3 in for 0xa5
02-24 16:32:32.500 16428 16428 E ArmVmp : Match on catch block at 0xc3 in for 0xa5
02-24 16:32:32.505 16428 16428 E ArmVmp : Match on catch block at 0xc3 in for 0xa9
02-24 16:32:32.523 16428 16428 E ArmVmp : Match on catch block at 0xc3 in for 0xa9
02-24 16:32:32.528 16428 16428 E ArmVmp : Match on catch block at 0xc3 in for 0xa1
02-24 16:32:32.541 16428 16428 E ArmVmp : Match on catch block at 0xc3 in for 0xa9
02-24 16:32:32.547 16428 16428 E ArmVmp : Match on catch block at 0xc3 in for 0xa1
02-24 16:32:32.897 16428 16428 E ArmVmp : Match on catch block at 0xc3 in for 0xa5
02-24 16:32:32.904 16428 16428 E ArmVmp : Match on catch block at 0xc3 in for 0xa9
02-24 16:32:32.998 16428 16428 E ArmVmp : Match on catch block at 0xc3 in for 0xa9
02-24 16:32:33.004 16428 16428 E ArmVmp : Match on catch block at 0xc3 in for 0xa1
02-24 16:32:33.023 16428 16428 E ArmVmp : Match on catch block at 0xc3 in for 0xa5
02-24 16:32:33.029 16428 16428 E ArmVmp : Match on catch block at 0xc3 in for 0xa9
02-24 16:32:33.062 16428 16428 E ArmVmp : Match on catch block at 0xc3 in for 0xa5
02-24 16:32:33.068 16428 16428 E ArmVmp : Match on catch block at 0xc3 in for 0xa9
02-24 16:32:33.089 16428 16428 E ArmVmp : Match on catch block at 0x0a in for 0xc1
02-24 16:32:33.210 16428 16428 E ArmVmp : Match on catch block at 0xc3 in for 0xa9
02-24 16:32:33.215 16428 16428 E ArmVmp : Match on catch block at 0xc3 in for 0xa1
02-24 16:32:33.220 16428 16428 W InputMethodManager: startInputReason = 1
02-24 16:32:33.276 16428 16428 E ArmVmp : Match on catch block at 0xc3 in for 0xa9
02-24 16:32:33.284 16428 16428 E ArmVmp : Match on catch block at 0xc3 in for 0xa1
02-24 16:32:33.294 16428 16428 E ArmVmp : Match on catch block at 0xc3 in for 0xa9
02-24 16:32:33.299 16428 16428 E ArmVmp : Match on catch block at 0xc3 in for 0xa1
02-24 16:32:33.483 16428 16517 W libEGL : EGLNativeWindowType 0x718a7bd010
disconnect failed
02-24 16:32:34.812 16428 16428 W InputMethodManager: startInputReason = 1
02-24 16:32:34.865 16428 16439 E : [ZeroHung]zrhung_get_config: Get config
failed for wp[0x0008]
02-24 16:32:34.869 16428 16428 W StaticLayout: maxLineHeight should not be -1.
maxLines:1 lineCount:1
02-24 16:32:34.930 16428 16517 W libEGL : EGLNativeWindowType 0x7193d7e010
disconnect failed
02-24 16:32:35.754 16428 16428 W InputMethodManager: startInputReason = 1
02-24 16:32:36.975 16428 16517 W libEGL : EGLNativeWindowType 0x71865ae010
disconnect failed
02-24 16:32:37.016 16428 16428 W InputMethodManager: startInputReason = 1
02-24 16:32:37.041 16428 16428 W ActivityThread: handleWindowVisibility: no
activity for token android.os.BinderProxy@476abe
02-24 16:32:37.320 16428 16517 W libEGL : EGLNativeWindowType 0x7197194010
disconnect failed
02-24 16:32:37.425 16428 16428 W InputMethodManager: startInputReason = 1
02-24 16:32:37.527 16428 16517 W libEGL : EGLNativeWindowType 0x71971e5010
disconnect failed
02-24 16:32:38.747 16428 16517 W libEGL : EGLNativeWindowType 0x7197194010
disconnect failed
02-24 16:32:39.080 16428 16428 W Settings: Setting device_provisioned has moved
from android.provider.Settings.Secure to android.provider.Settings.Global.
02-24 16:32:39.124 16428 16428 W HiTouch_PressGestureDetector: Touch pointer move a
lot. The moving distance of X is:20.309021, limit is:60The moving distance of Y
is:61.29785, limit is:60
02-24 16:32:39.713 16428 16428 W ActivityThread: handleWindowVisibility: no
activity for token android.os.BinderProxy@3243c0
02-24 16:32:40.021 16428 16428 W InputMethodManager: startInputReason = 1
02-24 16:32:40.074 16428 16517 W libEGL : EGLNativeWindowType 0x719b41d010
disconnect failed
02-24 16:32:40.124 16428 16517 W libEGL : EGLNativeWindowType 0x719b41d010
disconnect failed
02-24 16:32:40.174 16428 16517 W libEGL : EGLNativeWindowType 0x719b41d010
disconnect failed
02-24 16:32:40.199 16428 16517 W libEGL : EGLNativeWindowType 0x719572b010
disconnect failed
02-24 16:32:41.635 16428 16517 W libEGL : EGLNativeWindowType 0x719b41d010
disconnect failed
02-24 16:32:42.938 16428 16428 W ActivityThread: handleWindowVisibility: no
activity for token android.os.BinderProxy@b49f686
02-24 16:32:43.176 16428 16428 E ArmVmp : Match on catch block at 0x0a in for 0xc9
02-24 16:32:43.181 16428 16428 E ArmVmp : Match on catch block at 0x0a in for 0xc5
02-24 16:32:43.423 16428 16428 E ArmVmp : Match on catch block at 0xc3 in for 0xb1
02-24 16:32:43.431 16428 16428 E ArmVmp : Match on catch block at 0xc3 in for 0xb1
02-24 16:32:43.435 16428 16428 E ArmVmp : Match on catch block at 0xc3 in for 0xb1
02-24 16:32:43.455 16428 16428 E ArmVmp : Match on catch block at 0xc3 in for 0xa5
02-24 16:32:43.459 16428 16428 E ArmVmp : Match on catch block at 0xc3 in for 0xa9
02-24 16:32:43.462 16428 16428 E ArmVmp : Match on catch block at 0xc3 in for 0xa9
02-24 16:32:43.506 16428 16428 W InputMethodManager: startInputReason = 1
02-24 16:32:43.548 16428 16428 E ArmVmp : Match on catch block at 0xc3 in for 0xa5
02-24 16:32:43.553 16428 16428 E ArmVmp : Match on catch block at 0xc3 in for 0xa9
02-24 16:32:43.555 16428 16428 E ArmVmp : Match on catch block at 0xc3 in for 0xa9
02-24 16:32:43.586 16428 16428 E ArmVmp : Match on catch block at 0xc3 in for 0xa1
02-24 16:32:43.592 16428 16428 E ArmVmp : Match on catch block at 0xc3 in for 0xa5
02-24 16:32:43.596 16428 16428 E ArmVmp : Match on catch block at 0xc3 in for 0xa5
02-24 16:32:43.609 16428 16428 E ArmVmp : Match on catch block at 0xc3 in for 0xa1
02-24 16:32:43.615 16428 16428 E ArmVmp : Match on catch block at 0xc3 in for 0xa5
02-24 16:32:43.618 16428 16428 E ArmVmp : Match on catch block at 0xc3 in for 0xa5
02-24 16:32:43.632 16428 16517 W libEGL : EGLNativeWindowType 0x71970df010
disconnect failed
02-24 16:32:43.644 16428 16428 E SpannableStringBuilder: SPAN_EXCLUSIVE_EXCLUSIVE
spans cannot have a zero length
02-24 16:32:43.647 16428 16428 E ArmVmp : Match on catch block at 0xc3 in for 0xa9
02-24 16:32:43.651 16428 16428 E ArmVmp : Match on catch block at 0xc3 in for 0xa1
02-24 16:32:43.654 16428 16428 E ArmVmp : Match on catch block at 0xc3 in for 0xa1
02-24 16:32:43.660 16428 16428 E ArmVmp : Match on catch block at 0xc3 in for 0xa5
02-24 16:32:43.664 16428 16428 E ArmVmp : Match on catch block at 0xc3 in for 0xa9
02-24 16:32:43.667 16428 16428 E ArmVmp : Match on catch block at 0xc3 in for 0xa9
02-24 16:32:44.013 16428 16428 E ArmVmp : Match on catch block at 0xc3 in for 0xa5
02-24 16:32:44.018 16428 16428 E ArmVmp : Match on catch block at 0xc3 in for 0xa9
02-24 16:32:44.021 16428 16428 E ArmVmp : Match on catch block at 0xc3 in for 0xa9
02-24 16:32:44.031 16428 16428 E ArmVmp : Match on catch block at 0xc3 in for 0xa1
02-24 16:32:44.038 16428 16428 E ArmVmp : Match on catch block at 0xc3 in for 0xa5
02-24 16:32:44.043 16428 16428 E ArmVmp : Match on catch block at 0xc3 in for 0xa5
02-24 16:32:44.064 16428 16428 E ArmVmp : Match on catch block at 0xc3 in for 0xa9
02-24 16:32:44.071 16428 16428 E ArmVmp : Match on catch block at 0xc3 in for 0xa1
02-24 16:32:44.075 16428 16428 E ArmVmp : Match on catch block at 0xc3 in for 0xa1
02-24 16:32:44.099 16428 16428 E ArmVmp : Match on catch block at 0xc3 in for 0xa5
02-24 16:32:44.105 16428 16428 E ArmVmp : Match on catch block at 0xc3 in for 0xa9
02-24 16:32:44.110 16428 16428 E ArmVmp : Match on catch block at 0xc3 in for 0xa9
02-24 16:32:44.131 16428 16428 E ArmVmp : Match on catch block at 0xc3 in for 0xa1
02-24 16:32:44.138 16428 16428 E ArmVmp : Match on catch block at 0xc3 in for 0xa5
02-24 16:32:44.141 16428 16428 E ArmVmp : Match on catch block at 0xc3 in for 0xa5
02-24 16:32:44.164 16428 16428 E ArmVmp : Match on catch block at 0xc3 in for 0xa9
02-24 16:32:44.169 16428 16428 E ArmVmp : Match on catch block at 0xc3 in for 0xa1
02-24 16:32:44.173 16428 16428 E ArmVmp : Match on catch block at 0xc3 in for 0xa1
02-24 16:32:44.182 16428 16428 E ArmVmp : Match on catch block at 0xc3 in for 0xa5
02-24 16:32:44.187 16428 16428 E ArmVmp : Match on catch block at 0xc3 in for 0xa9
02-24 16:32:44.191 16428 16428 E ArmVmp : Match on catch block at 0xc3 in for 0xa9
02-24 16:32:44.202 16428 16428 E ArmVmp : Match on catch block at 0xc3 in for 0xa1
02-24 16:32:44.208 16428 16428 E ArmVmp : Match on catch block at 0xc3 in for 0xa5
02-24 16:32:44.211 16428 16428 E ArmVmp : Match on catch block at 0xc3 in for 0xa5
02-24 16:32:44.231 16428 16428 E ArmVmp : Match on catch block at 0xc3 in for 0xa9
02-24 16:32:44.236 16428 16428 E ArmVmp : Match on catch block at 0xc3 in for 0xa1
02-24 16:32:44.239 16428 16428 E ArmVmp : Match on catch block at 0xc3 in for 0xa1
02-24 16:32:44.249 16428 16428 E ArmVmp : Match on catch block at 0xc3 in for 0xa5
02-24 16:32:44.255 16428 16428 E ArmVmp : Match on catch block at 0xc3 in for 0xa9
02-24 16:32:44.259 16428 16428 E ArmVmp : Match on catch block at 0xc3 in for 0xa9
02-24 16:32:44.270 16428 16428 E ArmVmp : Match on catch block at 0xc3 in for 0xa1
02-24 16:32:44.275 16428 16428 E ArmVmp : Match on catch block at 0xc3 in for 0xa5
02-24 16:32:44.279 16428 16428 E ArmVmp : Match on catch block at 0xc3 in for 0xa5
02-24 16:32:44.298 16428 16428 E ArmVmp : Match on catch block at 0xc3 in for 0xa9
02-24 16:32:44.304 16428 16428 E ArmVmp : Match on catch block at 0xc3 in for 0xa1
02-24 16:32:44.308 16428 16428 E ArmVmp : Match on catch block at 0xc3 in for 0xa1
02-24 16:32:44.318 16428 16428 E ArmVmp : Match on catch block at 0xc3 in for 0xa5
02-24 16:32:44.323 16428 16428 E ArmVmp : Match on catch block at 0xc3 in for 0xa9
02-24 16:32:44.340 16428 16428 E ArmVmp : Match on catch block at 0xc3 in for 0xa9
02-24 16:32:44.348 16428 16428 E ArmVmp : Match on catch block at 0xc3 in for 0xa1
02-24 16:32:44.353 16428 16428 E ArmVmp : Match on catch block at 0xc3 in for 0xa5
02-24 16:32:44.356 16428 16428 E ArmVmp : Match on catch block at 0xc3 in for 0xa5
02-24 16:32:44.518 16428 16428 E ArmVmp : Match on catch block at 0xc3 in for 0xa9
02-24 16:32:44.528 16428 16428 E ArmVmp : Match on catch block at 0xc3 in for 0xa1
02-24 16:32:44.534 16428 16428 E ArmVmp : Match on catch block at 0xc3 in for 0xa1
02-24 16:32:45.024 16428 16428 E ArmVmp : Match on catch block at 0xc3 in for 0xa5
02-24 16:32:45.036 16428 16428 E ArmVmp : Match on catch block at 0xc3 in for 0xa9
02-24 16:32:45.044 16428 16428 E ArmVmp : Match on catch block at 0xc3 in for 0xa9
02-24 16:32:45.190 16428 16428 E ArmVmp : Match on catch block at 0xc3 in for 0xa1
02-24 16:32:45.200 16428 16428 E ArmVmp : Match on catch block at 0xc3 in for 0xa5
02-24 16:32:45.207 16428 16428 E ArmVmp : Match on catch block at 0xc3 in for 0xa5
02-24 16:32:45.218 16428 16428 E ArmVmp : Match on catch block at 0xc3 in for 0xa9
02-24 16:32:45.227 16428 16428 E ArmVmp : Match on catch block at 0xc3 in for 0xa1
02-24 16:32:45.232 16428 16428 E ArmVmp : Match on catch block at 0xc3 in for 0xa1
02-24 16:32:45.242 16428 16428 E ArmVmp : Match on catch block at 0xc3 in for 0xa5
02-24 16:32:45.249 16428 16428 E ArmVmp : Match on catch block at 0xc3 in for 0xa9
02-24 16:32:45.253 16428 16428 E ArmVmp : Match on catch block at 0xc3 in for 0xa9
02-24 16:32:45.261 16428 16428 E ArmVmp : Match on catch block at 0xc3 in for 0xa1
02-24 16:32:45.268 16428 16428 E ArmVmp : Match on catch block at 0xc3 in for 0xa5
02-24 16:32:45.272 16428 16428 E ArmVmp : Match on catch block at 0xc3 in for 0xa5
02-24 16:32:45.282 16428 16428 E ArmVmp : Match on catch block at 0xc3 in for 0xa9
02-24 16:32:45.288 16428 16428 E ArmVmp : Match on catch block at 0xc3 in for 0xa1
02-24 16:32:45.291 16428 16428 E ArmVmp : Match on catch block at 0xc3 in for 0xa1
02-24 16:32:45.305 16428 16428 E ArmVmp : Match on catch block at 0xc3 in for 0xa5
02-24 16:32:45.310 16428 16428 E ArmVmp : Match on catch block at 0xc3 in for 0xa9
02-24 16:32:45.314 16428 16428 E ArmVmp : Match on catch block at 0xc3 in for 0xa9
02-24 16:32:45.322 16428 16428 E ArmVmp : Match on catch block at 0xc3 in for 0xa1
02-24 16:32:45.327 16428 16428 E ArmVmp : Match on catch block at 0xc3 in for 0xa5
02-24 16:32:45.331 16428 16428 E ArmVmp : Match on catch block at 0xc3 in for 0xa5
02-24 16:32:45.339 16428 16428 E ArmVmp : Match on catch block at 0xc3 in for 0xa9
02-24 16:32:45.344 16428 16428 E ArmVmp : Match on catch block at 0xc3 in for 0xa1
02-24 16:32:45.348 16428 16428 E ArmVmp : Match on catch block at 0xc3 in for 0xa1
02-24 16:32:45.356 16428 16428 E ArmVmp : Match on catch block at 0xc3 in for 0xa5
02-24 16:32:45.361 16428 16428 E ArmVmp : Match on catch block at 0xc3 in for 0xa9
02-24 16:32:45.365 16428 16428 E ArmVmp : Match on catch block at 0xc3 in for 0xa9
02-24 16:32:45.373 16428 16428 E ArmVmp : Match on catch block at 0xc3 in for 0xa1
02-24 16:32:45.378 16428 16428 E ArmVmp : Match on catch block at 0xc3 in for 0xa5
02-24 16:32:45.382 16428 16428 E ArmVmp : Match on catch block at 0xc3 in for 0xa5
02-24 16:32:45.389 16428 16428 E ArmVmp : Match on catch block at 0xc3 in for 0xa9
02-24 16:32:45.394 16428 16428 E ArmVmp : Match on catch block at 0xc3 in for 0xa1
02-24 16:32:45.398 16428 16428 E ArmVmp : Match on catch block at 0xc3 in for 0xa1
02-24 16:32:45.406 16428 16428 E ArmVmp : Match on catch block at 0xc3 in for 0xa5
02-24 16:32:45.411 16428 16428 E ArmVmp : Match on catch block at 0xc3 in for 0xa9
02-24 16:32:45.414 16428 16428 E ArmVmp : Match on catch block at 0xc3 in for 0xa9
02-24 16:32:45.423 16428 16428 E ArmVmp : Match on catch block at 0xc3 in for 0xa1
02-24 16:32:45.428 16428 16428 E ArmVmp : Match on catch block at 0xc3 in for 0xa5
02-24 16:32:45.431 16428 16428 E ArmVmp : Match on catch block at 0xc3 in for 0xa5
02-24 16:32:45.440 16428 16428 E ArmVmp : Match on catch block at 0xc3 in for 0xa9
02-24 16:32:45.444 16428 16428 E ArmVmp : Match on catch block at 0xc3 in for 0xa1
02-24 16:32:45.447 16428 16428 E ArmVmp : Match on catch block at 0xc3 in for 0xa1
02-24 16:32:45.525 16428 16428 E ArmVmp : Match on catch block at 0xc3 in for 0xa5
02-24 16:32:45.531 16428 16428 E ArmVmp : Match on catch block at 0xc3 in for 0xa9
02-24 16:32:45.535 16428 16428 E ArmVmp : Match on catch block at 0xc3 in for 0xa9
02-24 16:32:46.029 16428 16428 E ArmVmp : Match on catch block at 0xc3 in for 0xa1
02-24 16:32:46.036 16428 16428 E ArmVmp : Match on catch block at 0xc3 in for 0xa5
02-24 16:32:46.040 16428 16428 E ArmVmp : Match on catch block at 0xc3 in for 0xa5
02-24 16:32:46.381 16428 18573 E ActivityThread: Failed to find provider info for
androidx.car.app.connection
02-24 16:32:46.417 16428 16428 W CarApp.Conn: Null response from content provider
when checking connection to the car, treating as disconnected
02-24 16:32:46.514 16428 16428 E ArmVmp : Match on catch block at 0xc3 in for 0xa9
02-24 16:32:46.519 16428 16428 E ArmVmp : Match on catch block at 0xc3 in for 0xa1
02-24 16:32:46.523 16428 16428 E ArmVmp : Match on catch block at 0xc3 in for 0xa1
02-24 16:32:46.994 16428 18578 W VideoCapabilities: Unrecognized profile 4 for
video/hevc
02-24 16:32:46.997 16428 18578 W VideoCapabilities: Unrecognized profile/level 0/0
for video/mpeg2
02-24 16:32:46.997 16428 18578 W VideoCapabilities: Unrecognized profile/level 0/2
for video/mpeg2
02-24 16:32:46.997 16428 18578 W VideoCapabilities: Unrecognized profile/level 0/3
for video/mpeg2
02-24 16:32:47.007 16428 18578 W VideoCapabilities: Unrecognized profile/level
32768/2 for video/mp4v-es
02-24 16:32:47.025 16428 18578 W VideoCapabilities: Unsupported profile 64 for
video/avc
02-24 16:32:47.025 16428 18578 W VideoCapabilities: Unsupported profile 64 for
video/avc
02-24 16:32:47.025 16428 18578 W VideoCapabilities: Unsupported profile 64 for
video/avc
02-24 16:32:47.028 16428 18578 W VideoCapabilities: Unrecognized profile/level 1/32
for video/mp4v-es
02-24 16:32:47.042 16428 16428 E ArmVmp : Match on catch block at 0xc3 in for 0xa1
02-24 16:32:47.047 16428 16428 E ArmVmp : Match on catch block at 0xc3 in for 0xa5
02-24 16:32:47.050 16428 16428 E ArmVmp : Match on catch block at 0xc3 in for 0xa5
02-24 16:32:47.364 16428 18604 E libc : Access denied finding property
"ro.kirin.product.platform"
02-24 16:32:47.364 16428 18604 E HwExtendedCodec: mime: audio/vorbis matching
compontent failed!
02-24 16:32:47.369 16428 16578 W MediaStore: IllegalArgumentException when
getDataColumn
02-24 16:32:47.374 16428 18606 W HwExtendedUtils: hw configLocalPlayBack err = -
2147483648
02-24 16:32:47.388 16428 16428 E ArmVmp : Match on catch block at 0xc3 in for 0xa9
02-24 16:32:47.395 16428 16428 E ArmVmp : Match on catch block at 0xc3 in for 0xa1
02-24 16:32:47.399 16428 16428 E ArmVmp : Match on catch block at 0xc3 in for 0xa1
02-24 16:32:47.451 16428 16428 E ArmVmp : Match on catch block at 0xc3 in for 0xa1
02-24 16:32:47.464 16428 16428 E ArmVmp : Match on catch block at 0xc3 in for 0xa5
02-24 16:32:47.469 16428 16428 E ArmVmp : Match on catch block at 0xc3 in for 0xa5
02-24 16:32:47.555 16428 18606 W ACodec : forcing OMX state to Idle when received
shutdown in ExecutingState
02-24 16:32:47.569 16428 16428 W SoundPoolThread: type=1400 audit(0.0:625543): avc:
denied { read } for name="u:object_r:product_platform_prop:s0" dev="tmpfs" ino=2806
scontext=u:r:untrusted_app:s0:c6,c257,c512,c768
tcontext=u:object_r:product_platform_prop:s0 tclass=file permissive=0
02-24 16:32:47.588 16428 18604 E libc : Access denied finding property
"ro.kirin.product.platform"
02-24 16:32:47.588 16428 18604 E HwExtendedCodec: mime: audio/vorbis matching
compontent failed!
02-24 16:32:47.597 16428 18618 W HwExtendedUtils: hw configLocalPlayBack err = -
2147483648
02-24 16:32:47.673 16428 16428 W ActivityThread: handleWindowVisibility: no
activity for token android.os.BinderProxy@7550817
02-24 16:32:47.690 16428 18618 W ACodec : forcing OMX state to Idle when received
shutdown in ExecutingState
02-24 16:32:47.719 16428 16428 W SoundPoolThread: type=1400 audit(0.0:625545): avc:
