02-24 16:54:06.738 20701 20701 E ArmVmp : Match on catch block at 0xc3 in for 0xa1
02-24 16:54:06.743 20701 20701 E ArmVmp : Match on catch block at 0xc3 in for 0xa5
02-24 16:54:06.767 20701 20701 E ArmVmp : Match on catch block at 0xc3 in for 0xa5
02-24 16:54:06.775 20701 20701 E ArmVmp : Match on catch block at 0xc3 in for 0xa9
02-24 16:54:06.794 20701 20701 E ArmVmp : Match on catch block at 0xc3 in for 0xa5
02-24 16:54:06.800 20701 20701 E ArmVmp : Match on catch block at 0xc3 in for 0xa9
02-24 16:54:06.817 20701 20701 E ArmVmp : Match on catch block at 0xc3 in for 0xa1
02-24 16:54:06.823 20701 20701 E ArmVmp : Match on catch block at 0xc3 in for 0xa5
02-24 16:54:06.849 20701 20701 E ArmVmp : Match on catch block at 0xc3 in for 0xa1
02-24 16:54:06.854 20701 20701 E ArmVmp : Match on catch block at 0xc3 in for 0xa5
02-24 16:54:06.868 20701 20701 E ArmVmp : Match on catch block at 0xc3 in for 0xa5
02-24 16:54:06.872 20701 20701 E ArmVmp : Match on catch block at 0xc3 in for 0xa9
02-24 16:54:06.891 20701 20701 E ArmVmp : Match on catch block at 0xc3 in for 0xa1
02-24 16:54:06.896 20701 20701 E ArmVmp : Match on catch block at 0xc3 in for 0xa5
02-24 16:54:06.917 20701 20701 E ArmVmp : Match on catch block at 0xc3 in for 0xa9
02-24 16:54:06.924 20701 20701 E ArmVmp : Match on catch block at 0xc3 in for 0xa1
02-24 16:54:06.956 20701 20701 E ArmVmp : Match on catch block at 0xc3 in for 0xa9
02-24 16:54:06.961 20701 20701 E ArmVmp : Match on catch block at 0xc3 in for 0xa1
02-24 16:54:07.019 20701 20701 W StaticLayout: maxLineHeight should not be -1.
maxLines:1 lineCount:1
02-24 16:54:07.084 20701 20701 E ArmVmp : Match on catch block at 0xc3 in for 0xa5
02-24 16:54:07.089 20701 20701 E ArmVmp : Match on catch block at 0xc3 in for 0xa9
02-24 16:54:07.104 20701 20701 W InputMethodManager: startInputReason = 1
02-24 16:54:07.138 20701 20701 E ArmVmp : Match on catch block at 0xc3 in for 0xa1
02-24 16:54:07.143 20701 20701 E ArmVmp : Match on catch block at 0xc3 in for 0xa5
02-24 16:54:07.171 20701 20701 E ArmVmp : Match on catch block at 0xc3 in for 0xa5
02-24 16:54:07.175 20701 20701 E ArmVmp : Match on catch block at 0xc3 in for 0xa9
02-24 16:54:07.194 20701 20701 W StaticLayout: maxLineHeight should not be -1.
maxLines:1 lineCount:1
02-24 16:54:07.243 20701 20787 W libEGL : EGLNativeWindowType 0x719ecaf010
disconnect failed
02-24 16:54:07.252 20701 20701 E ArmVmp : Match on catch block at 0xc3 in for 0xa9
02-24 16:54:07.257 20701 20701 E ArmVmp : Match on catch block at 0xc3 in for 0xa1
02-24 16:54:07.508 20701 20701 W StaticLayout: maxLineHeight should not be -1.
maxLines:1 lineCount:1
02-24 16:54:09.501 20701 20701 W HiTouch_PressGestureDetector: Touch pointer move a
lot. The moving distance of X is:38.736816, limit is:60The moving distance of Y
is:126.02222, limit is:60
02-24 16:54:10.654 20701 20711 E : [ZeroHung]zrhung_get_config: Get config
failed for wp[0x0008]
02-24 16:54:10.806 20701 20701 W HiTouch_PressGestureDetector: Touch pointer move a
lot. The moving distance of X is:9.153809, limit is:60The moving distance of Y
is:82.53833, limit is:60
02-24 16:54:12.188 20701 20701 W HiTouch_PressGestureDetector: Touch pointer move a
lot. The moving distance of X is:2.0, limit is:60The moving distance of Y
is:67.05151, limit is:60
02-24 16:54:12.253 20701 20701 W StaticLayout: maxLineHeight should not be -1.
maxLines:1 lineCount:1
02-24 16:54:12.755 20701 20701 W HiTouch_PressGestureDetector: Touch pointer move a
lot. The moving distance of X is:13.989685, limit is:60The moving distance of Y
is:69.955444, limit is:60
02-24 16:54:13.313 20701 20701 W HiTouch_PressGestureDetector: Touch pointer move a
lot. The moving distance of X is:36.328247, limit is:60The moving distance of Y
is:206.94946, limit is:60
02-24 16:54:13.605 20701 20701 W StaticLayout: maxLineHeight should not be -1.
maxLines:1 lineCount:1
02-24 16:54:14.119 20701 20701 W HiTouch_PressGestureDetector: Touch pointer move a
lot. The moving distance of X is:10.360168, limit is:60The moving distance of Y
is:71.04114, limit is:60
02-24 16:54:16.971 20701 20701 W InputMethodManager: startInputReason = 1
02-24 16:54:18.265 20701 20787 W libEGL : EGLNativeWindowType 0x719b2d3010
disconnect failed
02-24 16:54:18.308 20701 20701 W InputMethodManager: startInputReason = 1
02-24 16:54:18.344 20701 20701 W ActivityThread: handleWindowVisibility: no
activity for token android.os.BinderProxy@ebb86d2
02-24 16:54:18.617 20701 20701 W InputMethodManager: startInputReason = 1
02-24 16:54:18.784 20701 20787 W libEGL : EGLNativeWindowType 0x71928cb010
disconnect failed
02-24 16:54:21.848 20701 20701 W Settings: Setting device_provisioned has moved
from android.provider.Settings.Secure to android.provider.Settings.Global.
02-24 16:54:21.893 20701 20701 W HiTouch_PressGestureDetector: Touch pointer move a
lot. The moving distance of X is:1.5197754, limit is:60The moving distance of Y
is:105.076416, limit is:60
02-24 16:54:22.614 20701 20701 W HiTouch_PressGestureDetector: Touch pointer move a
lot. The moving distance of X is:24.078796, limit is:60The moving distance of Y
is:60.841553, limit is:60
02-24 16:54:25.385 20701 20701 W HiTouch_PressGestureDetector: Touch pointer move a
lot. The moving distance of X is:1.0906982, limit is:60The moving distance of Y
is:70.628784, limit is:60
02-24 16:54:26.796 20701 20701 W HiTouch_PressGestureDetector: Touch pointer move a
lot. The moving distance of X is:35.29016, limit is:60The moving distance of Y
is:143.87671, limit is:60
02-24 16:54:28.551 20701 20701 W ActivityThread: handleWindowVisibility: no
activity for token android.os.BinderProxy@768e61c
02-24 16:54:28.771 20701 20701 W InputMethodManager: startInputReason = 1
02-24 16:54:28.866 20701 20787 W libEGL : EGLNativeWindowType 0x7197f53010
disconnect failed
02-24 16:54:29.507 20701 20701 W Settings: Setting device_provisioned has moved
from android.provider.Settings.Secure to android.provider.Settings.Global.
02-24 16:54:29.585 20701 20701 W InputMethodManager: startInputReason = 1
02-24 16:54:29.737 20701 20787 W libEGL : EGLNativeWindowType 0x71970d2010
disconnect failed
02-24 16:54:30.355 20701 20701 W HiTouch_PressGestureDetector: Touch pointer move a
lot. The moving distance of X is:6.3184814, limit is:60The moving distance of Y
is:99.09619, limit is:60
02-24 16:54:31.061 20701 20701 W ActivityThread: handleWindowVisibility: no
activity for token android.os.BinderProxy@70e091c
02-24 16:54:31.368 20701 20701 W InputMethodManager: startInputReason = 1
02-24 16:54:31.472 20701 20787 W libEGL : EGLNativeWindowType 0x7197f53010
disconnect failed
02-24 16:54:32.102 20701 20701 W Settings: Setting device_provisioned has moved
from android.provider.Settings.Secure to android.provider.Settings.Global.
02-24 16:54:32.203 20701 20701 W HiTouch_PressGestureDetector: Touch pointer move a
lot. The moving distance of X is:1.0, limit is:60The moving distance of Y
is:65.614136, limit is:60
02-24 16:54:34.543 20701 20701 W Settings: Setting device_provisioned has moved
from android.provider.Settings.Secure to android.provider.Settings.Global.
02-24 16:54:34.549 20701 20787 W libEGL : EGLNativeWindowType 0x7192913010
disconnect failed
02-24 16:54:34.568 20701 20701 W InputEventReceiver: Attempted to finish an input
event but the input event receiver has already been disposed.
02-24 16:54:34.568 20701 20701 W ViewRootImpl[MBSettingsPreferences]: Dropping
event due to root view being removed: MotionEvent { action=ACTION_MOVE,
actionButton=0, id[0]=0, x[0]=105.0, y[0]=-419.0, toolType[0]=TOOL_TYPE_FINGER,
buttonState=0, metaState=0, flags=0x0, edgeFlags=0x0, pointerCount=1,
historySize=0, eventTime=352033703, downTime=352033694, deviceId=2, source=0x1002 }
02-24 16:54:34.568 20701 20701 W InputEventReceiver: Attempted to finish an input
event but the input event receiver has already been disposed.
02-24 16:54:35.138 20701 20701 W InputMethodManager: startInputReason = 1
02-24 16:54:35.313 20701 20787 W libEGL : EGLNativeWindowType 0x7196e41010
disconnect failed
02-24 16:54:36.319 20701 20701 W InputMethodManager: startInputReason = 1
02-24 16:54:36.438 20701 20787 W libEGL : EGLNativeWindowType 0x7192913010
disconnect failed
02-24 16:54:38.452 20701 20701 W ActivityThread: handleWindowVisibility: no
activity for token android.os.BinderProxy@f1bb8c
02-24 16:54:38.643 20701 20711 E : [ZeroHung]zrhung_get_config: Get config
failed for wp[0x0008]
02-24 16:54:38.667 20701 20701 E ArmVmp : Match on catch block at 0x0a in for 0xc1
02-24 16:54:38.672 20701 20701 E ArmVmp : Match on catch block at 0x0a in for 0xc1
02-24 16:54:38.933 20701 20701 E ArmVmp : Match on catch block at 0xc3 in for 0xb5
02-24 16:54:38.941 20701 20701 E ArmVmp : Match on catch block at 0xc3 in for 0xb5
02-24 16:54:38.948 20701 20701 E ArmVmp : Match on catch block at 0xc3 in for 0xa1
02-24 16:54:38.951 20701 20701 E ArmVmp : Match on catch block at 0xc3 in for 0xa5
02-24 16:54:39.016 20701 20701 E ArmVmp : Match on catch block at 0xc3 in for 0xa5
02-24 16:54:39.021 20701 20701 E ArmVmp : Match on catch block at 0xc3 in for 0xa9
02-24 16:54:39.069 20701 20701 E ArmVmp : Match on catch block at 0xc3 in for 0xa5
02-24 16:54:39.074 20701 20701 E ArmVmp : Match on catch block at 0xc3 in for 0xa9
02-24 16:54:39.110 20701 20701 W StaticLayout: maxLineHeight should not be -1.
maxLines:1 lineCount:1
02-24 16:54:39.123 20701 20701 E ArmVmp : Match on catch block at 0xc3 in for 0xa1
02-24 16:54:39.127 20701 20701 E ArmVmp : Match on catch block at 0xc3 in for 0xa5
02-24 16:54:39.136 20701 20701 W InputMethodManager: startInputReason = 1
02-24 16:54:39.151 20701 20701 E ArmVmp : Match on catch block at 0xc3 in for 0xa1
02-24 16:54:39.155 20701 20701 E ArmVmp : Match on catch block at 0xc3 in for 0xa5
02-24 16:54:39.174 20701 20701 W StaticLayout: maxLineHeight should not be -1.
maxLines:1 lineCount:1
02-24 16:54:39.181 20701 20701 E ArmVmp : Match on catch block at 0xc3 in for 0xa1
02-24 16:54:39.185 20701 20701 E ArmVmp : Match on catch block at 0xc3 in for 0xa5
02-24 16:54:39.201 20701 20787 W libEGL : EGLNativeWindowType 0x7196e41010
disconnect failed
02-24 16:54:39.220 20701 20701 E ArmVmp : Match on catch block at 0xc3 in for 0xa9
02-24 16:54:39.225 20701 20701 E ArmVmp : Match on catch block at 0xc3 in for 0xa1
02-24 16:54:39.231 20701 20701 E SpannableStringBuilder: SPAN_EXCLUSIVE_EXCLUSIVE
spans cannot have a zero length
02-24 16:54:39.234 20701 20701 E ArmVmp : Match on catch block at 0xc3 in for 0xa1
02-24 16:54:39.240 20701 20701 E ArmVmp : Match on catch block at 0xc3 in for 0xa5
02-24 16:54:39.368 20701 20701 W Settings: Setting device_provisioned has moved
from android.provider.Settings.Secure to android.provider.Settings.Global.
02-24 16:54:39.443 20701 20701 E ArmVmp : Match on catch block at 0xc3 in for 0xa1
02-24 16:54:39.450 20701 20701 E ArmVmp : Match on catch block at 0xc3 in for 0xa5
02-24 16:54:39.461 20701 20701 E ArmVmp : Match on catch block at 0xc3 in for 0xa5
02-24 16:54:39.472 20701 20701 E ArmVmp : Match on catch block at 0xc3 in for 0xa9
02-24 16:54:39.482 20701 20701 W HiTouch_PressGestureDetector: Touch pointer move a
lot. The moving distance of X is:24.897644, limit is:60The moving distance of Y
is:68.62463, limit is:60
02-24 16:54:39.487 20701 20701 E ArmVmp : Match on catch block at 0xc3 in for 0xa9
02-24 16:54:39.495 20701 20701 E ArmVmp : Match on catch block at 0xc3 in for 0xa1
02-24 16:54:39.503 20701 20701 E ArmVmp : Match on catch block at 0xc3 in for 0xa1
02-24 16:54:39.510 20701 20701 E ArmVmp : Match on catch block at 0xc3 in for 0xa5
02-24 16:54:39.518 20701 20701 E ArmVmp : Match on catch block at 0xc3 in for 0xa5
02-24 16:54:39.523 20701 20701 E ArmVmp : Match on catch block at 0xc3 in for 0xa9
02-24 16:54:39.533 20701 20701 E ArmVmp : Match on catch block at 0xc3 in for 0xa9
02-24 16:54:39.538 20701 20701 E ArmVmp : Match on catch block at 0xc3 in for 0xa1
02-24 16:54:39.548 20701 20701 E ArmVmp : Match on catch block at 0xc3 in for 0xa1
02-24 16:54:39.554 20701 20701 E ArmVmp : Match on catch block at 0xc3 in for 0xa5
02-24 16:54:39.563 20701 20701 E ArmVmp : Match on catch block at 0xc3 in for 0xa5
02-24 16:54:39.569 20701 20701 E ArmVmp : Match on catch block at 0xc3 in for 0xa9
02-24 16:54:39.578 20701 20701 E ArmVmp : Match on catch block at 0xc3 in for 0xa9
02-24 16:54:39.584 20701 20701 E ArmVmp : Match on catch block at 0xc3 in for 0xa1
02-24 16:54:39.595 20701 20701 E ArmVmp : Match on catch block at 0xc3 in for 0xa1
02-24 16:54:39.601 20701 20701 E ArmVmp : Match on catch block at 0xc3 in for 0xa5
02-24 16:54:39.610 20701 20701 E ArmVmp : Match on catch block at 0xc3 in for 0xa5
02-24 16:54:39.616 20701 20701 E ArmVmp : Match on catch block at 0xc3 in for 0xa9
02-24 16:54:39.627 20701 20701 E ArmVmp : Match on catch block at 0xc3 in for 0xa9
02-24 16:54:39.633 20701 20701 E ArmVmp : Match on catch block at 0xc3 in for 0xa1
02-24 16:54:39.644 20701 20701 E ArmVmp : Match on catch block at 0xc3 in for 0xa1
02-24 16:54:39.649 20701 20701 E ArmVmp : Match on catch block at 0xc3 in for 0xa5
02-24 16:54:39.660 20701 20701 E ArmVmp : Match on catch block at 0xc3 in for 0xa1
02-24 16:54:39.665 20701 20701 E ArmVmp : Match on catch block at 0xc3 in for 0xa5
02-24 16:54:39.677 20701 20701 E ArmVmp : Match on catch block at 0xc3 in for 0xa1
02-24 16:54:39.683 20701 20701 E ArmVmp : Match on catch block at 0xc3 in for 0xa5
02-24 16:54:39.694 20701 20701 E ArmVmp : Match on catch block at 0xc3 in for 0xa1
02-24 16:54:39.700 20701 20701 E ArmVmp : Match on catch block at 0xc3 in for 0xa5
02-24 16:54:39.712 20701 20701 E ArmVmp : Match on catch block at 0xc3 in for 0xa1
02-24 16:54:39.717 20701 20701 E ArmVmp : Match on catch block at 0xc3 in for 0xa5
02-24 16:54:39.728 20701 20701 E ArmVmp : Match on catch block at 0xc3 in for 0xa1
02-24 16:54:39.734 20701 20701 E ArmVmp : Match on catch block at 0xc3 in for 0xa5
02-24 16:54:39.744 20701 20701 E ArmVmp : Match on catch block at 0xc3 in for 0xa1
02-24 16:54:39.751 20701 20701 E ArmVmp : Match on catch block at 0xc3 in for 0xa5
02-24 16:54:39.761 20701 20701 E ArmVmp : Match on catch block at 0xc3 in for 0xa1
02-24 16:54:39.766 20701 20701 E ArmVmp : Match on catch block at 0xc3 in for 0xa5
02-24 16:54:39.779 20701 20701 E ArmVmp : Match on catch block at 0xc3 in for 0xa1
02-24 16:54:39.784 20701 20701 E ArmVmp : Match on catch block at 0xc3 in for 0xa5
02-24 16:54:39.794 20701 20701 E ArmVmp : Match on catch block at 0xc3 in for 0xa1
02-24 16:54:39.800 20701 20701 E ArmVmp : Match on catch block at 0xc3 in for 0xa5
02-24 16:54:39.811 20701 20701 E ArmVmp : Match on catch block at 0xc3 in for 0xa1
02-24 16:54:39.816 20701 20701 E ArmVmp : Match on catch block at 0xc3 in for 0xa5
02-24 16:54:39.828 20701 20701 E ArmVmp : Match on catch block at 0xc3 in for 0xa1
02-24 16:54:39.833 20701 20701 E ArmVmp : Match on catch block at 0xc3 in for 0xa5
02-24 16:54:39.845 20701 20701 E ArmVmp : Match on catch block at 0xc3 in for 0xa1
02-24 16:54:39.850 20701 20701 E ArmVmp : Match on catch block at 0xc3 in for 0xa5
02-24 16:54:40.046 20701 20701 E ArmVmp : Match on catch block at 0xc3 in for 0xa5
02-24 16:54:40.052 20701 20701 E ArmVmp : Match on catch block at 0xc3 in for 0xa9
02-24 16:54:40.064 20701 20701 E ArmVmp : Match on catch block at 0xc3 in for 0xa5
02-24 16:54:40.069 20701 20701 E ArmVmp : Match on catch block at 0xc3 in for 0xa9
02-24 16:54:40.082 20701 20701 E ArmVmp : Match on catch block at 0xc3 in for 0xa5
02-24 16:54:40.088 20701 20701 E ArmVmp : Match on catch block at 0xc3 in for 0xa9
02-24 16:54:40.098 20701 20701 E ArmVmp : Match on catch block at 0xc3 in for 0xa5
02-24 16:54:40.103 20701 20701 E ArmVmp : Match on catch block at 0xc3 in for 0xa9
02-24 16:54:40.114 20701 20701 E ArmVmp : Match on catch block at 0xc3 in for 0xa5
02-24 16:54:40.119 20701 20701 E ArmVmp : Match on catch block at 0xc3 in for 0xa9
02-24 16:54:40.130 20701 20701 E ArmVmp : Match on catch block at 0xc3 in for 0xa5
02-24 16:54:40.136 20701 20701 E ArmVmp : Match on catch block at 0xc3 in for 0xa9
02-24 16:54:40.148 20701 20701 E ArmVmp : Match on catch block at 0xc3 in for 0xa5
02-24 16:54:40.153 20701 20701 E ArmVmp : Match on catch block at 0xc3 in for 0xa9
02-24 16:54:40.165 20701 20701 E ArmVmp : Match on catch block at 0xc3 in for 0xa5
02-24 16:54:40.170 20701 20701 E ArmVmp : Match on catch block at 0xc3 in for 0xa9
02-24 16:54:40.181 20701 20701 E ArmVmp : Match on catch block at 0xc3 in for 0xa5
02-24 16:54:40.186 20701 20701 E ArmVmp : Match on catch block at 0xc3 in for 0xa9
02-24 16:54:40.198 20701 20701 E ArmVmp : Match on catch block at 0xc3 in for 0xa5
02-24 16:54:40.204 20701 20701 E ArmVmp : Match on catch block at 0xc3 in for 0xa9
02-24 16:54:40.215 20701 20701 E ArmVmp : Match on catch block at 0xc3 in for 0xa5
02-24 16:54:40.220 20701 20701 E ArmVmp : Match on catch block at 0xc3 in for 0xa9
02-24 16:54:40.231 20701 20701 E ArmVmp : Match on catch block at 0xc3 in for 0xa5
02-24 16:54:40.237 20701 20701 E ArmVmp : Match on catch block at 0xc3 in for 0xa9
02-24 16:54:40.248 20701 20701 E ArmVmp : Match on catch block at 0xc3 in for 0xa5
02-24 16:54:40.253 20701 20701 E ArmVmp : Match on catch block at 0xc3 in for 0xa9
02-24 16:54:40.265 20701 20701 E ArmVmp : Match on catch block at 0xc3 in for 0xa5
02-24 16:54:40.271 20701 20701 E ArmVmp : Match on catch block at 0xc3 in for 0xa9
02-24 16:54:40.282 20701 20701 E ArmVmp : Match on catch block at 0xc3 in for 0xa5
02-24 16:54:40.287 20701 20701 E ArmVmp : Match on catch block at 0xc3 in for 0xa9
02-24 16:54:40.299 20701 20701 E ArmVmp : Match on catch block at 0xc3 in for 0xa5
02-24 16:54:40.304 20701 20701 E ArmVmp : Match on catch block at 0xc3 in for 0xa9
02-24 16:54:40.315 20701 20701 E ArmVmp : Match on catch block at 0xc3 in for 0xa5
02-24 16:54:40.320 20701 20701 E ArmVmp : Match on catch block at 0xc3 in for 0xa9
02-24 16:54:40.676 20701 20701 E ArmVmp : Match on catch block at 0xc3 in for 0xa9
02-24 16:54:40.694 20701 20701 E ArmVmp : Match on catch block at 0xc3 in for 0xa1
02-24 16:54:40.789 20701 20701 E ArmVmp : Match on catch block at 0xc3 in for 0xa5
02-24 16:54:40.795 20701 20701 E ArmVmp : Match on catch block at 0xc3 in for 0xa9
02-24 16:54:40.805 20701 20701 E ArmVmp : Match on catch block at 0xc3 in for 0xa9
02-24 16:54:40.815 20701 20701 E ArmVmp : Match on catch block at 0xc3 in for 0xa1
02-24 16:54:40.826 20701 20701 E ArmVmp : Match on catch block at 0xc3 in for 0xa1
02-24 16:54:40.834 20701 20701 E ArmVmp : Match on catch block at 0xc3 in for 0xa5
02-24 16:54:40.847 20701 20701 E ArmVmp : Match on catch block at 0xc3 in for 0xa5
02-24 16:54:40.852 20701 20701 E ArmVmp : Match on catch block at 0xc3 in for 0xa9
02-24 16:54:40.862 20701 20701 E ArmVmp : Match on catch block at 0xc3 in for 0xa9
02-24 16:54:40.867 20701 20701 E ArmVmp : Match on catch block at 0xc3 in for 0xa1
02-24 16:54:40.889 20701 20701 E ArmVmp : Match on catch block at 0xc3 in for 0xa1
02-24 16:54:40.894 20701 20701 E ArmVmp : Match on catch block at 0xc3 in for 0xa5
02-24 16:54:40.930 20701 20701 E ArmVmp : Match on catch block at 0xc3 in for 0xa1
02-24 16:54:40.935 20701 20701 E ArmVmp : Match on catch block at 0xc3 in for 0xa5
02-24 16:54:40.945 20701 20701 E ArmVmp : Match on catch block at 0xc3 in for 0xa5
02-24 16:54:40.949 20701 20701 E ArmVmp : Match on catch block at 0xc3 in for 0xa9
02-24 16:54:40.965 20701 20701 E ArmVmp : Match on catch block at 0xc3 in for 0xa5
02-24 16:54:40.969 20701 20701 E ArmVmp : Match on catch block at 0xc3 in for 0xa9
02-24 16:54:40.978 20701 20701 E ArmVmp : Match on catch block at 0xc3 in for 0xa9
02-24 16:54:40.983 20701 20701 E ArmVmp : Match on catch block at 0xc3 in for 0xa1
02-24 16:54:41.027 20701 20701 E ArmVmp : Match on catch block at 0xc3 in for 0xa5
02-24 16:54:41.031 20701 20701 E ArmVmp : Match on catch block at 0xc3 in for 0xa9
02-24 16:54:41.042 20701 20701 E ArmVmp : Match on catch block at 0xc3 in for 0xa9
02-24 16:54:41.047 20701 20701 E ArmVmp : Match on catch block at 0xc3 in for 0xa1
02-24 16:54:41.067 20701 20701 E ArmVmp : Match on catch block at 0xc3 in for 0xa9
02-24 16:54:41.073 20701 20701 E ArmVmp : Match on catch block at 0xc3 in for 0xa1
02-24 16:54:41.087 20701 20701 E ArmVmp : Match on catch block at 0xc3 in for 0xa1
02-24 16:54:41.091 20701 20701 E ArmVmp : Match on catch block at 0xc3 in for 0xa5
02-24 16:54:41.104 20701 20701 E ArmVmp : Match on catch block at 0xc3 in for 0xa9
02-24 16:54:41.109 20701 20701 E ArmVmp : Match on catch block at 0xc3 in for 0xa1
02-24 16:54:41.121 20701 20701 E ArmVmp : Match on catch block at 0xc3 in for 0xa5
02-24 16:54:41.127 20701 20701 E ArmVmp : Match on catch block at 0xc3 in for 0xa9
02-24 16:54:41.138 20701 20701 E ArmVmp : Match on catch block at 0xc3 in for 0xa1
02-24 16:54:41.143 20701 20701 E ArmVmp : Match on catch block at 0xc3 in for 0xa5
02-24 16:54:41.154 20701 20701 E ArmVmp : Match on catch block at 0xc3 in for 0xa9
02-24 16:54:41.158 20701 20701 E ArmVmp : Match on catch block at 0xc3 in for 0xa1
02-24 16:54:41.171 20701 20701 E ArmVmp : Match on catch block at 0xc3 in for 0xa5
02-24 16:54:41.175 20701 20701 E ArmVmp : Match on catch block at 0xc3 in for 0xa9
02-24 16:54:41.189 20701 20701 E ArmVmp : Match on catch block at 0xc3 in for 0xa1
02-24 16:54:41.194 20701 20701 E ArmVmp : Match on catch block at 0xc3 in for 0xa5
02-24 16:54:41.205 20701 20701 E ArmVmp : Match on catch block at 0xc3 in for 0xa9
02-24 16:54:41.210 20701 20701 E ArmVmp : Match on catch block at 0xc3 in for 0xa1
02-24 16:54:41.221 20701 20701 E ArmVmp : Match on catch block at 0xc3 in for 0xa5
02-24 16:54:41.226 20701 20701 E ArmVmp : Match on catch block at 0xc3 in for 0xa9
02-24 16:54:41.239 20701 20701 E ArmVmp : Match on catch block at 0xc3 in for 0xa9
02-24 16:54:41.251 20701 20701 E ArmVmp : Match on catch block at 0xc3 in for 0xa1
02-24 16:54:41.260 20701 20701 E ArmVmp : Match on catch block at 0xc3 in for 0xa1
02-24 16:54:41.265 20701 20701 E ArmVmp : Match on catch block at 0xc3 in for 0xa5
02-24 16:54:41.275 20701 20701 E ArmVmp : Match on catch block at 0xc3 in for 0xa5
02-24 16:54:41.281 20701 20701 E ArmVmp : Match on catch block at 0xc3 in for 0xa9
02-24 16:54:41.286 20701 20701 W HiTouch_PressGestureDetector: Touch pointer move a
lot. The moving distance of X is:5.7697754, limit is:60The moving distance of Y
is:60.92804, limit is:60
02-24 16:54:41.291 20701 20701 E ArmVmp : Match on catch block at 0xc3 in for 0xa9
02-24 16:54:41.296 20701 20701 E ArmVmp : Match on catch block at 0xc3 in for 0xa1
02-24 16:54:41.306 20701 20701 E ArmVmp : Match on catch block at 0xc3 in for 0xa1
02-24 16:54:41.311 20701 20701 E ArmVmp : Match on catch block at 0xc3 in for 0xa5
02-24 16:54:41.323 20701 20701 E ArmVmp : Match on catch block at 0xc3 in for 0xa5
02-24 16:54:41.326 20701 20701 E ArmVmp : Match on catch block at 0xc3 in for 0xa9
02-24 16:54:41.339 20701 20701 E ArmVmp : Match on catch block at 0xc3 in for 0xa9
02-24 16:54:41.344 20701 20701 E ArmVmp : Match on catch block at 0xc3 in for 0xa1
02-24 16:54:41.356 20701 20701 E ArmVmp : Match on catch block at 0xc3 in for 0xa1
02-24 16:54:41.361 20701 20701 E ArmVmp : Match on catch block at 0xc3 in for 0xa5
02-24 16:54:41.388 20701 20701 E ArmVmp : Match on catch block at 0xc3 in for 0xa5
02-24 16:54:41.393 20701 20701 E ArmVmp : Match on catch block at 0xc3 in for 0xa9
02-24 16:54:41.408 20701 20701 E ArmVmp : Match on catch block at 0xc3 in for 0xa9
02-24 16:54:41.413 20701 20701 E ArmVmp : Match on catch block at 0xc3 in for 0xa1
02-24 16:54:41.423 20701 20701 E ArmVmp : Match on catch block at 0xc3 in for 0xa1
02-24 16:54:41.429 20701 20701 E ArmVmp : Match on catch block at 0xc3 in for 0xa5
02-24 16:54:41.441 20701 20701 E ArmVmp : Match on catch block at 0xc3 in for 0xa5
02-24 16:54:41.446 20701 20701 E ArmVmp : Match on catch block at 0xc3 in for 0xa9
02-24 16:54:41.458 20701 20701 E ArmVmp : Match on catch block at 0xc3 in for 0xa9
02-24 16:54:41.463 20701 20701 E ArmVmp : Match on catch block at 0xc3 in for 0xa1
02-24 16:54:41.475 20701 20701 E ArmVmp : Match on catch block at 0xc3 in for 0xa1
02-24 16:54:41.480 20701 20701 E ArmVmp : Match on catch block at 0xc3 in for 0xa5
02-24 16:54:41.491 20701 20701 E ArmVmp : Match on catch block at 0xc3 in for 0xa5
02-24 16:54:41.497 20701 20701 E ArmVmp : Match on catch block at 0xc3 in for 0xa9
02-24 16:54:41.508 20701 20701 E ArmVmp : Match on catch block at 0xc3 in for 0xa9
02-24 16:54:41.514 20701 20701 E ArmVmp : Match on catch block at 0xc3 in for 0xa1
02-24 16:54:41.525 20701 20701 E ArmVmp : Match on catch block at 0xc3 in for 0xa1
02-24 16:54:41.530 20701 20701 E ArmVmp : Match on catch block at 0xc3 in for 0xa5
02-24 16:54:41.542 20701 20701 E ArmVmp : Match on catch block at 0xc3 in for 0xa5
02-24 16:54:41.547 20701 20701 E ArmVmp : Match on catch block at 0xc3 in for 0xa9
02-24 16:54:41.558 20701 20701 E ArmVmp : Match on catch block at 0xc3 in for 0xa9
02-24 16:54:41.563 20701 20701 E ArmVmp : Match on catch block at 0xc3 in for 0xa1
02-24 16:54:41.575 20701 20701 E ArmVmp : Match on catch block at 0xc3 in for 0xa1
02-24 16:54:41.581 20701 20701 E ArmVmp : Match on catch block at 0xc3 in for 0xa5
02-24 16:54:41.591 20701 20701 E ArmVmp : Match on catch block at 0xc3 in for 0xa5
02-24 16:54:41.596 20701 20701 E ArmVmp : Match on catch block at 0xc3 in for 0xa9
02-24 16:54:41.608 20701 20701 E ArmVmp : Match on catch block at 0xc3 in for 0xa1
02-24 16:54:41.613 20701 20701 E ArmVmp : Match on catch block at 0xc3 in for 0xa5
02-24 16:54:41.625 20701 20701 E ArmVmp : Match on catch block at 0xc3 in for 0xa9
02-24 16:54:41.630 20701 20701 E ArmVmp : Match on catch block at 0xc3 in for 0xa1
02-24 16:54:41.641 20701 20701 E ArmVmp : Match on catch block at 0xc3 in for 0xa5
02-24 16:54:41.646 20701 20701 E ArmVmp : Match on catch block at 0xc3 in for 0xa9
02-24 16:54:41.659 20701 20701 E ArmVmp : Match on catch block at 0xc3 in for 0xa1
02-24 16:54:41.664 20701 20701 E ArmVmp : Match on catch block at 0xc3 in for 0xa5
02-24 16:54:41.675 20701 20701 E ArmVmp : Match on catch block at 0xc3 in for 0xa9
02-24 16:54:41.680 20701 20701 E ArmVmp : Match on catch block at 0xc3 in for 0xa1
02-24 16:54:41.691 20701 20701 E ArmVmp : Match on catch block at 0xc3 in for 0xa1
02-24 16:54:41.696 20701 20701 E ArmVmp : Match on catch block at 0xc3 in for 0xa5
02-24 16:54:41.828 20701 20701 E ArmVmp : Match on catch block at 0xc3 in for 0xa1
02-24 16:54:41.833 20701 20701 E ArmVmp : Match on catch block at 0xc3 in for 0xa5
02-24 16:54:41.841 20701 20701 W HiTouch_PressGestureDetector: Touch pointer move a
lot. The moving distance of X is:16.704529, limit is:60The moving distance of Y
is:68.39209, limit is:60
02-24 16:54:41.845 20701 20701 E ArmVmp : Match on catch block at 0xc3 in for 0xa5
02-24 16:54:41.852 20701 20701 E ArmVmp : Match on catch block at 0xc3 in for 0xa9
02-24 16:54:41.863 20701 20701 E ArmVmp : Match on catch block at 0xc3 in for 0xa9
02-24 16:54:41.870 20701 20701 E ArmVmp : Match on catch block at 0xc3 in for 0xa1
02-24 16:54:41.887 20701 20701 E ArmVmp : Match on catch block at 0xc3 in for 0xa1
02-24 16:54:41.892 20701 20701 E ArmVmp : Match on catch block at 0xc3 in for 0xa5
02-24 16:54:41.900 20701 20701 E ArmVmp : Match on catch block at 0xc3 in for 0xa5
02-24 16:54:41.905 20701 20701 E ArmVmp : Match on catch block at 0xc3 in for 0xa9
02-24 16:54:41.913 20701 20701 E ArmVmp : Match on catch block at 0xc3 in for 0xa9
02-24 16:54:41.919 20701 20701 E ArmVmp : Match on catch block at 0xc3 in for 0xa1
02-24 16:54:41.928 20701 20701 E ArmVmp : Match on catch block at 0xc3 in for 0xa1
02-24 16:54:41.933 20701 20701 E ArmVmp : Match on catch block at 0xc3 in for 0xa5
02-24 16:54:41.962 20701 20701 E ArmVmp : Match on catch block at 0xc3 in for 0xa1
02-24 16:54:41.967 20701 20701 E ArmVmp : Match on catch block at 0xc3 in for 0xa5
02-24 16:54:41.978 20701 20701 E ArmVmp : Match on catch block at 0xc3 in for 0xa5
02-24 16:54:41.983 20701 20701 E ArmVmp : Match on catch block at 0xc3 in for 0xa9
02-24 16:54:41.998 20701 20701 E ArmVmp : Match on catch block at 0xc3 in for 0xa9
02-24 16:54:42.003 20701 20701 E ArmVmp : Match on catch block at 0xc3 in for 0xa1
02-24 16:54:42.014 20701 20701 E ArmVmp : Match on catch block at 0xc3 in for 0xa5
02-24 16:54:42.019 20701 20701 E ArmVmp : Match on catch block at 0xc3 in for 0xa9
02-24 16:54:42.039 20701 20701 E ArmVmp : Match on catch block at 0xc3 in for 0xa5
02-24 16:54:42.043 20701 20701 E ArmVmp : Match on catch block at 0xc3 in for 0xa9
02-24 16:54:42.055 20701 20701 E ArmVmp : Match on catch block at 0xc3 in for 0xa1
02-24 16:54:42.060 20701 20701 E ArmVmp : Match on catch block at 0xc3 in for 0xa5
02-24 16:54:42.072 20701 20701 E ArmVmp : Match on catch block at 0xc3 in for 0xa1
02-24 16:54:42.077 20701 20701 E ArmVmp : Match on catch block at 0xc3 in for 0xa5
02-24 16:54:42.091 20701 20701 E ArmVmp : Match on catch block at 0xc3 in for 0xa9
02-24 16:54:42.095 20701 20701 E ArmVmp : Match on catch block at 0xc3 in for 0xa1
02-24 16:54:42.103 20701 20701 E ArmVmp : Match on catch block at 0xc3 in for 0xa1
02-24 16:54:42.108 20701 20701 E ArmVmp : Match on catch block at 0xc3 in for 0xa5
02-24 16:54:42.115 20701 20701 E ArmVmp : Match on catch block at 0xc3 in for 0xa5
02-24 16:54:42.120 20701 20701 E ArmVmp : Match on catch block at 0xc3 in for 0xa9
02-24 16:54:42.128 20701 20701 E ArmVmp : Match on catch block at 0xc3 in for 0xa9
02-24 16:54:42.133 20701 20701 E ArmVmp : Match on catch block at 0xc3 in for 0xa1
02-24 16:54:42.144 20701 20701 E ArmVmp : Match on catch block at 0xc3 in for 0xa1
02-24 16:54:42.148 20701 20701 E ArmVmp : Match on catch block at 0xc3 in for 0xa5
02-24 16:54:42.161 20701 20701 E ArmVmp : Match on catch block at 0xc3 in for 0xa5
02-24 16:54:42.165 20701 20701 E ArmVmp : Match on catch block at 0xc3 in for 0xa9
02-24 16:54:42.179 20701 20701 E ArmVmp : Match on catch block at 0xc3 in for 0xa9
02-24 16:54:42.183 20701 20701 E ArmVmp : Match on catch block at 0xc3 in for 0xa1
02-24 16:54:42.195 20701 20701 E ArmVmp : Match on catch block at 0xc3 in for 0xa1
02-24 16:54:42.199 20701 20701 E ArmVmp : Match on catch block at 0xc3 in for 0xa5
02-24 16:54:42.699 20701 20701 E ArmVmp : Match on catch block at 0xc3 in for 0xa1
02-24 16:54:42.704 20701 20701 E ArmVmp : Match on catch block at 0xc3 in for 0xa5
02-24 16:54:42.766 20701 20701 E ArmVmp : Match on catch block at 0xc3 in for 0xa5
02-24 16:54:42.773 20701 20701 E ArmVmp : Match on catch block at 0xc3 in for 0xa9
02-24 16:54:43.209 20701 20701 E ArmVmp : Match on catch block at 0xc3 in for 0xa9
02-24 16:54:43.222 20701 20701 E ArmVmp : Match on catch block at 0xc3 in for 0xa1
02-24 16:54:43.573 20701 20701 E ArmVmp : Match on catch block at 0xc3 in for 0xa5
02-24 16:54:43.580 20701 20701 E ArmVmp : Match on catch block at 0xc3 in for 0xa9
02-24 16:54:43.604 20701 20701 E ArmVmp : Match on catch block at 0xc3 in for 0xa5
02-24 16:54:43.611 20701 20701 E ArmVmp : Match on catch block at 0xc3 in for 0xa9
02-24 16:54:43.638 20701 20701 E ArmVmp : Match on catch block at 0xc3 in for 0xa9
02-24 16:54:43.646 20701 20701 E ArmVmp : Match on catch block at 0xc3 in for 0xa1
02-24 16:54:43.708 20701 20701 E ArmVmp : Match on catch block at 0xc3 in for 0xa9
02-24 16:54:43.712 20701 20701 E ArmVmp : Match on catch block at 0xc3 in for 0xa1
02-24 16:54:43.771 20701 20701 E ArmVmp : Match on catch block at 0xc3 in for 0xa9
02-24 16:54:43.776 20701 20701 E ArmVmp : Match on catch block at 0xc3 in for 0xa1
02-24 16:54:43.816 20701 20701 W StaticLayout: maxLineHeight should not be -1.
maxLines:1 lineCount:1
02-24 16:54:43.823 20701 20701 W StaticLayout: maxLineHeight should not be -1.
maxLines:1 lineCount:1
02-24 16:54:43.828 20701 20701 E ArmVmp : Match on catch block at 0xc3 in for 0xa1
02-24 16:54:43.832 20701 20701 E ArmVmp : Match on catch block at 0xc3 in for 0xa5
02-24 16:54:43.845 20701 20701 W InputMethodManager: startInputReason = 1
02-24 16:54:43.858 20701 20701 E ArmVmp : Match on catch block at 0xc3 in for 0xa5
02-24 16:54:43.863 20701 20701 E ArmVmp : Match on catch block at 0xc3 in for 0xa9
02-24 16:54:43.899 20701 20701 W StaticLayout: maxLineHeight should not be -1.
maxLines:1 lineCount:1
02-24 16:54:43.945 20701 20787 W libEGL : EGLNativeWindowType 0x7196cf9010
disconnect failed
02-24 16:54:43.954 20701 20701 E ArmVmp : Match on catch block at 0xc3 in for 0xa9
02-24 16:54:43.959 20701 20701 E ArmVmp : Match on catch block at 0xc3 in for 0xa1
02-24 16:54:45.195 20701 20701 W HiTouch_PressGestureDetector: Touch pointer move a
lot. The moving distance of X is:11.37207, limit is:60The moving distance of Y
is:119.39514, limit is:60
02-24 16:54:46.004 20701 20701 W HiTouch_PressGestureDetector: Touch pointer move a
lot. The moving distance of X is:2.0233765, limit is:60The moving distance of Y
is:109.94849, limit is:60
02-24 16:54:46.181 20701 20701 W StaticLayout: maxLineHeight should not be -1.
maxLines:1 lineCount:1
02-24 16:54:46.877 20701 20701 W HiTouch_PressGestureDetector: Touch pointer move a
lot. The moving distance of X is:12.260559, limit is:60The moving distance of Y
is:77.04224, limit is:60
02-24 16:54:47.179 20701 20701 W HiTouch_PressGestureDetector: Touch pointer move a
lot. The moving distance of X is:18.482788, limit is:60The moving distance of Y
is:116.41028, limit is:60
02-24 16:54:47.481 20701 20701 W HiTouch_PressGestureDetector: Touch pointer move a
lot. The moving distance of X is:7.4648438, limit is:60The moving distance of Y
is:82.02875, limit is:60
02-24 16:54:48.590 20701 20701 W StaticLayout: maxLineHeight should not be -1.
maxLines:1 lineCount:1
02-24 16:54:48.593 20701 20701 W StaticLayout: maxLineHeight should not be -1.
maxLines:1 lineCount:1
02-24 16:54:49.424 20701 20701 W StaticLayout: maxLineHeight should not be -1.
maxLines:1 lineCount:1
02-24 16:54:49.651 20701 20701 W StaticLayout: maxLineHeight should not be -1.
maxLines:1 lineCount:1
02-24 16:54:50.621 20701 20701 W HiTouch_PressGestureDetector: Touch pointer move a
lot. The moving distance of X is:13.648315, limit is:60The moving distance of Y
is:69.98889, limit is:60
02-24 16:54:54.080 20701 20701 E ArmVmp : Match on catch block at 0x0a in for 0xe5
02-24 16:54:54.093 20701 20701 E ArmVmp : Match on catch block at 0x0a in for 0xd9
02-24 16:54:54.210 20701 20701 W InputMethodManager: startInputReason = 1
02-24 16:54:54.396 20701 20701 W Settings: Setting device_provisioned has moved
from android.provider.Settings.Secure to android.provider.Settings.Global.
02-24 16:54:54.410 20701 20787 W libEGL : EGLNativeWindowType 0x719b90f010
disconnect failed
02-24 16:54:54.425 20701 20701 W InputEventReceiver: Attempted to finish an input
event but the input event receiver has already been disposed.
02-24 16:54:54.425 20701 20701 W ViewRootImpl[HomeActivity]: Dropping event due to
root view being removed: MotionEvent { action=ACTION_MOVE, actionButton=0, id[0]=0,
x[0]=72.0, y[0]=-930.0, toolType[0]=TOOL_TYPE_FINGER, buttonState=0, metaState=0,
flags=0x0, edgeFlags=0x0, pointerCount=1, historySize=0, eventTime=352053557,
downTime=352053548, deviceId=2, source=0x1002 }
02-24 16:54:54.425 20701 20701 W InputEventReceiver: Attempted to finish an input
event but the input event receiver has already been disposed.
02-24 16:54:54.433 20701 20701 W InputMethodManager: startInputReason = 1
02-24 16:54:55.063 20701 20701 E ArmVmp : Match on catch block at 0x0a in for 0xe1
02-24 16:54:55.075 20701 20701 E ArmVmp : Match on catch block at 0x0a in for 0xd5
02-24 16:54:55.116 20701 20701 W InputMethodManager: startInputReason = 1
02-24 16:54:56.476 20701 20701 W Settings: Setting device_provisioned has moved
from android.provider.Settings.Secure to android.provider.Settings.Global.
02-24 16:54:56.514 20701 20701 W HiTouch_PressGestureDetector: Touch pointer move a
lot. The moving distance of X is:94.40817, limit is:60The moving distance of Y
is:18.524292, limit is:60
02-24 16:54:57.589 20701 20701 W HiTouch_PressGestureDetector: Touch pointer move a
lot. The moving distance of X is:74.80725, limit is:60The moving distance of Y
is:14.606689, limit is:60
02-24 16:54:58.966 20701 20701 W HiTouch_PressGestureDetector: Touch pointer move a
lot. The moving distance of X is:5.0, limit is:60The moving distance of Y
is:79.93884, limit is:60
02-24 16:55:01.568 20701 20701 W HiTouch_PressGestureDetector: Touch pointer move a
lot. The moving distance of X is:10.885498, limit is:60The moving distance of Y
is:84.42737, limit is:60
02-24 16:55:05.215 20701 20787 W libEGL : EGLNativeWindowType 0x71943e8010
disconnect failed
02-24 16:55:05.253 20701 20701 W ActivityThread: handleWindowVisibility: no
activity for token android.os.BinderProxy@be90ee0
02-24 16:55:05.299 20701 20701 E com.whatsapp: Invalid ID 0x00000001.
02-24 16:55:05.306 20701 20701 E com.whatsapp: Invalid ID 0x00000001.
02-24 16:55:05.379 20701 20701 W InputMethodManager: startInputReason = 1
02-24 16:55:05.472 20701 20787 W libEGL : EGLNativeWindowType 0x7196f79010
disconnect failed
02-24 16:55:06.418 20701 20701 W Settings: Setting device_provisioned has moved
from android.provider.Settings.Secure to android.provider.Settings.Global.
02-24 16:55:07.420 20701 20701 W ActivityThread: handleWindowVisibility: no
activity for token android.os.BinderProxy@998f491
02-24 16:55:07.556 20701 20701 W InputMethodManager: startInputReason = 1
02-24 16:55:07.632 20701 20787 W libEGL : EGLNativeWindowType 0x7194842010
disconnect failed
02-24 16:55:08.309 20701 20701 W Settings: Setting device_provisioned has moved
from android.provider.Settings.Secure to android.provider.Settings.Global.
02-24 16:55:08.452 20701 20701 W HiTouch_PressGestureDetector: Touch pointer move a
lot. The moving distance of X is:22.813416, limit is:60The moving distance of Y
is:65.440186, limit is:60
02-24 16:55:15.303 20701 20701 W HiTouch_PressGestureDetector: Touch pointer move a
lot. The moving distance of X is:4.500305, limit is:60The moving distance of Y
is:113.01172, limit is:60
02-24 16:55:19.551 20701 20701 W HiTouch_PressGestureDetector: Touch pointer move a
lot. The moving distance of X is:12.854126, limit is:60The moving distance of Y
is:64.183105, limit is:60
02-24 16:55:24.907 20701 20701 W HiTouch_PressGestureDetector: Touch pointer move a
lot. The moving distance of X is:7.2054443, limit is:60The moving distance of Y
is:65.38367, limit is:60
02-24 16:55:25.965 20701 20701 W HiTouch_PressGestureDetector: Touch pointer move a
lot. The moving distance of X is:3.0546265, limit is:60The moving distance of Y
is:157.98315, limit is:60
02-24 16:55:26.825 20701 20701 E com.whatsapp: Invalid ID 0x00000001.
02-24 16:55:26.889 20701 20701 W InputMethodManager: startInputReason = 1
02-24 16:55:27.018 20701 20787 W libEGL : EGLNativeWindowType 0x719b7b8010
disconnect failed
02-24 16:55:27.640 20701 20701 W ActivityThread: handleWindowVisibility: no
activity for token android.os.BinderProxy@f4b5b9f
02-24 16:55:27.684 20701 20711 E : [ZeroHung]zrhung_get_config: Get config
failed for wp[0x0008]
02-24 16:55:27.791 20701 20701 W InputMethodManager: startInputReason = 1
02-24 16:55:27.882 20701 20787 W libEGL : EGLNativeWindowType 0x7196e40010
disconnect failed
02-24 16:55:28.008 20701 20709 W System : A resource failed to call close.
02-24 16:55:28.783 20701 20701 W Settings: Setting device_provisioned has moved
from android.provider.Settings.Secure to android.provider.Settings.Global.
02-24 16:55:31.262 20701 20701 W InputMethodManager: startInputReason = 4
02-24 16:55:31.367 20701 20701 E SpannableStringBuilder: SPAN_EXCLUSIVE_EXCLUSIVE
spans cannot have a zero length
02-24 16:55:31.369 20701 20701 E SpannableStringBuilder: SPAN_EXCLUSIVE_EXCLUSIVE
spans cannot have a zero length
02-24 16:55:32.177 20701 20701 W HiTouch_PressGestureDetector: Touch pointer move a
lot. The moving distance of X is:37.13098, limit is:60The moving distance of Y
is:89.16675, limit is:60
02-24 16:55:32.739 20701 20701 E com.whatsapp: Invalid ID 0x00000001.
02-24 16:55:32.811 20701 20701 W InputMethodManager: startInputReason = 1
02-24 16:55:32.951 20701 20787 W libEGL : EGLNativeWindowType 0x719b27d010
disconnect failed
02-24 16:55:32.966 20701 20787 W libEGL : EGLNativeWindowType 0x71939fa010
disconnect failed
02-24 16:55:33.460 20701 20701 W InputMethodManager: startInputReason = 1
02-24 16:55:33.590 20701 20787 W libEGL : EGLNativeWindowType 0x7196dff010
disconnect failed
02-24 16:55:36.376 20701 20701 E ArmVmp : Match on catch block at 0x0a in for 0xe5
02-24 16:55:36.388 20701 20701 E ArmVmp : Match on catch block at 0x0a in for 0xd9
02-24 16:55:36.473 20701 20701 W InputMethodManager: startInputReason = 1
02-24 16:55:47.342 20701 20701 W Settings: Setting device_provisioned has moved
from android.provider.Settings.Secure to android.provider.Settings.Global.
02-24 16:55:47.406 20701 20701 W HiTouch_PressGestureDetector: Touch pointer move a
lot. The moving distance of X is:66.300354, limit is:60The moving distance of Y
is:13.860107, limit is:60
02-24 16:55:48.347 20701 20701 W HiTouch_PressGestureDetector: Touch pointer move a
lot. The moving distance of X is:96.50928, limit is:60The moving distance of Y
is:32.650513, limit is:60
02-24 16:55:50.311 20701 20701 W HiTouch_PressGestureDetector: Touch pointer move a
lot. The moving distance of X is:7.0, limit is:60The moving distance of Y
is:61.569458, limit is:60
02-24 16:55:51.016 20701 20787 W libEGL : EGLNativeWindowType 0x719cdc8010
disconnect failed
02-24 16:55:51.058 20701 20701 W ActivityThread: handleWindowVisibility: no
activity for token android.os.BinderProxy@c6bdae0
02-24 16:55:51.078 20701 20701 E com.whatsapp: Invalid ID 0x00000001.
02-24 16:55:51.085 20701 20701 E com.whatsapp: Invalid ID 0x00000001.
02-24 16:55:51.151 20701 20701 W InputMethodManager: startInputReason = 1
02-24 16:55:51.242 20701 20787 W libEGL : EGLNativeWindowType 0x7198d6c010
disconnect failed
02-24 16:55:52.448 20701 20701 W Settings: Setting device_provisioned has moved
from android.provider.Settings.Secure to android.provider.Settings.Global.
02-24 16:55:53.661 20701 20701 W ActivityThread: handleWindowVisibility: no
activity for token android.os.BinderProxy@96b5dcc
02-24 16:55:53.776 20701 20701 W InputMethodManager: startInputReason = 1
02-24 16:55:53.873 20701 20787 W libEGL : EGLNativeWindowType 0x719b85e010
disconnect failed
02-24 16:55:54.521 20701 20701 W Settings: Setting device_provisioned has moved
from android.provider.Settings.Secure to android.provider.Settings.Global.
02-24 16:55:54.559 20701 20701 W HiTouch_PressGestureDetector: Touch pointer move a
lot. The moving distance of X is:7.741699, limit is:60The moving distance of Y
is:105.12549, limit is:60
02-24 16:55:56.473 20701 20701 E com.whatsapp: Invalid ID 0x00000001.
02-24 16:55:56.521 20701 20701 W InputMethodManager: startInputReason = 1
02-24 16:55:56.661 20701 20787 W libEGL : EGLNativeWindowType 0x71970fb010
disconnect failed
02-24 16:55:58.370 20701 20701 W HiTouch_PressGestureDetector: Touch pointer move a
lot. The moving distance of X is:4.3464966, limit is:60The moving distance of Y
is:86.895874, limit is:60
02-24 16:56:01.616 20701 20701 W InputMethodManager: startInputReason = 1
02-24 16:56:01.691 20701 20701 W StaticLayout: maxLineHeight should not be -1.
maxLines:1 lineCount:1
02-24 16:56:01.756 20701 20787 W libEGL : EGLNativeWindowType 0x7198d2c010
disconnect failed
02-24 16:56:02.904 20701 20701 W ActivityThread: handleWindowVisibility: no
activity for token android.os.BinderProxy@6e485bd
02-24 16:56:03.116 20701 20701 E ArmVmp : Match on catch block at 0x0a in for 0xc5
02-24 16:56:03.121 20701 20701 E ArmVmp : Match on catch block at 0x0a in for 0xc5
02-24 16:56:03.341 20701 20701 E ArmVmp : Match on catch block at 0xc3 in for 0xb1
02-24 16:56:03.347 20701 20701 E ArmVmp : Match on catch block at 0xc3 in for 0xb1
02-24 16:56:03.351 20701 20701 W InputMethodManager: startInputReason = 1
02-24 16:56:03.354 20701 20701 W Settings: Setting device_provisioned has moved
from android.provider.Settings.Secure to android.provider.Settings.Global.
02-24 16:56:03.366 20701 20701 E ArmVmp : Match on catch block at 0xc3 in for 0xa1
02-24 16:56:03.369 20701 20701 E ArmVmp : Match on catch block at 0xc3 in for 0xa5
02-24 16:56:03.411 20701 20701 E ArmVmp : Match on catch block at 0xc3 in for 0xa9
02-24 16:56:03.414 20701 20701 E ArmVmp : Match on catch block at 0xc3 in for 0xa1
02-24 16:56:03.457 20701 20701 W StaticLayout: maxLineHeight should not be -1.
maxLines:1 lineCount:1
02-24 16:56:03.463 20701 20701 E ArmVmp : Match on catch block at 0xc3 in for 0xa9
02-24 16:56:03.467 20701 20701 E ArmVmp : Match on catch block at 0xc3 in for 0xa1
02-24 16:56:03.516 20701 20701 E ArmVmp : Match on catch block at 0xc3 in for 0xa9
02-24 16:56:03.520 20701 20701 E ArmVmp : Match on catch block at 0xc3 in for 0xa1
02-24 16:56:03.567 20701 20701 E ArmVmp : Match on catch block at 0xc3 in for 0xa1
02-24 16:56:03.571 20701 20701 E ArmVmp : Match on catch block at 0xc3 in for 0xa5
02-24 16:56:03.592 20701 20701 W StaticLayout: maxLineHeight should not be -1.
maxLines:1 lineCount:1
02-24 16:56:03.598 20701 20701 E ArmVmp : Match on catch block at 0xc3 in for 0xa1
02-24 16:56:03.604 20701 20701 E ArmVmp : Match on catch block at 0xc3 in for 0xa5
02-24 16:56:03.632 20701 20701 E ArmVmp : Match on catch block at 0xc3 in for 0xa5
02-24 16:56:03.637 20701 20701 E ArmVmp : Match on catch block at 0xc3 in for 0xa9
02-24 16:56:03.653 20701 20701 E SpannableStringBuilder: SPAN_EXCLUSIVE_EXCLUSIVE
spans cannot have a zero length
02-24 16:56:03.662 20701 20701 E ArmVmp : Match on catch block at 0xc3 in for 0xa1
02-24 16:56:03.666 20701 20701 E ArmVmp : Match on catch block at 0xc3 in for 0xa5
02-24 16:56:03.683 20701 20787 W libEGL : EGLNativeWindowType 0x719b876010
disconnect failed
02-24 16:56:03.728 20701 20701 E ArmVmp : Match on catch block at 0xc3 in for 0xa1
02-24 16:56:03.733 20701 20701 E ArmVmp : Match on catch block at 0xc3 in for 0xa5
02-24 16:56:03.742 20701 20701 E ArmVmp : Match on catch block at 0xc3 in for 0xa9
02-24 16:56:03.747 20701 20701 E ArmVmp : Match on catch block at 0xc3 in for 0xa1
02-24 16:56:03.767 20701 20701 E ArmVmp : Match on catch block at 0xc3 in for 0xa1
02-24 16:56:03.771 20701 20701 E ArmVmp : Match on catch block at 0xc3 in for 0xa5
02-24 16:56:03.783 20701 20701 E ArmVmp : Match on catch block at 0xc3 in for 0xa9
02-24 16:56:03.787 20701 20701 E ArmVmp : Match on catch block at 0xc3 in for 0xa1
02-24 16:56:03.795 20701 20701 E ArmVmp : Match on catch block at 0xc3 in for 0xa5
02-24 16:56:03.801 20701 20701 E ArmVmp : Match on catch block at 0xc3 in for 0xa9
02-24 16:56:03.808 20701 20701 E ArmVmp : Match on catch block at 0xc3 in for 0xa1
02-24 16:56:03.812 20701 20701 E ArmVmp : Match on catch block at 0xc3 in for 0xa5
02-24 16:56:03.820 20701 20701 E ArmVmp : Match on catch block at 0xc3 in for 0xa9
02-24 16:56:03.825 20701 20701 E ArmVmp : Match on catch block at 0xc3 in for 0xa1
02-24 16:56:03.833 20701 20701 E ArmVmp : Match on catch block at 0xc3 in for 0xa5
02-24 16:56:03.838 20701 20701 E ArmVmp : Match on catch block at 0xc3 in for 0xa9
02-24 16:56:03.847 20701 20701 E ArmVmp : Match on catch block at 0xc3 in for 0xa1
02-24 16:56:03.853 20701 20701 E ArmVmp : Match on catch block at 0xc3 in for 0xa5
02-24 16:56:03.864 20701 20701 E ArmVmp : Match on catch block at 0xc3 in for 0xa9
02-24 16:56:03.869 20701 20701 E ArmVmp : Match on catch block at 0xc3 in for 0xa1
02-24 16:56:03.881 20701 20701 E ArmVmp : Match on catch block at 0xc3 in for 0xa5
02-24 16:56:03.886 20701 20701 E ArmVmp : Match on catch block at 0xc3 in for 0xa9
02-24 16:56:03.898 20701 20701 E ArmVmp : Match on catch block at 0xc3 in for 0xa1
02-24 16:56:03.903 20701 20701 E ArmVmp : Match on catch block at 0xc3 in for 0xa5
02-24 16:56:03.914 20701 20701 E ArmVmp : Match on catch block at 0xc3 in for 0xa9
02-24 16:56:03.920 20701 20701 E ArmVmp : Match on catch block at 0xc3 in for 0xa1
02-24 16:56:03.931 20701 20701 E ArmVmp : Match on catch block at 0xc3 in for 0xa5
02-24 16:56:03.937 20701 20701 E ArmVmp : Match on catch block at 0xc3 in for 0xa9
02-24 16:56:03.949 20701 20701 E ArmVmp : Match on catch block at 0xc3 in for 0xa1
02-24 16:56:03.954 20701 20701 E ArmVmp : Match on catch block at 0xc3 in for 0xa5
02-24 16:56:03.965 20701 20701 E ArmVmp : Match on catch block at 0xc3 in for 0xa9
02-24 16:56:03.970 20701 20701 E ArmVmp : Match on catch block at 0xc3 in for 0xa1
02-24 16:56:03.982 20701 20701 E ArmVmp : Match on catch block at 0xc3 in for 0xa5
02-24 16:56:03.987 20701 20701 E ArmVmp : Match on catch block at 0xc3 in for 0xa9
02-24 16:56:03.998 20701 20701 E ArmVmp : Match on catch block at 0xc3 in for 0xa9
02-24 16:56:04.004 20701 20701 E ArmVmp : Match on catch block at 0xc3 in for 0xa1
02-24 16:56:04.015 20701 20701 E ArmVmp : Match on catch block at 0xc3 in for 0xa1
02-24 16:56:04.020 20701 20701 E ArmVmp : Match on catch block at 0xc3 in for 0xa5
02-24 16:56:04.032 20701 20701 E ArmVmp : Match on catch block at 0xc3 in for 0xa5
02-24 16:56:04.037 20701 20701 E ArmVmp : Match on catch block at 0xc3 in for 0xa9
02-24 16:56:04.048 20701 20701 E ArmVmp : Match on catch block at 0xc3 in for 0xa9
02-24 16:56:04.054 20701 20701 E ArmVmp : Match on catch block at 0xc3 in for 0xa1
02-24 16:56:04.065 20701 20701 E ArmVmp : Match on catch block at 0xc3 in for 0xa1
02-24 16:56:04.070 20701 20701 E ArmVmp : Match on catch block at 0xc3 in for 0xa5
02-24 16:56:04.082 20701 20701 E ArmVmp : Match on catch block at 0xc3 in for 0xa5
02-24 16:56:04.087 20701 20701 E ArmVmp : Match on catch block at 0xc3 in for 0xa9
02-24 16:56:04.099 20701 20701 E ArmVmp : Match on catch block at 0xc3 in for 0xa9
02-24 16:56:04.105 20701 20701 E ArmVmp : Match on catch block at 0xc3 in for 0xa1
02-24 16:56:04.116 20701 20701 E ArmVmp : Match on catch block at 0xc3 in for 0xa1
02-24 16:56:04.122 20701 20701 E ArmVmp : Match on catch block at 0xc3 in for 0xa5
