denied { read } for name="u:object_r:product_platform_prop:s0" dev="tmpfs" ino=2806
scontext=u:r:untrusted_app:s0:c6,c257,c512,c768
tcontext=u:object_r:product_platform_prop:s0 tclass=file permissive=0
02-24 16:32:47.734 16428 18604 E libc : Access denied finding property
"ro.kirin.product.platform"
02-24 16:32:47.734 16428 18604 E HwExtendedCodec: mime: audio/vorbis matching
compontent failed!
02-24 16:32:47.766 16428 18624 W HwExtendedUtils: hw configLocalPlayBack err = -
2147483648
02-24 16:32:47.845 16428 18624 W ACodec : forcing OMX state to Idle when received
shutdown in ExecutingState
02-24 16:32:47.849 16428 16428 W SoundPoolThread: type=1400 audit(0.0:625546): avc:
denied { read } for name="u:object_r:product_platform_prop:s0" dev="tmpfs" ino=2806
scontext=u:r:untrusted_app:s0:c6,c257,c512,c768
tcontext=u:object_r:product_platform_prop:s0 tclass=file permissive=0
02-24 16:32:47.867 16428 18604 E libc : Access denied finding property
"ro.kirin.product.platform"
02-24 16:32:47.867 16428 18604 E HwExtendedCodec: mime: audio/vorbis matching
compontent failed!
02-24 16:32:47.885 16428 18627 W HwExtendedUtils: hw configLocalPlayBack err = -
2147483648
02-24 16:32:47.970 16428 18627 W ACodec : forcing OMX state to Idle when received
shutdown in ExecutingState
02-24 16:32:47.979 16428 16428 W SoundPoolThread: type=1400 audit(0.0:625547): avc:
denied { read } for name="u:object_r:product_platform_prop:s0" dev="tmpfs" ino=2806
scontext=u:r:untrusted_app:s0:c6,c257,c512,c768
tcontext=u:object_r:product_platform_prop:s0 tclass=file permissive=0
02-24 16:32:47.995 16428 18604 E libc : Access denied finding property
"ro.kirin.product.platform"
02-24 16:32:47.995 16428 18604 E HwExtendedCodec: mime: audio/vorbis matching
compontent failed!
02-24 16:32:48.002 16428 18631 W HwExtendedUtils: hw configLocalPlayBack err = -
2147483648
02-24 16:32:48.064 16428 18631 W ACodec : forcing OMX state to Idle when received
shutdown in ExecutingState
02-24 16:32:48.079 16428 16439 E : [ZeroHung]zrhung_get_config: Get config
failed for wp[0x0008]
02-24 16:32:48.468 16428 16428 E ArmVmp : Match on catch block at 0xc3 in for 0xa9
02-24 16:32:48.473 16428 16428 E ArmVmp : Match on catch block at 0xc3 in for 0xa1
02-24 16:32:48.476 16428 16428 E ArmVmp : Match on catch block at 0xc3 in for 0xa1
02-24 16:32:48.787 16428 16428 E ArmVmp : Match on catch block at 0xc3 in for 0xa5
02-24 16:32:48.792 16428 16428 E ArmVmp : Match on catch block at 0xc3 in for 0xa9
02-24 16:32:48.795 16428 16428 E ArmVmp : Match on catch block at 0xc3 in for 0xa9
02-24 16:32:48.812 16428 16428 E ArmVmp : Match on catch block at 0xc3 in for 0xa1
02-24 16:32:48.818 16428 16428 E ArmVmp : Match on catch block at 0xc3 in for 0xa5
02-24 16:32:48.821 16428 16428 E ArmVmp : Match on catch block at 0xc3 in for 0xa5
02-24 16:32:48.836 16428 16428 E ArmVmp : Match on catch block at 0xc3 in for 0xa9
02-24 16:32:48.842 16428 16428 E ArmVmp : Match on catch block at 0xc3 in for 0xa1
02-24 16:32:48.846 16428 16428 E ArmVmp : Match on catch block at 0xc3 in for 0xa1
02-24 16:32:48.861 16428 16428 E ArmVmp : Match on catch block at 0xc3 in for 0xa5
02-24 16:32:48.867 16428 16428 E ArmVmp : Match on catch block at 0xc3 in for 0xa9
02-24 16:32:48.869 16428 16428 E ArmVmp : Match on catch block at 0xc3 in for 0xa9
02-24 16:32:48.883 16428 16428 E ArmVmp : Match on catch block at 0xc3 in for 0xa1
02-24 16:32:48.888 16428 16428 E ArmVmp : Match on catch block at 0xc3 in for 0xa5
02-24 16:32:48.890 16428 16428 E ArmVmp : Match on catch block at 0xc3 in for 0xa5
02-24 16:32:48.903 16428 16428 E ArmVmp : Match on catch block at 0xc3 in for 0xa9
02-24 16:32:48.909 16428 16428 E ArmVmp : Match on catch block at 0xc3 in for 0xa1
02-24 16:32:48.912 16428 16428 E ArmVmp : Match on catch block at 0xc3 in for 0xa1
02-24 16:32:48.925 16428 16428 E ArmVmp : Match on catch block at 0xc3 in for 0xa5
02-24 16:32:48.929 16428 16428 E ArmVmp : Match on catch block at 0xc3 in for 0xa9
02-24 16:32:48.932 16428 16428 E ArmVmp : Match on catch block at 0xc3 in for 0xa9
02-24 16:32:48.945 16428 16428 E ArmVmp : Match on catch block at 0xc3 in for 0xa1
02-24 16:32:48.949 16428 16428 E ArmVmp : Match on catch block at 0xc3 in for 0xa5
02-24 16:32:48.952 16428 16428 E ArmVmp : Match on catch block at 0xc3 in for 0xa5
02-24 16:32:48.964 16428 16428 E ArmVmp : Match on catch block at 0xc3 in for 0xa9
02-24 16:32:48.969 16428 16428 E ArmVmp : Match on catch block at 0xc3 in for 0xa1
02-24 16:32:48.972 16428 16428 E ArmVmp : Match on catch block at 0xc3 in for 0xa1
02-24 16:32:48.985 16428 16428 E ArmVmp : Match on catch block at 0xc3 in for 0xa5
02-24 16:32:48.990 16428 16428 E ArmVmp : Match on catch block at 0xc3 in for 0xa9
02-24 16:32:48.992 16428 16428 E ArmVmp : Match on catch block at 0xc3 in for 0xa9
02-24 16:32:49.005 16428 16428 E ArmVmp : Match on catch block at 0xc3 in for 0xa1
02-24 16:32:49.009 16428 16428 E ArmVmp : Match on catch block at 0xc3 in for 0xa5
02-24 16:32:49.012 16428 16428 E ArmVmp : Match on catch block at 0xc3 in for 0xa5
02-24 16:32:49.026 16428 16428 E ArmVmp : Match on catch block at 0xc3 in for 0xa9
02-24 16:32:49.031 16428 16428 E ArmVmp : Match on catch block at 0xc3 in for 0xa1
02-24 16:32:49.034 16428 16428 E ArmVmp : Match on catch block at 0xc3 in for 0xa1
02-24 16:32:49.046 16428 16428 E ArmVmp : Match on catch block at 0xc3 in for 0xa5
02-24 16:32:49.051 16428 16428 E ArmVmp : Match on catch block at 0xc3 in for 0xa9
02-24 16:32:49.054 16428 16428 E ArmVmp : Match on catch block at 0xc3 in for 0xa9
02-24 16:32:49.114 16428 16428 E ArmVmp : Match on catch block at 0xc3 in for 0xa5
02-24 16:32:49.120 16428 16428 E ArmVmp : Match on catch block at 0xc3 in for 0xa9
02-24 16:32:49.123 16428 16428 E ArmVmp : Match on catch block at 0xc3 in for 0xa9
02-24 16:32:49.144 16428 16428 E ArmVmp : Match on catch block at 0xc3 in for 0xa1
02-24 16:32:49.149 16428 16428 E ArmVmp : Match on catch block at 0xc3 in for 0xa5
02-24 16:32:49.153 16428 16428 E ArmVmp : Match on catch block at 0xc3 in for 0xa5
02-24 16:32:49.597 16428 18664 E ion : ioctl c0044901 failed with code -1:
Invalid argument
02-24 16:32:49.948 16428 16428 W Settings: Setting device_provisioned has moved
from android.provider.Settings.Secure to android.provider.Settings.Global.
02-24 16:32:50.005 16428 16428 W InputMethodManager: startInputReason = 1
02-24 16:32:50.695 16428 16428 E ArmVmp : Match on catch block at 0xc3 in for 0xa1
02-24 16:32:50.703 16428 16428 E ArmVmp : Match on catch block at 0xc3 in for 0xa5
02-24 16:32:50.706 16428 16428 E ArmVmp : Match on catch block at 0xc3 in for 0xa5
02-24 16:32:50.728 16428 16428 E ArmVmp : Match on catch block at 0xc3 in for 0xa9
02-24 16:32:50.734 16428 16428 E ArmVmp : Match on catch block at 0xc3 in for 0xa1
02-24 16:32:50.738 16428 16428 E ArmVmp : Match on catch block at 0xc3 in for 0xa1
02-24 16:32:50.757 16428 16428 E ArmVmp : Match on catch block at 0xc3 in for 0xa5
02-24 16:32:50.766 16428 16428 E ArmVmp : Match on catch block at 0xc3 in for 0xa9
02-24 16:32:50.769 16428 16428 E ArmVmp : Match on catch block at 0xc3 in for 0xa9
02-24 16:32:50.789 16428 16428 E ArmVmp : Match on catch block at 0xc3 in for 0xa1
02-24 16:32:50.798 16428 16428 E ArmVmp : Match on catch block at 0xc3 in for 0xa5
02-24 16:32:50.802 16428 16428 E ArmVmp : Match on catch block at 0xc3 in for 0xa5
02-24 16:32:50.826 16428 16428 E ArmVmp : Match on catch block at 0xc3 in for 0xa9
02-24 16:32:50.833 16428 16428 E ArmVmp : Match on catch block at 0xc3 in for 0xa1
02-24 16:32:50.836 16428 16428 E ArmVmp : Match on catch block at 0xc3 in for 0xa1
02-24 16:32:50.866 16428 16517 W libEGL : EGLNativeWindowType 0x719e8d2010
disconnect failed
02-24 16:32:50.892 16428 16428 E ArmVmp : Match on catch block at 0xc3 in for 0xa5
02-24 16:32:50.908 16428 16428 E ArmVmp : Match on catch block at 0xc3 in for 0xa9
02-24 16:32:50.913 16428 16428 E ArmVmp : Match on catch block at 0xc3 in for 0xa9
02-24 16:32:50.924 16428 16428 E ArmVmp : Match on catch block at 0xc3 in for 0xa1
02-24 16:32:50.931 16428 16428 E ArmVmp : Match on catch block at 0xc3 in for 0xa5
02-24 16:32:50.934 16428 16428 E ArmVmp : Match on catch block at 0xc3 in for 0xa5
02-24 16:32:50.939 16428 16428 E ArmVmp : Match on catch block at 0xc3 in for 0xa9
02-24 16:32:50.948 16428 16428 E ArmVmp : Match on catch block at 0xc3 in for 0xa1
02-24 16:32:50.952 16428 16428 E ArmVmp : Match on catch block at 0xc3 in for 0xa1
02-24 16:32:50.959 16428 16428 E ArmVmp : Match on catch block at 0xc3 in for 0xa5
02-24 16:32:50.965 16428 16428 E ArmVmp : Match on catch block at 0xc3 in for 0xa9
02-24 16:32:50.968 16428 16428 E ArmVmp : Match on catch block at 0xc3 in for 0xa9
02-24 16:32:51.389 16428 16428 W HiTouch_PressGestureDetector: Touch pointer move a
lot. The moving distance of X is:60.832092, limit is:60The moving distance of Y
is:211.68665, limit is:60
02-24 16:32:52.265 16428 18575 E AudioTrack: StreamType not music do not upload
bigdata
02-24 16:32:52.280 16428 18575 W AudioTrack: AUDIO_OUTPUT_FLAG_FAST denied by
server; frameCount 0 -> 648
02-24 16:32:52.286 16428 18575 W libOpenSLES: Conversion from OpenSL ES positional
channel mask 0x4 to Android mask 0 loses channels
02-24 16:32:52.569 16428 16428 W BottomSheetBehavior: BottomSheetBehavior now
supports multiple callbacks. `setBottomSheetCallback()` removes all existing
callbacks, including ones set internally by library authors, which may result in
unintended behavior. This may change in the future. Please use
`addBottomSheetCallback()` and `removeBottomSheetCallback()` instead to set your
own callbacks.
02-24 16:32:52.612 16428 16428 W StaticLayout: maxLineHeight should not be -1.
maxLines:1 lineCount:1
02-24 16:32:52.618 16428 16428 W StaticLayout: maxLineHeight should not be -1.
maxLines:1 lineCount:1
02-24 16:32:52.624 16428 16428 W StaticLayout: maxLineHeight should not be -1.
maxLines:1 lineCount:1
02-24 16:32:52.633 16428 16428 W StaticLayout: maxLineHeight should not be -1.
maxLines:1 lineCount:1
02-24 16:32:52.643 16428 16428 W InputMethodManager: startInputReason = 1
02-24 16:32:52.938 16428 16475 E wamedia : missing pthread specific data for logger
02-24 16:32:52.939 16428 16475 E wamedia : missing pthread specific data for logger
02-24 16:32:52.959 16428 16428 W p2p_thread: type=1400 audit(0.0:625550): avc:
denied { read } for name="u:object_r:vendor_default_prop:s0" dev="tmpfs" ino=2835
scontext=u:r:untrusted_app:s0:c6,c257,c512,c768
tcontext=u:object_r:vendor_default_prop:s0 tclass=file permissive=0
02-24 16:32:52.978 16428 18598 E libc : Access denied finding property
"ro.hardware.chipname"
02-24 16:32:53.019 16428 16428 W Settings: Setting device_provisioned has moved
from android.provider.Settings.Secure to android.provider.Settings.Global.
02-24 16:32:53.093 16428 18635 W libEGL : EGLNativeWindowType 0x7197317010
disconnect failed
02-24 16:32:53.168 16428 16428 W View : requestLayout() improperly called by
android.view.SurfaceView{b4c7405 I.E...... ......I. 0,0-0,0 #7f0b196b
app:id/surface_view} during layout: running second layout pass
02-24 16:32:53.223 16428 16517 E SurfaceView: surfacePositionLost_uiRtSync
mSurfaceControl = null
02-24 16:32:53.350 16428 16428 W StaticLayout: maxLineHeight should not be -1.
maxLines:1 lineCount:1
02-24 16:32:53.426 16428 16517 W libEGL : EGLNativeWindowType 0x7198689010
disconnect failed
02-24 16:32:53.570 16428 16428 W StaticLayout: maxLineHeight should not be -1.
maxLines:1 lineCount:1
02-24 16:32:54.532 16428 16475 E wamedia : missing pthread specific data for logger
02-24 16:32:54.532 16428 16475 E wamedia : missing pthread specific data for logger
02-24 16:32:55.104 16428 18740 W libEGL : EGLNativeWindowType 0x7197317010
disconnect failed
02-24 16:32:55.113 16428 18635 W libEGL : EGLNativeWindowType 0x719aeb8010
disconnect failed
02-24 16:32:55.125 16428 16517 E SurfaceView: surfacePositionLost_uiRtSync
mSurfaceControl = null
02-24 16:32:59.573 16428 18635 W libEGL : EGLNativeWindowType 0x7197317010
disconnect failed
02-24 16:32:59.576 16428 18740 W libEGL : EGLNativeWindowType 0x719aece010
disconnect failed
02-24 16:32:59.590 16428 16517 E SurfaceView: surfacePositionLost_uiRtSync
mSurfaceControl = null
02-24 16:33:02.935 16428 16475 E wamedia : missing pthread specific data for logger
02-24 16:33:02.937 16428 16475 E wamedia : missing pthread specific data for logger
02-24 16:33:09.780 16428 16475 E wamedia : missing pthread specific data for logger
02-24 16:33:09.782 16428 16475 E wamedia : missing pthread specific data for logger
02-24 16:33:12.524 16428 18736 E wamedia : missing pthread specific data for logger
02-24 16:33:12.525 16428 18736 E wamedia : missing pthread specific data for logger
02-24 16:33:12.981 16428 18736 E wamedia : missing pthread specific data for logger
02-24 16:33:12.982 16428 18736 E wamedia : missing pthread specific data for logger
02-24 16:33:17.436 16428 18736 E wamedia : missing pthread specific data for logger
02-24 16:33:17.437 16428 18736 E wamedia : missing pthread specific data for logger
02-24 16:33:17.527 16428 18736 E wamedia : missing pthread specific data for logger
02-24 16:33:17.527 16428 18736 E wamedia : missing pthread specific data for logger
02-24 16:33:23.998 16428 16475 E wamedia : missing pthread specific data for logger
02-24 16:33:23.999 16428 16475 E wamedia : missing pthread specific data for logger
02-24 16:33:30.115 16428 18736 E wamedia : missing pthread specific data for logger
02-24 16:33:30.116 16428 18736 E wamedia : missing pthread specific data for logger
02-24 16:33:33.955 16428 16439 E : [ZeroHung]zrhung_get_config: Get config
failed for wp[0x0008]
02-24 16:33:40.564 16428 18736 E wamedia : missing pthread specific data for logger
02-24 16:33:40.564 16428 18736 E wamedia : missing pthread specific data for logger
02-24 16:33:43.933 16428 18736 E wamedia : missing pthread specific data for logger
02-24 16:33:43.934 16428 18736 E wamedia : missing pthread specific data for logger
02-24 16:33:54.990 16428 16475 E wamedia : missing pthread specific data for logger
02-24 16:33:54.991 16428 16475 E wamedia : missing pthread specific data for logger
02-24 16:34:00.402 16428 16475 E wamedia : missing pthread specific data for logger
02-24 16:34:00.404 16428 16475 E wamedia : missing pthread specific data for logger
02-24 16:34:12.161 16428 16475 E wamedia : missing pthread specific data for logger
02-24 16:34:12.162 16428 16475 E wamedia : missing pthread specific data for logger
02-24 16:34:19.189 16428 16428 W com.whatsapp: type=1400 audit(0.0:625555): avc:
denied { read } for comm=486967682050726920576F726B6572
name="u:object_r:kirin_audio_prop:s0" dev="tmpfs" ino=2770
scontext=u:r:untrusted_app:s0:c6,c257,c512,c768
tcontext=u:object_r:kirin_audio_prop:s0 tclass=file permissive=0
02-24 16:34:19.207 16428 18195 E libc : Access denied finding property
"persist.kirin.media.lowlatency.enable"
02-24 16:34:19.208 16428 18195 E AudioTrack: StreamType not music do not upload
bigdata
02-24 16:34:19.215 16428 18195 W AudioTrack: AUDIO_OUTPUT_FLAG_FAST denied by
server; frameCount 0 -> 18114
02-24 16:34:31.910 16428 18736 E wamedia : missing pthread specific data for logger
02-24 16:34:31.910 16428 18736 E wamedia : missing pthread specific data for logger
02-24 16:34:31.912 16428 18736 E wamedia : missing pthread specific data for logger
02-24 16:34:31.913 16428 18736 E wamedia : missing pthread specific data for logger
02-24 16:34:56.954 16428 18736 E wamedia : missing pthread specific data for logger
02-24 16:34:56.955 16428 18736 E wamedia : missing pthread specific data for logger
02-24 16:35:03.737 16428 16475 E wamedia : missing pthread specific data for logger
02-24 16:35:03.738 16428 16475 E wamedia : missing pthread specific data for logger
02-24 16:35:12.070 16428 16475 E wamedia : missing pthread specific data for logger
02-24 16:35:12.070 16428 16475 E wamedia : missing pthread specific data for logger
02-24 16:35:12.070 16428 16475 E wamedia : missing pthread specific data for logger
02-24 16:35:12.070 16428 16475 E wamedia : missing pthread specific data for logger
02-24 16:35:13.332 16428 16475 E wamedia : missing pthread specific data for logger
02-24 16:35:13.334 16428 16475 E wamedia : missing pthread specific data for logger
02-24 16:35:24.948 16428 16475 E wamedia : missing pthread specific data for logger
02-24 16:35:24.948 16428 16475 E wamedia : missing pthread specific data for logger
02-24 16:35:26.203 16428 16475 E wamedia : missing pthread specific data for logger
02-24 16:35:26.203 16428 16475 E wamedia : missing pthread specific data for logger
02-24 16:35:26.203 16428 16475 E wamedia : missing pthread specific data for logger
02-24 16:35:26.203 16428 16475 E wamedia : missing pthread specific data for logger
02-24 16:35:26.204 16428 16475 E wamedia : missing pthread specific data for logger
02-24 16:35:26.204 16428 16475 E wamedia : missing pthread specific data for logger
02-24 16:35:26.205 16428 16475 E wamedia : missing pthread specific data for logger
02-24 16:35:26.205 16428 16475 E wamedia : missing pthread specific data for logger
02-24 16:35:26.205 16428 16475 E wamedia : missing pthread specific data for logger
02-24 16:35:26.205 16428 16475 E wamedia : missing pthread specific data for logger
02-24 16:35:26.205 16428 16475 E wamedia : missing pthread specific data for logger
02-24 16:35:26.205 16428 16475 E wamedia : missing pthread specific data for logger
02-24 16:35:26.205 16428 16475 E wamedia : missing pthread specific data for logger
02-24 16:35:26.205 16428 16475 E wamedia : missing pthread specific data for logger
02-24 16:35:26.205 16428 16475 E wamedia : missing pthread specific data for logger
02-24 16:35:26.205 16428 16475 E wamedia : missing pthread specific data for logger
02-24 16:35:26.205 16428 16475 E wamedia : missing pthread specific data for logger
02-24 16:35:39.325 16428 18736 E wamedia : missing pthread specific data for logger
02-24 16:35:39.326 16428 18736 E wamedia : missing pthread specific data for logger
02-24 16:35:45.549 16428 18740 W libEGL : EGLNativeWindowType 0x7197317010
disconnect failed
02-24 16:35:45.553 16428 18635 W libEGL : EGLNativeWindowType 0x719aeb8010
disconnect failed
02-24 16:35:45.569 16428 16517 E SurfaceView: surfacePositionLost_uiRtSync
mSurfaceControl = null
02-24 16:35:45.640 16428 16439 E : [ZeroHung]zrhung_get_config: Get config
failed for wp[0x0008]
02-24 16:35:47.840 16428 18736 E wamedia : missing pthread specific data for logger
02-24 16:35:47.841 16428 18736 E wamedia : missing pthread specific data for logger
02-24 16:35:53.651 16428 16475 E wamedia : missing pthread specific data for logger
02-24 16:35:53.652 16428 16475 E wamedia : missing pthread specific data for logger
02-24 16:36:09.378 16428 16847 E BufferQueueProducer: [SurfaceTexture-4-16428-0]
queueBuffer: BufferQueue has been abandoned
02-24 16:36:09.379 16428 16847 E BufferQueueProducer: [SurfaceTexture-4-16428-0]
dequeueBuffer: BufferQueue has been abandoned
02-24 16:36:09.410 16428 17026 E BufferQueueProducer: [SurfaceTexture-4-16428-0]
queueBuffer: BufferQueue has been abandoned
02-24 16:36:09.411 16428 17026 E BufferQueueProducer: [ImageReader-640x480f23m3-
16428-0] queueBuffer: BufferQueue has been abandoned
02-24 16:36:09.446 16428 17026 E BufferQueueProducer: [SurfaceTexture-4-16428-0]
queueBuffer: BufferQueue has been abandoned
02-24 16:36:09.446 16428 17026 E BufferQueueProducer: [ImageReader-640x480f23m3-
16428-0] queueBuffer: BufferQueue has been abandoned
02-24 16:36:09.477 16428 17026 E BufferQueueProducer: [SurfaceTexture-4-16428-0]
queueBuffer: BufferQueue has been abandoned
02-24 16:36:09.482 16428 17026 E BufferQueueProducer: [ImageReader-640x480f23m3-
16428-0] queueBuffer: BufferQueue has been abandoned
02-24 16:36:09.507 16428 18740 W libEGL : EGLNativeWindowType 0x7195915010
disconnect failed
02-24 16:36:09.512 16428 17026 E BufferQueueProducer: [ImageReader-640x480f23m3-
16428-0] queueBuffer: BufferQueue has been abandoned
02-24 16:36:09.513 16428 17026 E BufferQueueProducer: [SurfaceTexture-4-16428-0]
queueBuffer: BufferQueue has been abandoned
02-24 16:36:09.545 16428 17026 E BufferQueueProducer: [SurfaceTexture-4-16428-0]
queueBuffer: BufferQueue has been abandoned
02-24 16:36:09.546 16428 17026 E BufferQueueProducer: [ImageReader-640x480f23m3-
16428-0] queueBuffer: BufferQueue has been abandoned
02-24 16:36:09.576 16428 18737 E libc : Access denied finding property
"persist.kirin.media.lowlatency.enable"
02-24 16:36:09.577 16428 18737 E AudioTrack: StreamType not music do not upload
bigdata
02-24 16:36:09.579 16428 17026 E BufferQueueProducer: [ImageReader-640x480f23m3-
16428-0] queueBuffer: BufferQueue has been abandoned
02-24 16:36:09.582 16428 17026 E BufferQueueProducer: [SurfaceTexture-4-16428-0]
queueBuffer: BufferQueue has been abandoned
02-24 16:36:09.589 16428 18737 W AudioTrack: AUDIO_OUTPUT_FLAG_FAST denied by
server; frameCount 0 -> 24739
02-24 16:36:09.732 16428 18857 W MessageQueue: Handler (X.6OH) {d073ed0} sending
message to a Handler on a dead thread
02-24 16:36:09.732 16428 18857 W MessageQueue: java.lang.IllegalStateException:
Handler (X.6OH) {d073ed0} sending message to a Handler on a dead thread
02-24 16:36:09.732 16428 18857 W MessageQueue: at
android.os.MessageQueue.enqueueMessage(MessageQueue.java:654)
02-24 16:36:09.732 16428 18857 W MessageQueue: at
android.os.Handler.enqueueMessage(Handler.java:769)
02-24 16:36:09.732 16428 18857 W MessageQueue: at
android.os.Handler.sendMessageAtTime(Handler.java:718)
02-24 16:36:09.732 16428 18857 W MessageQueue: at
android.os.Handler.sendMessageDelayed(Handler.java:688)
02-24 16:36:09.732 16428 18857 W MessageQueue: at
android.os.Handler.post(Handler.java:405)
02-24 16:36:09.732 16428 18857 W MessageQueue: at
android.hardware.camera2.impl.CameraDeviceImpl$CameraHandlerExecutor.execute(Camera
DeviceImpl.java:2353)
02-24 16:36:09.732 16428 18857 W MessageQueue: at
android.hardware.camera2.impl.CameraDeviceImpl.close(CameraDeviceImpl.java:1198)
02-24 16:36:09.732 16428 18857 W MessageQueue: at
com.whatsapp.voipcalling.camera.VoipCameraApi2$StopCameraRunnable.run(Unknown
Source:2)
02-24 16:36:09.732 16428 18857 W MessageQueue: at
java.util.concurrent.ThreadPoolExecutor.processTask(ThreadPoolExecutor.java:1187)
02-24 16:36:09.732 16428 18857 W MessageQueue: at
java.util.concurrent.ThreadPoolExecutor.runWorker(ThreadPoolExecutor.java:1152)
02-24 16:36:09.732 16428 18857 W MessageQueue: at
java.util.concurrent.ThreadPoolExecutor$Worker.run(ThreadPoolExecutor.java:641)
02-24 16:36:09.732 16428 18857 W MessageQueue: at X.3gH.run(Unknown Source:1548)
02-24 16:36:09.732 16428 18857 W MessageQueue: at
java.lang.Thread.run(Thread.java:784)
02-24 16:36:09.806 16428 16428 E ArmVmp : Match on catch block at 0x0a in for 0xc5
02-24 16:36:09.822 16428 16428 E ArmVmp : Match on catch block at 0x0a in for 0xc5
02-24 16:36:09.948 16428 16428 E ArmVmp : Match on catch block at 0xc3 in for 0xa5
02-24 16:36:09.952 16428 16428 E ArmVmp : Match on catch block at 0xc3 in for 0xa9
02-24 16:36:09.961 16428 16428 E ArmVmp : Match on catch block at 0xc3 in for 0xa5
02-24 16:36:09.966 16428 16428 E ArmVmp : Match on catch block at 0xc3 in for 0xa9
02-24 16:36:10.019 16428 16428 W InputMethodManager: startInputReason = 1
02-24 16:36:10.091 16428 16428 E ArmVmp : Match on catch block at 0xc3 in for 0xa9
02-24 16:36:10.095 16428 16428 E ArmVmp : Match on catch block at 0xc3 in for 0xa1
02-24 16:36:10.141 16428 16517 W libEGL : EGLNativeWindowType 0x7198689010
disconnect failed
02-24 16:36:10.145 16428 16428 E ArmVmp : Match on catch block at 0xc3 in for 0xa9
02-24 16:36:10.153 16428 16428 E ArmVmp : Match on catch block at 0xc3 in for 0xa1
02-24 16:36:10.168 16428 16428 W StaticLayout: maxLineHeight should not be -1.
maxLines:1 lineCount:1
02-24 16:36:10.175 16428 16428 W StaticLayout: maxLineHeight should not be -1.
maxLines:1 lineCount:1
02-24 16:36:10.196 16428 16428 E SpannableStringBuilder: SPAN_EXCLUSIVE_EXCLUSIVE
spans cannot have a zero length
02-24 16:36:10.217 16428 18635 W libEGL : EGLNativeWindowType 0x7197317010
disconnect failed
02-24 16:36:10.225 16428 16517 W libEGL : EGLNativeWindowType 0x7194fc9010
disconnect failed
02-24 16:36:10.248 16428 16517 W libEGL : EGLNativeWindowType 0x7198689010
disconnect failed
02-24 16:36:10.286 16428 18635 E libEGL : call to OpenGL ES API with no current
context (logged once per thread)
02-24 16:36:10.535 16428 16428 E ArmVmp : Match on catch block at 0xc3 in for 0xa5
02-24 16:36:10.542 16428 16428 E ArmVmp : Match on catch block at 0xc3 in for 0xa9
02-24 16:36:10.671 16428 16428 E ArmVmp : Match on catch block at 0xc3 in for 0xa5
02-24 16:36:10.676 16428 16428 E ArmVmp : Match on catch block at 0xc3 in for 0xa9
02-24 16:36:10.687 16428 16428 E ArmVmp : Match on catch block at 0xc3 in for 0xa5
02-24 16:36:10.693 16428 16428 E ArmVmp : Match on catch block at 0xc3 in for 0xa9
02-24 16:36:10.703 16428 16428 E ArmVmp : Match on catch block at 0xc3 in for 0xa5
02-24 16:36:10.709 16428 16428 E ArmVmp : Match on catch block at 0xc3 in for 0xa9
02-24 16:36:10.720 16428 16428 E ArmVmp : Match on catch block at 0xc3 in for 0xa5
02-24 16:36:10.726 16428 16428 E ArmVmp : Match on catch block at 0xc3 in for 0xa9
02-24 16:36:10.737 16428 16428 E ArmVmp : Match on catch block at 0xc3 in for 0xa5
02-24 16:36:10.742 16428 16428 E ArmVmp : Match on catch block at 0xc3 in for 0xa9
02-24 16:36:10.753 16428 16428 E ArmVmp : Match on catch block at 0xc3 in for 0xa5
02-24 16:36:10.759 16428 16428 E ArmVmp : Match on catch block at 0xc3 in for 0xa9
02-24 16:36:10.771 16428 16428 E ArmVmp : Match on catch block at 0xc3 in for 0xa5
02-24 16:36:10.777 16428 16428 E ArmVmp : Match on catch block at 0xc3 in for 0xa9
02-24 16:36:10.787 16428 16428 E ArmVmp : Match on catch block at 0xc3 in for 0xa5
02-24 16:36:10.793 16428 16428 E ArmVmp : Match on catch block at 0xc3 in for 0xa9
02-24 16:36:10.804 16428 16428 E ArmVmp : Match on catch block at 0xc3 in for 0xa5
02-24 16:36:10.810 16428 16428 E ArmVmp : Match on catch block at 0xc3 in for 0xa9
02-24 16:36:10.820 16428 16428 E ArmVmp : Match on catch block at 0xc3 in for 0xa5
02-24 16:36:10.826 16428 16428 E ArmVmp : Match on catch block at 0xc3 in for 0xa9
02-24 16:36:10.838 16428 16428 E ArmVmp : Match on catch block at 0xc3 in for 0xa5
02-24 16:36:10.842 16428 16428 E ArmVmp : Match on catch block at 0xc3 in for 0xa9
02-24 16:36:10.854 16428 16428 E ArmVmp : Match on catch block at 0xc3 in for 0xa5
02-24 16:36:10.859 16428 16428 E ArmVmp : Match on catch block at 0xc3 in for 0xa9
02-24 16:36:10.871 16428 16428 E ArmVmp : Match on catch block at 0xc3 in for 0xa5
02-24 16:36:10.876 16428 16428 E ArmVmp : Match on catch block at 0xc3 in for 0xa9
02-24 16:36:10.888 16428 16428 E ArmVmp : Match on catch block at 0xc3 in for 0xa5
02-24 16:36:10.893 16428 16428 E ArmVmp : Match on catch block at 0xc3 in for 0xa9
02-24 16:36:10.905 16428 16428 E ArmVmp : Match on catch block at 0xc3 in for 0xa5
02-24 16:36:10.910 16428 16428 E ArmVmp : Match on catch block at 0xc3 in for 0xa9
02-24 16:36:10.922 16428 16428 E ArmVmp : Match on catch block at 0xc3 in for 0xa5
02-24 16:36:10.926 16428 16428 E ArmVmp : Match on catch block at 0xc3 in for 0xa9
02-24 16:36:10.938 16428 16428 E ArmVmp : Match on catch block at 0xc3 in for 0xa5
02-24 16:36:10.943 16428 16428 E ArmVmp : Match on catch block at 0xc3 in for 0xa9
02-24 16:36:10.955 16428 16428 E ArmVmp : Match on catch block at 0xc3 in for 0xa5
02-24 16:36:10.960 16428 16428 E ArmVmp : Match on catch block at 0xc3 in for 0xa9
02-24 16:36:10.972 16428 16428 E ArmVmp : Match on catch block at 0xc3 in for 0xa5
02-24 16:36:10.978 16428 16428 E ArmVmp : Match on catch block at 0xc3 in for 0xa9
02-24 16:36:11.039 16428 16428 E ArmVmp : Match on catch block at 0xc3 in for 0xa5
02-24 16:36:11.046 16428 16428 E ArmVmp : Match on catch block at 0xc3 in for 0xa9
02-24 16:36:11.478 16428 16428 E ArmVmp : Match on catch block at 0xc3 in for 0xa5
02-24 16:36:11.487 16428 16428 E ArmVmp : Match on catch block at 0xc3 in for 0xa9
02-24 16:36:11.498 16428 16428 E ArmVmp : Match on catch block at 0xc3 in for 0xa5
02-24 16:36:11.505 16428 16428 E ArmVmp : Match on catch block at 0xc3 in for 0xa9
02-24 16:36:11.514 16428 16428 E ArmVmp : Match on catch block at 0xc3 in for 0xa5
02-24 16:36:11.519 16428 16428 E ArmVmp : Match on catch block at 0xc3 in for 0xa9
02-24 16:36:11.529 16428 16428 E ArmVmp : Match on catch block at 0xc3 in for 0xa5
02-24 16:36:11.534 16428 16428 E ArmVmp : Match on catch block at 0xc3 in for 0xa9
02-24 16:36:11.547 16428 16428 E ArmVmp : Match on catch block at 0xc3 in for 0xa5
02-24 16:36:11.553 16428 16428 E ArmVmp : Match on catch block at 0xc3 in for 0xa9
02-24 16:36:11.560 16428 16428 E ArmVmp : Match on catch block at 0xc3 in for 0xa5
02-24 16:36:11.566 16428 16428 E ArmVmp : Match on catch block at 0xc3 in for 0xa9
02-24 16:36:11.576 16428 16428 E ArmVmp : Match on catch block at 0xc3 in for 0xa5
02-24 16:36:11.582 16428 16428 E ArmVmp : Match on catch block at 0xc3 in for 0xa9
02-24 16:36:11.593 16428 16428 E ArmVmp : Match on catch block at 0xc3 in for 0xa5
02-24 16:36:11.599 16428 16428 E ArmVmp : Match on catch block at 0xc3 in for 0xa9
02-24 16:36:11.610 16428 16428 E ArmVmp : Match on catch block at 0xc3 in for 0xa5
02-24 16:36:11.615 16428 16428 E ArmVmp : Match on catch block at 0xc3 in for 0xa9
02-24 16:36:11.627 16428 16428 E ArmVmp : Match on catch block at 0xc3 in for 0xa5
02-24 16:36:11.634 16428 16428 E ArmVmp : Match on catch block at 0xc3 in for 0xa9
02-24 16:36:11.643 16428 16428 E ArmVmp : Match on catch block at 0xc3 in for 0xa5
02-24 16:36:11.649 16428 16428 E ArmVmp : Match on catch block at 0xc3 in for 0xa9
02-24 16:36:11.660 16428 16428 E ArmVmp : Match on catch block at 0xc3 in for 0xa5
02-24 16:36:11.665 16428 16428 E ArmVmp : Match on catch block at 0xc3 in for 0xa9
02-24 16:36:11.677 16428 16428 E ArmVmp : Match on catch block at 0xc3 in for 0xa5
02-24 16:36:11.683 16428 16428 E ArmVmp : Match on catch block at 0xc3 in for 0xa9
02-24 16:36:11.694 16428 16428 E ArmVmp : Match on catch block at 0xc3 in for 0xa5
02-24 16:36:11.699 16428 16428 E ArmVmp : Match on catch block at 0xc3 in for 0xa9
02-24 16:36:11.711 16428 16428 E ArmVmp : Match on catch block at 0xc3 in for 0xa5
02-24 16:36:11.716 16428 16428 E ArmVmp : Match on catch block at 0xc3 in for 0xa9
02-24 16:36:11.727 16428 16428 E ArmVmp : Match on catch block at 0xc3 in for 0xa5
02-24 16:36:11.732 16428 16428 E ArmVmp : Match on catch block at 0xc3 in for 0xa9
02-24 16:36:12.064 16428 16428 E ArmVmp : Match on catch block at 0xc3 in for 0xa5
02-24 16:36:12.071 16428 16428 E ArmVmp : Match on catch block at 0xc3 in for 0xa9
02-24 16:36:12.569 16428 16428 E ArmVmp : Match on catch block at 0xc3 in for 0xa5
02-24 16:36:12.576 16428 16428 E ArmVmp : Match on catch block at 0xc3 in for 0xa9
02-24 16:36:13.073 16428 16428 E ArmVmp : Match on catch block at 0xc3 in for 0xa1
02-24 16:36:13.080 16428 16428 E ArmVmp : Match on catch block at 0xc3 in for 0xa5
02-24 16:36:13.559 16428 16428 E ArmVmp : Match on catch block at 0xc3 in for 0xa1
02-24 16:36:13.566 16428 16428 E ArmVmp : Match on catch block at 0xc3 in for 0xa5
02-24 16:36:13.907 16428 16428 W Settings: Setting device_provisioned has moved
from android.provider.Settings.Secure to android.provider.Settings.Global.
02-24 16:36:14.008 16428 16428 W HiTouch_PressGestureDetector: Touch pointer move a
lot. The moving distance of X is:75.72052, limit is:60The moving distance of Y
is:106.00867, limit is:60
02-24 16:36:14.014 16428 16428 E ArmVmp : Match on catch block at 0xc3 in for 0xa9
02-24 16:36:14.022 16428 16428 E ArmVmp : Match on catch block at 0xc3 in for 0xa1
02-24 16:36:14.061 16428 16428 E ArmVmp : Match on catch block at 0xc3 in for 0xa1
02-24 16:36:14.067 16428 16428 E ArmVmp : Match on catch block at 0xc3 in for 0xa5
02-24 16:36:14.077 16428 16428 E ArmVmp : Match on catch block at 0xc3 in for 0xa5
02-24 16:36:14.084 16428 16428 E ArmVmp : Match on catch block at 0xc3 in for 0xa9
02-24 16:36:14.113 16428 16428 E ArmVmp : Match on catch block at 0xc3 in for 0xa9
02-24 16:36:14.118 16428 16428 E ArmVmp : Match on catch block at 0xc3 in for 0xa1
02-24 16:36:14.128 16428 16428 E ArmVmp : Match on catch block at 0xc3 in for 0xa1
02-24 16:36:14.134 16428 16428 E ArmVmp : Match on catch block at 0xc3 in for 0xa5
02-24 16:36:14.146 16428 16428 E ArmVmp : Match on catch block at 0xc3 in for 0xa1
02-24 16:36:14.151 16428 16428 E ArmVmp : Match on catch block at 0xc3 in for 0xa5
02-24 16:36:14.182 16428 16428 E ArmVmp : Match on catch block at 0xc3 in for 0xa5
02-24 16:36:14.187 16428 16428 E ArmVmp : Match on catch block at 0xc3 in for 0xa9
02-24 16:36:14.197 16428 16428 E ArmVmp : Match on catch block at 0xc3 in for 0xa9
02-24 16:36:14.202 16428 16428 E ArmVmp : Match on catch block at 0xc3 in for 0xa1
02-24 16:36:14.214 16428 16428 E ArmVmp : Match on catch block at 0xc3 in for 0xa1
02-24 16:36:14.219 16428 16428 E ArmVmp : Match on catch block at 0xc3 in for 0xa5
02-24 16:36:14.230 16428 16428 E ArmVmp : Match on catch block at 0xc3 in for 0xa5
02-24 16:36:14.236 16428 16428 E ArmVmp : Match on catch block at 0xc3 in for 0xa9
02-24 16:36:14.248 16428 16428 E ArmVmp : Match on catch block at 0xc3 in for 0xa9
02-24 16:36:14.253 16428 16428 E ArmVmp : Match on catch block at 0xc3 in for 0xa1
02-24 16:36:14.264 16428 16428 E ArmVmp : Match on catch block at 0xc3 in for 0xa1
02-24 16:36:14.269 16428 16428 E ArmVmp : Match on catch block at 0xc3 in for 0xa5
02-24 16:36:14.281 16428 16428 E ArmVmp : Match on catch block at 0xc3 in for 0xa1
02-24 16:36:14.286 16428 16428 E ArmVmp : Match on catch block at 0xc3 in for 0xa5
02-24 16:36:14.298 16428 16428 E ArmVmp : Match on catch block at 0xc3 in for 0xa5
02-24 16:36:14.303 16428 16428 E ArmVmp : Match on catch block at 0xc3 in for 0xa9
02-24 16:36:14.314 16428 16428 E ArmVmp : Match on catch block at 0xc3 in for 0xa9
02-24 16:36:14.320 16428 16428 E ArmVmp : Match on catch block at 0xc3 in for 0xa1
02-24 16:36:14.332 16428 16428 E ArmVmp : Match on catch block at 0xc3 in for 0xa1
02-24 16:36:14.337 16428 16428 E ArmVmp : Match on catch block at 0xc3 in for 0xa5
02-24 16:36:14.348 16428 16428 E ArmVmp : Match on catch block at 0xc3 in for 0xa5
02-24 16:36:14.353 16428 16428 E ArmVmp : Match on catch block at 0xc3 in for 0xa9
02-24 16:36:14.365 16428 16428 E ArmVmp : Match on catch block at 0xc3 in for 0xa9
02-24 16:36:14.371 16428 16428 E ArmVmp : Match on catch block at 0xc3 in for 0xa1
02-24 16:36:14.382 16428 16428 E ArmVmp : Match on catch block at 0xc3 in for 0xa1
02-24 16:36:14.387 16428 16428 E ArmVmp : Match on catch block at 0xc3 in for 0xa5
02-24 16:36:14.399 16428 16428 E ArmVmp : Match on catch block at 0xc3 in for 0xa5
02-24 16:36:14.404 16428 16428 E ArmVmp : Match on catch block at 0xc3 in for 0xa9
02-24 16:36:14.416 16428 16428 E ArmVmp : Match on catch block at 0xc3 in for 0xa9
02-24 16:36:14.421 16428 16428 E ArmVmp : Match on catch block at 0xc3 in for 0xa1
02-24 16:36:14.455 16428 16428 E ArmVmp : Match on catch block at 0xc3 in for 0xa1
02-24 16:36:14.461 16428 16428 E ArmVmp : Match on catch block at 0xc3 in for 0xa5
02-24 16:36:14.471 16428 16428 E ArmVmp : Match on catch block at 0xc3 in for 0xa5
02-24 16:36:14.478 16428 16428 E ArmVmp : Match on catch block at 0xc3 in for 0xa9
02-24 16:36:14.489 16428 16428 E ArmVmp : Match on catch block at 0xc3 in for 0xa9
02-24 16:36:14.494 16428 16428 E ArmVmp : Match on catch block at 0xc3 in for 0xa1
02-24 16:36:14.516 16428 16428 E ArmVmp : Match on catch block at 0xc3 in for 0xa9
02-24 16:36:14.522 16428 16428 E ArmVmp : Match on catch block at 0xc3 in for 0xa1
02-24 16:36:14.533 16428 16428 E ArmVmp : Match on catch block at 0xc3 in for 0xa1
02-24 16:36:14.540 16428 16428 E ArmVmp : Match on catch block at 0xc3 in for 0xa5
02-24 16:36:14.550 16428 16428 E ArmVmp : Match on catch block at 0xc3 in for 0xa5
02-24 16:36:14.556 16428 16428 E ArmVmp : Match on catch block at 0xc3 in for 0xa9
02-24 16:36:14.568 16428 16428 E ArmVmp : Match on catch block at 0xc3 in for 0xa5
02-24 16:36:14.573 16428 16428 E ArmVmp : Match on catch block at 0xc3 in for 0xa9
02-24 16:36:14.586 16428 16428 E ArmVmp : Match on catch block at 0xc3 in for 0xa9
02-24 16:36:14.591 16428 16428 E ArmVmp : Match on catch block at 0xc3 in for 0xa1
02-24 16:36:14.601 16428 16428 E ArmVmp : Match on catch block at 0xc3 in for 0xa1
02-24 16:36:14.608 16428 16428 E ArmVmp : Match on catch block at 0xc3 in for 0xa5
02-24 16:36:14.618 16428 16428 E ArmVmp : Match on catch block at 0xc3 in for 0xa5
02-24 16:36:14.626 16428 16428 E ArmVmp : Match on catch block at 0xc3 in for 0xa9
02-24 16:36:14.639 16428 16428 E ArmVmp : Match on catch block at 0xc3 in for 0xa9
02-24 16:36:14.645 16428 16428 E ArmVmp : Match on catch block at 0xc3 in for 0xa1
02-24 16:36:14.658 16428 16428 E ArmVmp : Match on catch block at 0xc3 in for 0xa1
02-24 16:36:14.665 16428 16428 E ArmVmp : Match on catch block at 0xc3 in for 0xa5
02-24 16:36:14.674 16428 16428 E ArmVmp : Match on catch block at 0xc3 in for 0xa5
02-24 16:36:14.680 16428 16428 E ArmVmp : Match on catch block at 0xc3 in for 0xa9
02-24 16:36:14.695 16428 16428 E ArmVmp : Match on catch block at 0xc3 in for 0xa9
02-24 16:36:14.700 16428 16428 E ArmVmp : Match on catch block at 0xc3 in for 0xa1
02-24 16:36:14.708 16428 16428 E ArmVmp : Match on catch block at 0xc3 in for 0xa5
02-24 16:36:14.712 16428 16428 E ArmVmp : Match on catch block at 0xc3 in for 0xa9
02-24 16:36:14.720 16428 16428 E ArmVmp : Match on catch block at 0xc3 in for 0xa1
02-24 16:36:14.725 16428 16428 E ArmVmp : Match on catch block at 0xc3 in for 0xa5
02-24 16:36:14.733 16428 16428 E ArmVmp : Match on catch block at 0xc3 in for 0xa9
02-24 16:36:14.738 16428 16428 E ArmVmp : Match on catch block at 0xc3 in for 0xa1
02-24 16:36:14.750 16428 16428 E ArmVmp : Match on catch block at 0xc3 in for 0xa5
02-24 16:36:14.754 16428 16428 E ArmVmp : Match on catch block at 0xc3 in for 0xa9
02-24 16:36:14.767 16428 16428 E ArmVmp : Match on catch block at 0xc3 in for 0xa1
02-24 16:36:14.771 16428 16428 E ArmVmp : Match on catch block at 0xc3 in for 0xa5
02-24 16:36:14.784 16428 16428 E ArmVmp : Match on catch block at 0xc3 in for 0xa9
02-24 16:36:14.788 16428 16428 E ArmVmp : Match on catch block at 0xc3 in for 0xa1
02-24 16:36:14.800 16428 16428 E ArmVmp : Match on catch block at 0xc3 in for 0xa5
02-24 16:36:14.805 16428 16428 E ArmVmp : Match on catch block at 0xc3 in for 0xa9
02-24 16:36:14.817 16428 16428 E ArmVmp : Match on catch block at 0xc3 in for 0xa1
02-24 16:36:14.822 16428 16428 E ArmVmp : Match on catch block at 0xc3 in for 0xa5
02-24 16:36:14.834 16428 16428 E ArmVmp : Match on catch block at 0xc3 in for 0xa9
02-24 16:36:14.839 16428 16428 E ArmVmp : Match on catch block at 0xc3 in for 0xa1
02-24 16:36:14.851 16428 16428 E ArmVmp : Match on catch block at 0xc3 in for 0xa5
02-24 16:36:14.856 16428 16428 E ArmVmp : Match on catch block at 0xc3 in for 0xa9
02-24 16:36:14.867 16428 16428 E ArmVmp : Match on catch block at 0xc3 in for 0xa1
02-24 16:36:14.872 16428 16428 E ArmVmp : Match on catch block at 0xc3 in for 0xa5
02-24 16:36:14.884 16428 16428 E ArmVmp : Match on catch block at 0xc3 in for 0xa9
02-24 16:36:14.889 16428 16428 E ArmVmp : Match on catch block at 0xc3 in for 0xa1
02-24 16:36:14.901 16428 16428 E ArmVmp : Match on catch block at 0xc3 in for 0xa5
02-24 16:36:14.905 16428 16428 E ArmVmp : Match on catch block at 0xc3 in for 0xa9
02-24 16:36:14.918 16428 16428 E ArmVmp : Match on catch block at 0xc3 in for 0xa1
02-24 16:36:14.922 16428 16428 E ArmVmp : Match on catch block at 0xc3 in for 0xa5
02-24 16:36:14.934 16428 16428 E ArmVmp : Match on catch block at 0xc3 in for 0xa9
02-24 16:36:14.939 16428 16428 E ArmVmp : Match on catch block at 0xc3 in for 0xa1
02-24 16:36:14.952 16428 16428 E ArmVmp : Match on catch block at 0xc3 in for 0xa5
02-24 16:36:14.956 16428 16428 E ArmVmp : Match on catch block at 0xc3 in for 0xa9
02-24 16:36:14.969 16428 16428 E ArmVmp : Match on catch block at 0xc3 in for 0xa1
02-24 16:36:14.974 16428 16428 E ArmVmp : Match on catch block at 0xc3 in for 0xa5
02-24 16:36:14.986 16428 16428 E ArmVmp : Match on catch block at 0xc3 in for 0xa9
02-24 16:36:14.991 16428 16428 E ArmVmp : Match on catch block at 0xc3 in for 0xa1
02-24 16:36:15.001 16428 16428 E ArmVmp : Match on catch block at 0xc3 in for 0xa1
02-24 16:36:15.006 16428 16428 E ArmVmp : Match on catch block at 0xc3 in for 0xa5
02-24 16:36:15.103 16428 16428 E ArmVmp : Match on catch block at 0xc3 in for 0xa5
02-24 16:36:15.109 16428 16428 E ArmVmp : Match on catch block at 0xc3 in for 0xa9
02-24 16:36:15.308 16428 16428 E ArmVmp : Match on catch block at 0xc3 in for 0xa5
02-24 16:36:15.314 16428 16428 E ArmVmp : Match on catch block at 0xc3 in for 0xa9
02-24 16:36:15.323 16428 16428 E ArmVmp : Match on catch block at 0xc3 in for 0xa9
02-24 16:36:15.329 16428 16428 E ArmVmp : Match on catch block at 0xc3 in for 0xa1
02-24 16:36:15.356 16428 16428 E ArmVmp : Match on catch block at 0xc3 in for 0xa1
02-24 16:36:15.361 16428 16428 E ArmVmp : Match on catch block at 0xc3 in for 0xa5
02-24 16:36:15.421 16428 16428 E ArmVmp : Match on catch block at 0xc3 in for 0xa9
02-24 16:36:15.425 16428 16428 E ArmVmp : Match on catch block at 0xc3 in for 0xa1
02-24 16:36:15.438 16428 16428 W InputMethodManager: startInputReason = 1
02-24 16:36:15.624 16428 16517 W libEGL : EGLNativeWindowType 0x719e881010
disconnect failed
02-24 16:36:15.636 16428 16428 E ArmVmp : Match on catch block at 0xc3 in for 0xa1
02-24 16:36:15.641 16428 16428 E ArmVmp : Match on catch block at 0xc3 in for 0xa5
02-24 16:36:17.422 16428 16428 W Settings: Setting device_provisioned has moved
from android.provider.Settings.Secure to android.provider.Settings.Global.
02-24 16:36:17.451 16428 16428 W HiTouch_PressGestureDetector: Touch pointer move a
lot. The moving distance of X is:6.4553833, limit is:60The moving distance of Y
is:62.625366, limit is:60
02-24 16:36:18.286 16428 16428 W InputMethodManager: startInputReason = 1
02-24 16:36:18.446 16428 16517 W libEGL : EGLNativeWindowType 0x719e97e010
disconnect failed
02-24 16:36:20.095 16428 16428 W InputMethodManager: startInputReason = 1
02-24 16:36:20.169 16428 16428 W StaticLayout: maxLineHeight should not be -1.
maxLines:1 lineCount:1
02-24 16:36:20.264 16428 16517 W libEGL : EGLNativeWindowType 0x71959b6010
disconnect failed
02-24 16:36:21.011 16428 16428 W HiTouch_PressGestureDetector: Touch pointer move a
lot. The moving distance of X is:17.921265, limit is:60The moving distance of Y
is:107.10724, limit is:60
02-24 16:36:21.581 16428 16428 W ActivityThread: handleWindowVisibility: no
activity for token android.os.BinderProxy@dd26e3b
02-24 16:36:21.923 16428 16428 E ArmVmp : Match on catch block at 0x0a in for 0xc5
02-24 16:36:21.928 16428 16428 E ArmVmp : Match on catch block at 0x0a in for 0xc5
02-24 16:36:22.182 16428 16428 E ArmVmp : Match on catch block at 0xc3 in for 0xb5
02-24 16:36:22.186 16428 16428 E ArmVmp : Match on catch block at 0xc3 in for 0xb5
02-24 16:36:22.193 16428 16428 E ArmVmp : Match on catch block at 0xc3 in for 0xa1
02-24 16:36:22.196 16428 16428 E ArmVmp : Match on catch block at 0xc3 in for 0xa5
02-24 16:36:22.258 16428 16428 E ArmVmp : Match on catch block at 0xc3 in for 0xa1
02-24 16:36:22.262 16428 16428 E ArmVmp : Match on catch block at 0xc3 in for 0xa5
02-24 16:36:22.316 16428 16428 E ArmVmp : Match on catch block at 0xc3 in for 0xa5
02-24 16:36:22.320 16428 16428 E ArmVmp : Match on catch block at 0xc3 in for 0xa9
02-24 16:36:22.330 16428 16428 W InputMethodManager: startInputReason = 1
02-24 16:36:22.349 16428 16428 E ArmVmp : Match on catch block at 0xc3 in for 0xa5
02-24 16:36:22.353 16428 16428 E ArmVmp : Match on catch block at 0xc3 in for 0xa9
02-24 16:36:22.377 16428 16428 E ArmVmp : Match on catch block at 0xc3 in for 0xa1
02-24 16:36:22.380 16428 16428 E ArmVmp : Match on catch block at 0xc3 in for 0xa5
02-24 16:36:22.395 16428 16517 W libEGL : EGLNativeWindowType 0x719e97e010
disconnect failed
02-24 16:36:22.404 16428 16428 E SpannableStringBuilder: SPAN_EXCLUSIVE_EXCLUSIVE
spans cannot have a zero length
02-24 16:36:22.407 16428 16428 E ArmVmp : Match on catch block at 0xc3 in for 0xa5
02-24 16:36:22.411 16428 16428 E ArmVmp : Match on catch block at 0xc3 in for 0xa9
02-24 16:36:22.422 16428 16428 E ArmVmp : Match on catch block at 0xc3 in for 0xa9
02-24 16:36:22.426 16428 16428 E ArmVmp : Match on catch block at 0xc3 in for 0xa1
02-24 16:36:22.661 16428 16428 W Settings: Setting device_provisioned has moved
from android.provider.Settings.Secure to android.provider.Settings.Global.
02-24 16:36:22.785 16428 16428 E ArmVmp : Match on catch block at 0xc3 in for 0xa9
02-24 16:36:22.791 16428 16428 E ArmVmp : Match on catch block at 0xc3 in for 0xa1
02-24 16:36:22.799 16428 16428 E SpannableStringBuilder: SPAN_EXCLUSIVE_EXCLUSIVE
spans cannot have a zero length
02-24 16:36:22.832 16428 16428 E ArmVmp : Match on catch block at 0xc3 in for 0xa1
02-24 16:36:22.839 16428 16428 E ArmVmp : Match on catch block at 0xc3 in for 0xa5
02-24 16:36:22.856 16428 16428 E ArmVmp : Match on catch block at 0xc3 in for 0xa1
02-24 16:36:22.863 16428 16428 E ArmVmp : Match on catch block at 0xc3 in for 0xa5
02-24 16:36:22.876 16428 16428 E ArmVmp : Match on catch block at 0xc3 in for 0xa5
02-24 16:36:22.881 16428 16428 E ArmVmp : Match on catch block at 0xc3 in for 0xa9
02-24 16:36:22.893 16428 16428 E ArmVmp : Match on catch block at 0xc3 in for 0xa9
02-24 16:36:22.899 16428 16428 E ArmVmp : Match on catch block at 0xc3 in for 0xa1
02-24 16:36:22.910 16428 16428 E ArmVmp : Match on catch block at 0xc3 in for 0xa1
02-24 16:36:22.917 16428 16428 E ArmVmp : Match on catch block at 0xc3 in for 0xa5
02-24 16:36:22.926 16428 16428 E ArmVmp : Match on catch block at 0xc3 in for 0xa5
02-24 16:36:22.932 16428 16428 E ArmVmp : Match on catch block at 0xc3 in for 0xa9
02-24 16:36:22.943 16428 16428 E ArmVmp : Match on catch block at 0xc3 in for 0xa9
02-24 16:36:22.949 16428 16428 E ArmVmp : Match on catch block at 0xc3 in for 0xa1
02-24 16:36:22.960 16428 16428 E ArmVmp : Match on catch block at 0xc3 in for 0xa1
02-24 16:36:22.965 16428 16428 E ArmVmp : Match on catch block at 0xc3 in for 0xa5
02-24 16:36:22.977 16428 16428 E ArmVmp : Match on catch block at 0xc3 in for 0xa5
02-24 16:36:22.984 16428 16428 E ArmVmp : Match on catch block at 0xc3 in for 0xa9
02-24 16:36:22.994 16428 16428 E ArmVmp : Match on catch block at 0xc3 in for 0xa9
02-24 16:36:22.999 16428 16428 E ArmVmp : Match on catch block at 0xc3 in for 0xa1
02-24 16:36:23.010 16428 16428 E ArmVmp : Match on catch block at 0xc3 in for 0xa1
02-24 16:36:23.015 16428 16428 E ArmVmp : Match on catch block at 0xc3 in for 0xa5
02-24 16:36:23.027 16428 16428 E ArmVmp : Match on catch block at 0xc3 in for 0xa5
02-24 16:36:23.031 16428 16428 E ArmVmp : Match on catch block at 0xc3 in for 0xa9
02-24 16:36:23.044 16428 16428 E ArmVmp : Match on catch block at 0xc3 in for 0xa9
02-24 16:36:23.049 16428 16428 E ArmVmp : Match on catch block at 0xc3 in for 0xa1
02-24 16:36:23.060 16428 16428 E ArmVmp : Match on catch block at 0xc3 in for 0xa1
02-24 16:36:23.065 16428 16428 E ArmVmp : Match on catch block at 0xc3 in for 0xa5
02-24 16:36:23.077 16428 16428 E ArmVmp : Match on catch block at 0xc3 in for 0xa5
02-24 16:36:23.082 16428 16428 E ArmVmp : Match on catch block at 0xc3 in for 0xa9
02-24 16:36:23.094 16428 16428 E ArmVmp : Match on catch block at 0xc3 in for 0xa9
02-24 16:36:23.099 16428 16428 E ArmVmp : Match on catch block at 0xc3 in for 0xa1
02-24 16:36:23.111 16428 16428 E ArmVmp : Match on catch block at 0xc3 in for 0xa1
02-24 16:36:23.116 16428 16428 E ArmVmp : Match on catch block at 0xc3 in for 0xa5
02-24 16:36:23.128 16428 16428 E ArmVmp : Match on catch block at 0xc3 in for 0xa5
02-24 16:36:23.133 16428 16428 E ArmVmp : Match on catch block at 0xc3 in for 0xa9
02-24 16:36:23.145 16428 16428 E ArmVmp : Match on catch block at 0xc3 in for 0xa9
02-24 16:36:23.150 16428 16428 E ArmVmp : Match on catch block at 0xc3 in for 0xa1
02-24 16:36:23.161 16428 16428 E ArmVmp : Match on catch block at 0xc3 in for 0xa1
02-24 16:36:23.166 16428 16428 E ArmVmp : Match on catch block at 0xc3 in for 0xa5
02-24 16:36:23.178 16428 16428 E ArmVmp : Match on catch block at 0xc3 in for 0xa5
02-24 16:36:23.182 16428 16428 E ArmVmp : Match on catch block at 0xc3 in for 0xa9
02-24 16:36:23.381 16428 16428 E ArmVmp : Match on catch block at 0xc3 in for 0xa9
02-24 16:36:23.390 16428 16428 E ArmVmp : Match on catch block at 0xc3 in for 0xa1
02-24 16:36:23.886 16428 16428 E ArmVmp : Match on catch block at 0xc3 in for 0xa1
02-24 16:36:23.896 16428 16428 E ArmVmp : Match on catch block at 0xc3 in for 0xa5
02-24 16:36:23.951 16428 16428 E ArmVmp : Match on catch block at 0xc3 in for 0xa5
02-24 16:36:23.957 16428 16428 E ArmVmp : Match on catch block at 0xc3 in for 0xa9
02-24 16:36:23.994 16428 16428 E ArmVmp : Match on catch block at 0xc3 in for 0xa9
02-24 16:36:23.999 16428 16428 E ArmVmp : Match on catch block at 0xc3 in for 0xa1
02-24 16:36:24.027 16428 16428 E ArmVmp : Match on catch block at 0xc3 in for 0xa1
02-24 16:36:24.033 16428 16428 E ArmVmp : Match on catch block at 0xc3 in for 0xa5
02-24 16:36:24.037 16428 16428 W ActivityThread: handleWindowVisibility: no
activity for token android.os.BinderProxy@effa391
02-24 16:36:24.131 16428 16428 W TabLayout: MODE_SCROLLABLE + GRAVITY_FILL is not
supported, GRAVITY_START will be used instead
02-24 16:36:24.217 16428 16428 W BottomSheetBehavior: BottomSheetBehavior now
supports multiple callbacks. `setBottomSheetCallback()` removes all existing
callbacks, including ones set internally by library authors, which may result in
unintended behavior. This may change in the future. Please use
`addBottomSheetCallback()` and `removeBottomSheetCallback()` instead to set your
