02-24 16:29:07.618 16428 16428 E ArmVmp : Match on catch block at 0xc3 in for 0xa9
02-24 16:29:07.622 16428 16428 E ArmVmp : Match on catch block at 0xc3 in for 0xa1
02-24 16:29:07.652 16428 16428 E ArmVmp : Match on catch block at 0xc3 in for 0xa5
02-24 16:29:07.656 16428 16428 E ArmVmp : Match on catch block at 0xc3 in for 0xa9
02-24 16:29:07.669 16428 16428 E ArmVmp : Match on catch block at 0xc3 in for 0xa5
02-24 16:29:07.674 16428 16428 E ArmVmp : Match on catch block at 0xc3 in for 0xa9
02-24 16:29:07.703 16428 16428 E ArmVmp : Match on catch block at 0xc3 in for 0xa1
02-24 16:29:07.707 16428 16428 E ArmVmp : Match on catch block at 0xc3 in for 0xa5
02-24 16:29:07.718 16428 16428 E ArmVmp : Match on catch block at 0xc3 in for 0xa5
02-24 16:29:07.723 16428 16428 E ArmVmp : Match on catch block at 0xc3 in for 0xa9
02-24 16:29:07.752 16428 16428 E ArmVmp : Match on catch block at 0xc3 in for 0xa9
02-24 16:29:07.758 16428 16428 E ArmVmp : Match on catch block at 0xc3 in for 0xa1
02-24 16:29:07.787 16428 16428 E ArmVmp : Match on catch block at 0xc3 in for 0xa1
02-24 16:29:07.791 16428 16428 E ArmVmp : Match on catch block at 0xc3 in for 0xa5
02-24 16:29:07.819 16428 16428 E ArmVmp : Match on catch block at 0xc3 in for 0xa1
02-24 16:29:07.824 16428 16428 E ArmVmp : Match on catch block at 0xc3 in for 0xa5
02-24 16:29:07.836 16428 16428 E ArmVmp : Match on catch block at 0xc3 in for 0xa1
02-24 16:29:07.840 16428 16428 E ArmVmp : Match on catch block at 0xc3 in for 0xa5
02-24 16:29:07.883 16428 16428 E ArmVmp : Match on catch block at 0xc3 in for 0xa1
02-24 16:29:07.889 16428 16428 E ArmVmp : Match on catch block at 0xc3 in for 0xa5
02-24 16:29:07.949 16428 16428 E ArmVmp : Match on catch block at 0xc3 in for 0xa1
02-24 16:29:07.953 16428 16428 E ArmVmp : Match on catch block at 0xc3 in for 0xa5
02-24 16:29:08.016 16428 16428 E ArmVmp : Match on catch block at 0xc3 in for 0xa1
02-24 16:29:08.022 16428 16428 E ArmVmp : Match on catch block at 0xc3 in for 0xa5
02-24 16:29:08.036 16428 16428 W InputMethodManager: startInputReason = 1
02-24 16:29:08.070 16428 16428 E ArmVmp : Match on catch block at 0xc3 in for 0xa1
02-24 16:29:08.074 16428 16428 E ArmVmp : Match on catch block at 0xc3 in for 0xa5
02-24 16:29:08.093 16428 16428 E ArmVmp : Match on catch block at 0xc3 in for 0xa1
02-24 16:29:08.098 16428 16428 E ArmVmp : Match on catch block at 0xc3 in for 0xa5
02-24 16:29:08.113 16428 16428 E ArmVmp : Match on catch block at 0xc3 in for 0xa5
02-24 16:29:08.118 16428 16428 E ArmVmp : Match on catch block at 0xc3 in for 0xa9
02-24 16:29:08.125 16428 16428 E ArmVmp : Match on catch block at 0xc3 in for 0xa1
02-24 16:29:08.130 16428 16428 E ArmVmp : Match on catch block at 0xc3 in for 0xa5
02-24 16:29:08.138 16428 16428 E ArmVmp : Match on catch block at 0xc3 in for 0xa5
02-24 16:29:08.145 16428 16428 E ArmVmp : Match on catch block at 0xc3 in for 0xa9
02-24 16:29:08.174 16428 16517 W libEGL : EGLNativeWindowType 0x7196c9b010
disconnect failed
02-24 16:29:08.184 16428 16428 E ArmVmp : Match on catch block at 0xc3 in for 0xa9
02-24 16:29:08.188 16428 16428 E ArmVmp : Match on catch block at 0xc3 in for 0xa1
02-24 16:29:08.205 16428 16428 E ArmVmp : Match on catch block at 0xc3 in for 0xa1
02-24 16:29:08.209 16428 16428 E ArmVmp : Match on catch block at 0xc3 in for 0xa5
02-24 16:29:08.221 16428 16428 E ArmVmp : Match on catch block at 0xc3 in for 0xa5
02-24 16:29:08.226 16428 16428 E ArmVmp : Match on catch block at 0xc3 in for 0xa9
02-24 16:29:08.238 16428 16428 E ArmVmp : Match on catch block at 0xc3 in for 0xa9
02-24 16:29:08.243 16428 16428 E ArmVmp : Match on catch block at 0xc3 in for 0xa1
02-24 16:29:08.255 16428 16428 E ArmVmp : Match on catch block at 0xc3 in for 0xa1
02-24 16:29:08.259 16428 16428 E ArmVmp : Match on catch block at 0xc3 in for 0xa5
02-24 16:29:08.272 16428 16428 E ArmVmp : Match on catch block at 0xc3 in for 0xa5
02-24 16:29:08.276 16428 16428 E ArmVmp : Match on catch block at 0xc3 in for 0xa9
02-24 16:29:08.289 16428 16428 E ArmVmp : Match on catch block at 0xc3 in for 0xa9
02-24 16:29:08.293 16428 16428 E ArmVmp : Match on catch block at 0xc3 in for 0xa1
02-24 16:29:08.306 16428 16428 E ArmVmp : Match on catch block at 0xc3 in for 0xa1
02-24 16:29:08.310 16428 16428 E ArmVmp : Match on catch block at 0xc3 in for 0xa5
02-24 16:29:08.322 16428 16428 E ArmVmp : Match on catch block at 0xc3 in for 0xa5
02-24 16:29:08.326 16428 16428 E ArmVmp : Match on catch block at 0xc3 in for 0xa9
02-24 16:29:08.339 16428 16428 E ArmVmp : Match on catch block at 0xc3 in for 0xa9
02-24 16:29:08.343 16428 16428 E ArmVmp : Match on catch block at 0xc3 in for 0xa1
02-24 16:29:08.356 16428 16428 E ArmVmp : Match on catch block at 0xc3 in for 0xa1
02-24 16:29:08.360 16428 16428 E ArmVmp : Match on catch block at 0xc3 in for 0xa5
02-24 16:29:08.373 16428 16428 E ArmVmp : Match on catch block at 0xc3 in for 0xa5
02-24 16:29:08.377 16428 16428 E ArmVmp : Match on catch block at 0xc3 in for 0xa9
02-24 16:29:08.389 16428 16428 E ArmVmp : Match on catch block at 0xc3 in for 0xa9
02-24 16:29:08.393 16428 16428 E ArmVmp : Match on catch block at 0xc3 in for 0xa1
02-24 16:29:08.689 16428 16428 W ActivityThread: handleWindowVisibility: no
activity for token android.os.BinderProxy@a2d3f24
02-24 16:29:08.907 16428 16428 E ArmVmp : Match on catch block at 0x0a in for 0xc9
02-24 16:29:08.911 16428 16428 E ArmVmp : Match on catch block at 0x0a in for 0xc5
02-24 16:29:09.190 16428 16428 E ArmVmp : Match on catch block at 0xc3 in for 0xb1
02-24 16:29:09.194 16428 16428 E ArmVmp : Match on catch block at 0xc3 in for 0xb1
02-24 16:29:09.201 16428 16428 E ArmVmp : Match on catch block at 0xc3 in for 0xa1
02-24 16:29:09.204 16428 16428 E ArmVmp : Match on catch block at 0xc3 in for 0xa5
02-24 16:29:09.273 16428 16428 E ArmVmp : Match on catch block at 0xc3 in for 0xa1
02-24 16:29:09.277 16428 16428 E ArmVmp : Match on catch block at 0xc3 in for 0xa5
02-24 16:29:09.325 16428 16428 E ArmVmp : Match on catch block at 0xc3 in for 0xa5
02-24 16:29:09.330 16428 16428 E ArmVmp : Match on catch block at 0xc3 in for 0xa9
02-24 16:29:09.342 16428 16428 W InputMethodManager: startInputReason = 1
02-24 16:29:09.361 16428 16428 E ArmVmp : Match on catch block at 0xc3 in for 0xa5
02-24 16:29:09.365 16428 16428 E ArmVmp : Match on catch block at 0xc3 in for 0xa9
02-24 16:29:09.396 16428 16428 E ArmVmp : Match on catch block at 0xc3 in for 0xa5
02-24 16:29:09.400 16428 16428 E ArmVmp : Match on catch block at 0xc3 in for 0xa9
02-24 16:29:09.418 16428 16517 W libEGL : EGLNativeWindowType 0x719e8f4010
disconnect failed
02-24 16:29:09.442 16428 16428 E ArmVmp : Match on catch block at 0xc3 in for 0xa5
02-24 16:29:09.446 16428 16428 E ArmVmp : Match on catch block at 0xc3 in for 0xa9
02-24 16:29:09.452 16428 16428 E SpannableStringBuilder: SPAN_EXCLUSIVE_EXCLUSIVE
spans cannot have a zero length
02-24 16:29:09.455 16428 16428 E ArmVmp : Match on catch block at 0xc3 in for 0xa9
02-24 16:29:09.460 16428 16428 E ArmVmp : Match on catch block at 0xc3 in for 0xa1
02-24 16:29:09.745 16428 16428 W Settings: Setting device_provisioned has moved
from android.provider.Settings.Secure to android.provider.Settings.Global.
02-24 16:29:09.752 16428 16428 E ArmVmp : Match on catch block at 0xc3 in for 0xa9
02-24 16:29:09.756 16428 16428 E ArmVmp : Match on catch block at 0xc3 in for 0xa1
02-24 16:29:09.771 16428 16428 E ArmVmp : Match on catch block at 0xc3 in for 0xa5
02-24 16:29:09.779 16428 16428 E ArmVmp : Match on catch block at 0xc3 in for 0xa9
02-24 16:29:09.785 16428 16428 W HiTouch_PressGestureDetector: Touch pointer move a
lot. The moving distance of X is:4.9033203, limit is:60The moving distance of Y
is:81.8089, limit is:60
02-24 16:29:09.812 16428 16428 E ArmVmp : Match on catch block at 0xc3 in for 0xa5
02-24 16:29:09.816 16428 16428 E ArmVmp : Match on catch block at 0xc3 in for 0xa9
02-24 16:29:09.827 16428 16428 E ArmVmp : Match on catch block at 0xc3 in for 0xa9
02-24 16:29:09.833 16428 16428 E ArmVmp : Match on catch block at 0xc3 in for 0xa1
02-24 16:29:09.860 16428 16428 E ArmVmp : Match on catch block at 0xc3 in for 0xa5
02-24 16:29:09.865 16428 16428 E ArmVmp : Match on catch block at 0xc3 in for 0xa9
02-24 16:29:09.911 16428 16428 E ArmVmp : Match on catch block at 0xc3 in for 0xa9
02-24 16:29:09.917 16428 16428 E ArmVmp : Match on catch block at 0xc3 in for 0xa1
02-24 16:29:09.929 16428 16428 E ArmVmp : Match on catch block at 0xc3 in for 0xa1
02-24 16:29:09.933 16428 16428 E ArmVmp : Match on catch block at 0xc3 in for 0xa5
02-24 16:29:09.945 16428 16428 E ArmVmp : Match on catch block at 0xc3 in for 0xa5
02-24 16:29:09.950 16428 16428 E ArmVmp : Match on catch block at 0xc3 in for 0xa9
02-24 16:29:09.960 16428 16428 E ArmVmp : Match on catch block at 0xc3 in for 0xa9
02-24 16:29:09.966 16428 16428 E ArmVmp : Match on catch block at 0xc3 in for 0xa1
02-24 16:29:09.976 16428 16428 E ArmVmp : Match on catch block at 0xc3 in for 0xa9
02-24 16:29:09.982 16428 16428 E ArmVmp : Match on catch block at 0xc3 in for 0xa1
02-24 16:29:09.991 16428 16428 E ArmVmp : Match on catch block at 0xc3 in for 0xa1
02-24 16:29:09.997 16428 16428 E ArmVmp : Match on catch block at 0xc3 in for 0xa5
02-24 16:29:10.005 16428 16428 E ArmVmp : Match on catch block at 0xc3 in for 0xa5
02-24 16:29:10.011 16428 16428 E ArmVmp : Match on catch block at 0xc3 in for 0xa9
02-24 16:29:10.020 16428 16428 E ArmVmp : Match on catch block at 0xc3 in for 0xa9
02-24 16:29:10.026 16428 16428 E ArmVmp : Match on catch block at 0xc3 in for 0xa1
02-24 16:29:10.036 16428 16428 E ArmVmp : Match on catch block at 0xc3 in for 0xa1
02-24 16:29:10.042 16428 16428 E ArmVmp : Match on catch block at 0xc3 in for 0xa5
02-24 16:29:10.054 16428 16428 E ArmVmp : Match on catch block at 0xc3 in for 0xa5
02-24 16:29:10.060 16428 16428 E ArmVmp : Match on catch block at 0xc3 in for 0xa9
02-24 16:29:10.072 16428 16428 E ArmVmp : Match on catch block at 0xc3 in for 0xa9
02-24 16:29:10.078 16428 16428 E ArmVmp : Match on catch block at 0xc3 in for 0xa1
02-24 16:29:10.087 16428 16428 E ArmVmp : Match on catch block at 0xc3 in for 0xa1
02-24 16:29:10.093 16428 16428 E ArmVmp : Match on catch block at 0xc3 in for 0xa5
02-24 16:29:10.106 16428 16428 E ArmVmp : Match on catch block at 0xc3 in for 0xa5
02-24 16:29:10.112 16428 16428 E ArmVmp : Match on catch block at 0xc3 in for 0xa9
02-24 16:29:10.125 16428 16428 E ArmVmp : Match on catch block at 0xc3 in for 0xa9
02-24 16:29:10.130 16428 16428 E ArmVmp : Match on catch block at 0xc3 in for 0xa1
02-24 16:29:10.139 16428 16428 E ArmVmp : Match on catch block at 0xc3 in for 0xa1
02-24 16:29:10.145 16428 16428 E ArmVmp : Match on catch block at 0xc3 in for 0xa5
02-24 16:29:10.150 16428 16428 W HiTouch_PressGestureDetector: HiTouch Miss: Too
large time interval(TwoFingers), 405
02-24 16:29:10.154 16428 16428 E ArmVmp : Match on catch block at 0xc3 in for 0xa5
02-24 16:29:10.159 16428 16428 E ArmVmp : Match on catch block at 0xc3 in for 0xa9
02-24 16:29:10.172 16428 16428 E ArmVmp : Match on catch block at 0xc3 in for 0xa5
02-24 16:29:10.176 16428 16428 E ArmVmp : Match on catch block at 0xc3 in for 0xa9
02-24 16:29:10.188 16428 16428 E ArmVmp : Match on catch block at 0xc3 in for 0xa5
02-24 16:29:10.193 16428 16428 E ArmVmp : Match on catch block at 0xc3 in for 0xa9
02-24 16:29:10.204 16428 16428 E ArmVmp : Match on catch block at 0xc3 in for 0xa1
02-24 16:29:10.209 16428 16428 E ArmVmp : Match on catch block at 0xc3 in for 0xa5
02-24 16:29:10.221 16428 16428 E ArmVmp : Match on catch block at 0xc3 in for 0xa1
02-24 16:29:10.227 16428 16428 E ArmVmp : Match on catch block at 0xc3 in for 0xa5
02-24 16:29:10.243 16428 16428 E ArmVmp : Match on catch block at 0xc3 in for 0xa1
02-24 16:29:10.248 16428 16428 E ArmVmp : Match on catch block at 0xc3 in for 0xa5
02-24 16:29:10.275 16428 16428 E ArmVmp : Match on catch block at 0xc3 in for 0xa5
02-24 16:29:10.280 16428 16428 E ArmVmp : Match on catch block at 0xc3 in for 0xa9
02-24 16:29:10.399 16428 16428 E ArmVmp : Match on catch block at 0xc3 in for 0xa1
02-24 16:29:10.403 16428 16428 E ArmVmp : Match on catch block at 0xc3 in for 0xa5
02-24 16:29:10.414 16428 16428 E ArmVmp : Match on catch block at 0xc3 in for 0xa5
02-24 16:29:10.420 16428 16428 E ArmVmp : Match on catch block at 0xc3 in for 0xa9
02-24 16:29:10.427 16428 16428 W InputMethodManager: startInputReason = 1
02-24 16:29:10.441 16428 16428 E ArmVmp : Match on catch block at 0xc3 in for 0xa9
02-24 16:29:10.446 16428 16428 E ArmVmp : Match on catch block at 0xc3 in for 0xa1
02-24 16:29:10.466 16428 16428 E ArmVmp : Match on catch block at 0xc3 in for 0xa5
02-24 16:29:10.470 16428 16428 E ArmVmp : Match on catch block at 0xc3 in for 0xa9
02-24 16:29:10.541 16428 16517 W libEGL : EGLNativeWindowType 0x7196675010
disconnect failed
02-24 16:29:10.553 16428 16428 E ArmVmp : Match on catch block at 0xc3 in for 0xa1
02-24 16:29:10.557 16428 16428 E ArmVmp : Match on catch block at 0xc3 in for 0xa5
02-24 16:29:11.288 16428 16428 W InputMethodManager: startInputReason = 1
02-24 16:29:11.796 16428 16517 W libEGL : EGLNativeWindowType 0x71925fd010
disconnect failed
02-24 16:29:11.834 16428 16428 W InputMethodManager: startInputReason = 1
02-24 16:29:11.859 16428 16428 W ActivityThread: handleWindowVisibility: no
activity for token android.os.BinderProxy@7de4940
02-24 16:29:12.146 16428 16428 W InputMethodManager: startInputReason = 1
02-24 16:29:12.318 16428 16517 W libEGL : EGLNativeWindowType 0x7188f40010
disconnect failed
02-24 16:29:14.016 16428 16428 W Settings: Setting device_provisioned has moved
from android.provider.Settings.Secure to android.provider.Settings.Global.
02-24 16:29:14.168 16428 16428 W ActivityThread: handleWindowVisibility: no
activity for token android.os.BinderProxy@7e39a45
02-24 16:29:14.263 16428 16439 E : [ZeroHung]zrhung_get_config: Get config
failed for wp[0x0008]
02-24 16:29:14.493 16428 16428 W InputMethodManager: startInputReason = 1
02-24 16:29:14.590 16428 16517 W libEGL : EGLNativeWindowType 0x719b474010
disconnect failed
02-24 16:29:15.493 16428 16428 W Settings: Setting device_provisioned has moved
from android.provider.Settings.Secure to android.provider.Settings.Global.
02-24 16:29:15.524 16428 16428 W HiTouch_PressGestureDetector: Touch pointer move a
lot. The moving distance of X is:14.104004, limit is:60The moving distance of Y
is:73.62396, limit is:60
02-24 16:29:16.881 16428 16428 W ActivityThread: handleWindowVisibility: no
activity for token android.os.BinderProxy@b94512d
02-24 16:29:16.902 16428 16428 E ArmVmp : Match on catch block at 0x0a in for 0xe9
02-24 16:29:16.919 16428 16428 E ArmVmp : Match on catch block at 0x0a in for 0xd5
02-24 16:29:17.037 16428 16428 E ArmVmp : Match on catch block at 0x0a in for 0xa5
02-24 16:29:17.051 16428 16428 E ArmVmp : Match on catch block at 0x0a in for 0xc5
02-24 16:29:17.282 16428 16428 W InputMethodManager: startInputReason = 1
02-24 16:29:17.358 16428 16517 W libEGL : EGLNativeWindowType 0x718644d010
disconnect failed
02-24 16:29:17.782 16428 16428 W Settings: Setting device_provisioned has moved
from android.provider.Settings.Secure to android.provider.Settings.Global.
02-24 16:29:17.824 16428 16428 W HiTouch_PressGestureDetector: Touch pointer move a
lot. The moving distance of X is:1.5942993, limit is:60The moving distance of Y
is:80.772095, limit is:60
02-24 16:29:19.839 16428 16428 W HiTouch_PressGestureDetector: Touch pointer move a
lot. The moving distance of X is:5.0408325, limit is:60The moving distance of Y
is:78.67328, limit is:60
02-24 16:29:23.655 16428 16428 W ActivityThread: handleWindowVisibility: no
activity for token android.os.BinderProxy@cfe8a1c
02-24 16:29:23.841 16428 16428 W InputMethodManager: startInputReason = 1
02-24 16:29:23.947 16428 16517 W libEGL : EGLNativeWindowType 0x719b3a5010
disconnect failed
02-24 16:29:24.284 16428 16428 W Settings: Setting device_provisioned has moved
from android.provider.Settings.Secure to android.provider.Settings.Global.
02-24 16:29:24.339 16428 16428 W HiTouch_PressGestureDetector: Touch pointer move a
lot. The moving distance of X is:11.936768, limit is:60The moving distance of Y
is:105.72815, limit is:60
02-24 16:29:25.748 16428 16428 W HiTouch_PressGestureDetector: Touch pointer move a
lot. The moving distance of X is:6.5550537, limit is:60The moving distance of Y
is:112.13403, limit is:60
02-24 16:29:27.831 16428 16428 W HiTouch_PressGestureDetector: Touch pointer move a
lot. The moving distance of X is:26.326096, limit is:60The moving distance of Y
is:68.802734, limit is:60
02-24 16:29:28.220 16428 16428 W HiTouch_PressGestureDetector: Touch pointer move a
lot. The moving distance of X is:47.048325, limit is:60The moving distance of Y
is:127.56665, limit is:60
02-24 16:29:30.822 16428 16428 W HiTouch_PressGestureDetector: Touch pointer move a
lot. The moving distance of X is:30.21283, limit is:60The moving distance of Y
is:80.90088, limit is:60
02-24 16:29:38.543 16428 16428 W HiTouch_PressGestureDetector: Touch pointer move a
lot. The moving distance of X is:14.804932, limit is:60The moving distance of Y
is:98.232056, limit is:60
02-24 16:29:40.306 16428 16428 W HiTouch_PressGestureDetector: Touch pointer move a
lot. The moving distance of X is:18.160767, limit is:60The moving distance of Y
is:70.36328, limit is:60
02-24 16:29:42.405 16428 16428 W HiTouch_PressGestureDetector: Touch pointer move a
lot. The moving distance of X is:10.2443695, limit is:60The moving distance of Y
is:60.466187, limit is:60
02-24 16:29:44.672 16428 16428 W HiTouch_PressGestureDetector: Touch pointer move a
lot. The moving distance of X is:12.59552, limit is:60The moving distance of Y
is:63.08423, limit is:60
02-24 16:29:45.730 16428 16428 W HiTouch_PressGestureDetector: Touch pointer move a
lot. The moving distance of X is:10.2769165, limit is:60The moving distance of Y
is:68.143555, limit is:60
02-24 16:29:47.191 16428 16428 W HiTouch_PressGestureDetector: Touch pointer move a
lot. The moving distance of X is:23.628632, limit is:60The moving distance of Y
is:110.82886, limit is:60
02-24 16:29:56.475 16428 16428 W HiTouch_PressGestureDetector: Touch pointer move a
lot. The moving distance of X is:10.545746, limit is:60The moving distance of Y
is:62.457275, limit is:60
02-24 16:29:59.358 16428 16428 E ArmVmp : Match on catch block at 0x0a in for 0xc5
02-24 16:29:59.379 16428 16428 W InputMethodManager: startInputReason = 1
02-24 16:29:59.558 16428 16517 W libEGL : EGLNativeWindowType 0x718739a010
disconnect failed
02-24 16:30:00.019 16428 16428 W InputMethodManager: startInputReason = 1
02-24 16:30:00.206 16428 16517 W libEGL : EGLNativeWindowType 0x7187718010
disconnect failed
02-24 16:30:00.925 16428 16428 W InputMethodManager: startInputReason = 1
02-24 16:30:00.986 16428 16428 W StaticLayout: maxLineHeight should not be -1.
maxLines:1 lineCount:1
02-24 16:30:01.070 16428 16517 W libEGL : EGLNativeWindowType 0x718739a010
disconnect failed
02-24 16:30:02.061 16428 16428 W ActivityThread: handleWindowVisibility: no
activity for token android.os.BinderProxy@c159850
02-24 16:30:02.295 16428 16428 E ArmVmp : Match on catch block at 0x0a in for 0xc5
02-24 16:30:02.300 16428 16428 E ArmVmp : Match on catch block at 0x0a in for 0xc5
02-24 16:30:02.468 16428 16428 E ArmVmp : Match on catch block at 0xc3 in for 0xb1
02-24 16:30:02.472 16428 16428 E ArmVmp : Match on catch block at 0xc3 in for 0xb1
02-24 16:30:02.480 16428 16428 E ArmVmp : Match on catch block at 0xc3 in for 0xa9
02-24 16:30:02.482 16428 16428 E ArmVmp : Match on catch block at 0xc3 in for 0xa1
02-24 16:30:02.550 16428 16428 E ArmVmp : Match on catch block at 0xc3 in for 0xa1
02-24 16:30:02.553 16428 16428 E ArmVmp : Match on catch block at 0xc3 in for 0xa5
02-24 16:30:02.574 16428 16428 W StaticLayout: maxLineHeight should not be -1.
maxLines:1 lineCount:1
02-24 16:30:02.583 16428 16428 E ArmVmp : Match on catch block at 0xc3 in for 0xa1
02-24 16:30:02.587 16428 16428 E ArmVmp : Match on catch block at 0xc3 in for 0xa5
02-24 16:30:02.599 16428 16428 W InputMethodManager: startInputReason = 1
02-24 16:30:02.620 16428 16428 E ArmVmp : Match on catch block at 0xc3 in for 0xa1
02-24 16:30:02.625 16428 16428 E ArmVmp : Match on catch block at 0xc3 in for 0xa5
02-24 16:30:02.639 16428 16428 W StaticLayout: maxLineHeight should not be -1.
maxLines:1 lineCount:1
02-24 16:30:02.645 16428 16428 E ArmVmp : Match on catch block at 0xc3 in for 0xa1
02-24 16:30:02.649 16428 16428 E ArmVmp : Match on catch block at 0xc3 in for 0xa5
02-24 16:30:02.662 16428 16517 W libEGL : EGLNativeWindowType 0x7187718010
disconnect failed
02-24 16:30:02.676 16428 16428 E ArmVmp : Match on catch block at 0xc3 in for 0xa5
02-24 16:30:02.680 16428 16428 E ArmVmp : Match on catch block at 0xc3 in for 0xa9
02-24 16:30:02.685 16428 16428 E SpannableStringBuilder: SPAN_EXCLUSIVE_EXCLUSIVE
spans cannot have a zero length
02-24 16:30:02.690 16428 16428 E ArmVmp : Match on catch block at 0xc3 in for 0xa9
02-24 16:30:02.694 16428 16428 E ArmVmp : Match on catch block at 0xc3 in for 0xa1
02-24 16:30:03.111 16428 16428 E ArmVmp : Match on catch block at 0xc3 in for 0xa1
02-24 16:30:03.116 16428 16428 E ArmVmp : Match on catch block at 0xc3 in for 0xa5
02-24 16:30:03.144 16428 16428 E ArmVmp : Match on catch block at 0xc3 in for 0xa5
02-24 16:30:03.150 16428 16428 E ArmVmp : Match on catch block at 0xc3 in for 0xa9
02-24 16:30:03.162 16428 16428 E ArmVmp : Match on catch block at 0xc3 in for 0xa9
02-24 16:30:03.167 16428 16428 E ArmVmp : Match on catch block at 0xc3 in for 0xa1
02-24 16:30:03.178 16428 16428 E ArmVmp : Match on catch block at 0xc3 in for 0xa1
02-24 16:30:03.183 16428 16428 E ArmVmp : Match on catch block at 0xc3 in for 0xa5
02-24 16:30:03.195 16428 16428 E ArmVmp : Match on catch block at 0xc3 in for 0xa5
02-24 16:30:03.200 16428 16428 E ArmVmp : Match on catch block at 0xc3 in for 0xa9
02-24 16:30:03.211 16428 16428 E ArmVmp : Match on catch block at 0xc3 in for 0xa9
02-24 16:30:03.215 16428 16428 E ArmVmp : Match on catch block at 0xc3 in for 0xa1
02-24 16:30:03.228 16428 16428 E ArmVmp : Match on catch block at 0xc3 in for 0xa1
02-24 16:30:03.232 16428 16428 E ArmVmp : Match on catch block at 0xc3 in for 0xa5
02-24 16:30:03.245 16428 16428 E ArmVmp : Match on catch block at 0xc3 in for 0xa5
02-24 16:30:03.250 16428 16428 E ArmVmp : Match on catch block at 0xc3 in for 0xa9
02-24 16:30:03.262 16428 16428 E ArmVmp : Match on catch block at 0xc3 in for 0xa9
02-24 16:30:03.266 16428 16428 E ArmVmp : Match on catch block at 0xc3 in for 0xa1
02-24 16:30:03.278 16428 16428 E ArmVmp : Match on catch block at 0xc3 in for 0xa1
02-24 16:30:03.283 16428 16428 E ArmVmp : Match on catch block at 0xc3 in for 0xa5
02-24 16:30:03.296 16428 16428 E ArmVmp : Match on catch block at 0xc3 in for 0xa5
02-24 16:30:03.301 16428 16428 E ArmVmp : Match on catch block at 0xc3 in for 0xa9
02-24 16:30:03.312 16428 16428 E ArmVmp : Match on catch block at 0xc3 in for 0xa9
02-24 16:30:03.316 16428 16428 E ArmVmp : Match on catch block at 0xc3 in for 0xa1
02-24 16:30:03.329 16428 16428 E ArmVmp : Match on catch block at 0xc3 in for 0xa1
02-24 16:30:03.334 16428 16428 E ArmVmp : Match on catch block at 0xc3 in for 0xa5
02-24 16:30:03.345 16428 16428 E ArmVmp : Match on catch block at 0xc3 in for 0xa5
02-24 16:30:03.349 16428 16428 E ArmVmp : Match on catch block at 0xc3 in for 0xa9
02-24 16:30:03.363 16428 16428 E ArmVmp : Match on catch block at 0xc3 in for 0xa9
02-24 16:30:03.368 16428 16428 E ArmVmp : Match on catch block at 0xc3 in for 0xa1
02-24 16:30:03.379 16428 16428 E ArmVmp : Match on catch block at 0xc3 in for 0xa1
02-24 16:30:03.384 16428 16428 E ArmVmp : Match on catch block at 0xc3 in for 0xa5
02-24 16:30:03.396 16428 16428 E ArmVmp : Match on catch block at 0xc3 in for 0xa5
02-24 16:30:03.400 16428 16428 E ArmVmp : Match on catch block at 0xc3 in for 0xa9
02-24 16:30:03.413 16428 16428 E ArmVmp : Match on catch block at 0xc3 in for 0xa9
02-24 16:30:03.418 16428 16428 E ArmVmp : Match on catch block at 0xc3 in for 0xa1
02-24 16:30:03.430 16428 16428 E ArmVmp : Match on catch block at 0xc3 in for 0xa1
02-24 16:30:03.435 16428 16428 E ArmVmp : Match on catch block at 0xc3 in for 0xa5
02-24 16:30:03.447 16428 16428 E ArmVmp : Match on catch block at 0xc3 in for 0xa5
02-24 16:30:03.452 16428 16428 E ArmVmp : Match on catch block at 0xc3 in for 0xa9
02-24 16:30:03.609 16428 16428 W Settings: Setting device_provisioned has moved
from android.provider.Settings.Secure to android.provider.Settings.Global.
02-24 16:30:03.615 16428 16428 E ArmVmp : Match on catch block at 0xc3 in for 0xa5
02-24 16:30:03.620 16428 16428 E ArmVmp : Match on catch block at 0xc3 in for 0xa9
02-24 16:30:03.706 16428 16428 E ArmVmp : Match on catch block at 0xc3 in for 0xa5
02-24 16:30:03.715 16428 16428 E ArmVmp : Match on catch block at 0xc3 in for 0xa9
02-24 16:30:03.724 16428 16428 E SpannableStringBuilder: SPAN_EXCLUSIVE_EXCLUSIVE
spans cannot have a zero length
02-24 16:30:03.727 16428 16428 E ArmVmp : Match on catch block at 0xc3 in for 0xa9
02-24 16:30:03.735 16428 16428 E ArmVmp : Match on catch block at 0xc3 in for 0xa1
02-24 16:30:03.782 16428 16428 E ArmVmp : Match on catch block at 0xc3 in for 0xa5
02-24 16:30:03.793 16428 16428 E ArmVmp : Match on catch block at 0xc3 in for 0xa9
02-24 16:30:03.809 16428 16428 E ArmVmp : Match on catch block at 0xc3 in for 0xa5
02-24 16:30:03.814 16428 16428 E ArmVmp : Match on catch block at 0xc3 in for 0xa9
02-24 16:30:04.118 16428 16428 E ArmVmp : Match on catch block at 0xc3 in for 0xa9
02-24 16:30:04.123 16428 16428 E ArmVmp : Match on catch block at 0xc3 in for 0xa1
02-24 16:30:04.560 16428 16428 E ArmVmp : Match on catch block at 0xc3 in for 0xa1
02-24 16:30:04.567 16428 16428 E ArmVmp : Match on catch block at 0xc3 in for 0xa5
02-24 16:30:04.572 16428 16428 W HiTouch_PressGestureDetector: Touch pointer move a
lot. The moving distance of X is:11.750671, limit is:60The moving distance of Y
is:98.51538, limit is:60
02-24 16:30:04.579 16428 16428 E ArmVmp : Match on catch block at 0xc3 in for 0xa5
02-24 16:30:04.591 16428 16428 E ArmVmp : Match on catch block at 0xc3 in for 0xa9
02-24 16:30:04.602 16428 16428 E ArmVmp : Match on catch block at 0xc3 in for 0xa9
02-24 16:30:04.610 16428 16428 E ArmVmp : Match on catch block at 0xc3 in for 0xa1
02-24 16:30:04.619 16428 16428 E ArmVmp : Match on catch block at 0xc3 in for 0xa1
02-24 16:30:04.625 16428 16428 E ArmVmp : Match on catch block at 0xc3 in for 0xa5
02-24 16:30:04.636 16428 16428 E ArmVmp : Match on catch block at 0xc3 in for 0xa5
02-24 16:30:04.642 16428 16428 E ArmVmp : Match on catch block at 0xc3 in for 0xa9
02-24 16:30:04.652 16428 16428 E ArmVmp : Match on catch block at 0xc3 in for 0xa9
02-24 16:30:04.658 16428 16428 E ArmVmp : Match on catch block at 0xc3 in for 0xa1
02-24 16:30:04.668 16428 16428 E ArmVmp : Match on catch block at 0xc3 in for 0xa1
02-24 16:30:04.674 16428 16428 E ArmVmp : Match on catch block at 0xc3 in for 0xa5
02-24 16:30:04.682 16428 16428 E ArmVmp : Match on catch block at 0xc3 in for 0xa5
02-24 16:30:04.687 16428 16428 E ArmVmp : Match on catch block at 0xc3 in for 0xa9
02-24 16:30:04.695 16428 16428 E ArmVmp : Match on catch block at 0xc3 in for 0xa9
02-24 16:30:04.699 16428 16428 E ArmVmp : Match on catch block at 0xc3 in for 0xa1
02-24 16:30:04.706 16428 16428 E ArmVmp : Match on catch block at 0xc3 in for 0xa1
02-24 16:30:04.711 16428 16428 E ArmVmp : Match on catch block at 0xc3 in for 0xa5
02-24 16:30:04.724 16428 16428 E ArmVmp : Match on catch block at 0xc3 in for 0xa5
02-24 16:30:04.728 16428 16428 E ArmVmp : Match on catch block at 0xc3 in for 0xa9
02-24 16:30:04.740 16428 16428 E ArmVmp : Match on catch block at 0xc3 in for 0xa9
02-24 16:30:04.745 16428 16428 E ArmVmp : Match on catch block at 0xc3 in for 0xa1
02-24 16:30:04.758 16428 16428 E ArmVmp : Match on catch block at 0xc3 in for 0xa1
02-24 16:30:04.763 16428 16428 E ArmVmp : Match on catch block at 0xc3 in for 0xa5
02-24 16:30:04.774 16428 16428 E ArmVmp : Match on catch block at 0xc3 in for 0xa5
02-24 16:30:04.780 16428 16428 E ArmVmp : Match on catch block at 0xc3 in for 0xa9
02-24 16:30:04.790 16428 16428 E ArmVmp : Match on catch block at 0xc3 in for 0xa9
02-24 16:30:04.795 16428 16428 E ArmVmp : Match on catch block at 0xc3 in for 0xa1
02-24 16:30:04.808 16428 16428 E ArmVmp : Match on catch block at 0xc3 in for 0xa1
02-24 16:30:04.812 16428 16428 E ArmVmp : Match on catch block at 0xc3 in for 0xa5
02-24 16:30:04.824 16428 16428 E ArmVmp : Match on catch block at 0xc3 in for 0xa5
02-24 16:30:04.829 16428 16428 E ArmVmp : Match on catch block at 0xc3 in for 0xa9
02-24 16:30:04.841 16428 16428 E ArmVmp : Match on catch block at 0xc3 in for 0xa9
02-24 16:30:04.846 16428 16428 E ArmVmp : Match on catch block at 0xc3 in for 0xa1
02-24 16:30:04.858 16428 16428 E ArmVmp : Match on catch block at 0xc3 in for 0xa1
02-24 16:30:04.863 16428 16428 E ArmVmp : Match on catch block at 0xc3 in for 0xa5
02-24 16:30:04.887 16428 16428 E ArmVmp : Match on catch block at 0xc3 in for 0xa5
02-24 16:30:04.895 16428 16428 E ArmVmp : Match on catch block at 0xc3 in for 0xa9
02-24 16:30:04.903 16428 16428 E ArmVmp : Match on catch block at 0xc3 in for 0xa9
02-24 16:30:04.908 16428 16428 E ArmVmp : Match on catch block at 0xc3 in for 0xa1
02-24 16:30:04.916 16428 16428 E ArmVmp : Match on catch block at 0xc3 in for 0xa1
02-24 16:30:04.921 16428 16428 E ArmVmp : Match on catch block at 0xc3 in for 0xa5
02-24 16:30:04.932 16428 16428 E ArmVmp : Match on catch block at 0xc3 in for 0xa5
02-24 16:30:04.936 16428 16428 E ArmVmp : Match on catch block at 0xc3 in for 0xa9
02-24 16:30:04.946 16428 16428 E ArmVmp : Match on catch block at 0xc3 in for 0xa9
02-24 16:30:04.954 16428 16428 E ArmVmp : Match on catch block at 0xc3 in for 0xa1
02-24 16:30:04.966 16428 16428 E ArmVmp : Match on catch block at 0xc3 in for 0xa1
02-24 16:30:04.972 16428 16428 E ArmVmp : Match on catch block at 0xc3 in for 0xa5
02-24 16:30:04.982 16428 16428 E ArmVmp : Match on catch block at 0xc3 in for 0xa1
02-24 16:30:04.987 16428 16428 E ArmVmp : Match on catch block at 0xc3 in for 0xa5
02-24 16:30:04.997 16428 16428 E ArmVmp : Match on catch block at 0xc3 in for 0xa1
02-24 16:30:05.003 16428 16428 E ArmVmp : Match on catch block at 0xc3 in for 0xa5
02-24 16:30:05.012 16428 16428 E ArmVmp : Match on catch block at 0xc3 in for 0xa9
02-24 16:30:05.017 16428 16428 E ArmVmp : Match on catch block at 0xc3 in for 0xa1
02-24 16:30:05.145 16428 16428 E ArmVmp : Match on catch block at 0xc3 in for 0xa1
02-24 16:30:05.153 16428 16428 E ArmVmp : Match on catch block at 0xc3 in for 0xa5
02-24 16:30:05.363 16428 16428 E ArmVmp : Match on catch block at 0xc3 in for 0xa1
02-24 16:30:05.373 16428 16428 E ArmVmp : Match on catch block at 0xc3 in for 0xa5
02-24 16:30:05.386 16428 16428 E ArmVmp : Match on catch block at 0xc3 in for 0xa5
02-24 16:30:05.397 16428 16428 E ArmVmp : Match on catch block at 0xc3 in for 0xa9
02-24 16:30:05.414 16428 16428 E ArmVmp : Match on catch block at 0xc3 in for 0xa9
02-24 16:30:05.424 16428 16428 E ArmVmp : Match on catch block at 0xc3 in for 0xa1
02-24 16:30:05.435 16428 16428 E ArmVmp : Match on catch block at 0xc3 in for 0xa1
02-24 16:30:05.444 16428 16428 E ArmVmp : Match on catch block at 0xc3 in for 0xa5
02-24 16:30:05.462 16428 16428 E ArmVmp : Match on catch block at 0xc3 in for 0xa5
02-24 16:30:05.469 16428 16428 E ArmVmp : Match on catch block at 0xc3 in for 0xa9
02-24 16:30:05.487 16428 16428 E ArmVmp : Match on catch block at 0xc3 in for 0xa9
02-24 16:30:05.493 16428 16428 E ArmVmp : Match on catch block at 0xc3 in for 0xa1
02-24 16:30:05.512 16428 16428 E ArmVmp : Match on catch block at 0xc3 in for 0xa1
02-24 16:30:05.516 16428 16428 E ArmVmp : Match on catch block at 0xc3 in for 0xa5
02-24 16:30:05.529 16428 16428 E ArmVmp : Match on catch block at 0xc3 in for 0xa5
02-24 16:30:05.533 16428 16428 E ArmVmp : Match on catch block at 0xc3 in for 0xa9
02-24 16:30:05.545 16428 16428 E ArmVmp : Match on catch block at 0xc3 in for 0xa9
02-24 16:30:05.550 16428 16428 E ArmVmp : Match on catch block at 0xc3 in for 0xa1
02-24 16:30:05.562 16428 16428 E ArmVmp : Match on catch block at 0xc3 in for 0xa1
02-24 16:30:05.568 16428 16428 E ArmVmp : Match on catch block at 0xc3 in for 0xa5
02-24 16:30:05.579 16428 16428 E ArmVmp : Match on catch block at 0xc3 in for 0xa5
02-24 16:30:05.584 16428 16428 E ArmVmp : Match on catch block at 0xc3 in for 0xa9
02-24 16:30:05.596 16428 16428 E ArmVmp : Match on catch block at 0xc3 in for 0xa9
02-24 16:30:05.601 16428 16428 E ArmVmp : Match on catch block at 0xc3 in for 0xa1
02-24 16:30:05.613 16428 16428 E ArmVmp : Match on catch block at 0xc3 in for 0xa1
02-24 16:30:05.618 16428 16428 E ArmVmp : Match on catch block at 0xc3 in for 0xa5
02-24 16:30:05.629 16428 16428 E ArmVmp : Match on catch block at 0xc3 in for 0xa5
02-24 16:30:05.634 16428 16428 E ArmVmp : Match on catch block at 0xc3 in for 0xa9
02-24 16:30:05.646 16428 16428 E ArmVmp : Match on catch block at 0xc3 in for 0xa9
02-24 16:30:05.651 16428 16428 E ArmVmp : Match on catch block at 0xc3 in for 0xa1
02-24 16:30:05.935 16428 16428 E ArmVmp : Match on catch block at 0xc3 in for 0xa1
02-24 16:30:05.942 16428 16428 E ArmVmp : Match on catch block at 0xc3 in for 0xa5
02-24 16:30:05.954 16428 16428 E ArmVmp : Match on catch block at 0xc3 in for 0xa5
02-24 16:30:05.961 16428 16428 E ArmVmp : Match on catch block at 0xc3 in for 0xa9
02-24 16:30:05.972 16428 16428 W HiTouch_PressGestureDetector: Touch pointer move a
lot. The moving distance of X is:3.9348145, limit is:60The moving distance of Y
is:80.8916, limit is:60
02-24 16:30:05.977 16428 16428 E ArmVmp : Match on catch block at 0xc3 in for 0xa9
02-24 16:30:05.984 16428 16428 E ArmVmp : Match on catch block at 0xc3 in for 0xa1
02-24 16:30:05.994 16428 16428 E ArmVmp : Match on catch block at 0xc3 in for 0xa1
02-24 16:30:05.998 16428 16428 E ArmVmp : Match on catch block at 0xc3 in for 0xa5
02-24 16:30:06.011 16428 16428 E ArmVmp : Match on catch block at 0xc3 in for 0xa1
02-24 16:30:06.015 16428 16428 E ArmVmp : Match on catch block at 0xc3 in for 0xa5
02-24 16:30:06.025 16428 16428 E ArmVmp : Match on catch block at 0xc3 in for 0xa5
02-24 16:30:06.031 16428 16428 E ArmVmp : Match on catch block at 0xc3 in for 0xa9
02-24 16:30:06.039 16428 16428 E ArmVmp : Match on catch block at 0xc3 in for 0xa9
02-24 16:30:06.044 16428 16428 E ArmVmp : Match on catch block at 0xc3 in for 0xa1
02-24 16:30:06.054 16428 16428 E ArmVmp : Match on catch block at 0xc3 in for 0xa9
02-24 16:30:06.059 16428 16428 E ArmVmp : Match on catch block at 0xc3 in for 0xa1
02-24 16:30:06.069 16428 16428 E ArmVmp : Match on catch block at 0xc3 in for 0xa1
02-24 16:30:06.075 16428 16428 E ArmVmp : Match on catch block at 0xc3 in for 0xa5
02-24 16:30:06.083 16428 16428 E ArmVmp : Match on catch block at 0xc3 in for 0xa5
02-24 16:30:06.089 16428 16428 E ArmVmp : Match on catch block at 0xc3 in for 0xa9
02-24 16:30:06.100 16428 16428 E ArmVmp : Match on catch block at 0xc3 in for 0xa9
02-24 16:30:06.106 16428 16428 E ArmVmp : Match on catch block at 0xc3 in for 0xa1
02-24 16:30:06.117 16428 16428 E ArmVmp : Match on catch block at 0xc3 in for 0xa1
02-24 16:30:06.122 16428 16428 E ArmVmp : Match on catch block at 0xc3 in for 0xa5
02-24 16:30:06.134 16428 16428 E ArmVmp : Match on catch block at 0xc3 in for 0xa5
02-24 16:30:06.139 16428 16428 E ArmVmp : Match on catch block at 0xc3 in for 0xa9
02-24 16:30:06.151 16428 16428 E ArmVmp : Match on catch block at 0xc3 in for 0xa9
02-24 16:30:06.156 16428 16428 E ArmVmp : Match on catch block at 0xc3 in for 0xa1
02-24 16:30:06.168 16428 16428 E ArmVmp : Match on catch block at 0xc3 in for 0xa1
02-24 16:30:06.173 16428 16428 E ArmVmp : Match on catch block at 0xc3 in for 0xa5
02-24 16:30:06.184 16428 16428 E ArmVmp : Match on catch block at 0xc3 in for 0xa5
02-24 16:30:06.190 16428 16428 E ArmVmp : Match on catch block at 0xc3 in for 0xa9
02-24 16:30:06.201 16428 16428 E ArmVmp : Match on catch block at 0xc3 in for 0xa9
02-24 16:30:06.206 16428 16428 E ArmVmp : Match on catch block at 0xc3 in for 0xa1
02-24 16:30:06.218 16428 16428 E ArmVmp : Match on catch block at 0xc3 in for 0xa1
02-24 16:30:06.223 16428 16428 E ArmVmp : Match on catch block at 0xc3 in for 0xa5
02-24 16:30:06.234 16428 16428 E ArmVmp : Match on catch block at 0xc3 in for 0xa5
02-24 16:30:06.240 16428 16428 E ArmVmp : Match on catch block at 0xc3 in for 0xa9
02-24 16:30:06.251 16428 16428 E ArmVmp : Match on catch block at 0xc3 in for 0xa9
02-24 16:30:06.256 16428 16428 E ArmVmp : Match on catch block at 0xc3 in for 0xa1
02-24 16:30:06.302 16428 16428 E ArmVmp : Match on catch block at 0xc3 in for 0xa5
02-24 16:30:06.308 16428 16428 E ArmVmp : Match on catch block at 0xc3 in for 0xa9
02-24 16:30:06.318 16428 16428 E ArmVmp : Match on catch block at 0xc3 in for 0xa9
02-24 16:30:06.324 16428 16428 E ArmVmp : Match on catch block at 0xc3 in for 0xa1
02-24 16:30:06.334 16428 16428 E ArmVmp : Match on catch block at 0xc3 in for 0xa5
02-24 16:30:06.340 16428 16428 E ArmVmp : Match on catch block at 0xc3 in for 0xa9
02-24 16:30:06.623 16428 16428 E ArmVmp : Match on catch block at 0xc3 in for 0xa9
02-24 16:30:06.630 16428 16428 E ArmVmp : Match on catch block at 0xc3 in for 0xa1
02-24 16:30:06.636 16428 16428 W HiTouch_PressGestureDetector: Touch pointer move a
lot. The moving distance of X is:3.6733398, limit is:60The moving distance of Y
is:80.83331, limit is:60
02-24 16:30:06.643 16428 16428 E ArmVmp : Match on catch block at 0xc3 in for 0xa1
02-24 16:30:06.650 16428 16428 E ArmVmp : Match on catch block at 0xc3 in for 0xa5
02-24 16:30:06.662 16428 16428 E ArmVmp : Match on catch block at 0xc3 in for 0xa5
02-24 16:30:06.668 16428 16428 E ArmVmp : Match on catch block at 0xc3 in for 0xa9
02-24 16:30:06.678 16428 16428 E ArmVmp : Match on catch block at 0xc3 in for 0xa9
02-24 16:30:06.682 16428 16428 E ArmVmp : Match on catch block at 0xc3 in for 0xa1
02-24 16:30:06.707 16428 16428 E ArmVmp : Match on catch block at 0xc3 in for 0xa9
02-24 16:30:06.713 16428 16428 E ArmVmp : Match on catch block at 0xc3 in for 0xa1
02-24 16:30:06.721 16428 16428 E ArmVmp : Match on catch block at 0xc3 in for 0xa1
02-24 16:30:06.725 16428 16428 E ArmVmp : Match on catch block at 0xc3 in for 0xa5
02-24 16:30:06.738 16428 16428 E ArmVmp : Match on catch block at 0xc3 in for 0xa5
02-24 16:30:06.743 16428 16428 E ArmVmp : Match on catch block at 0xc3 in for 0xa9
02-24 16:30:06.790 16428 16428 E ArmVmp : Match on catch block at 0xc3 in for 0xa5
02-24 16:30:06.795 16428 16428 E ArmVmp : Match on catch block at 0xc3 in for 0xa9
02-24 16:30:06.809 16428 16428 E ArmVmp : Match on catch block at 0xc3 in for 0xa9
02-24 16:30:06.814 16428 16428 E ArmVmp : Match on catch block at 0xc3 in for 0xa1
02-24 16:30:06.823 16428 16428 E ArmVmp : Match on catch block at 0xc3 in for 0xa1
02-24 16:30:06.828 16428 16428 E ArmVmp : Match on catch block at 0xc3 in for 0xa5
02-24 16:30:06.855 16428 16428 E ArmVmp : Match on catch block at 0xc3 in for 0xa9
02-24 16:30:06.860 16428 16428 E ArmVmp : Match on catch block at 0xc3 in for 0xa1
02-24 16:30:06.872 16428 16428 E ArmVmp : Match on catch block at 0xc3 in for 0xa5
02-24 16:30:06.877 16428 16428 E ArmVmp : Match on catch block at 0xc3 in for 0xa9
02-24 16:30:06.889 16428 16428 E ArmVmp : Match on catch block at 0xc3 in for 0xa1
02-24 16:30:06.893 16428 16428 E ArmVmp : Match on catch block at 0xc3 in for 0xa5
02-24 16:30:06.905 16428 16428 E ArmVmp : Match on catch block at 0xc3 in for 0xa9
02-24 16:30:06.909 16428 16428 E ArmVmp : Match on catch block at 0xc3 in for 0xa1
02-24 16:30:06.923 16428 16428 E ArmVmp : Match on catch block at 0xc3 in for 0xa5
02-24 16:30:06.927 16428 16428 E ArmVmp : Match on catch block at 0xc3 in for 0xa9
02-24 16:30:06.939 16428 16428 E ArmVmp : Match on catch block at 0xc3 in for 0xa1
02-24 16:30:06.944 16428 16428 E ArmVmp : Match on catch block at 0xc3 in for 0xa5
02-24 16:30:06.956 16428 16428 E ArmVmp : Match on catch block at 0xc3 in for 0xa9
02-24 16:30:06.961 16428 16428 E ArmVmp : Match on catch block at 0xc3 in for 0xa1
02-24 16:30:06.973 16428 16428 E ArmVmp : Match on catch block at 0xc3 in for 0xa1
02-24 16:30:06.977 16428 16428 E ArmVmp : Match on catch block at 0xc3 in for 0xa5
02-24 16:30:07.174 16428 16428 E ArmVmp : Match on catch block at 0xc3 in for 0xa5
02-24 16:30:07.179 16428 16428 E ArmVmp : Match on catch block at 0xc3 in for 0xa9
02-24 16:30:07.361 16428 16428 E ArmVmp : Match on catch block at 0xc3 in for 0xa9
02-24 16:30:07.371 16428 16428 E ArmVmp : Match on catch block at 0xc3 in for 0xa1
02-24 16:30:07.384 16428 16428 E ArmVmp : Match on catch block at 0xc3 in for 0xa1
02-24 16:30:07.396 16428 16428 E ArmVmp : Match on catch block at 0xc3 in for 0xa5
02-24 16:30:07.410 16428 16428 E ArmVmp : Match on catch block at 0xc3 in for 0xa5
02-24 16:30:07.418 16428 16428 E ArmVmp : Match on catch block at 0xc3 in for 0xa9
02-24 16:30:07.427 16428 16428 E ArmVmp : Match on catch block at 0xc3 in for 0xa9
02-24 16:30:07.434 16428 16428 E ArmVmp : Match on catch block at 0xc3 in for 0xa1
02-24 16:30:07.445 16428 16428 E ArmVmp : Match on catch block at 0xc3 in for 0xa1
02-24 16:30:07.454 16428 16428 E ArmVmp : Match on catch block at 0xc3 in for 0xa5
02-24 16:30:07.463 16428 16428 E ArmVmp : Match on catch block at 0xc3 in for 0xa5
02-24 16:30:07.468 16428 16428 E ArmVmp : Match on catch block at 0xc3 in for 0xa9
02-24 16:30:07.476 16428 16428 E ArmVmp : Match on catch block at 0xc3 in for 0xa9
02-24 16:30:07.481 16428 16428 E ArmVmp : Match on catch block at 0xc3 in for 0xa1
02-24 16:30:07.492 16428 16428 E ArmVmp : Match on catch block at 0xc3 in for 0xa1
02-24 16:30:07.497 16428 16428 E ArmVmp : Match on catch block at 0xc3 in for 0xa5
02-24 16:30:07.510 16428 16428 E ArmVmp : Match on catch block at 0xc3 in for 0xa5
02-24 16:30:07.515 16428 16428 E ArmVmp : Match on catch block at 0xc3 in for 0xa9
02-24 16:30:07.527 16428 16428 E ArmVmp : Match on catch block at 0xc3 in for 0xa9
02-24 16:30:07.533 16428 16428 E ArmVmp : Match on catch block at 0xc3 in for 0xa1
02-24 16:30:07.543 16428 16428 E ArmVmp : Match on catch block at 0xc3 in for 0xa1
02-24 16:30:07.550 16428 16428 E ArmVmp : Match on catch block at 0xc3 in for 0xa5
02-24 16:30:07.560 16428 16428 E ArmVmp : Match on catch block at 0xc3 in for 0xa5
02-24 16:30:07.567 16428 16428 E ArmVmp : Match on catch block at 0xc3 in for 0xa9
02-24 16:30:07.577 16428 16428 E ArmVmp : Match on catch block at 0xc3 in for 0xa9
02-24 16:30:07.584 16428 16428 E ArmVmp : Match on catch block at 0xc3 in for 0xa1
02-24 16:30:07.593 16428 16428 E ArmVmp : Match on catch block at 0xc3 in for 0xa1
02-24 16:30:07.599 16428 16428 E ArmVmp : Match on catch block at 0xc3 in for 0xa5
02-24 16:30:07.610 16428 16428 E ArmVmp : Match on catch block at 0xc3 in for 0xa5
02-24 16:30:07.617 16428 16428 E ArmVmp : Match on catch block at 0xc3 in for 0xa9
02-24 16:30:07.628 16428 16428 E ArmVmp : Match on catch block at 0xc3 in for 0xa9
02-24 16:30:07.633 16428 16428 E ArmVmp : Match on catch block at 0xc3 in for 0xa1
02-24 16:30:07.661 16428 16428 E ArmVmp : Match on catch block at 0xc3 in for 0xa1
02-24 16:30:07.668 16428 16428 E ArmVmp : Match on catch block at 0xc3 in for 0xa5
02-24 16:30:07.834 16428 16428 E ArmVmp : Match on catch block at 0xc3 in for 0xa9
02-24 16:30:07.844 16428 16428 E ArmVmp : Match on catch block at 0xc3 in for 0xa1
02-24 16:30:07.869 16428 16428 E ArmVmp : Match on catch block at 0xc3 in for 0xa9
02-24 16:30:07.875 16428 16428 E ArmVmp : Match on catch block at 0xc3 in for 0xa1
02-24 16:30:07.896 16428 16428 E ArmVmp : Match on catch block at 0xc3 in for 0xa1
02-24 16:30:07.901 16428 16428 E ArmVmp : Match on catch block at 0xc3 in for 0xa5
02-24 16:30:07.912 16428 16428 E ArmVmp : Match on catch block at 0xc3 in for 0xa5
02-24 16:30:07.918 16428 16428 E ArmVmp : Match on catch block at 0xc3 in for 0xa9
02-24 16:30:07.929 16428 16428 E ArmVmp : Match on catch block at 0xc3 in for 0xa9
02-24 16:30:07.934 16428 16428 E ArmVmp : Match on catch block at 0xc3 in for 0xa1
02-24 16:30:07.950 16428 16428 E ArmVmp : Match on catch block at 0xc3 in for 0xa1
02-24 16:30:07.955 16428 16428 E ArmVmp : Match on catch block at 0xc3 in for 0xa5
02-24 16:30:07.963 16428 16428 E ArmVmp : Match on catch block at 0xc3 in for 0xa5
02-24 16:30:07.968 16428 16428 E ArmVmp : Match on catch block at 0xc3 in for 0xa9
02-24 16:30:07.979 16428 16428 E ArmVmp : Match on catch block at 0xc3 in for 0xa9
02-24 16:30:07.984 16428 16428 E ArmVmp : Match on catch block at 0xc3 in for 0xa1
02-24 16:30:07.996 16428 16428 E ArmVmp : Match on catch block at 0xc3 in for 0xa1
02-24 16:30:08.002 16428 16428 E ArmVmp : Match on catch block at 0xc3 in for 0xa5
02-24 16:30:08.013 16428 16428 E ArmVmp : Match on catch block at 0xc3 in for 0xa5
02-24 16:30:08.018 16428 16428 E ArmVmp : Match on catch block at 0xc3 in for 0xa9
02-24 16:30:08.030 16428 16428 E ArmVmp : Match on catch block at 0xc3 in for 0xa9
02-24 16:30:08.035 16428 16428 E ArmVmp : Match on catch block at 0xc3 in for 0xa1
02-24 16:30:08.115 16428 16428 E ArmVmp : Match on catch block at 0xc3 in for 0xa1
02-24 16:30:08.123 16428 16428 E ArmVmp : Match on catch block at 0xc3 in for 0xa5
02-24 16:30:08.608 16428 16428 E ArmVmp : Match on catch block at 0xc3 in for 0xa5
02-24 16:30:08.625 16428 16428 E ArmVmp : Match on catch block at 0xc3 in for 0xa9
02-24 16:30:09.105 16428 16428 E ArmVmp : Match on catch block at 0xc3 in for 0xa9
02-24 16:30:09.112 16428 16428 E ArmVmp : Match on catch block at 0xc3 in for 0xa1
02-24 16:30:09.415 16428 16428 E ArmVmp : Match on catch block at 0xc3 in for 0xa5
02-24 16:30:09.425 16428 16428 E ArmVmp : Match on catch block at 0xc3 in for 0xa9
02-24 16:30:09.435 16428 16428 E SpannableStringBuilder: SPAN_EXCLUSIVE_EXCLUSIVE
spans cannot have a zero length
02-24 16:30:09.441 16428 16428 E ArmVmp : Match on catch block at 0xc3 in for 0xa9
02-24 16:30:09.446 16428 16428 E ArmVmp : Match on catch block at 0xc3 in for 0xa1
02-24 16:30:09.457 16428 16428 E ArmVmp : Match on catch block at 0xc3 in for 0xa1
02-24 16:30:09.463 16428 16428 E ArmVmp : Match on catch block at 0xc3 in for 0xa5
02-24 16:30:09.470 16428 16428 E SpannableStringBuilder: SPAN_EXCLUSIVE_EXCLUSIVE
spans cannot have a zero length
02-24 16:30:09.474 16428 16428 E ArmVmp : Match on catch block at 0xc3 in for 0xa5
02-24 16:30:09.479 16428 16428 E ArmVmp : Match on catch block at 0xc3 in for 0xa9
02-24 16:30:09.490 16428 16428 E ArmVmp : Match on catch block at 0xc3 in for 0xa9
02-24 16:30:09.495 16428 16428 E ArmVmp : Match on catch block at 0xc3 in for 0xa1
02-24 16:30:09.507 16428 16428 E ArmVmp : Match on catch block at 0xc3 in for 0xa1
02-24 16:30:09.513 16428 16428 E ArmVmp : Match on catch block at 0xc3 in for 0xa5
02-24 16:30:09.525 16428 16428 E ArmVmp : Match on catch block at 0xc3 in for 0xa5
02-24 16:30:09.530 16428 16428 E ArmVmp : Match on catch block at 0xc3 in for 0xa9
02-24 16:30:09.541 16428 16428 E ArmVmp : Match on catch block at 0xc3 in for 0xa9
02-24 16:30:09.546 16428 16428 E ArmVmp : Match on catch block at 0xc3 in for 0xa1
02-24 16:30:09.557 16428 16428 E ArmVmp : Match on catch block at 0xc3 in for 0xa1
02-24 16:30:09.562 16428 16428 E ArmVmp : Match on catch block at 0xc3 in for 0xa5
02-24 16:30:09.575 16428 16428 E ArmVmp : Match on catch block at 0xc3 in for 0xa5
02-24 16:30:09.579 16428 16428 E ArmVmp : Match on catch block at 0xc3 in for 0xa9
02-24 16:30:09.592 16428 16428 E ArmVmp : Match on catch block at 0xc3 in for 0xa9
02-24 16:30:09.596 16428 16428 E ArmVmp : Match on catch block at 0xc3 in for 0xa1
02-24 16:30:09.608 16428 16428 E ArmVmp : Match on catch block at 0xc3 in for 0xa1
02-24 16:30:09.612 16428 16428 E ArmVmp : Match on catch block at 0xc3 in for 0xa5
02-24 16:30:09.845 16428 16428 E ArmVmp : Match on catch block at 0xc3 in for 0xa9
02-24 16:30:09.851 16428 16428 E ArmVmp : Match on catch block at 0xc3 in for 0xa1
02-24 16:30:09.875 16428 16428 E ArmVmp : Match on catch block at 0xc3 in for 0xa9
02-24 16:30:09.881 16428 16428 E ArmVmp : Match on catch block at 0xc3 in for 0xa1
02-24 16:30:09.909 16428 16428 E ArmVmp : Match on catch block at 0xc3 in for 0xa1
02-24 16:30:09.917 16428 16428 E ArmVmp : Match on catch block at 0xc3 in for 0xa5
02-24 16:30:09.946 16428 16428 E ArmVmp : Match on catch block at 0xc3 in for 0xa9
02-24 16:30:09.953 16428 16428 E ArmVmp : Match on catch block at 0xc3 in for 0xa1
02-24 16:30:10.040 16428 16428 E ArmVmp : Match on catch block at 0xc3 in for 0xa1
02-24 16:30:10.046 16428 16428 E ArmVmp : Match on catch block at 0xc3 in for 0xa5
02-24 16:30:10.056 16428 16428 W InputMethodManager: startInputReason = 1
02-24 16:30:10.108 16428 16428 E ArmVmp : Match on catch block at 0xc3 in for 0xa5
02-24 16:30:10.113 16428 16428 E ArmVmp : Match on catch block at 0xc3 in for 0xa9
02-24 16:30:10.178 16428 16428 W StaticLayout: maxLineHeight should not be -1.
maxLines:1 lineCount:1
02-24 16:30:10.179 16428 16428 W StaticLayout: maxLineHeight should not be -1.
maxLines:1 lineCount:1
02-24 16:30:10.195 16428 16428 W StaticLayout: maxLineHeight should not be -1.
maxLines:1 lineCount:1
02-24 16:30:10.197 16428 16428 W StaticLayout: maxLineHeight should not be -1.
maxLines:3 lineCount:3
02-24 16:30:10.198 16428 16428 W StaticLayout: maxLineHeight should not be -1.
maxLines:1 lineCount:1
02-24 16:30:10.267 16428 16517 W libEGL : EGLNativeWindowType 0x7184b79010
disconnect failed
02-24 16:30:10.278 16428 16428 E ArmVmp : Match on catch block at 0xc3 in for 0xa1
02-24 16:30:10.282 16428 16428 E ArmVmp : Match on catch block at 0xc3 in for 0xa5
02-24 16:30:11.772 16428 16428 W HiTouch_PressGestureDetector: Touch pointer move a
lot. The moving distance of X is:7.9555664, limit is:60The moving distance of Y
is:71.59985, limit is:60
02-24 16:30:12.581 16428 16428 W ActivityThread: handleWindowVisibility: no
