02-24 16:50:17.126 20701 20701 E ArmVmp : Match on catch block at 0xc3 in for 0xa1
02-24 16:50:17.130 20701 20701 E ArmVmp : Match on catch block at 0xc3 in for 0xa5
02-24 16:50:17.309 20701 20701 E ArmVmp : Match on catch block at 0xc3 in for 0xa5
02-24 16:50:17.315 20701 20701 E ArmVmp : Match on catch block at 0xc3 in for 0xa9
02-24 16:50:17.445 20701 20701 E ArmVmp : Match on catch block at 0xc3 in for 0xa9
02-24 16:50:17.449 20701 20701 E ArmVmp : Match on catch block at 0xc3 in for 0xa1
02-24 16:50:17.950 20701 20701 E ArmVmp : Match on catch block at 0xc3 in for 0xa1
02-24 16:50:17.956 20701 20701 E ArmVmp : Match on catch block at 0xc3 in for 0xa5
02-24 16:50:18.050 20701 20701 E ArmVmp : Match on catch block at 0xc3 in for 0xa5
02-24 16:50:18.055 20701 20701 E ArmVmp : Match on catch block at 0xc3 in for 0xa9
02-24 16:50:18.560 20701 20701 E ArmVmp : Match on catch block at 0xc3 in for 0xa9
02-24 16:50:18.572 20701 20701 E ArmVmp : Match on catch block at 0xc3 in for 0xa1
02-24 16:50:18.824 20701 20701 E ArmVmp : Match on catch block at 0xc3 in for 0xa1
02-24 16:50:18.830 20701 20701 E ArmVmp : Match on catch block at 0xc3 in for 0xa5
02-24 16:50:19.042 20701 20701 E ArmVmp : Match on catch block at 0xc3 in for 0xa5
02-24 16:50:19.050 20701 20701 E ArmVmp : Match on catch block at 0xc3 in for 0xa9
02-24 16:50:19.410 20701 20701 E ArmVmp : Match on catch block at 0xc3 in for 0xa9
02-24 16:50:19.415 20701 20701 E ArmVmp : Match on catch block at 0xc3 in for 0xa1
02-24 16:50:19.920 20701 20701 E ArmVmp : Match on catch block at 0xc3 in for 0xa1
02-24 16:50:19.931 20701 20701 E ArmVmp : Match on catch block at 0xc3 in for 0xa5
02-24 16:50:20.248 20701 20701 E ArmVmp : Match on catch block at 0xc3 in for 0xa5
02-24 16:50:20.253 20701 20701 E ArmVmp : Match on catch block at 0xc3 in for 0xa9
02-24 16:50:20.259 20701 20701 E SpannableStringBuilder: SPAN_EXCLUSIVE_EXCLUSIVE
spans cannot have a zero length
02-24 16:50:20.758 20701 20701 E ArmVmp : Match on catch block at 0xc3 in for 0xa9
02-24 16:50:20.770 20701 20701 E ArmVmp : Match on catch block at 0xc3 in for 0xa1
02-24 16:50:21.071 20701 20701 E ArmVmp : Match on catch block at 0xc3 in for 0xa1
02-24 16:50:21.077 20701 20701 E ArmVmp : Match on catch block at 0xc3 in for 0xa5
02-24 16:50:21.577 20701 20701 E ArmVmp : Match on catch block at 0xc3 in for 0xa5
02-24 16:50:21.584 20701 20701 E ArmVmp : Match on catch block at 0xc3 in for 0xa9
02-24 16:50:22.078 20701 20701 E ArmVmp : Match on catch block at 0xc3 in for 0xa9
02-24 16:50:22.081 20701 20701 E ArmVmp : Match on catch block at 0xc3 in for 0xa1
02-24 16:50:22.572 20701 20701 E ArmVmp : Match on catch block at 0xc3 in for 0xa1
02-24 16:50:22.584 20701 20701 E ArmVmp : Match on catch block at 0xc3 in for 0xa5
02-24 16:50:23.076 20701 20701 E ArmVmp : Match on catch block at 0xc3 in for 0xa5
02-24 16:50:23.092 20701 20701 E ArmVmp : Match on catch block at 0xc3 in for 0xa9
02-24 16:50:23.581 20701 20701 E ArmVmp : Match on catch block at 0xc3 in for 0xa9
02-24 16:50:23.591 20701 20701 E ArmVmp : Match on catch block at 0xc3 in for 0xa1
02-24 16:50:24.084 20701 20701 E ArmVmp : Match on catch block at 0xc3 in for 0xa1
02-24 16:50:24.095 20701 20701 E ArmVmp : Match on catch block at 0xc3 in for 0xa5
02-24 16:50:24.584 20701 20701 E ArmVmp : Match on catch block at 0xc3 in for 0xa5
02-24 16:50:24.592 20701 20701 E ArmVmp : Match on catch block at 0xc3 in for 0xa9
02-24 16:50:25.091 20701 20701 E ArmVmp : Match on catch block at 0xc3 in for 0xa9
02-24 16:50:25.103 20701 20701 E ArmVmp : Match on catch block at 0xc3 in for 0xa1
02-24 16:50:25.578 20701 20701 E ArmVmp : Match on catch block at 0xc3 in for 0xa1
02-24 16:50:25.591 20701 20701 E ArmVmp : Match on catch block at 0xc3 in for 0xa5
02-24 16:50:26.081 20701 20701 E ArmVmp : Match on catch block at 0xc3 in for 0xa5
02-24 16:50:26.093 20701 20701 E ArmVmp : Match on catch block at 0xc3 in for 0xa9
02-24 16:50:26.585 20701 20701 E ArmVmp : Match on catch block at 0xc3 in for 0xa9
02-24 16:50:26.598 20701 20701 E ArmVmp : Match on catch block at 0xc3 in for 0xa1
02-24 16:50:27.082 20701 20701 E ArmVmp : Match on catch block at 0xc3 in for 0xa1
02-24 16:50:27.087 20701 20701 E ArmVmp : Match on catch block at 0xc3 in for 0xa5
02-24 16:50:27.430 20701 20701 E ArmVmp : Match on catch block at 0xc3 in for 0xa1
02-24 16:50:27.436 20701 20701 E ArmVmp : Match on catch block at 0xc3 in for 0xa5
02-24 16:50:27.446 20701 20701 E SpannableStringBuilder: SPAN_EXCLUSIVE_EXCLUSIVE
spans cannot have a zero length
02-24 16:50:27.650 20701 20701 E ArmVmp : Match on catch block at 0xc3 in for 0xa1
02-24 16:50:27.655 20701 20701 E ArmVmp : Match on catch block at 0xc3 in for 0xa5
02-24 16:50:27.664 20701 20701 E ArmVmp : Match on catch block at 0xc3 in for 0xa5
02-24 16:50:27.668 20701 20701 E ArmVmp : Match on catch block at 0xc3 in for 0xa9
02-24 16:50:27.676 20701 20701 E SpannableStringBuilder: SPAN_EXCLUSIVE_EXCLUSIVE
spans cannot have a zero length
02-24 16:50:27.734 20701 20701 E SpannableStringBuilder: SPAN_EXCLUSIVE_EXCLUSIVE
spans cannot have a zero length
02-24 16:50:28.140 20701 20701 E ArmVmp : Match on catch block at 0xc3 in for 0xa9
02-24 16:50:28.145 20701 20701 E ArmVmp : Match on catch block at 0xc3 in for 0xa1
02-24 16:50:28.173 20701 20701 E ArmVmp : Match on catch block at 0xc3 in for 0xa1
02-24 16:50:28.178 20701 20701 E ArmVmp : Match on catch block at 0xc3 in for 0xa5
02-24 16:50:28.677 20701 20701 E ArmVmp : Match on catch block at 0xc3 in for 0xa5
02-24 16:50:28.684 20701 20701 E ArmVmp : Match on catch block at 0xc3 in for 0xa9
02-24 16:50:28.699 20701 20701 E ArmVmp : Match on catch block at 0xc3 in for 0xa9
02-24 16:50:28.704 20701 20701 E ArmVmp : Match on catch block at 0xc3 in for 0xa1
02-24 16:50:28.848 20701 20701 E ArmVmp : Match on catch block at 0xc3 in for 0xa1
02-24 16:50:28.854 20701 20701 E ArmVmp : Match on catch block at 0xc3 in for 0xa5
02-24 16:50:29.255 20701 20701 E ArmVmp : Match on catch block at 0xc3 in for 0xa5
02-24 16:50:29.269 20701 20701 E ArmVmp : Match on catch block at 0xc3 in for 0xa9
02-24 16:50:29.288 20701 20701 E ArmVmp : Match on catch block at 0xc3 in for 0xa9
02-24 16:50:29.302 20701 20701 E ArmVmp : Match on catch block at 0xc3 in for 0xa1
02-24 16:50:29.321 20701 20701 E ArmVmp : Match on catch block at 0xc3 in for 0xa1
02-24 16:50:29.330 20701 20701 E ArmVmp : Match on catch block at 0xc3 in for 0xa5
02-24 16:50:29.337 20701 20701 E ArmVmp : Match on catch block at 0xc3 in for 0xa5
02-24 16:50:29.343 20701 20701 E ArmVmp : Match on catch block at 0xc3 in for 0xa9
02-24 16:50:29.353 20701 20701 E ArmVmp : Match on catch block at 0xc3 in for 0xa9
02-24 16:50:29.358 20701 20701 E ArmVmp : Match on catch block at 0xc3 in for 0xa1
02-24 16:50:29.367 20701 20701 E ArmVmp : Match on catch block at 0xc3 in for 0xa1
02-24 16:50:29.372 20701 20701 E ArmVmp : Match on catch block at 0xc3 in for 0xa5
02-24 16:50:29.382 20701 20701 E ArmVmp : Match on catch block at 0xc3 in for 0xa5
02-24 16:50:29.386 20701 20701 E ArmVmp : Match on catch block at 0xc3 in for 0xa9
02-24 16:50:29.398 20701 20701 E ArmVmp : Match on catch block at 0xc3 in for 0xa9
02-24 16:50:29.404 20701 20701 E ArmVmp : Match on catch block at 0xc3 in for 0xa1
02-24 16:50:29.415 20701 20701 E ArmVmp : Match on catch block at 0xc3 in for 0xa1
02-24 16:50:29.421 20701 20701 E ArmVmp : Match on catch block at 0xc3 in for 0xa5
02-24 16:50:29.474 20701 20701 E ArmVmp : Match on catch block at 0xc3 in for 0xa9
02-24 16:50:29.477 20701 20701 E ArmVmp : Match on catch block at 0xc3 in for 0xa1
02-24 16:50:29.488 20701 20701 E ArmVmp : Match on catch block at 0xc3 in for 0xa9
02-24 16:50:29.492 20701 20701 E ArmVmp : Match on catch block at 0xc3 in for 0xa1
02-24 16:50:29.871 20701 20701 E ArmVmp : Match on catch block at 0xc3 in for 0xa1
02-24 16:50:29.881 20701 20701 E ArmVmp : Match on catch block at 0xc3 in for 0xa5
02-24 16:50:29.954 20701 20701 E SpannableStringBuilder: SPAN_EXCLUSIVE_EXCLUSIVE
spans cannot have a zero length
02-24 16:50:29.970 20701 20701 E ArmVmp : Match on catch block at 0xc3 in for 0xa5
02-24 16:50:29.976 20701 20701 E ArmVmp : Match on catch block at 0xc3 in for 0xa9
02-24 16:50:29.982 20701 20701 E SpannableStringBuilder: SPAN_EXCLUSIVE_EXCLUSIVE
spans cannot have a zero length
02-24 16:50:30.299 20701 20701 E SpannableStringBuilder: SPAN_EXCLUSIVE_EXCLUSIVE
spans cannot have a zero length
02-24 16:50:30.369 20701 20701 E ArmVmp : Match on catch block at 0xc3 in for 0xa1
02-24 16:50:30.374 20701 20701 E ArmVmp : Match on catch block at 0xc3 in for 0xa5
02-24 16:50:30.386 20701 20701 E ArmVmp : Match on catch block at 0xc3 in for 0xa1
02-24 16:50:30.391 20701 20701 E ArmVmp : Match on catch block at 0xc3 in for 0xa5
02-24 16:50:30.473 20701 20701 E ArmVmp : Match on catch block at 0xc3 in for 0xa5
02-24 16:50:30.477 20701 20701 E ArmVmp : Match on catch block at 0xc3 in for 0xa9
02-24 16:50:30.967 20701 20701 E ArmVmp : Match on catch block at 0xc3 in for 0xa9
02-24 16:50:30.981 20701 20701 E ArmVmp : Match on catch block at 0xc3 in for 0xa1
02-24 16:50:31.471 20701 20701 E ArmVmp : Match on catch block at 0xc3 in for 0xa1
02-24 16:50:31.486 20701 20701 E ArmVmp : Match on catch block at 0xc3 in for 0xa5
02-24 16:50:31.941 20701 20701 E ArmVmp : Match on catch block at 0xc3 in for 0xa5
02-24 16:50:31.955 20701 20701 E ArmVmp : Match on catch block at 0xc3 in for 0xa9
02-24 16:50:31.975 20701 20701 E ArmVmp : Match on catch block at 0xc3 in for 0xa9
02-24 16:50:31.985 20701 20701 E ArmVmp : Match on catch block at 0xc3 in for 0xa1
02-24 16:50:32.004 20701 20701 E ArmVmp : Match on catch block at 0xc3 in for 0xa1
02-24 16:50:32.013 20701 20701 E ArmVmp : Match on catch block at 0xc3 in for 0xa5
02-24 16:50:32.026 20701 20701 E ArmVmp : Match on catch block at 0xc3 in for 0xa5
02-24 16:50:32.033 20701 20701 E ArmVmp : Match on catch block at 0xc3 in for 0xa9
02-24 16:50:32.041 20701 20701 E ArmVmp : Match on catch block at 0xc3 in for 0xa9
02-24 16:50:32.048 20701 20701 E ArmVmp : Match on catch block at 0xc3 in for 0xa1
02-24 16:50:32.056 20701 20701 E ArmVmp : Match on catch block at 0xc3 in for 0xa1
02-24 16:50:32.063 20701 20701 E ArmVmp : Match on catch block at 0xc3 in for 0xa5
02-24 16:50:32.071 20701 20701 E ArmVmp : Match on catch block at 0xc3 in for 0xa5
02-24 16:50:32.076 20701 20701 E ArmVmp : Match on catch block at 0xc3 in for 0xa9
02-24 16:50:32.085 20701 20701 E ArmVmp : Match on catch block at 0xc3 in for 0xa9
02-24 16:50:32.090 20701 20701 E ArmVmp : Match on catch block at 0xc3 in for 0xa1
02-24 16:50:32.102 20701 20701 E ArmVmp : Match on catch block at 0xc3 in for 0xa1
02-24 16:50:32.106 20701 20701 E ArmVmp : Match on catch block at 0xc3 in for 0xa5
02-24 16:50:32.118 20701 20701 E ArmVmp : Match on catch block at 0xc3 in for 0xa5
02-24 16:50:32.122 20701 20701 E ArmVmp : Match on catch block at 0xc3 in for 0xa9
02-24 16:50:32.135 20701 20701 E ArmVmp : Match on catch block at 0xc3 in for 0xa9
02-24 16:50:32.139 20701 20701 E ArmVmp : Match on catch block at 0xc3 in for 0xa1
02-24 16:50:32.152 20701 20701 E ArmVmp : Match on catch block at 0xc3 in for 0xa1
02-24 16:50:32.156 20701 20701 E ArmVmp : Match on catch block at 0xc3 in for 0xa5
02-24 16:50:32.169 20701 20701 E ArmVmp : Match on catch block at 0xc3 in for 0xa5
02-24 16:50:32.174 20701 20701 E ArmVmp : Match on catch block at 0xc3 in for 0xa9
02-24 16:50:32.185 20701 20701 E ArmVmp : Match on catch block at 0xc3 in for 0xa9
02-24 16:50:32.190 20701 20701 E ArmVmp : Match on catch block at 0xc3 in for 0xa1
02-24 16:50:32.506 20701 20701 E ArmVmp : Match on catch block at 0xc3 in for 0xa1
02-24 16:50:32.512 20701 20701 E ArmVmp : Match on catch block at 0xc3 in for 0xa5
02-24 16:50:32.575 20701 20701 E ArmVmp : Match on catch block at 0xc3 in for 0xa5
02-24 16:50:32.583 20701 20701 E ArmVmp : Match on catch block at 0xc3 in for 0xa9
02-24 16:50:32.826 20701 20701 E ArmVmp : Match on catch block at 0xc3 in for 0xa5
02-24 16:50:32.834 20701 20701 E ArmVmp : Match on catch block at 0xc3 in for 0xa9
02-24 16:50:32.847 20701 20701 E ArmVmp : Match on catch block at 0xc3 in for 0xa9
02-24 16:50:32.851 20701 20701 E ArmVmp : Match on catch block at 0xc3 in for 0xa1
02-24 16:50:33.027 20701 20701 E ArmVmp : Match on catch block at 0xc3 in for 0xa1
02-24 16:50:33.033 20701 20701 E ArmVmp : Match on catch block at 0xc3 in for 0xa5
02-24 16:50:33.044 20701 20701 E ArmVmp : Match on catch block at 0xc3 in for 0xa5
02-24 16:50:33.049 20701 20701 E ArmVmp : Match on catch block at 0xc3 in for 0xa9
02-24 16:50:33.222 20701 20701 E SpannableStringBuilder: SPAN_EXCLUSIVE_EXCLUSIVE
spans cannot have a zero length
02-24 16:50:33.225 20701 20701 E SpannableStringBuilder: SPAN_EXCLUSIVE_EXCLUSIVE
spans cannot have a zero length
02-24 16:50:33.229 20701 20701 E ArmVmp : Match on catch block at 0xc3 in for 0xa9
02-24 16:50:33.237 20701 20701 E ArmVmp : Match on catch block at 0xc3 in for 0xa1
02-24 16:50:33.248 20701 20701 E ArmVmp : Match on catch block at 0xc3 in for 0xa1
02-24 16:50:33.255 20701 20701 E ArmVmp : Match on catch block at 0xc3 in for 0xa5
02-24 16:50:33.263 20701 20701 E SpannableStringBuilder: SPAN_EXCLUSIVE_EXCLUSIVE
spans cannot have a zero length
02-24 16:50:33.772 20701 20701 E ArmVmp : Match on catch block at 0xc3 in for 0xa5
02-24 16:50:33.783 20701 20701 E ArmVmp : Match on catch block at 0xc3 in for 0xa9
02-24 16:50:34.259 20701 20701 E ArmVmp : Match on catch block at 0xc3 in for 0xa9
02-24 16:50:34.272 20701 20701 E ArmVmp : Match on catch block at 0xc3 in for 0xa1
02-24 16:50:34.762 20701 20701 E ArmVmp : Match on catch block at 0xc3 in for 0xa1
02-24 16:50:34.774 20701 20701 E ArmVmp : Match on catch block at 0xc3 in for 0xa5
02-24 16:50:35.266 20701 20701 E ArmVmp : Match on catch block at 0xc3 in for 0xa5
02-24 16:50:35.280 20701 20701 E ArmVmp : Match on catch block at 0xc3 in for 0xa9
02-24 16:50:35.771 20701 20701 E ArmVmp : Match on catch block at 0xc3 in for 0xa9
02-24 16:50:35.785 20701 20701 E ArmVmp : Match on catch block at 0xc3 in for 0xa1
02-24 16:50:36.273 20701 20701 E ArmVmp : Match on catch block at 0xc3 in for 0xa1
02-24 16:50:36.287 20701 20701 E ArmVmp : Match on catch block at 0xc3 in for 0xa5
02-24 16:50:36.777 20701 20701 E ArmVmp : Match on catch block at 0xc3 in for 0xa5
02-24 16:50:36.790 20701 20701 E ArmVmp : Match on catch block at 0xc3 in for 0xa9
02-24 16:50:37.259 20701 20701 E ArmVmp : Match on catch block at 0xc3 in for 0xa9
02-24 16:50:37.266 20701 20701 E ArmVmp : Match on catch block at 0xc3 in for 0xa1
02-24 16:50:37.378 20701 20701 E ArmVmp : Match on catch block at 0xc3 in for 0xa1
02-24 16:50:37.383 20701 20701 E ArmVmp : Match on catch block at 0xc3 in for 0xa5
02-24 16:50:37.394 20701 20701 E ArmVmp : Match on catch block at 0xc3 in for 0xa5
02-24 16:50:37.399 20701 20701 E ArmVmp : Match on catch block at 0xc3 in for 0xa9
02-24 16:50:37.869 20701 20701 E ArmVmp : Match on catch block at 0xc3 in for 0xa9
02-24 16:50:37.882 20701 20701 E ArmVmp : Match on catch block at 0xc3 in for 0xa1
02-24 16:50:38.355 20701 20701 E ArmVmp : Match on catch block at 0xc3 in for 0xa1
02-24 16:50:38.368 20701 20701 E ArmVmp : Match on catch block at 0xc3 in for 0xa5
02-24 16:50:38.858 20701 20701 E ArmVmp : Match on catch block at 0xc3 in for 0xa5
02-24 16:50:38.869 20701 20701 E ArmVmp : Match on catch block at 0xc3 in for 0xa9
02-24 16:50:38.975 20701 20701 E ArmVmp : Match on catch block at 0xc3 in for 0xa9
02-24 16:50:38.985 20701 20701 E ArmVmp : Match on catch block at 0xc3 in for 0xa1
02-24 16:50:39.001 20701 20701 E ArmVmp : Match on catch block at 0xc3 in for 0xa1
02-24 16:50:39.008 20701 20701 E ArmVmp : Match on catch block at 0xc3 in for 0xa5
02-24 16:50:39.019 20701 20701 E ArmVmp : Match on catch block at 0xc3 in for 0xa5
02-24 16:50:39.024 20701 20701 E ArmVmp : Match on catch block at 0xc3 in for 0xa9
02-24 16:50:39.033 20701 20701 E ArmVmp : Match on catch block at 0xc3 in for 0xa9
02-24 16:50:39.039 20701 20701 E ArmVmp : Match on catch block at 0xc3 in for 0xa1
02-24 16:50:39.048 20701 20701 E ArmVmp : Match on catch block at 0xc3 in for 0xa1
02-24 16:50:39.054 20701 20701 E ArmVmp : Match on catch block at 0xc3 in for 0xa5
02-24 16:50:39.062 20701 20701 E ArmVmp : Match on catch block at 0xc3 in for 0xa5
02-24 16:50:39.068 20701 20701 E ArmVmp : Match on catch block at 0xc3 in for 0xa9
02-24 16:50:39.077 20701 20701 E ArmVmp : Match on catch block at 0xc3 in for 0xa9
02-24 16:50:39.082 20701 20701 E ArmVmp : Match on catch block at 0xc3 in for 0xa1
02-24 16:50:39.091 20701 20701 E ArmVmp : Match on catch block at 0xc3 in for 0xa1
02-24 16:50:39.096 20701 20701 E ArmVmp : Match on catch block at 0xc3 in for 0xa5
02-24 16:50:39.104 20701 20701 E ArmVmp : Match on catch block at 0xc3 in for 0xa5
02-24 16:50:39.108 20701 20701 E ArmVmp : Match on catch block at 0xc3 in for 0xa9
02-24 16:50:39.119 20701 20701 E ArmVmp : Match on catch block at 0xc3 in for 0xa9
02-24 16:50:39.123 20701 20701 E ArmVmp : Match on catch block at 0xc3 in for 0xa1
02-24 16:50:39.137 20701 20701 E ArmVmp : Match on catch block at 0xc3 in for 0xa1
02-24 16:50:39.143 20701 20701 E ArmVmp : Match on catch block at 0xc3 in for 0xa5
02-24 16:50:39.154 20701 20701 E ArmVmp : Match on catch block at 0xc3 in for 0xa5
02-24 16:50:39.159 20701 20701 E ArmVmp : Match on catch block at 0xc3 in for 0xa9
02-24 16:50:39.171 20701 20701 E ArmVmp : Match on catch block at 0xc3 in for 0xa9
02-24 16:50:39.176 20701 20701 E ArmVmp : Match on catch block at 0xc3 in for 0xa1
02-24 16:50:39.187 20701 20701 E ArmVmp : Match on catch block at 0xc3 in for 0xa1
02-24 16:50:39.192 20701 20701 E ArmVmp : Match on catch block at 0xc3 in for 0xa5
02-24 16:50:39.204 20701 20701 E ArmVmp : Match on catch block at 0xc3 in for 0xa5
02-24 16:50:39.209 20701 20701 E ArmVmp : Match on catch block at 0xc3 in for 0xa9
02-24 16:50:39.221 20701 20701 E ArmVmp : Match on catch block at 0xc3 in for 0xa9
02-24 16:50:39.226 20701 20701 E ArmVmp : Match on catch block at 0xc3 in for 0xa1
02-24 16:50:39.356 20701 20701 E ArmVmp : Match on catch block at 0xc3 in for 0xa1
02-24 16:50:39.361 20701 20701 E ArmVmp : Match on catch block at 0xc3 in for 0xa5
02-24 16:50:39.641 20701 20701 E ArmVmp : Match on catch block at 0xc3 in for 0xa5
02-24 16:50:39.646 20701 20701 E ArmVmp : Match on catch block at 0xc3 in for 0xa9
02-24 16:50:39.655 20701 20701 W InputMethodManager: startInputReason = 3
02-24 16:50:39.676 20701 20701 E ArmVmp : Match on catch block at 0xc3 in for 0xa5
02-24 16:50:39.681 20701 20701 E ArmVmp : Match on catch block at 0xc3 in for 0xa9
02-24 16:50:39.689 20701 20701 W IInputConnectionWrapper: beginBatchEdit on
inactive InputConnection
02-24 16:50:39.689 20701 20701 W IInputConnectionWrapper: setComposingRegion on
inactive InputConnection
02-24 16:50:39.689 20701 20701 W IInputConnectionWrapper: endBatchEdit on inactive
InputConnection
02-24 16:50:39.698 20701 20701 E ArmVmp : Match on catch block at 0xc3 in for 0xa1
02-24 16:50:39.703 20701 20701 E ArmVmp : Match on catch block at 0xc3 in for 0xa5
02-24 16:50:39.710 20701 20701 E SpannableStringBuilder: SPAN_EXCLUSIVE_EXCLUSIVE
spans cannot have a zero length
02-24 16:50:39.714 20701 20701 E ArmVmp : Match on catch block at 0xc3 in for 0xa5
02-24 16:50:39.719 20701 20701 E ArmVmp : Match on catch block at 0xc3 in for 0xa9
02-24 16:50:39.725 20701 20701 E SpannableStringBuilder: SPAN_EXCLUSIVE_EXCLUSIVE
spans cannot have a zero length
02-24 16:50:39.725 20701 20701 E SpannableStringBuilder: SPAN_EXCLUSIVE_EXCLUSIVE
spans cannot have a zero length
02-24 16:50:39.728 20701 20701 E ArmVmp : Match on catch block at 0xc3 in for 0xa9
02-24 16:50:39.732 20701 20701 E ArmVmp : Match on catch block at 0xc3 in for 0xa1
02-24 16:50:39.741 20701 20701 E ArmVmp : Match on catch block at 0xc3 in for 0xa1
02-24 16:50:39.745 20701 20701 E ArmVmp : Match on catch block at 0xc3 in for 0xa5
02-24 16:50:39.758 20701 20701 E ArmVmp : Match on catch block at 0xc3 in for 0xa5
02-24 16:50:39.762 20701 20701 E ArmVmp : Match on catch block at 0xc3 in for 0xa9
02-24 16:50:39.799 20701 20701 E ArmVmp : Match on catch block at 0xc3 in for 0xa5
02-24 16:50:39.803 20701 20701 E ArmVmp : Match on catch block at 0xc3 in for 0xa9
02-24 16:50:39.817 20701 20701 E ArmVmp : Match on catch block at 0xc3 in for 0xa5
02-24 16:50:39.821 20701 20701 E ArmVmp : Match on catch block at 0xc3 in for 0xa9
02-24 16:50:39.833 20701 20701 E ArmVmp : Match on catch block at 0xc3 in for 0xa9
02-24 16:50:39.837 20701 20701 E ArmVmp : Match on catch block at 0xc3 in for 0xa1
02-24 16:50:39.844 20701 20701 E ArmVmp : Match on catch block at 0xc3 in for 0xa1
02-24 16:50:39.848 20701 20701 E ArmVmp : Match on catch block at 0xc3 in for 0xa5
02-24 16:50:39.858 20701 20701 E ArmVmp : Match on catch block at 0xc3 in for 0xa5
02-24 16:50:39.862 20701 20701 E ArmVmp : Match on catch block at 0xc3 in for 0xa9
02-24 16:50:40.032 20701 20701 E ArmVmp : Match on catch block at 0xc3 in for 0xa5
02-24 16:50:40.036 20701 20701 E ArmVmp : Match on catch block at 0xc3 in for 0xa9
02-24 16:50:40.047 20701 20701 E ArmVmp : Match on catch block at 0xc3 in for 0xa9
02-24 16:50:40.052 20701 20701 E ArmVmp : Match on catch block at 0xc3 in for 0xa1
02-24 16:50:40.178 20701 20701 E ArmVmp : Match on catch block at 0xc3 in for 0xa1
02-24 16:50:40.183 20701 20701 E ArmVmp : Match on catch block at 0xc3 in for 0xa5
02-24 16:50:40.208 20701 20701 E ArmVmp : Match on catch block at 0xc3 in for 0xa9
02-24 16:50:40.228 20701 20701 E ArmVmp : Match on catch block at 0xc3 in for 0xa1
02-24 16:50:40.247 20701 20701 E ArmVmp : Match on catch block at 0xc3 in for 0xa9
02-24 16:50:40.252 20701 20701 E ArmVmp : Match on catch block at 0xc3 in for 0xa1
02-24 16:50:40.262 20701 20701 E ArmVmp : Match on catch block at 0xc3 in for 0xa1
02-24 16:50:40.270 20701 20701 E ArmVmp : Match on catch block at 0xc3 in for 0xa5
02-24 16:50:40.282 20701 20701 E ArmVmp : Match on catch block at 0xc3 in for 0xa5
02-24 16:50:40.288 20701 20701 E ArmVmp : Match on catch block at 0xc3 in for 0xa9
02-24 16:50:40.299 20701 20701 E ArmVmp : Match on catch block at 0xc3 in for 0xa9
02-24 16:50:40.303 20701 20701 E ArmVmp : Match on catch block at 0xc3 in for 0xa1
02-24 16:50:40.316 20701 20701 E ArmVmp : Match on catch block at 0xc3 in for 0xa1
02-24 16:50:40.320 20701 20701 E ArmVmp : Match on catch block at 0xc3 in for 0xa5
02-24 16:50:40.329 20701 20701 E ArmVmp : Match on catch block at 0xc3 in for 0xa5
02-24 16:50:40.333 20701 20701 E ArmVmp : Match on catch block at 0xc3 in for 0xa9
02-24 16:50:40.345 20701 20701 E ArmVmp : Match on catch block at 0xc3 in for 0xa9
02-24 16:50:40.349 20701 20701 E ArmVmp : Match on catch block at 0xc3 in for 0xa1
02-24 16:50:40.363 20701 20701 E ArmVmp : Match on catch block at 0xc3 in for 0xa1
02-24 16:50:40.367 20701 20701 E ArmVmp : Match on catch block at 0xc3 in for 0xa5
02-24 16:50:40.380 20701 20701 E ArmVmp : Match on catch block at 0xc3 in for 0xa5
02-24 16:50:40.384 20701 20701 E ArmVmp : Match on catch block at 0xc3 in for 0xa9
02-24 16:50:40.397 20701 20701 E ArmVmp : Match on catch block at 0xc3 in for 0xa9
02-24 16:50:40.401 20701 20701 E ArmVmp : Match on catch block at 0xc3 in for 0xa1
02-24 16:50:40.483 20701 20701 E ArmVmp : Match on catch block at 0xc3 in for 0xa1
02-24 16:50:40.490 20701 20701 E ArmVmp : Match on catch block at 0xc3 in for 0xa5
02-24 16:50:40.502 20701 20701 E ArmVmp : Match on catch block at 0xc3 in for 0xa5
02-24 16:50:40.508 20701 20701 E ArmVmp : Match on catch block at 0xc3 in for 0xa9
02-24 16:50:40.735 20701 20701 E ArmVmp : Match on catch block at 0xc3 in for 0xa9
02-24 16:50:40.741 20701 20701 E ArmVmp : Match on catch block at 0xc3 in for 0xa1
02-24 16:50:40.753 20701 20701 E ArmVmp : Match on catch block at 0xc3 in for 0xa1
02-24 16:50:40.759 20701 20701 E ArmVmp : Match on catch block at 0xc3 in for 0xa5
02-24 16:50:40.766 20701 20701 E SpannableStringBuilder: SPAN_EXCLUSIVE_EXCLUSIVE
spans cannot have a zero length
02-24 16:50:40.988 20701 20701 E ArmVmp : Match on catch block at 0xc3 in for 0xa9
02-24 16:50:40.992 20701 20701 E ArmVmp : Match on catch block at 0xc3 in for 0xa1
02-24 16:50:41.010 20701 20701 E ArmVmp : Match on catch block at 0xc3 in for 0xa5
02-24 16:50:41.014 20701 20701 E ArmVmp : Match on catch block at 0xc3 in for 0xa9
02-24 16:50:41.024 20701 20701 E ArmVmp : Match on catch block at 0xc3 in for 0xa1
02-24 16:50:41.028 20701 20701 E ArmVmp : Match on catch block at 0xc3 in for 0xa5
02-24 16:50:41.261 20701 20701 E ArmVmp : Match on catch block at 0xc3 in for 0xa9
02-24 16:50:41.271 20701 20701 E ArmVmp : Match on catch block at 0xc3 in for 0xa1
02-24 16:50:41.673 20701 20701 E ArmVmp : Match on catch block at 0xc3 in for 0xa9
02-24 16:50:41.680 20701 20701 E ArmVmp : Match on catch block at 0xc3 in for 0xa1
02-24 16:50:41.909 20701 20701 E ArmVmp : Match on catch block at 0xc3 in for 0xa1
02-24 16:50:41.918 20701 20701 E ArmVmp : Match on catch block at 0xc3 in for 0xa5
02-24 16:50:42.143 20701 20701 E ArmVmp : Match on catch block at 0xc3 in for 0xa5
02-24 16:50:42.147 20701 20701 E ArmVmp : Match on catch block at 0xc3 in for 0xa9
02-24 16:50:42.153 20701 20701 E SpannableStringBuilder: SPAN_EXCLUSIVE_EXCLUSIVE
spans cannot have a zero length
02-24 16:50:42.412 20701 20701 E ArmVmp : Match on catch block at 0xc3 in for 0xa9
02-24 16:50:42.418 20701 20701 E ArmVmp : Match on catch block at 0xc3 in for 0xa1
02-24 16:50:42.579 20701 20701 E ArmVmp : Match on catch block at 0xc3 in for 0xa1
02-24 16:50:42.584 20701 20701 E ArmVmp : Match on catch block at 0xc3 in for 0xa5
02-24 16:50:42.613 20701 20701 E ArmVmp : Match on catch block at 0xc3 in for 0xa5
02-24 16:50:42.617 20701 20701 E ArmVmp : Match on catch block at 0xc3 in for 0xa9
02-24 16:50:42.631 20701 20701 E ArmVmp : Match on catch block at 0xc3 in for 0xa9
02-24 16:50:42.635 20701 20701 E ArmVmp : Match on catch block at 0xc3 in for 0xa1
02-24 16:50:42.646 20701 20701 E ArmVmp : Match on catch block at 0xc3 in for 0xa1
02-24 16:50:42.652 20701 20701 E ArmVmp : Match on catch block at 0xc3 in for 0xa5
02-24 16:50:42.664 20701 20701 E ArmVmp : Match on catch block at 0xc3 in for 0xa5
02-24 16:50:42.670 20701 20701 E ArmVmp : Match on catch block at 0xc3 in for 0xa9
02-24 16:50:42.680 20701 20701 E ArmVmp : Match on catch block at 0xc3 in for 0xa9
02-24 16:50:42.684 20701 20701 E ArmVmp : Match on catch block at 0xc3 in for 0xa1
02-24 16:50:42.697 20701 20701 E ArmVmp : Match on catch block at 0xc3 in for 0xa1
02-24 16:50:42.701 20701 20701 E ArmVmp : Match on catch block at 0xc3 in for 0xa5
02-24 16:50:42.714 20701 20701 E ArmVmp : Match on catch block at 0xc3 in for 0xa5
02-24 16:50:42.718 20701 20701 E ArmVmp : Match on catch block at 0xc3 in for 0xa9
02-24 16:50:42.730 20701 20701 E ArmVmp : Match on catch block at 0xc3 in for 0xa9
02-24 16:50:42.734 20701 20701 E ArmVmp : Match on catch block at 0xc3 in for 0xa1
02-24 16:50:42.747 20701 20701 E ArmVmp : Match on catch block at 0xc3 in for 0xa1
02-24 16:50:42.752 20701 20701 E ArmVmp : Match on catch block at 0xc3 in for 0xa5
02-24 16:50:42.764 20701 20701 E ArmVmp : Match on catch block at 0xc3 in for 0xa5
02-24 16:50:42.770 20701 20701 E ArmVmp : Match on catch block at 0xc3 in for 0xa9
02-24 16:50:42.780 20701 20701 E ArmVmp : Match on catch block at 0xc3 in for 0xa9
02-24 16:50:42.784 20701 20701 E ArmVmp : Match on catch block at 0xc3 in for 0xa1
02-24 16:50:42.797 20701 20701 E ArmVmp : Match on catch block at 0xc3 in for 0xa1
02-24 16:50:42.802 20701 20701 E ArmVmp : Match on catch block at 0xc3 in for 0xa5
02-24 16:50:42.814 20701 20701 E ArmVmp : Match on catch block at 0xc3 in for 0xa5
02-24 16:50:42.819 20701 20701 E ArmVmp : Match on catch block at 0xc3 in for 0xa9
02-24 16:50:42.831 20701 20701 E ArmVmp : Match on catch block at 0xc3 in for 0xa9
02-24 16:50:42.837 20701 20701 E ArmVmp : Match on catch block at 0xc3 in for 0xa1
02-24 16:50:42.849 20701 20701 E ArmVmp : Match on catch block at 0xc3 in for 0xa1
02-24 16:50:42.855 20701 20701 E ArmVmp : Match on catch block at 0xc3 in for 0xa5
02-24 16:50:42.864 20701 20701 E ArmVmp : Match on catch block at 0xc3 in for 0xa5
02-24 16:50:42.868 20701 20701 E ArmVmp : Match on catch block at 0xc3 in for 0xa9
02-24 16:50:42.982 20701 20701 E ArmVmp : Match on catch block at 0xc3 in for 0xa9
02-24 16:50:42.987 20701 20701 E ArmVmp : Match on catch block at 0xc3 in for 0xa1
02-24 16:50:43.201 20701 20701 E ArmVmp : Match on catch block at 0xc3 in for 0xa1
02-24 16:50:43.208 20701 20701 E ArmVmp : Match on catch block at 0xc3 in for 0xa5
02-24 16:50:43.215 20701 20701 E SpannableStringBuilder: SPAN_EXCLUSIVE_EXCLUSIVE
spans cannot have a zero length
02-24 16:50:43.220 20701 20701 E ArmVmp : Match on catch block at 0xc3 in for 0xa5
02-24 16:50:43.226 20701 20701 E ArmVmp : Match on catch block at 0xc3 in for 0xa9
02-24 16:50:43.236 20701 20701 E ArmVmp : Match on catch block at 0xc3 in for 0xa9
02-24 16:50:43.240 20701 20701 E ArmVmp : Match on catch block at 0xc3 in for 0xa1
02-24 16:50:43.252 20701 20701 E ArmVmp : Match on catch block at 0xc3 in for 0xa1
02-24 16:50:43.255 20701 20701 E ArmVmp : Match on catch block at 0xc3 in for 0xa5
02-24 16:50:43.267 20701 20701 E ArmVmp : Match on catch block at 0xc3 in for 0xa5
02-24 16:50:43.272 20701 20701 E ArmVmp : Match on catch block at 0xc3 in for 0xa9
02-24 16:50:43.284 20701 20701 E ArmVmp : Match on catch block at 0xc3 in for 0xa9
02-24 16:50:43.289 20701 20701 E ArmVmp : Match on catch block at 0xc3 in for 0xa1
02-24 16:50:43.301 20701 20701 E ArmVmp : Match on catch block at 0xc3 in for 0xa1
02-24 16:50:43.306 20701 20701 E ArmVmp : Match on catch block at 0xc3 in for 0xa5
02-24 16:50:43.317 20701 20701 E ArmVmp : Match on catch block at 0xc3 in for 0xa5
02-24 16:50:43.322 20701 20701 E ArmVmp : Match on catch block at 0xc3 in for 0xa9
02-24 16:50:43.334 20701 20701 E ArmVmp : Match on catch block at 0xc3 in for 0xa9
02-24 16:50:43.339 20701 20701 E ArmVmp : Match on catch block at 0xc3 in for 0xa1
02-24 16:50:43.352 20701 20701 E ArmVmp : Match on catch block at 0xc3 in for 0xa1
02-24 16:50:43.355 20701 20701 E ArmVmp : Match on catch block at 0xc3 in for 0xa5
02-24 16:50:43.369 20701 20701 E ArmVmp : Match on catch block at 0xc3 in for 0xa5
02-24 16:50:43.373 20701 20701 E ArmVmp : Match on catch block at 0xc3 in for 0xa9
02-24 16:50:43.385 20701 20701 E ArmVmp : Match on catch block at 0xc3 in for 0xa9
02-24 16:50:43.390 20701 20701 E ArmVmp : Match on catch block at 0xc3 in for 0xa1
02-24 16:50:43.402 20701 20701 E ArmVmp : Match on catch block at 0xc3 in for 0xa1
02-24 16:50:43.407 20701 20701 E ArmVmp : Match on catch block at 0xc3 in for 0xa5
02-24 16:50:43.419 20701 20701 E ArmVmp : Match on catch block at 0xc3 in for 0xa5
02-24 16:50:43.424 20701 20701 E ArmVmp : Match on catch block at 0xc3 in for 0xa9
02-24 16:50:43.436 20701 20701 E ArmVmp : Match on catch block at 0xc3 in for 0xa9
02-24 16:50:43.441 20701 20701 E ArmVmp : Match on catch block at 0xc3 in for 0xa1
02-24 16:50:43.453 20701 20701 E ArmVmp : Match on catch block at 0xc3 in for 0xa1
02-24 16:50:43.457 20701 20701 E ArmVmp : Match on catch block at 0xc3 in for 0xa5
02-24 16:50:43.469 20701 20701 E ArmVmp : Match on catch block at 0xc3 in for 0xa5
02-24 16:50:43.474 20701 20701 E ArmVmp : Match on catch block at 0xc3 in for 0xa9
02-24 16:50:43.486 20701 20701 E ArmVmp : Match on catch block at 0xc3 in for 0xa9
02-24 16:50:43.491 20701 20701 E ArmVmp : Match on catch block at 0xc3 in for 0xa1
02-24 16:50:43.503 20701 20701 E ArmVmp : Match on catch block at 0xc3 in for 0xa1
02-24 16:50:43.508 20701 20701 E ArmVmp : Match on catch block at 0xc3 in for 0xa5
02-24 16:50:43.520 20701 20701 E ArmVmp : Match on catch block at 0xc3 in for 0xa5
02-24 16:50:43.525 20701 20701 E ArmVmp : Match on catch block at 0xc3 in for 0xa9
02-24 16:50:43.537 20701 20701 E ArmVmp : Match on catch block at 0xc3 in for 0xa9
02-24 16:50:43.541 20701 20701 E ArmVmp : Match on catch block at 0xc3 in for 0xa1
02-24 16:50:43.553 20701 20701 E ArmVmp : Match on catch block at 0xc3 in for 0xa1
02-24 16:50:43.558 20701 20701 E ArmVmp : Match on catch block at 0xc3 in for 0xa5
02-24 16:50:43.570 20701 20701 E ArmVmp : Match on catch block at 0xc3 in for 0xa5
02-24 16:50:43.575 20701 20701 E ArmVmp : Match on catch block at 0xc3 in for 0xa9
02-24 16:50:43.587 20701 20701 E ArmVmp : Match on catch block at 0xc3 in for 0xa9
02-24 16:50:43.592 20701 20701 E ArmVmp : Match on catch block at 0xc3 in for 0xa1
02-24 16:50:43.604 20701 20701 E ArmVmp : Match on catch block at 0xc3 in for 0xa1
02-24 16:50:43.608 20701 20701 E ArmVmp : Match on catch block at 0xc3 in for 0xa5
02-24 16:50:43.710 20701 20701 E ArmVmp : Match on catch block at 0xc3 in for 0xa5
02-24 16:50:43.721 20701 20701 E ArmVmp : Match on catch block at 0xc3 in for 0xa9
02-24 16:50:43.972 20701 20701 E ArmVmp : Match on catch block at 0xc3 in for 0xa9
02-24 16:50:43.979 20701 20701 E ArmVmp : Match on catch block at 0xc3 in for 0xa1
02-24 16:50:44.157 20701 20701 E ArmVmp : Match on catch block at 0xc3 in for 0xa1
02-24 16:50:44.164 20701 20701 E ArmVmp : Match on catch block at 0xc3 in for 0xa5
02-24 16:50:44.392 20701 20701 E ArmVmp : Match on catch block at 0xc3 in for 0xa5
02-24 16:50:44.398 20701 20701 E ArmVmp : Match on catch block at 0xc3 in for 0xa9
02-24 16:50:44.404 20701 20701 E SpannableStringBuilder: SPAN_EXCLUSIVE_EXCLUSIVE
spans cannot have a zero length
02-24 16:50:44.902 20701 20701 E ArmVmp : Match on catch block at 0xc3 in for 0xa9
02-24 16:50:44.913 20701 20701 E ArmVmp : Match on catch block at 0xc3 in for 0xa1
02-24 16:50:45.407 20701 20701 E ArmVmp : Match on catch block at 0xc3 in for 0xa1
02-24 16:50:45.420 20701 20701 E ArmVmp : Match on catch block at 0xc3 in for 0xa5
02-24 16:50:45.911 20701 20701 E ArmVmp : Match on catch block at 0xc3 in for 0xa5
02-24 16:50:45.924 20701 20701 E ArmVmp : Match on catch block at 0xc3 in for 0xa9
02-24 16:50:46.414 20701 20701 E ArmVmp : Match on catch block at 0xc3 in for 0xa9
02-24 16:50:46.428 20701 20701 E ArmVmp : Match on catch block at 0xc3 in for 0xa1
02-24 16:50:46.901 20701 20701 E ArmVmp : Match on catch block at 0xc3 in for 0xa1
02-24 16:50:46.915 20701 20701 E ArmVmp : Match on catch block at 0xc3 in for 0xa5
02-24 16:50:47.403 20701 20701 E ArmVmp : Match on catch block at 0xc3 in for 0xa5
02-24 16:50:47.415 20701 20701 E ArmVmp : Match on catch block at 0xc3 in for 0xa9
02-24 16:50:47.901 20701 20701 E ArmVmp : Match on catch block at 0xc3 in for 0xa9
02-24 16:50:47.905 20701 20701 E ArmVmp : Match on catch block at 0xc3 in for 0xa1
02-24 16:50:48.413 20701 20701 E ArmVmp : Match on catch block at 0xc3 in for 0xa1
02-24 16:50:48.426 20701 20701 E ArmVmp : Match on catch block at 0xc3 in for 0xa5
02-24 16:50:48.916 20701 20701 E ArmVmp : Match on catch block at 0xc3 in for 0xa5
02-24 16:50:48.930 20701 20701 E ArmVmp : Match on catch block at 0xc3 in for 0xa9
02-24 16:50:49.420 20701 20701 E ArmVmp : Match on catch block at 0xc3 in for 0xa9
02-24 16:50:49.434 20701 20701 E ArmVmp : Match on catch block at 0xc3 in for 0xa1
02-24 16:50:49.906 20701 20701 E ArmVmp : Match on catch block at 0xc3 in for 0xa1
02-24 16:50:49.920 20701 20701 E ArmVmp : Match on catch block at 0xc3 in for 0xa5
02-24 16:50:50.407 20701 20701 E ArmVmp : Match on catch block at 0xc3 in for 0xa5
02-24 16:50:50.416 20701 20701 E ArmVmp : Match on catch block at 0xc3 in for 0xa9
02-24 16:50:50.910 20701 20701 E ArmVmp : Match on catch block at 0xc3 in for 0xa9
02-24 16:50:50.920 20701 20701 E ArmVmp : Match on catch block at 0xc3 in for 0xa1
02-24 16:50:51.418 20701 20701 E ArmVmp : Match on catch block at 0xc3 in for 0xa1
02-24 16:50:51.432 20701 20701 E ArmVmp : Match on catch block at 0xc3 in for 0xa5
02-24 16:50:51.922 20701 20701 E ArmVmp : Match on catch block at 0xc3 in for 0xa5
02-24 16:50:51.935 20701 20701 E ArmVmp : Match on catch block at 0xc3 in for 0xa9
02-24 16:50:52.408 20701 20701 E ArmVmp : Match on catch block at 0xc3 in for 0xa9
02-24 16:50:52.422 20701 20701 E ArmVmp : Match on catch block at 0xc3 in for 0xa1
02-24 16:50:52.912 20701 20701 E ArmVmp : Match on catch block at 0xc3 in for 0xa1
02-24 16:50:52.924 20701 20701 E ArmVmp : Match on catch block at 0xc3 in for 0xa5
02-24 16:50:53.416 20701 20701 E ArmVmp : Match on catch block at 0xc3 in for 0xa5
02-24 16:50:53.429 20701 20701 E ArmVmp : Match on catch block at 0xc3 in for 0xa9
02-24 16:50:53.920 20701 20701 E ArmVmp : Match on catch block at 0xc3 in for 0xa9
02-24 16:50:53.933 20701 20701 E ArmVmp : Match on catch block at 0xc3 in for 0xa1
02-24 16:50:54.423 20701 20701 E ArmVmp : Match on catch block at 0xc3 in for 0xa1
02-24 16:50:54.434 20701 20701 E ArmVmp : Match on catch block at 0xc3 in for 0xa5
02-24 16:50:54.927 20701 20701 E ArmVmp : Match on catch block at 0xc3 in for 0xa5
02-24 16:50:54.940 20701 20701 E ArmVmp : Match on catch block at 0xc3 in for 0xa9
02-24 16:50:55.414 20701 20701 E ArmVmp : Match on catch block at 0xc3 in for 0xa9
02-24 16:50:55.428 20701 20701 E ArmVmp : Match on catch block at 0xc3 in for 0xa1
02-24 16:50:55.918 20701 20701 E ArmVmp : Match on catch block at 0xc3 in for 0xa1
02-24 16:50:55.931 20701 20701 E ArmVmp : Match on catch block at 0xc3 in for 0xa5
02-24 16:50:56.422 20701 20701 E ArmVmp : Match on catch block at 0xc3 in for 0xa1
02-24 16:50:56.432 20701 20701 E ArmVmp : Match on catch block at 0xc3 in for 0xa5
02-24 16:50:56.926 20701 20701 E ArmVmp : Match on catch block at 0xc3 in for 0xa5
02-24 16:50:56.940 20701 20701 E ArmVmp : Match on catch block at 0xc3 in for 0xa9
02-24 16:50:57.429 20701 20701 E ArmVmp : Match on catch block at 0xc3 in for 0xa9
02-24 16:50:57.442 20701 20701 E ArmVmp : Match on catch block at 0xc3 in for 0xa1
02-24 16:50:57.933 20701 20701 E ArmVmp : Match on catch block at 0xc3 in for 0xa1
02-24 16:50:57.944 20701 20701 E ArmVmp : Match on catch block at 0xc3 in for 0xa5
02-24 16:50:58.420 20701 20701 E ArmVmp : Match on catch block at 0xc3 in for 0xa5
02-24 16:50:58.434 20701 20701 E ArmVmp : Match on catch block at 0xc3 in for 0xa9
02-24 16:50:58.923 20701 20701 E ArmVmp : Match on catch block at 0xc3 in for 0xa9
02-24 16:50:58.937 20701 20701 E ArmVmp : Match on catch block at 0xc3 in for 0xa1
02-24 16:50:59.427 20701 20701 E ArmVmp : Match on catch block at 0xc3 in for 0xa9
02-24 16:50:59.440 20701 20701 E ArmVmp : Match on catch block at 0xc3 in for 0xa1
02-24 16:50:59.930 20701 20701 E ArmVmp : Match on catch block at 0xc3 in for 0xa1
02-24 16:50:59.945 20701 20701 E ArmVmp : Match on catch block at 0xc3 in for 0xa5
02-24 16:51:00.434 20701 20701 E ArmVmp : Match on catch block at 0xc3 in for 0xa5
02-24 16:51:00.448 20701 20701 E ArmVmp : Match on catch block at 0xc3 in for 0xa9
02-24 16:51:00.939 20701 20701 E ArmVmp : Match on catch block at 0xc3 in for 0xa9
02-24 16:51:00.951 20701 20701 E ArmVmp : Match on catch block at 0xc3 in for 0xa1
02-24 16:51:01.426 20701 20701 E ArmVmp : Match on catch block at 0xc3 in for 0xa1
02-24 16:51:01.439 20701 20701 E ArmVmp : Match on catch block at 0xc3 in for 0xa5
02-24 16:51:01.718 20701 20701 E SpannableStringBuilder: SPAN_EXCLUSIVE_EXCLUSIVE
spans cannot have a zero length
02-24 16:51:01.735 20701 20701 E ArmVmp : Match on catch block at 0xc3 in for 0xa1
02-24 16:51:01.743 20701 20701 E ArmVmp : Match on catch block at 0xc3 in for 0xa5
02-24 16:51:01.753 20701 20701 E SpannableStringBuilder: SPAN_EXCLUSIVE_EXCLUSIVE
spans cannot have a zero length
02-24 16:51:02.214 20701 20701 E SpannableStringBuilder: SPAN_EXCLUSIVE_EXCLUSIVE
spans cannot have a zero length
02-24 16:51:02.230 20701 20701 E ArmVmp : Match on catch block at 0xc3 in for 0xa5
02-24 16:51:02.238 20701 20701 E ArmVmp : Match on catch block at 0xc3 in for 0xa9
02-24 16:51:02.248 20701 20701 E SpannableStringBuilder: SPAN_EXCLUSIVE_EXCLUSIVE
spans cannot have a zero length
02-24 16:51:02.467 20701 20701 E SpannableStringBuilder: SPAN_EXCLUSIVE_EXCLUSIVE
spans cannot have a zero length
02-24 16:51:02.480 20701 20701 E ArmVmp : Match on catch block at 0xc3 in for 0xa9
02-24 16:51:02.488 20701 20701 E ArmVmp : Match on catch block at 0xc3 in for 0xa1
02-24 16:51:02.497 20701 20701 E SpannableStringBuilder: SPAN_EXCLUSIVE_EXCLUSIVE
spans cannot have a zero length
02-24 16:51:02.702 20701 20701 E SpannableStringBuilder: SPAN_EXCLUSIVE_EXCLUSIVE
spans cannot have a zero length
02-24 16:51:02.715 20701 20701 E ArmVmp : Match on catch block at 0xc3 in for 0xa5
02-24 16:51:02.745 20701 20701 E ArmVmp : Match on catch block at 0xc3 in for 0xa9
02-24 16:51:02.760 20701 20701 E ArmVmp : Match on catch block at 0xc3 in for 0xa9
02-24 16:51:02.766 20701 20701 E ArmVmp : Match on catch block at 0xc3 in for 0xa1
02-24 16:51:02.778 20701 20701 E ArmVmp : Match on catch block at 0xc3 in for 0xa1
02-24 16:51:02.786 20701 20701 E ArmVmp : Match on catch block at 0xc3 in for 0xa5
02-24 16:51:02.794 20701 20701 E ArmVmp : Match on catch block at 0xc3 in for 0xa5
02-24 16:51:02.803 20701 20701 E ArmVmp : Match on catch block at 0xc3 in for 0xa9
02-24 16:51:02.812 20701 20701 E ArmVmp : Match on catch block at 0xc3 in for 0xa9
02-24 16:51:02.816 20701 20701 E ArmVmp : Match on catch block at 0xc3 in for 0xa1
02-24 16:51:02.820 20701 20701 E SpannableStringBuilder: SPAN_EXCLUSIVE_EXCLUSIVE
spans cannot have a zero length
02-24 16:51:02.823 20701 20701 E ArmVmp : Match on catch block at 0xc3 in for 0xa1
02-24 16:51:02.827 20701 20701 E ArmVmp : Match on catch block at 0xc3 in for 0xa5
02-24 16:51:02.835 20701 20701 E ArmVmp : Match on catch block at 0xc3 in for 0xa5
02-24 16:51:02.840 20701 20701 E ArmVmp : Match on catch block at 0xc3 in for 0xa9
02-24 16:51:02.846 20701 20701 E ArmVmp : Match on catch block at 0xc3 in for 0xa9
02-24 16:51:02.851 20701 20701 E ArmVmp : Match on catch block at 0xc3 in for 0xa1
02-24 16:51:02.862 20701 20701 E ArmVmp : Match on catch block at 0xc3 in for 0xa1
02-24 16:51:02.866 20701 20701 E ArmVmp : Match on catch block at 0xc3 in for 0xa5
02-24 16:51:02.880 20701 20701 E ArmVmp : Match on catch block at 0xc3 in for 0xa5
02-24 16:51:02.884 20701 20701 E ArmVmp : Match on catch block at 0xc3 in for 0xa9
02-24 16:51:02.897 20701 20701 E ArmVmp : Match on catch block at 0xc3 in for 0xa9
02-24 16:51:02.901 20701 20701 E ArmVmp : Match on catch block at 0xc3 in for 0xa1
02-24 16:51:02.913 20701 20701 E ArmVmp : Match on catch block at 0xc3 in for 0xa1
02-24 16:51:02.918 20701 20701 E ArmVmp : Match on catch block at 0xc3 in for 0xa5
02-24 16:51:02.931 20701 20701 E ArmVmp : Match on catch block at 0xc3 in for 0xa9
02-24 16:51:02.935 20701 20701 E ArmVmp : Match on catch block at 0xc3 in for 0xa1
02-24 16:51:03.267 20701 20701 E ArmVmp : Match on catch block at 0xc3 in for 0xa9
02-24 16:51:03.272 20701 20701 E ArmVmp : Match on catch block at 0xc3 in for 0xa1
02-24 16:51:03.300 20701 20701 E ArmVmp : Match on catch block at 0xc3 in for 0xa1
02-24 16:51:03.306 20701 20701 E ArmVmp : Match on catch block at 0xc3 in for 0xa5
02-24 16:51:03.326 20701 20701 E ArmVmp : Match on catch block at 0xc3 in for 0xa1
02-24 16:51:03.332 20701 20701 E ArmVmp : Match on catch block at 0xc3 in for 0xa5
02-24 16:51:03.368 20701 20701 E ArmVmp : Match on catch block at 0xc3 in for 0xa5
02-24 16:51:03.372 20701 20701 E ArmVmp : Match on catch block at 0xc3 in for 0xa9
02-24 16:51:03.476 20701 20701 E ArmVmp : Match on catch block at 0xc3 in for 0xa5
02-24 16:51:03.479 20701 20701 E ArmVmp : Match on catch block at 0xc3 in for 0xa9
02-24 16:51:03.545 20701 20701 E ArmVmp : Match on catch block at 0xc3 in for 0xa5
02-24 16:51:03.548 20701 20701 E ArmVmp : Match on catch block at 0xc3 in for 0xa9
02-24 16:51:03.559 20701 20701 E ArmVmp : Match on catch block at 0xc3 in for 0xa9
02-24 16:51:03.562 20701 20701 E ArmVmp : Match on catch block at 0xc3 in for 0xa1
02-24 16:51:03.569 20701 20701 W InputMethodManager: startInputReason = 1
02-24 16:51:03.767 20701 20787 W libEGL : EGLNativeWindowType 0x719aba8010
disconnect failed
02-24 16:51:03.777 20701 20701 E ArmVmp : Match on catch block at 0xc3 in for 0xa1
02-24 16:51:03.781 20701 20701 E ArmVmp : Match on catch block at 0xc3 in for 0xa5
02-24 16:51:03.793 20701 20701 W StaticLayout: maxLineHeight should not be -1.
maxLines:1 lineCount:1
02-24 16:51:03.862 20701 20701 W StaticLayout: maxLineHeight should not be -1.
maxLines:1 lineCount:1
02-24 16:51:03.862 20701 20701 W StaticLayout: maxLineHeight should not be -1.
maxLines:1 lineCount:1
02-24 16:51:03.884 20701 20701 W StaticLayout: maxLineHeight should not be -1.
maxLines:1 lineCount:1
02-24 16:51:03.887 20701 20701 W StaticLayout: maxLineHeight should not be -1.
maxLines:3 lineCount:3
02-24 16:51:03.888 20701 20701 W StaticLayout: maxLineHeight should not be -1.
maxLines:1 lineCount:1
02-24 16:51:04.522 20701 20701 W HiTouch_PressGestureDetector: Touch pointer move a
lot. The moving distance of X is:25.181396, limit is:60The moving distance of Y
is:120.45184, limit is:60
02-24 16:51:05.176 20701 20701 W HiTouch_PressGestureDetector: Touch pointer move a
lot. The moving distance of X is:10.557007, limit is:60The moving distance of Y
is:124.80432, limit is:60
02-24 16:51:05.948 20701 20701 W HiTouch_PressGestureDetector: Touch pointer move a
lot. The moving distance of X is:15.96698, limit is:60The moving distance of Y
is:247.00989, limit is:60
02-24 16:51:06.008 20701 20711 E : [ZeroHung]zrhung_get_config: Get config
failed for wp[0x0008]
02-24 16:51:06.956 20701 20701 W HiTouch_PressGestureDetector: Touch pointer move a
lot. The moving distance of X is:0.6090698, limit is:60The moving distance of Y
is:84.14575, limit is:60
02-24 16:51:07.661 20701 20701 W HiTouch_PressGestureDetector: Touch pointer move a
lot. The moving distance of X is:9.83728, limit is:60The moving distance of Y
is:85.583374, limit is:60
02-24 16:51:08.782 20701 20701 W ActivityThread: handleWindowVisibility: no
activity for token android.os.BinderProxy@3ebad17
02-24 16:51:09.571 20701 20701 W Settings: Setting device_provisioned has moved
from android.provider.Settings.Secure to android.provider.Settings.Global.
02-24 16:51:09.735 20701 20701 W ActivityThread: handleWindowVisibility: no
activity for token android.os.BinderProxy@2541a3e
02-24 16:51:09.871 20701 20701 W InputMethodManager: startInputReason = 1
02-24 16:51:09.925 20701 20787 W libEGL : EGLNativeWindowType 0x719b61e010
disconnect failed
02-24 16:51:10.540 20701 20701 W StaticLayout: maxLineHeight should not be -1.
maxLines:1 lineCount:1
02-24 16:51:11.973 20701 20701 W Settings: Setting device_provisioned has moved
from android.provider.Settings.Secure to android.provider.Settings.Global.
02-24 16:51:12.086 20701 20701 W HiTouch_PressGestureDetector: Touch pointer move a
lot. The moving distance of X is:16.965698, limit is:60The moving distance of Y
is:371.65637, limit is:60
02-24 16:51:12.186 20701 20787 W libEGL : EGLNativeWindowType 0x719adfd010
disconnect failed
02-24 16:51:12.587 20701 20711 E : [ZeroHung]zrhung_get_config: Get config
failed for wp[0x0008]
02-24 16:51:13.341 20701 20701 W InputMethodManager: startInputReason = 1
02-24 16:51:13.372 20701 20787 W libEGL : EGLNativeWindowType 0x719b991010
disconnect failed
02-24 16:51:14.284 20701 20711 E : [ZeroHung]zrhung_get_config: Get config
failed for wp[0x0008]
02-24 16:51:14.773 20701 20701 W InputMethodManager: startInputReason = 1
02-24 16:51:16.005 20701 20711 E : [ZeroHung]zrhung_get_config: Get config
failed for wp[0x0008]
02-24 16:51:17.994 20701 20711 E : [ZeroHung]zrhung_get_config: Get config
failed for wp[0x0008]
02-24 16:51:18.405 20701 20787 W libEGL : EGLNativeWindowType 0x71943f1010
disconnect failed
02-24 16:51:18.416 20701 20701 W InputEventReceiver: Attempted to finish an input
event but the input event receiver has already been disposed.
02-24 16:51:18.423 20701 20701 W InputMethodManager: startInputReason = 1
02-24 16:51:18.995 20701 20701 W HiTouch_PressGestureDetector: Touch pointer move a
lot. The moving distance of X is:17.5, limit is:60The moving distance of Y is:92.5,
limit is:60
02-24 16:51:19.286 20701 20701 W StaticLayout: maxLineHeight should not be -1.
maxLines:1 lineCount:1
02-24 16:51:20.269 20701 20701 W StaticLayout: maxLineHeight should not be -1.
maxLines:1 lineCount:1
02-24 16:51:20.328 20701 20701 W StaticLayout: maxLineHeight should not be -1.
maxLines:1 lineCount:1
02-24 16:51:21.073 20701 20701 W InputMethodManager: startInputReason = 1
02-24 16:51:21.318 20701 20701 W StaticLayout: maxLineHeight should not be -1.
maxLines:1 lineCount:1
02-24 16:51:21.419 20701 20701 W StaticLayout: maxLineHeight should not be -1.
maxLines:1 lineCount:1
02-24 16:51:21.551 20701 20701 W StaticLayout: maxLineHeight should not be -1.
maxLines:1 lineCount:1
02-24 16:51:26.595 20701 20701 W StaticLayout: maxLineHeight should not be -1.
maxLines:1 lineCount:1
02-24 16:51:27.230 20701 20701 W StaticLayout: maxLineHeight should not be -1.
maxLines:1 lineCount:1
02-24 16:51:27.301 20701 20787 W libEGL : EGLNativeWindowType 0x7197171010
disconnect failed
02-24 16:51:27.337 20701 20701 W InputMethodManager: startInputReason = 1
02-24 16:51:27.376 20701 20701 W ActivityThread: handleWindowVisibility: no
activity for token android.os.BinderProxy@b0c4b90
02-24 16:51:27.667 20701 20701 W InputMethodManager: startInputReason = 1
02-24 16:51:27.841 20701 20787 W libEGL : EGLNativeWindowType 0x719aedd010
disconnect failed
02-24 16:51:29.713 20701 20701 W Settings: Setting device_provisioned has moved
from android.provider.Settings.Secure to android.provider.Settings.Global.
02-24 16:51:29.757 20701 20701 W HiTouch_PressGestureDetector: Touch pointer move a
lot. The moving distance of X is:6.1519165, limit is:60The moving distance of Y
is:72.693726, limit is:60
02-24 16:51:30.195 20701 20701 W HiTouch_PressGestureDetector: Touch pointer move a
lot. The moving distance of X is:42.195984, limit is:60The moving distance of Y
