own callbacks.
02-24 16:36:24.325 16428 16428 E ArmVmp : Match on catch block at 0xc3 in for 0xa9
02-24 16:36:24.329 16428 16428 E ArmVmp : Match on catch block at 0xc3 in for 0xa1
02-24 16:36:24.510 16428 16428 W View : requestLayout() improperly called by
com.whatsapp.WaImageView{8a19722 VF.D..CL. ......ID 0,0-192,192 #7f0b1814
app:id/shutter} during layout: running second layout pass
02-24 16:36:24.510 16428 16428 W View : requestLayout() improperly called by
com.whatsapp.CircularProgressBar{f25e5b3 V.ED..... ......ID 0,0-192,192 #7f0b14fc
app:id/recording_progress} during layout: running second layout pass
02-24 16:36:24.511 16428 16428 W View : requestLayout() improperly called by
com.whatsapp.WaImageView{a918770 VF.D..C.. ......ID 0,0-144,144 #7f0b1976
app:id/switch_camera_btn} during layout: running second layout pass
02-24 16:36:24.511 16428 16428 W View : requestLayout() improperly called by
com.whatsapp.WaImageView{7dafae9 VFED..C.. ......ID 0,0-144,144 #7f0b0b0d
app:id/gallery_btn} during layout: running second layout pass
02-24 16:36:24.511 16428 16428 W View : requestLayout() improperly called by
com.whatsapp.WaImageView{9e6036e VF.D..C.. ......ID 0,0-144,144 #7f0b0a9c
app:id/flash_btn} during layout: running second layout pass
02-24 16:36:24.511 16428 16428 W View : requestLayout() improperly called by
com.whatsapp.WaImageView{10f2a0f VFED..C.. ......ID 0,0-144,144 #7f0b057f
app:id/close_camera_btn} during layout: running second layout pass
02-24 16:36:24.511 16428 16428 W View : requestLayout() improperly called by
X.4Ki{8dfaa9c V.ED..... ......ID 0,6-1080,150} during layout: running second layout
pass
02-24 16:36:24.543 16428 16428 W View : requestLayout() improperly called by
com.whatsapp.WaImageView{8a19722 VF.D..CL. ......ID 444,1664-636,1856 #7f0b1814
app:id/shutter} during layout: running second layout pass
02-24 16:36:24.544 16428 16428 W View : requestLayout() improperly called by
com.whatsapp.CircularProgressBar{f25e5b3 V.ED..... ......ID 444,1664-636,1856
#7f0b14fc app:id/recording_progress} during layout: running second layout pass
02-24 16:36:24.544 16428 16428 W View : requestLayout() improperly called by
com.whatsapp.WaImageView{a918770 VF.D..C.. ......ID 912,1688-1056,1832 #7f0b1976
app:id/switch_camera_btn} during layout: running second layout pass
02-24 16:36:24.544 16428 16428 W View : requestLayout() improperly called by
com.whatsapp.WaImageView{7dafae9 VFED..C.. ......ID 24,1688-168,1832 #7f0b0b0d
app:id/gallery_btn} during layout: running second layout pass
02-24 16:36:24.544 16428 16428 W View : requestLayout() improperly called by
com.whatsapp.WaImageView{9e6036e VF.D..C.. ......ID 912,24-1056,168 #7f0b0a9c
app:id/flash_btn} during layout: running second layout pass
02-24 16:36:24.544 16428 16428 W View : requestLayout() improperly called by
com.whatsapp.WaImageView{10f2a0f VFED..C.. ......ID 24,24-168,168 #7f0b057f
app:id/close_camera_btn} during layout: running second layout pass
02-24 16:36:24.574 16428 16428 E ArmVmp : Match on catch block at 0xc3 in for 0xa9
02-24 16:36:24.580 16428 16428 E ArmVmp : Match on catch block at 0xc3 in for 0xa1
02-24 16:36:24.632 16428 16428 E ArmVmp : Match on catch block at 0xc3 in for 0xa5
02-24 16:36:24.638 16428 16428 E ArmVmp : Match on catch block at 0xc3 in for 0xa9
02-24 16:36:24.773 16428 16428 W InputMethodManager: startInputReason = 1
02-24 16:36:24.819 16428 16428 E ArmVmp : Match on catch block at 0xc3 in for 0xa9
02-24 16:36:24.831 16428 16428 E ArmVmp : Match on catch block at 0xc3 in for 0xa1
02-24 16:36:24.881 16428 16428 E ArmVmp : Match on catch block at 0xc3 in for 0xa1
02-24 16:36:24.888 16428 16428 E ArmVmp : Match on catch block at 0xc3 in for 0xa5
02-24 16:36:24.929 16428 16517 W libEGL : EGLNativeWindowType 0x7194526010
disconnect failed
02-24 16:36:24.940 16428 16428 E ArmVmp : Match on catch block at 0xc3 in for 0xa9
02-24 16:36:24.946 16428 16428 E ArmVmp : Match on catch block at 0xc3 in for 0xa1
02-24 16:36:25.561 16428 16439 E : [ZeroHung]zrhung_get_config: Get config
failed for wp[0x0008]
02-24 16:36:26.091 16428 16437 W System : A resource failed to call close.
02-24 16:36:26.300 16428 16428 W Settings: Setting device_provisioned has moved
from android.provider.Settings.Secure to android.provider.Settings.Global.
02-24 16:36:26.445 16428 16517 W libEGL : EGLNativeWindowType 0x71a2726010
disconnect failed
02-24 16:36:26.449 16428 16428 W ActivityThread: handleWindowVisibility: no
activity for token android.os.BinderProxy@536268e
02-24 16:36:26.554 16428 18913 W libEGL : EGLNativeWindowType 0x718b64d010
disconnect failed
02-24 16:36:26.837 16428 16428 W BottomSheetBehavior: BottomSheetBehavior now
supports multiple callbacks. `setBottomSheetCallback()` removes all existing
callbacks, including ones set internally by library authors, which may result in
unintended behavior. This may change in the future. Please use
`addBottomSheetCallback()` and `removeBottomSheetCallback()` instead to set your
own callbacks.
02-24 16:36:26.857 16428 16428 E RecyclerView: No adapter attached; skipping layout
02-24 16:36:26.859 16428 16428 W InputMethodManager: startInputReason = 1
02-24 16:36:26.870 16428 16428 E RecyclerView: No adapter attached; skipping layout
02-24 16:36:27.013 16428 16439 E : [ZeroHung]zrhung_get_config: Get config
failed for wp[0x0008]
02-24 16:36:27.232 16428 16517 W libEGL : EGLNativeWindowType 0x71997fd010
disconnect failed
02-24 16:36:27.380 16428 16437 W MessageQueue: Handler (X.6OH) {d073ed0} sending
message to a Handler on a dead thread
02-24 16:36:27.380 16428 16437 W MessageQueue: java.lang.IllegalStateException:
Handler (X.6OH) {d073ed0} sending message to a Handler on a dead thread
02-24 16:36:27.380 16428 16437 W MessageQueue: at
android.os.MessageQueue.enqueueMessage(MessageQueue.java:654)
02-24 16:36:27.380 16428 16437 W MessageQueue: at
android.os.Handler.enqueueMessage(Handler.java:769)
02-24 16:36:27.380 16428 16437 W MessageQueue: at
android.os.Handler.sendMessageAtTime(Handler.java:718)
02-24 16:36:27.380 16428 16437 W MessageQueue: at
android.os.Handler.sendMessageDelayed(Handler.java:688)
02-24 16:36:27.380 16428 16437 W MessageQueue: at
android.os.Handler.post(Handler.java:405)
02-24 16:36:27.380 16428 16437 W MessageQueue: at
android.hardware.camera2.impl.CameraDeviceImpl$CameraHandlerExecutor.execute(Camera
DeviceImpl.java:2353)
02-24 16:36:27.380 16428 16437 W MessageQueue: at
android.hardware.camera2.impl.CallbackProxies$SessionStateCallbackProxy.onClosed(Ca
llbackProxies.java:104)
02-24 16:36:27.380 16428 16437 W MessageQueue: at
android.hardware.camera2.impl.CameraCaptureSessionImpl.close(CameraCaptureSessionIm
pl.java:536)
02-24 16:36:27.380 16428 16437 W MessageQueue: at
android.hardware.camera2.impl.CameraCaptureSessionImpl.finalize(CameraCaptureSessio
nImpl.java:827)
02-24 16:36:27.380 16428 16437 W MessageQueue: at
java.lang.Daemons$FinalizerDaemon.doFinalize(Daemons.java:250)
02-24 16:36:27.380 16428 16437 W MessageQueue: at
java.lang.Daemons$FinalizerDaemon.runInternal(Daemons.java:237)
02-24 16:36:27.380 16428 16437 W MessageQueue: at
java.lang.Daemons$Daemon.run(Daemons.java:103)
02-24 16:36:27.380 16428 16437 W MessageQueue: at
java.lang.Thread.run(Thread.java:784)
02-24 16:36:27.931 16428 16428 W Settings: Setting device_provisioned has moved
from android.provider.Settings.Secure to android.provider.Settings.Global.
02-24 16:36:27.950 16428 16439 E : [ZeroHung]zrhung_get_config: Get config
failed for wp[0x0008]
02-24 16:36:28.104 16428 16428 W ActivityThread: handleWindowVisibility: no
activity for token android.os.BinderProxy@97be6bb
02-24 16:36:28.240 16428 16428 W InputMethodManager: startInputReason = 1
02-24 16:36:28.367 16428 16517 W libEGL : EGLNativeWindowType 0x7195b9e010
disconnect failed
02-24 16:36:28.807 16428 16428 W Settings: Setting device_provisioned has moved
from android.provider.Settings.Secure to android.provider.Settings.Global.
02-24 16:36:28.901 16428 16428 W HiTouch_PressGestureDetector: Touch pointer move a
lot. The moving distance of X is:19.09143, limit is:60The moving distance of Y
is:94.51703, limit is:60
02-24 16:36:30.060 16428 16428 W HiTouch_PressGestureDetector: Touch pointer move a
lot. The moving distance of X is:64.02375, limit is:60The moving distance of Y
is:0.0021972656, limit is:60
02-24 16:36:30.698 16428 16428 W HiTouch_PressGestureDetector: Touch pointer move a
lot. The moving distance of X is:66.711914, limit is:60The moving distance of Y
is:12.809326, limit is:60
02-24 16:36:31.890 16428 16428 W HiTouch_PressGestureDetector: Touch pointer move a
lot. The moving distance of X is:3.2971191, limit is:60The moving distance of Y
is:62.05127, limit is:60
02-24 16:36:33.083 16428 16428 W HiTouch_PressGestureDetector: Touch pointer move a
lot. The moving distance of X is:70.272675, limit is:60The moving distance of Y
is:9.252563, limit is:60
02-24 16:36:34.106 16428 17810 E SQLiteLog: (1)
02-24 16:36:34.108 16428 17810 E SQLiteDatabase: Error inserting no such table:
messages_vcards (Sqlite code 1 SQLITE_ERROR): , while compiling: INSERT INTO
messages_vcards(message_row_id,sender_jid,vcard,chat_jid) VALUES (?,?,?,?), (OS
error - 11:Try again)
02-24 16:36:34.109 16428 17810 E SQLiteLog: (1)
02-24 16:36:34.109 16428 17810 E SQLiteDatabase: Error inserting no such table:
messages_vcards_jids (Sqlite code 1 SQLITE_ERROR): , while compiling: INSERT INTO
messages_vcards_jids(message_row_id,vcard_row_id,vcard_jid) VALUES (?,?,?), (OS
error - 11:Try again)
02-24 16:36:35.265 16428 16428 W HiTouch_PressGestureDetector: Touch pointer move a
lot. The moving distance of X is:97.78885, limit is:60The moving distance of Y
is:13.651672, limit is:60
02-24 16:36:37.013 16428 16428 W Bitmap : Called getWidth() on a recycle()'d
bitmap! This is undefined behavior!
02-24 16:36:37.013 16428 16428 W Bitmap : Called getHeight() on a recycle()'d
bitmap! This is undefined behavior!
02-24 16:36:37.013 16428 16428 W Bitmap : Called getWidth() on a recycle()'d
bitmap! This is undefined behavior!
02-24 16:36:37.013 16428 16428 W Bitmap : Called getHeight() on a recycle()'d
bitmap! This is undefined behavior!
02-24 16:36:37.013 16428 16428 W Bitmap : Called getWidth() on a recycle()'d
bitmap! This is undefined behavior!
02-24 16:36:37.013 16428 16428 W Bitmap : Called getHeight() on a recycle()'d
bitmap! This is undefined behavior!
02-24 16:36:37.185 16428 16428 W InputMethodManager: startInputReason = 1
02-24 16:36:37.347 16428 16517 W libEGL : EGLNativeWindowType 0x719b38a010
disconnect failed
02-24 16:36:39.386 16428 16428 W View : requestLayout() improperly called by
android.widget.FrameLayout{bbb4690 V.E...... ......ID 0,0-1080,2060 #7f0b0483
app:id/canvas} during layout: running second layout pass
02-24 16:36:39.469 16428 16428 W InputMethodManager: startInputReason = 1
02-24 16:36:39.836 16428 16428 W Settings: Setting device_provisioned has moved
from android.provider.Settings.Secure to android.provider.Settings.Global.
02-24 16:36:39.916 16428 16428 W HiTouch_PressGestureDetector: Touch pointer move a
lot. The moving distance of X is:77.39307, limit is:60The moving distance of Y
is:28.936096, limit is:60
02-24 16:36:41.338 16428 16517 W libEGL : EGLNativeWindowType 0x7196dfb010
disconnect failed
02-24 16:36:41.366 16428 16428 W InputMethodManager: startInputReason = 1
02-24 16:36:43.130 16428 16428 W InputMethodManager: startInputReason = 1
02-24 16:36:43.417 16428 16428 E SpannableStringBuilder: SPAN_EXCLUSIVE_EXCLUSIVE
spans cannot have a zero length
02-24 16:36:43.465 16428 16428 E SpannableStringBuilder: SPAN_EXCLUSIVE_EXCLUSIVE
spans cannot have a zero length
02-24 16:36:43.572 16428 16517 W libEGL : EGLNativeWindowType 0x7196f43010
disconnect failed
02-24 16:36:48.171 16428 16428 W Settings: Setting device_provisioned has moved
from android.provider.Settings.Secure to android.provider.Settings.Global.
02-24 16:36:48.223 16428 16517 W libEGL : EGLNativeWindowType 0x7196f43010
disconnect failed
02-24 16:36:48.251 16428 16428 W InputMethodManager: startInputReason = 1
02-24 16:36:48.528 16428 16481 E SQLiteDatabase: Error inserting UNIQUE constraint
failed: message_media.message_row_id (Sqlite code 1555
SQLITE_CONSTRAINT_PRIMARYKEY), (OS error - 11:Try again)
02-24 16:36:48.540 16428 16428 E ArmVmp : Match on catch block at 0x0a in for 0xc9
02-24 16:36:48.545 16428 16428 E ArmVmp : Match on catch block at 0x0a in for 0xc5
02-24 16:36:48.569 16428 19027 W com.whatsapp: Unsupported class loader
02-24 16:36:48.587 16428 19027 W com.whatsapp: Skipping duplicate class check due
to unsupported classloader
02-24 16:36:48.643 16428 19027 W com.whatsapp: Unknown chunk type '200'.
02-24 16:36:48.660 16428 19027 W com.whatsapp: Unsupported class loader
02-24 16:36:48.666 16428 19027 W com.whatsapp: Skipping duplicate class check due
to unsupported classloader
02-24 16:36:48.694 16428 16428 E ArmVmp : Match on catch block at 0xc3 in for 0xa9
02-24 16:36:48.698 16428 16428 E ArmVmp : Match on catch block at 0xc3 in for 0xa1
02-24 16:36:48.702 16428 16428 E ArmVmp : Match on catch block at 0xc3 in for 0xb9
02-24 16:36:48.733 16428 19024 W linker : Warning:
"/data/user_de/0/com.google.android.gms/app_chimera/m/000002ac/CronetDynamite.apk!/
lib/arm64-v8a/libcronet.121.0.6167.71.so" unused DT entry: unknown processor-
specific (type 0x70000001 arg 0x0) (ignoring)
02-24 16:36:48.738 16428 16428 E ArmVmp : Match on catch block at 0xc3 in for 0xa5
02-24 16:36:48.744 16428 16428 E ArmVmp : Match on catch block at 0xc3 in for 0xa9
02-24 16:36:48.748 16428 16428 E ArmVmp : Match on catch block at 0xc3 in for 0xa9
02-24 16:36:48.824 16428 16428 W InputMethodManager: startInputReason = 1
02-24 16:36:48.838 16428 19036 E chromium:
[0224/163648.837938:ERROR:cronet_context.cc(158)] Invalid QUIC hint
host: .whatsapp.com
02-24 16:36:48.838 16428 19036 E chromium:
[0224/163648.838142:ERROR:cronet_context.cc(158)] Invalid QUIC hint
host: .cdninstagram.com
02-24 16:36:48.838 16428 19036 E chromium:
[0224/163648.838198:ERROR:cronet_context.cc(158)] Invalid QUIC hint
host: .fbcdn.net
02-24 16:36:48.838 16428 19036 E chromium:
[0224/163648.838223:ERROR:cronet_context.cc(158)] Invalid QUIC hint
host: .facebook.com
02-24 16:36:48.838 16428 19036 E chromium:
[0224/163648.838246:ERROR:cronet_context.cc(158)] Invalid QUIC hint
host: .instagram.com
02-24 16:36:48.838 16428 19036 E chromium:
[0224/163648.838268:ERROR:cronet_context.cc(158)] Invalid QUIC hint
host: .whatsapp.net
02-24 16:36:48.879 16428 16428 E ArmVmp : Match on catch block at 0xc3 in for 0xa9
02-24 16:36:48.884 16428 16428 E ArmVmp : Match on catch block at 0xc3 in for 0xa1
02-24 16:36:48.887 16428 16428 E ArmVmp : Match on catch block at 0xc3 in for 0xa1
02-24 16:36:48.921 16428 16428 E ArmVmp : Match on catch block at 0xc3 in for 0xa9
02-24 16:36:48.926 16428 16428 E ArmVmp : Match on catch block at 0xc3 in for 0xa1
02-24 16:36:48.929 16428 16428 E ArmVmp : Match on catch block at 0xc3 in for 0xa1
02-24 16:36:48.945 16428 16428 E ArmVmp : Match on catch block at 0xc3 in for 0xa5
02-24 16:36:48.950 16428 16428 E ArmVmp : Match on catch block at 0xc3 in for 0xa9
02-24 16:36:48.952 16428 16428 E ArmVmp : Match on catch block at 0xc3 in for 0xa9
02-24 16:36:48.984 16428 16428 E ArmVmp : Match on catch block at 0xc3 in for 0xa5
02-24 16:36:48.989 16428 16428 E ArmVmp : Match on catch block at 0xc3 in for 0xa9
02-24 16:36:48.992 16428 16428 E ArmVmp : Match on catch block at 0xc3 in for 0xa9
02-24 16:36:49.015 16428 16517 W libEGL : EGLNativeWindowType 0x719b3e3010
disconnect failed
02-24 16:36:49.034 16428 16428 E ArmVmp : Match on catch block at 0xc3 in for 0xa5
02-24 16:36:49.038 16428 16428 E ArmVmp : Match on catch block at 0xc3 in for 0xa9
02-24 16:36:49.041 16428 16428 E ArmVmp : Match on catch block at 0xc3 in for 0xa9
02-24 16:36:49.051 16428 16428 E ArmVmp : Match on catch block at 0xc3 in for 0xa5
02-24 16:36:49.055 16428 16428 E ArmVmp : Match on catch block at 0xc3 in for 0xa9
02-24 16:36:49.058 16428 16428 E ArmVmp : Match on catch block at 0xc3 in for 0xa9
02-24 16:36:49.072 16428 16428 E SpannableStringBuilder: SPAN_EXCLUSIVE_EXCLUSIVE
spans cannot have a zero length
02-24 16:36:49.074 16428 16428 E ArmVmp : Match on catch block at 0xc3 in for 0xa1
02-24 16:36:49.080 16428 16428 E ArmVmp : Match on catch block at 0xc3 in for 0xa5
02-24 16:36:49.083 16428 16428 E ArmVmp : Match on catch block at 0xc3 in for 0xa5
02-24 16:36:49.090 16428 16428 E SpannableStringBuilder: SPAN_EXCLUSIVE_EXCLUSIVE
spans cannot have a zero length
02-24 16:36:49.093 16428 16428 E ArmVmp : Match on catch block at 0xc3 in for 0xa9
02-24 16:36:49.099 16428 16428 E ArmVmp : Match on catch block at 0xc3 in for 0xa1
02-24 16:36:49.104 16428 16428 E ArmVmp : Match on catch block at 0xc3 in for 0xa1
02-24 16:36:49.120 16428 16428 E ArmVmp : Match on catch block at 0xc3 in for 0xa5
02-24 16:36:49.127 16428 16428 E ArmVmp : Match on catch block at 0xc3 in for 0xa9
02-24 16:36:49.131 16428 16428 E ArmVmp : Match on catch block at 0xc3 in for 0xa9
02-24 16:36:49.190 16428 16428 E ArmVmp : Match on catch block at 0xc3 in for 0xa1
02-24 16:36:49.197 16428 16428 E ArmVmp : Match on catch block at 0xc3 in for 0xa5
02-24 16:36:49.218 16428 16428 E ArmVmp : Match on catch block at 0xc3 in for 0xa1
02-24 16:36:49.224 16428 16428 E ArmVmp : Match on catch block at 0xc3 in for 0xa5
02-24 16:36:49.234 16428 16428 E ArmVmp : Match on catch block at 0xc3 in for 0xa1
02-24 16:36:49.240 16428 16428 E ArmVmp : Match on catch block at 0xc3 in for 0xa5
02-24 16:36:49.254 16428 16428 E ArmVmp : Match on catch block at 0xc3 in for 0xa1
02-24 16:36:49.260 16428 16428 E ArmVmp : Match on catch block at 0xc3 in for 0xa5
02-24 16:36:49.272 16428 16481 E SQLiteDatabase: Error inserting UNIQUE constraint
failed: message_media.message_row_id (Sqlite code 1555
SQLITE_CONSTRAINT_PRIMARYKEY), (OS error - 11:Try again)
02-24 16:36:49.273 16428 16428 E ArmVmp : Match on catch block at 0xc3 in for 0xa9
02-24 16:36:49.280 16428 16428 E ArmVmp : Match on catch block at 0xc3 in for 0xa1
02-24 16:36:49.325 16428 16428 E ArmVmp : Match on catch block at 0xc3 in for 0xa9
02-24 16:36:49.332 16428 16428 E ArmVmp : Match on catch block at 0xc3 in for 0xa1
02-24 16:36:49.344 16428 16428 E ArmVmp : Match on catch block at 0xc3 in for 0xa9
02-24 16:36:49.350 16428 16428 E ArmVmp : Match on catch block at 0xc3 in for 0xa1
02-24 16:36:49.372 16428 16428 E ArmVmp : Match on catch block at 0xc3 in for 0xa1
02-24 16:36:49.377 16428 16428 E ArmVmp : Match on catch block at 0xc3 in for 0xa5
02-24 16:36:49.388 16428 16428 E ArmVmp : Match on catch block at 0xc3 in for 0xa1
02-24 16:36:49.393 16428 16428 E ArmVmp : Match on catch block at 0xc3 in for 0xa5
02-24 16:36:49.405 16428 16428 E ArmVmp : Match on catch block at 0xc3 in for 0xa1
02-24 16:36:49.411 16428 16428 E ArmVmp : Match on catch block at 0xc3 in for 0xa5
02-24 16:36:49.421 16428 16428 E ArmVmp : Match on catch block at 0xc3 in for 0xa9
02-24 16:36:49.427 16428 16428 E ArmVmp : Match on catch block at 0xc3 in for 0xa1
02-24 16:36:49.438 16428 16428 E ArmVmp : Match on catch block at 0xc3 in for 0xa9
02-24 16:36:49.444 16428 16428 E ArmVmp : Match on catch block at 0xc3 in for 0xa1
02-24 16:36:49.458 16428 16428 E ArmVmp : Match on catch block at 0xc3 in for 0xa1
02-24 16:36:49.463 16428 16428 E ArmVmp : Match on catch block at 0xc3 in for 0xa5
02-24 16:36:49.473 16428 16428 E ArmVmp : Match on catch block at 0xc3 in for 0xa1
02-24 16:36:49.478 16428 16428 E ArmVmp : Match on catch block at 0xc3 in for 0xa5
02-24 16:36:49.489 16428 16428 E ArmVmp : Match on catch block at 0xc3 in for 0xa1
02-24 16:36:49.494 16428 16428 E ArmVmp : Match on catch block at 0xc3 in for 0xa5
02-24 16:36:49.506 16428 16428 E ArmVmp : Match on catch block at 0xc3 in for 0xa1
02-24 16:36:49.512 16428 16428 E ArmVmp : Match on catch block at 0xc3 in for 0xa5
02-24 16:36:49.522 16428 16428 E ArmVmp : Match on catch block at 0xc3 in for 0xa1
02-24 16:36:49.528 16428 16428 E ArmVmp : Match on catch block at 0xc3 in for 0xa5
02-24 16:36:49.539 16428 16428 E ArmVmp : Match on catch block at 0xc3 in for 0xa1
02-24 16:36:49.544 16428 16428 E ArmVmp : Match on catch block at 0xc3 in for 0xa5
02-24 16:36:49.556 16428 16428 E ArmVmp : Match on catch block at 0xc3 in for 0xa1
02-24 16:36:49.560 16428 16428 E ArmVmp : Match on catch block at 0xc3 in for 0xa5
02-24 16:36:49.572 16428 16428 E ArmVmp : Match on catch block at 0xc3 in for 0xa1
02-24 16:36:49.576 16428 16428 E ArmVmp : Match on catch block at 0xc3 in for 0xa5
02-24 16:36:49.589 16428 16428 E ArmVmp : Match on catch block at 0xc3 in for 0xa1
02-24 16:36:49.594 16428 16428 E ArmVmp : Match on catch block at 0xc3 in for 0xa5
02-24 16:36:49.606 16428 16428 E ArmVmp : Match on catch block at 0xc3 in for 0xa1
02-24 16:36:49.611 16428 16428 E ArmVmp : Match on catch block at 0xc3 in for 0xa5
02-24 16:36:49.623 16428 16428 E ArmVmp : Match on catch block at 0xc3 in for 0xa1
02-24 16:36:49.628 16428 16428 E ArmVmp : Match on catch block at 0xc3 in for 0xa5
02-24 16:36:49.642 16428 16439 E : [ZeroHung]zrhung_get_config: Get config
failed for wp[0x0008]
02-24 16:36:49.653 16428 16428 E ArmVmp : Match on catch block at 0xc3 in for 0xa1
02-24 16:36:49.658 16428 16428 E ArmVmp : Match on catch block at 0xc3 in for 0xa5
02-24 16:36:49.670 16428 16428 E ArmVmp : Match on catch block at 0xc3 in for 0xa1
02-24 16:36:49.676 16428 16428 E ArmVmp : Match on catch block at 0xc3 in for 0xa5
02-24 16:36:49.693 16428 16428 E ArmVmp : Match on catch block at 0xc3 in for 0xa1
02-24 16:36:49.700 16428 16428 E ArmVmp : Match on catch block at 0xc3 in for 0xa5
02-24 16:36:49.752 16428 16428 W BottomSheetBehavior: BottomSheetBehavior now
supports multiple callbacks. `setBottomSheetCallback()` removes all existing
callbacks, including ones set internally by library authors, which may result in
unintended behavior. This may change in the future. Please use
`addBottomSheetCallback()` and `removeBottomSheetCallback()` instead to set your
own callbacks.
02-24 16:36:49.858 16428 16428 E ArmVmp : Match on catch block at 0xc3 in for 0xa5
02-24 16:36:49.863 16428 16428 E ArmVmp : Match on catch block at 0xc3 in for 0xa9
02-24 16:36:50.353 16428 16428 E ArmVmp : Match on catch block at 0xc3 in for 0xa9
02-24 16:36:50.369 16428 16428 E ArmVmp : Match on catch block at 0xc3 in for 0xa1
02-24 16:36:50.812 16428 16428 E ArmVmp : Match on catch block at 0xc3 in for 0xa9
02-24 16:36:50.818 16428 16428 E ArmVmp : Match on catch block at 0xc3 in for 0xa1
02-24 16:36:50.821 16428 16428 E ArmVmp : Match on catch block at 0xc3 in for 0xa1
02-24 16:36:50.835 16428 16428 E ArmVmp : Match on catch block at 0xc3 in for 0xa5
02-24 16:36:50.842 16428 16428 E ArmVmp : Match on catch block at 0xc3 in for 0xa9
02-24 16:36:50.845 16428 16428 E ArmVmp : Match on catch block at 0xc3 in for 0xa9
02-24 16:36:50.865 16428 16428 E ArmVmp : Match on catch block at 0xc3 in for 0xa1
02-24 16:36:50.871 16428 16428 E ArmVmp : Match on catch block at 0xc3 in for 0xa5
02-24 16:36:50.874 16428 16428 E ArmVmp : Match on catch block at 0xc3 in for 0xa5
02-24 16:36:51.161 16428 16428 E ArmVmp : Match on catch block at 0xc3 in for 0xa5
02-24 16:36:51.167 16428 16428 E ArmVmp : Match on catch block at 0xc3 in for 0xa9
02-24 16:36:51.192 16428 16428 E ArmVmp : Match on catch block at 0xc3 in for 0xa9
02-24 16:36:51.199 16428 16428 E ArmVmp : Match on catch block at 0xc3 in for 0xa1
02-24 16:36:51.203 16428 16428 E ArmVmp : Match on catch block at 0xc3 in for 0xa1
02-24 16:36:51.249 16428 16428 E ArmVmp : Match on catch block at 0xc3 in for 0xa9
02-24 16:36:51.255 16428 16428 E ArmVmp : Match on catch block at 0xc3 in for 0xa1
02-24 16:36:51.291 16428 16428 E ArmVmp : Match on catch block at 0xc3 in for 0xa1
02-24 16:36:51.296 16428 16428 E ArmVmp : Match on catch block at 0xc3 in for 0xa5
02-24 16:36:51.299 16428 16428 E ArmVmp : Match on catch block at 0xc3 in for 0xa5
02-24 16:36:51.319 16428 16428 E ArmVmp : Match on catch block at 0xc3 in for 0xa9
02-24 16:36:51.326 16428 16428 E ArmVmp : Match on catch block at 0xc3 in for 0xa1
02-24 16:36:51.330 16428 16428 E ArmVmp : Match on catch block at 0xc3 in for 0xa1
02-24 16:36:51.378 16428 16428 E ArmVmp : Match on catch block at 0xc3 in for 0xa1
02-24 16:36:51.383 16428 16428 E ArmVmp : Match on catch block at 0xc3 in for 0xa5
02-24 16:36:51.387 16428 16428 E ArmVmp : Match on catch block at 0xc3 in for 0xa5
02-24 16:36:51.412 16428 16428 E ArmVmp : Match on catch block at 0xc3 in for 0xa9
02-24 16:36:51.418 16428 16428 E ArmVmp : Match on catch block at 0xc3 in for 0xa1
02-24 16:36:51.423 16428 16428 E ArmVmp : Match on catch block at 0xc3 in for 0xa1
02-24 16:36:51.443 16428 16428 E ArmVmp : Match on catch block at 0xc3 in for 0xa5
02-24 16:36:51.448 16428 16428 E ArmVmp : Match on catch block at 0xc3 in for 0xa9
02-24 16:36:51.451 16428 16428 E ArmVmp : Match on catch block at 0xc3 in for 0xa9
02-24 16:36:51.468 16428 16428 E ArmVmp : Match on catch block at 0xc3 in for 0xa1
02-24 16:36:51.474 16428 16428 E ArmVmp : Match on catch block at 0xc3 in for 0xa5
02-24 16:36:51.479 16428 16428 E ArmVmp : Match on catch block at 0xc3 in for 0xa5
02-24 16:36:51.495 16428 16428 E ArmVmp : Match on catch block at 0xc3 in for 0xa9
02-24 16:36:51.500 16428 16428 E ArmVmp : Match on catch block at 0xc3 in for 0xa1
02-24 16:36:51.505 16428 16428 E ArmVmp : Match on catch block at 0xc3 in for 0xa1
02-24 16:36:51.519 16428 16428 E ArmVmp : Match on catch block at 0xc3 in for 0xa5
02-24 16:36:51.524 16428 16428 E ArmVmp : Match on catch block at 0xc3 in for 0xa9
02-24 16:36:51.529 16428 16428 E ArmVmp : Match on catch block at 0xc3 in for 0xa9
02-24 16:36:51.543 16428 16428 E ArmVmp : Match on catch block at 0xc3 in for 0xa1
02-24 16:36:51.549 16428 16428 E ArmVmp : Match on catch block at 0xc3 in for 0xa5
02-24 16:36:51.551 16428 16428 E ArmVmp : Match on catch block at 0xc3 in for 0xa5
02-24 16:36:51.567 16428 16428 E ArmVmp : Match on catch block at 0xc3 in for 0xa9
02-24 16:36:51.573 16428 16428 E ArmVmp : Match on catch block at 0xc3 in for 0xa1
02-24 16:36:51.596 16428 16428 E ArmVmp : Match on catch block at 0xc3 in for 0xa1
02-24 16:36:51.602 16428 16428 E ArmVmp : Match on catch block at 0xc3 in for 0xa5
02-24 16:36:51.605 16428 16428 E ArmVmp : Match on catch block at 0xc3 in for 0xa5
02-24 16:36:51.619 16428 16428 E ArmVmp : Match on catch block at 0xc3 in for 0xa9
02-24 16:36:51.624 16428 16428 E ArmVmp : Match on catch block at 0xc3 in for 0xa1
02-24 16:36:51.629 16428 16428 E ArmVmp : Match on catch block at 0xc3 in for 0xa1
02-24 16:36:51.679 16428 16517 W libEGL : EGLNativeWindowType 0x719e97e010
disconnect failed
02-24 16:36:51.713 16428 16517 W libEGL : EGLNativeWindowType 0x719e97e010
disconnect failed
02-24 16:36:51.746 16428 16517 W libEGL : EGLNativeWindowType 0x719e97e010
disconnect failed
02-24 16:36:51.780 16428 16517 W libEGL : EGLNativeWindowType 0x719e97e010
disconnect failed
02-24 16:36:51.814 16428 16517 W libEGL : EGLNativeWindowType 0x719e97e010
disconnect failed
02-24 16:36:51.848 16428 16517 W libEGL : EGLNativeWindowType 0x719e97e010
disconnect failed
02-24 16:36:51.976 16428 16428 E ArmVmp : Match on catch block at 0xc3 in for 0xa1
02-24 16:36:51.985 16428 16428 E ArmVmp : Match on catch block at 0xc3 in for 0xa5
02-24 16:36:51.993 16428 16428 E ArmVmp : Match on catch block at 0xc3 in for 0xa5
02-24 16:36:52.485 16428 16428 E ArmVmp : Match on catch block at 0xc3 in for 0xa1
02-24 16:36:52.501 16428 16428 E ArmVmp : Match on catch block at 0xc3 in for 0xa5
02-24 16:36:52.511 16428 16428 E ArmVmp : Match on catch block at 0xc3 in for 0xa5
02-24 16:36:52.804 16428 16428 E ArmVmp : Match on catch block at 0xc3 in for 0xa9
02-24 16:36:52.819 16428 16428 E ArmVmp : Match on catch block at 0xc3 in for 0xa1
02-24 16:36:52.826 16428 16428 E ArmVmp : Match on catch block at 0xc3 in for 0xa1
02-24 16:36:52.834 16428 16428 E ArmVmp : Match on catch block at 0xc3 in for 0xa5
02-24 16:36:52.842 16428 16428 E ArmVmp : Match on catch block at 0xc3 in for 0xa9
02-24 16:36:52.846 16428 16428 E ArmVmp : Match on catch block at 0xc3 in for 0xa9
02-24 16:36:52.855 16428 16428 E ArmVmp : Match on catch block at 0xc3 in for 0xa1
02-24 16:36:52.865 16428 16428 E ArmVmp : Match on catch block at 0xc3 in for 0xa5
02-24 16:36:52.869 16428 16428 E ArmVmp : Match on catch block at 0xc3 in for 0xa5
02-24 16:36:52.881 16428 16428 E ArmVmp : Match on catch block at 0xc3 in for 0xa9
02-24 16:36:52.889 16428 16428 E ArmVmp : Match on catch block at 0xc3 in for 0xa1
02-24 16:36:52.893 16428 16428 E ArmVmp : Match on catch block at 0xc3 in for 0xa1
02-24 16:36:52.903 16428 16428 E ArmVmp : Match on catch block at 0xc3 in for 0xa5
02-24 16:36:52.909 16428 16428 E ArmVmp : Match on catch block at 0xc3 in for 0xa9
02-24 16:36:52.913 16428 16428 E ArmVmp : Match on catch block at 0xc3 in for 0xa9
02-24 16:36:52.922 16428 16428 E ArmVmp : Match on catch block at 0xc3 in for 0xa1
02-24 16:36:52.928 16428 16428 E ArmVmp : Match on catch block at 0xc3 in for 0xa5
02-24 16:36:52.932 16428 16428 E ArmVmp : Match on catch block at 0xc3 in for 0xa5
02-24 16:36:52.948 16428 16428 E ArmVmp : Match on catch block at 0xc3 in for 0xa9
02-24 16:36:52.954 16428 16428 E ArmVmp : Match on catch block at 0xc3 in for 0xa1
02-24 16:36:52.958 16428 16428 E ArmVmp : Match on catch block at 0xc3 in for 0xa1
02-24 16:36:52.969 16428 16428 E ArmVmp : Match on catch block at 0xc3 in for 0xa5
02-24 16:36:52.975 16428 16428 E ArmVmp : Match on catch block at 0xc3 in for 0xa9
02-24 16:36:52.979 16428 16428 E ArmVmp : Match on catch block at 0xc3 in for 0xa9
02-24 16:36:52.988 16428 16428 E ArmVmp : Match on catch block at 0xc3 in for 0xa1
02-24 16:36:52.993 16428 16428 E ArmVmp : Match on catch block at 0xc3 in for 0xa5
02-24 16:36:52.996 16428 16428 E ArmVmp : Match on catch block at 0xc3 in for 0xa5
02-24 16:36:53.003 16428 16428 E ArmVmp : Match on catch block at 0xc3 in for 0xa9
02-24 16:36:53.010 16428 16428 E ArmVmp : Match on catch block at 0xc3 in for 0xa1
02-24 16:36:53.013 16428 16428 E ArmVmp : Match on catch block at 0xc3 in for 0xa1
02-24 16:36:53.021 16428 16428 E ArmVmp : Match on catch block at 0xc3 in for 0xa5
02-24 16:36:53.026 16428 16428 E ArmVmp : Match on catch block at 0xc3 in for 0xa9
02-24 16:36:53.029 16428 16428 E ArmVmp : Match on catch block at 0xc3 in for 0xa9
02-24 16:36:53.037 16428 16428 E ArmVmp : Match on catch block at 0xc3 in for 0xa1
02-24 16:36:53.042 16428 16428 E ArmVmp : Match on catch block at 0xc3 in for 0xa5
02-24 16:36:53.045 16428 16428 E ArmVmp : Match on catch block at 0xc3 in for 0xa5
02-24 16:36:53.053 16428 16428 E ArmVmp : Match on catch block at 0xc3 in for 0xa9
02-24 16:36:53.058 16428 16428 E ArmVmp : Match on catch block at 0xc3 in for 0xa1
02-24 16:36:53.061 16428 16428 E ArmVmp : Match on catch block at 0xc3 in for 0xa1
02-24 16:36:53.293 16428 16517 W libEGL : EGLNativeWindowType 0x719e97e010
disconnect failed
02-24 16:36:53.507 16428 16428 E ArmVmp : Match on catch block at 0xc3 in for 0xa5
02-24 16:36:53.511 16428 16428 E ArmVmp : Match on catch block at 0xc3 in for 0xa9
02-24 16:36:53.544 16428 16428 W ActivityThread: handleWindowVisibility: no
activity for token android.os.BinderProxy@729fbe8
02-24 16:36:53.640 16428 16428 E ArmVmp : Match on catch block at 0xc3 in for 0xa5
02-24 16:36:53.645 16428 16428 E ArmVmp : Match on catch block at 0xc3 in for 0xa9
02-24 16:36:53.648 16428 16428 E ArmVmp : Match on catch block at 0xc3 in for 0xa9
02-24 16:36:53.695 16428 16428 E ArmVmp : Match on catch block at 0xc3 in for 0xa9
02-24 16:36:53.699 16428 16428 E ArmVmp : Match on catch block at 0xc3 in for 0xa1
02-24 16:36:53.702 16428 16428 E ArmVmp : Match on catch block at 0xc3 in for 0xa1
02-24 16:36:53.739 16428 16428 W InputMethodManager: startInputReason = 1
02-24 16:36:53.838 16428 16428 E ArmVmp : Match on catch block at 0xc3 in for 0xa1
02-24 16:36:53.842 16428 16428 E ArmVmp : Match on catch block at 0xc3 in for 0xa5
02-24 16:36:53.845 16428 16428 E ArmVmp : Match on catch block at 0xc3 in for 0xa5
02-24 16:36:54.645 16428 16428 W Settings: Setting device_provisioned has moved
from android.provider.Settings.Secure to android.provider.Settings.Global.
02-24 16:36:54.691 16428 16428 W HiTouch_PressGestureDetector: Touch pointer move a
lot. The moving distance of X is:46.742508, limit is:60The moving distance of Y
is:93.01636, limit is:60
02-24 16:36:54.846 16428 16428 E ArmVmp : Match on catch block at 0xc3 in for 0xa5
02-24 16:36:54.852 16428 16428 E ArmVmp : Match on catch block at 0xc3 in for 0xa9
02-24 16:36:54.867 16428 16428 E ArmVmp : Match on catch block at 0xc3 in for 0xa1
02-24 16:36:54.873 16428 16428 E ArmVmp : Match on catch block at 0xc3 in for 0xa5
02-24 16:36:55.014 16428 16428 E ArmVmp : Match on catch block at 0xc3 in for 0xa9
02-24 16:36:55.020 16428 16428 E ArmVmp : Match on catch block at 0xc3 in for 0xa1
02-24 16:36:55.043 16428 16428 E ArmVmp : Match on catch block at 0xc3 in for 0xa1
02-24 16:36:55.049 16428 16428 E ArmVmp : Match on catch block at 0xc3 in for 0xa5
02-24 16:36:55.052 16428 16428 E ArmVmp : Match on catch block at 0xc3 in for 0xa5
02-24 16:36:55.075 16428 16428 E ArmVmp : Match on catch block at 0xc3 in for 0xa9
02-24 16:36:55.079 16428 16428 E ArmVmp : Match on catch block at 0xc3 in for 0xa1
02-24 16:36:55.082 16428 16428 E ArmVmp : Match on catch block at 0xc3 in for 0xa1
02-24 16:36:55.150 16428 16428 W InputMethodManager: startInputReason = 1
02-24 16:36:55.179 16428 16428 E ArmVmp : Match on catch block at 0xc3 in for 0xa9
02-24 16:36:55.183 16428 16428 E ArmVmp : Match on catch block at 0xc3 in for 0xa1
02-24 16:36:55.186 16428 16428 E ArmVmp : Match on catch block at 0xc3 in for 0xa1
02-24 16:36:55.199 16428 16517 W libEGL : EGLNativeWindowType 0x71831e9010
disconnect failed
02-24 16:36:55.212 16428 16428 E ArmVmp : Match on catch block at 0xc3 in for 0xa9
02-24 16:36:55.217 16428 16428 E ArmVmp : Match on catch block at 0xc3 in for 0xa1
02-24 16:36:55.220 16428 16428 E ArmVmp : Match on catch block at 0xc3 in for 0xa1
02-24 16:36:55.226 16428 16428 E SpannableStringBuilder: SPAN_EXCLUSIVE_EXCLUSIVE
spans cannot have a zero length
02-24 16:36:55.263 16428 16428 E SpannableStringBuilder: SPAN_EXCLUSIVE_EXCLUSIVE
spans cannot have a zero length
02-24 16:36:55.328 16428 16428 E ArmVmp : Match on catch block at 0xc3 in for 0xa5
02-24 16:36:55.335 16428 16428 E ArmVmp : Match on catch block at 0xc3 in for 0xa9
02-24 16:36:55.347 16428 16428 E ArmVmp : Match on catch block at 0xc3 in for 0xa1
02-24 16:36:55.352 16428 16428 E ArmVmp : Match on catch block at 0xc3 in for 0xa5
02-24 16:36:55.670 16428 16428 E ArmVmp : Match on catch block at 0xc3 in for 0xa1
02-24 16:36:55.674 16428 16428 E ArmVmp : Match on catch block at 0xc3 in for 0xa5
02-24 16:36:56.178 16428 16428 E ArmVmp : Match on catch block at 0xc3 in for 0xa1
02-24 16:36:56.191 16428 16428 E ArmVmp : Match on catch block at 0xc3 in for 0xa5
02-24 16:36:56.665 16428 16428 E ArmVmp : Match on catch block at 0xc3 in for 0xa1
02-24 16:36:56.680 16428 16428 E ArmVmp : Match on catch block at 0xc3 in for 0xa5
02-24 16:36:56.911 16428 16428 E ArmVmp : Match on catch block at 0xc3 in for 0xa1
02-24 16:36:56.917 16428 16428 E ArmVmp : Match on catch block at 0xc3 in for 0xa5
02-24 16:36:56.928 16428 16428 E ArmVmp : Match on catch block at 0xc3 in for 0xa1
02-24 16:36:56.934 16428 16428 E ArmVmp : Match on catch block at 0xc3 in for 0xa5
02-24 16:36:56.945 16428 16428 E ArmVmp : Match on catch block at 0xc3 in for 0xa1
02-24 16:36:56.951 16428 16428 E ArmVmp : Match on catch block at 0xc3 in for 0xa5
02-24 16:36:56.961 16428 16428 E ArmVmp : Match on catch block at 0xc3 in for 0xa1
02-24 16:36:56.967 16428 16428 E ArmVmp : Match on catch block at 0xc3 in for 0xa5
02-24 16:36:56.978 16428 16428 E ArmVmp : Match on catch block at 0xc3 in for 0xa1
02-24 16:36:56.983 16428 16428 E ArmVmp : Match on catch block at 0xc3 in for 0xa5
02-24 16:36:56.995 16428 16428 E ArmVmp : Match on catch block at 0xc3 in for 0xa1
02-24 16:36:57.000 16428 16428 E ArmVmp : Match on catch block at 0xc3 in for 0xa5
02-24 16:36:57.012 16428 16428 E ArmVmp : Match on catch block at 0xc3 in for 0xa1
02-24 16:36:57.017 16428 16428 E ArmVmp : Match on catch block at 0xc3 in for 0xa5
02-24 16:36:57.028 16428 16428 E ArmVmp : Match on catch block at 0xc3 in for 0xa1
02-24 16:36:57.033 16428 16428 E ArmVmp : Match on catch block at 0xc3 in for 0xa5
02-24 16:36:57.044 16428 16428 E ArmVmp : Match on catch block at 0xc3 in for 0xa1
02-24 16:36:57.049 16428 16428 E ArmVmp : Match on catch block at 0xc3 in for 0xa5
02-24 16:36:57.061 16428 16428 E ArmVmp : Match on catch block at 0xc3 in for 0xa1
02-24 16:36:57.065 16428 16428 E ArmVmp : Match on catch block at 0xc3 in for 0xa5
02-24 16:36:57.078 16428 16428 E ArmVmp : Match on catch block at 0xc3 in for 0xa1
02-24 16:36:57.082 16428 16428 E ArmVmp : Match on catch block at 0xc3 in for 0xa5
02-24 16:36:57.095 16428 16428 E ArmVmp : Match on catch block at 0xc3 in for 0xa1
02-24 16:36:57.099 16428 16428 E ArmVmp : Match on catch block at 0xc3 in for 0xa5
02-24 16:36:57.111 16428 16428 E ArmVmp : Match on catch block at 0xc3 in for 0xa1
02-24 16:36:57.116 16428 16428 E ArmVmp : Match on catch block at 0xc3 in for 0xa5
02-24 16:36:57.128 16428 16428 E ArmVmp : Match on catch block at 0xc3 in for 0xa1
02-24 16:36:57.132 16428 16428 E ArmVmp : Match on catch block at 0xc3 in for 0xa5
02-24 16:36:57.145 16428 16428 E ArmVmp : Match on catch block at 0xc3 in for 0xa1
02-24 16:36:57.150 16428 16428 E ArmVmp : Match on catch block at 0xc3 in for 0xa5
02-24 16:36:57.162 16428 16428 E ArmVmp : Match on catch block at 0xc3 in for 0xa1
02-24 16:36:57.167 16428 16428 E ArmVmp : Match on catch block at 0xc3 in for 0xa5
02-24 16:36:57.179 16428 16428 E ArmVmp : Match on catch block at 0xc3 in for 0xa1
02-24 16:36:57.185 16428 16428 E ArmVmp : Match on catch block at 0xc3 in for 0xa5
02-24 16:36:57.349 16428 16428 E ArmVmp : Match on catch block at 0xc3 in for 0xa1
02-24 16:36:57.353 16428 16428 E ArmVmp : Match on catch block at 0xc3 in for 0xa5
02-24 16:36:57.356 16428 16428 E ArmVmp : Match on catch block at 0xc3 in for 0xa5
02-24 16:36:57.368 16428 16428 E ArmVmp : Match on catch block at 0xc3 in for 0xa9
02-24 16:36:57.372 16428 16428 E ArmVmp : Match on catch block at 0xc3 in for 0xa1
02-24 16:36:57.375 16428 16428 E ArmVmp : Match on catch block at 0xc3 in for 0xa1
02-24 16:36:57.689 16428 16428 E ArmVmp : Match on catch block at 0xc3 in for 0xa5
02-24 16:36:57.704 16428 16428 E ArmVmp : Match on catch block at 0xc3 in for 0xa9
02-24 16:36:57.710 16428 16428 E ArmVmp : Match on catch block at 0xc3 in for 0xa9
02-24 16:36:58.194 16428 16428 E ArmVmp : Match on catch block at 0xc3 in for 0xa9
02-24 16:36:58.209 16428 16428 E ArmVmp : Match on catch block at 0xc3 in for 0xa1
02-24 16:36:58.219 16428 16428 E ArmVmp : Match on catch block at 0xc3 in for 0xa1
02-24 16:36:58.695 16428 16428 E ArmVmp : Match on catch block at 0xc3 in for 0xa5
02-24 16:36:58.703 16428 16428 E ArmVmp : Match on catch block at 0xc3 in for 0xa9
02-24 16:36:58.708 16428 16428 E ArmVmp : Match on catch block at 0xc3 in for 0xa9
02-24 16:36:58.716 16428 16428 W HiTouch_PressGestureDetector: Touch pointer move a
lot. The moving distance of X is:15.0, limit is:60The moving distance of Y
is:63.385742, limit is:60
02-24 16:36:58.722 16428 16428 E ArmVmp : Match on catch block at 0xc3 in for 0xa1
02-24 16:36:58.734 16428 16428 E ArmVmp : Match on catch block at 0xc3 in for 0xa5
02-24 16:36:58.740 16428 16428 E ArmVmp : Match on catch block at 0xc3 in for 0xa5
02-24 16:36:58.750 16428 16428 E ArmVmp : Match on catch block at 0xc3 in for 0xa9
02-24 16:36:58.756 16428 16428 E ArmVmp : Match on catch block at 0xc3 in for 0xa1
02-24 16:36:58.760 16428 16428 E ArmVmp : Match on catch block at 0xc3 in for 0xa1
02-24 16:36:58.769 16428 16428 E ArmVmp : Match on catch block at 0xc3 in for 0xa5
02-24 16:36:58.776 16428 16428 E ArmVmp : Match on catch block at 0xc3 in for 0xa9
02-24 16:36:58.780 16428 16428 E ArmVmp : Match on catch block at 0xc3 in for 0xa9
02-24 16:36:58.791 16428 16428 E ArmVmp : Match on catch block at 0xc3 in for 0xa1
02-24 16:36:58.796 16428 16428 E ArmVmp : Match on catch block at 0xc3 in for 0xa5
02-24 16:36:58.800 16428 16428 E ArmVmp : Match on catch block at 0xc3 in for 0xa5
02-24 16:36:58.810 16428 16428 E ArmVmp : Match on catch block at 0xc3 in for 0xa9
02-24 16:36:58.815 16428 16428 E ArmVmp : Match on catch block at 0xc3 in for 0xa1
02-24 16:36:58.818 16428 16428 E ArmVmp : Match on catch block at 0xc3 in for 0xa1
02-24 16:36:58.826 16428 16428 E ArmVmp : Match on catch block at 0xc3 in for 0xa5
02-24 16:36:58.830 16428 16428 E ArmVmp : Match on catch block at 0xc3 in for 0xa9
02-24 16:36:58.833 16428 16428 E ArmVmp : Match on catch block at 0xc3 in for 0xa9
02-24 16:36:58.843 16428 16428 E ArmVmp : Match on catch block at 0xc3 in for 0xa1
02-24 16:36:58.847 16428 16428 E ArmVmp : Match on catch block at 0xc3 in for 0xa5
02-24 16:36:58.850 16428 16428 E ArmVmp : Match on catch block at 0xc3 in for 0xa5
02-24 16:36:58.859 16428 16428 E ArmVmp : Match on catch block at 0xc3 in for 0xa9
02-24 16:36:58.864 16428 16428 E ArmVmp : Match on catch block at 0xc3 in for 0xa1
02-24 16:36:58.868 16428 16428 E ArmVmp : Match on catch block at 0xc3 in for 0xa1
02-24 16:36:58.878 16428 16428 E ArmVmp : Match on catch block at 0xc3 in for 0xa5
02-24 16:36:58.883 16428 16428 E ArmVmp : Match on catch block at 0xc3 in for 0xa9
02-24 16:36:58.890 16428 16428 E ArmVmp : Match on catch block at 0xc3 in for 0xa9
02-24 16:36:58.900 16428 16428 E ArmVmp : Match on catch block at 0xc3 in for 0xa1
02-24 16:36:58.905 16428 16428 E ArmVmp : Match on catch block at 0xc3 in for 0xa5
02-24 16:36:58.909 16428 16428 E ArmVmp : Match on catch block at 0xc3 in for 0xa5
02-24 16:36:58.919 16428 16428 E ArmVmp : Match on catch block at 0xc3 in for 0xa9
02-24 16:36:58.924 16428 16428 E ArmVmp : Match on catch block at 0xc3 in for 0xa1
02-24 16:36:58.927 16428 16428 E ArmVmp : Match on catch block at 0xc3 in for 0xa1
02-24 16:36:58.936 16428 16428 E ArmVmp : Match on catch block at 0xc3 in for 0xa5
02-24 16:36:58.941 16428 16428 E ArmVmp : Match on catch block at 0xc3 in for 0xa9
02-24 16:36:58.945 16428 16428 E ArmVmp : Match on catch block at 0xc3 in for 0xa9
02-24 16:36:58.954 16428 16428 E ArmVmp : Match on catch block at 0xc3 in for 0xa1
02-24 16:36:58.960 16428 16428 E ArmVmp : Match on catch block at 0xc3 in for 0xa5
02-24 16:36:58.975 16428 16428 E ArmVmp : Match on catch block at 0xc3 in for 0xa5
02-24 16:36:58.981 16428 16428 E ArmVmp : Match on catch block at 0xc3 in for 0xa9
02-24 16:36:59.011 16428 16428 E ArmVmp : Match on catch block at 0xc3 in for 0xa9
02-24 16:36:59.017 16428 16428 E ArmVmp : Match on catch block at 0xc3 in for 0xa1
02-24 16:36:59.021 16428 16428 E ArmVmp : Match on catch block at 0xc3 in for 0xa1
02-24 16:36:59.030 16428 16428 E ArmVmp : Match on catch block at 0xc3 in for 0xa5
02-24 16:36:59.036 16428 16428 E ArmVmp : Match on catch block at 0xc3 in for 0xa9
02-24 16:36:59.039 16428 16428 E ArmVmp : Match on catch block at 0xc3 in for 0xa9
02-24 16:36:59.049 16428 16428 E ArmVmp : Match on catch block at 0xc3 in for 0xa1
02-24 16:36:59.055 16428 16428 E ArmVmp : Match on catch block at 0xc3 in for 0xa5
02-24 16:36:59.058 16428 16428 E ArmVmp : Match on catch block at 0xc3 in for 0xa5
02-24 16:36:59.069 16428 16428 E ArmVmp : Match on catch block at 0xc3 in for 0xa5
02-24 16:36:59.075 16428 16428 E ArmVmp : Match on catch block at 0xc3 in for 0xa9
02-24 16:36:59.079 16428 16428 E ArmVmp : Match on catch block at 0xc3 in for 0xa9
02-24 16:36:59.196 16428 16428 E ArmVmp : Match on catch block at 0xc3 in for 0xa1
02-24 16:36:59.206 16428 16428 E ArmVmp : Match on catch block at 0xc3 in for 0xa5
02-24 16:36:59.213 16428 16428 E ArmVmp : Match on catch block at 0xc3 in for 0xa5
02-24 16:36:59.531 16428 16428 E ArmVmp : Match on catch block at 0xc3 in for 0xa9
02-24 16:36:59.540 16428 16428 E ArmVmp : Match on catch block at 0xc3 in for 0xa1
02-24 16:36:59.546 16428 16428 E ArmVmp : Match on catch block at 0xc3 in for 0xa1
02-24 16:36:59.633 16428 16517 W libEGL : EGLNativeWindowType 0x71946c6010
disconnect failed
02-24 16:37:00.392 16428 16428 W InputMethodManager: startInputReason = 3
--------- beginning of system
02-24 16:20:16.155 16428 16428 W ViewRootImpl[PopupWindow:1453b14]: Dropping event
due to root view being removed: MotionEvent { action=ACTION_MOVE, actionButton=0,
id[0]=0, x[0]=490.0, y[0]=-40.0, toolType[0]=TOOL_TYPE_FINGER, buttonState=0,
metaState=0, flags=0x0, edgeFlags=0x0, pointerCount=1, historySize=0,
eventTime=349975293, downTime=349975287, deviceId=2, source=0x1002 }
02-24 16:32:46.381 16428 18573 E ActivityThread: Failed to find provider info for
androidx.car.app.connection
--------- beginning of main
02-24 16:36:37.347 16428 16517 W libEGL : EGLNativeWindowType 0x719b38a010
disconnect failed
02-24 16:36:39.386 16428 16428 W View : requestLayout() improperly called by
android.widget.FrameLayout{bbb4690 V.E...... ......ID 0,0-1080,2060 #7f0b0483
app:id/canvas} during layout: running second layout pass
02-24 16:36:39.469 16428 16428 W InputMethodManager: startInputReason = 1
02-24 16:36:39.836 16428 16428 W Settings: Setting device_provisioned has moved
from android.provider.Settings.Secure to android.provider.Settings.Global.
02-24 16:36:39.916 16428 16428 W HiTouch_PressGestureDetector: Touch pointer move a
lot. The moving distance of X is:77.39307, limit is:60The moving distance of Y
is:28.936096, limit is:60
02-24 16:36:41.338 16428 16517 W libEGL : EGLNativeWindowType 0x7196dfb010
disconnect failed
02-24 16:36:41.366 16428 16428 W InputMethodManager: startInputReason = 1
02-24 16:36:43.130 16428 16428 W InputMethodManager: startInputReason = 1
02-24 16:36:43.417 16428 16428 E SpannableStringBuilder: SPAN_EXCLUSIVE_EXCLUSIVE
spans cannot have a zero length
02-24 16:36:43.465 16428 16428 E SpannableStringBuilder: SPAN_EXCLUSIVE_EXCLUSIVE
spans cannot have a zero length
02-24 16:36:43.572 16428 16517 W libEGL : EGLNativeWindowType 0x7196f43010
disconnect failed
02-24 16:36:48.171 16428 16428 W Settings: Setting device_provisioned has moved
from android.provider.Settings.Secure to android.provider.Settings.Global.
02-24 16:36:48.223 16428 16517 W libEGL : EGLNativeWindowType 0x7196f43010
disconnect failed
02-24 16:36:48.251 16428 16428 W InputMethodManager: startInputReason = 1
02-24 16:36:48.528 16428 16481 E SQLiteDatabase: Error inserting UNIQUE constraint
failed: message_media.message_row_id (Sqlite code 1555
SQLITE_CONSTRAINT_PRIMARYKEY), (OS error - 11:Try again)
02-24 16:36:48.540 16428 16428 E ArmVmp : Match on catch block at 0x0a in for 0xc9
02-24 16:36:48.545 16428 16428 E ArmVmp : Match on catch block at 0x0a in for 0xc5
02-24 16:36:48.569 16428 19027 W com.whatsapp: Unsupported class loader
02-24 16:36:48.587 16428 19027 W com.whatsapp: Skipping duplicate class check due
to unsupported classloader
02-24 16:36:48.643 16428 19027 W com.whatsapp: Unknown chunk type '200'.
02-24 16:36:48.660 16428 19027 W com.whatsapp: Unsupported class loader
02-24 16:36:48.666 16428 19027 W com.whatsapp: Skipping duplicate class check due
to unsupported classloader
02-24 16:36:48.694 16428 16428 E ArmVmp : Match on catch block at 0xc3 in for 0xa9
02-24 16:36:48.698 16428 16428 E ArmVmp : Match on catch block at 0xc3 in for 0xa1
02-24 16:36:48.702 16428 16428 E ArmVmp : Match on catch block at 0xc3 in for 0xb9
02-24 16:36:48.733 16428 19024 W linker : Warning:
"/data/user_de/0/com.google.android.gms/app_chimera/m/000002ac/CronetDynamite.apk!/
lib/arm64-v8a/libcronet.121.0.6167.71.so" unused DT entry: unknown processor-
specific (type 0x70000001 arg 0x0) (ignoring)
02-24 16:36:48.738 16428 16428 E ArmVmp : Match on catch block at 0xc3 in for 0xa5
02-24 16:36:48.744 16428 16428 E ArmVmp : Match on catch block at 0xc3 in for 0xa9
02-24 16:36:48.748 16428 16428 E ArmVmp : Match on catch block at 0xc3 in for 0xa9
02-24 16:36:48.824 16428 16428 W InputMethodManager: startInputReason = 1
02-24 16:36:48.838 16428 19036 E chromium:
[0224/163648.837938:ERROR:cronet_context.cc(158)] Invalid QUIC hint
host: .whatsapp.com
02-24 16:36:48.838 16428 19036 E chromium:
[0224/163648.838142:ERROR:cronet_context.cc(158)] Invalid QUIC hint
host: .cdninstagram.com
02-24 16:36:48.838 16428 19036 E chromium:
[0224/163648.838198:ERROR:cronet_context.cc(158)] Invalid QUIC hint
host: .fbcdn.net
02-24 16:36:48.838 16428 19036 E chromium:
[0224/163648.838223:ERROR:cronet_context.cc(158)] Invalid QUIC hint
host: .facebook.com
02-24 16:36:48.838 16428 19036 E chromium:
[0224/163648.838246:ERROR:cronet_context.cc(158)] Invalid QUIC hint
host: .instagram.com
02-24 16:36:48.838 16428 19036 E chromium:
[0224/163648.838268:ERROR:cronet_context.cc(158)] Invalid QUIC hint
host: .whatsapp.net
02-24 16:36:48.879 16428 16428 E ArmVmp : Match on catch block at 0xc3 in for 0xa9
02-24 16:36:48.884 16428 16428 E ArmVmp : Match on catch block at 0xc3 in for 0xa1
02-24 16:36:48.887 16428 16428 E ArmVmp : Match on catch block at 0xc3 in for 0xa1
02-24 16:36:48.921 16428 16428 E ArmVmp : Match on catch block at 0xc3 in for 0xa9
02-24 16:36:48.926 16428 16428 E ArmVmp : Match on catch block at 0xc3 in for 0xa1
02-24 16:36:48.929 16428 16428 E ArmVmp : Match on catch block at 0xc3 in for 0xa1
02-24 16:36:48.945 16428 16428 E ArmVmp : Match on catch block at 0xc3 in for 0xa5
02-24 16:36:48.950 16428 16428 E ArmVmp : Match on catch block at 0xc3 in for 0xa9
02-24 16:36:48.952 16428 16428 E ArmVmp : Match on catch block at 0xc3 in for 0xa9
02-24 16:36:48.984 16428 16428 E ArmVmp : Match on catch block at 0xc3 in for 0xa5
02-24 16:36:48.989 16428 16428 E ArmVmp : Match on catch block at 0xc3 in for 0xa9
02-24 16:36:48.992 16428 16428 E ArmVmp : Match on catch block at 0xc3 in for 0xa9
