activity for token android.os.BinderProxy@3975323
02-24 16:30:12.785 16428 16428 E ArmVmp : Match on catch block at 0x0a in for 0xc5
02-24 16:30:12.789 16428 16428 E ArmVmp : Match on catch block at 0x0a in for 0xc1
02-24 16:30:13.042 16428 16428 E ArmVmp : Match on catch block at 0xc3 in for 0xb9
02-24 16:30:13.046 16428 16428 E ArmVmp : Match on catch block at 0xc3 in for 0xb9
02-24 16:30:13.052 16428 16428 E ArmVmp : Match on catch block at 0xc3 in for 0xa1
02-24 16:30:13.055 16428 16428 E ArmVmp : Match on catch block at 0xc3 in for 0xa5
02-24 16:30:13.122 16428 16428 E ArmVmp : Match on catch block at 0xc3 in for 0xa1
02-24 16:30:13.126 16428 16428 E ArmVmp : Match on catch block at 0xc3 in for 0xa5
02-24 16:30:13.166 16428 16428 W StaticLayout: maxLineHeight should not be -1.
maxLines:1 lineCount:1
02-24 16:30:13.187 16428 16428 E ArmVmp : Match on catch block at 0xc3 in for 0xa5
02-24 16:30:13.191 16428 16428 E ArmVmp : Match on catch block at 0xc3 in for 0xa9
02-24 16:30:13.214 16428 16428 W InputMethodManager: startInputReason = 1
02-24 16:30:13.228 16428 16428 E ArmVmp : Match on catch block at 0xc3 in for 0xa5
02-24 16:30:13.232 16428 16428 E ArmVmp : Match on catch block at 0xc3 in for 0xa9
02-24 16:30:13.251 16428 16428 W StaticLayout: maxLineHeight should not be -1.
maxLines:1 lineCount:1
02-24 16:30:13.257 16428 16428 E ArmVmp : Match on catch block at 0xc3 in for 0xa5
02-24 16:30:13.261 16428 16428 E ArmVmp : Match on catch block at 0xc3 in for 0xa9
02-24 16:30:13.276 16428 16517 W libEGL : EGLNativeWindowType 0x71955b6010
disconnect failed
02-24 16:30:13.290 16428 16428 E ArmVmp : Match on catch block at 0xc3 in for 0xa9
02-24 16:30:13.294 16428 16428 E ArmVmp : Match on catch block at 0xc3 in for 0xa1
02-24 16:30:13.298 16428 16428 E SpannableStringBuilder: SPAN_EXCLUSIVE_EXCLUSIVE
spans cannot have a zero length
02-24 16:30:13.621 16428 16428 E ArmVmp : Match on catch block at 0xc3 in for 0xa1
02-24 16:30:13.627 16428 16428 E ArmVmp : Match on catch block at 0xc3 in for 0xa5
02-24 16:30:13.638 16428 16428 E ArmVmp : Match on catch block at 0xc3 in for 0xa5
02-24 16:30:13.643 16428 16428 E ArmVmp : Match on catch block at 0xc3 in for 0xa9
02-24 16:30:13.655 16428 16428 E ArmVmp : Match on catch block at 0xc3 in for 0xa9
02-24 16:30:13.660 16428 16428 E ArmVmp : Match on catch block at 0xc3 in for 0xa1
02-24 16:30:13.672 16428 16428 E ArmVmp : Match on catch block at 0xc3 in for 0xa1
02-24 16:30:13.677 16428 16428 E ArmVmp : Match on catch block at 0xc3 in for 0xa5
02-24 16:30:13.688 16428 16428 E ArmVmp : Match on catch block at 0xc3 in for 0xa5
02-24 16:30:13.694 16428 16428 E ArmVmp : Match on catch block at 0xc3 in for 0xa9
02-24 16:30:13.705 16428 16428 E ArmVmp : Match on catch block at 0xc3 in for 0xa9
02-24 16:30:13.711 16428 16428 E ArmVmp : Match on catch block at 0xc3 in for 0xa1
02-24 16:30:13.722 16428 16428 E ArmVmp : Match on catch block at 0xc3 in for 0xa1
02-24 16:30:13.728 16428 16428 E ArmVmp : Match on catch block at 0xc3 in for 0xa5
02-24 16:30:13.738 16428 16428 E ArmVmp : Match on catch block at 0xc3 in for 0xa5
02-24 16:30:13.743 16428 16428 E ArmVmp : Match on catch block at 0xc3 in for 0xa9
02-24 16:30:13.756 16428 16428 E ArmVmp : Match on catch block at 0xc3 in for 0xa9
02-24 16:30:13.761 16428 16428 E ArmVmp : Match on catch block at 0xc3 in for 0xa1
02-24 16:30:13.773 16428 16428 E ArmVmp : Match on catch block at 0xc3 in for 0xa1
02-24 16:30:13.777 16428 16428 E ArmVmp : Match on catch block at 0xc3 in for 0xa5
02-24 16:30:13.789 16428 16428 E ArmVmp : Match on catch block at 0xc3 in for 0xa5
02-24 16:30:13.793 16428 16428 E ArmVmp : Match on catch block at 0xc3 in for 0xa9
02-24 16:30:13.806 16428 16428 E ArmVmp : Match on catch block at 0xc3 in for 0xa9
02-24 16:30:13.812 16428 16428 E ArmVmp : Match on catch block at 0xc3 in for 0xa1
02-24 16:30:13.823 16428 16428 E ArmVmp : Match on catch block at 0xc3 in for 0xa1
02-24 16:30:13.829 16428 16428 E ArmVmp : Match on catch block at 0xc3 in for 0xa5
02-24 16:30:13.840 16428 16428 E ArmVmp : Match on catch block at 0xc3 in for 0xa5
02-24 16:30:13.845 16428 16428 E ArmVmp : Match on catch block at 0xc3 in for 0xa9
02-24 16:30:13.856 16428 16428 E ArmVmp : Match on catch block at 0xc3 in for 0xa9
02-24 16:30:13.862 16428 16428 E ArmVmp : Match on catch block at 0xc3 in for 0xa1
02-24 16:30:13.873 16428 16428 E ArmVmp : Match on catch block at 0xc3 in for 0xa1
02-24 16:30:13.879 16428 16428 E ArmVmp : Match on catch block at 0xc3 in for 0xa5
02-24 16:30:13.890 16428 16428 E ArmVmp : Match on catch block at 0xc3 in for 0xa5
02-24 16:30:13.896 16428 16428 E ArmVmp : Match on catch block at 0xc3 in for 0xa9
02-24 16:30:13.906 16428 16428 E ArmVmp : Match on catch block at 0xc3 in for 0xa9
02-24 16:30:13.911 16428 16428 E ArmVmp : Match on catch block at 0xc3 in for 0xa1
02-24 16:30:13.923 16428 16428 E ArmVmp : Match on catch block at 0xc3 in for 0xa1
02-24 16:30:13.928 16428 16428 E ArmVmp : Match on catch block at 0xc3 in for 0xa5
02-24 16:30:14.244 16428 16428 E ArmVmp : Match on catch block at 0xc3 in for 0xa5
02-24 16:30:14.251 16428 16428 E ArmVmp : Match on catch block at 0xc3 in for 0xa9
02-24 16:30:14.288 16428 16428 W Settings: Setting device_provisioned has moved
from android.provider.Settings.Secure to android.provider.Settings.Global.
02-24 16:30:14.381 16428 16428 E ArmVmp : Match on catch block at 0xc3 in for 0xa5
02-24 16:30:14.387 16428 16428 E ArmVmp : Match on catch block at 0xc3 in for 0xa9
02-24 16:30:14.406 16428 16428 E ArmVmp : Match on catch block at 0xc3 in for 0xa5
02-24 16:30:14.413 16428 16428 E ArmVmp : Match on catch block at 0xc3 in for 0xa9
02-24 16:30:14.443 16428 16428 E ArmVmp : Match on catch block at 0xc3 in for 0xa9
02-24 16:30:14.451 16428 16428 E ArmVmp : Match on catch block at 0xc3 in for 0xa1
02-24 16:30:14.560 16428 16428 E ArmVmp : Match on catch block at 0xc3 in for 0xa5
02-24 16:30:14.564 16428 16428 E ArmVmp : Match on catch block at 0xc3 in for 0xa9
02-24 16:30:14.575 16428 16428 W InputMethodManager: startInputReason = 1
02-24 16:30:14.607 16428 16428 E ArmVmp : Match on catch block at 0xc3 in for 0xa9
02-24 16:30:14.611 16428 16428 E ArmVmp : Match on catch block at 0xc3 in for 0xa1
02-24 16:30:14.627 16428 16428 E ArmVmp : Match on catch block at 0xc3 in for 0xa5
02-24 16:30:14.632 16428 16428 E ArmVmp : Match on catch block at 0xc3 in for 0xa9
02-24 16:30:14.644 16428 16428 E ArmVmp : Match on catch block at 0xc3 in for 0xa9
02-24 16:30:14.648 16428 16428 E ArmVmp : Match on catch block at 0xc3 in for 0xa1
02-24 16:30:14.698 16428 16517 W libEGL : EGLNativeWindowType 0x718ce9a010
disconnect failed
02-24 16:30:14.708 16428 16428 E ArmVmp : Match on catch block at 0xc3 in for 0xa5
02-24 16:30:14.713 16428 16428 E ArmVmp : Match on catch block at 0xc3 in for 0xa9
02-24 16:30:15.308 16428 16428 W ActivityThread: handleWindowVisibility: no
activity for token android.os.BinderProxy@8f75410
02-24 16:30:15.332 16428 16439 E : [ZeroHung]zrhung_get_config: Get config
failed for wp[0x0008]
02-24 16:30:15.614 16428 16428 E ArmVmp : Match on catch block at 0x0a in for 0xc5
02-24 16:30:15.619 16428 16428 E ArmVmp : Match on catch block at 0x0a in for 0xc1
02-24 16:30:15.725 16428 16439 E : [ZeroHung]zrhung_get_config: Get config
failed for wp[0x0008]
02-24 16:30:15.849 16428 16428 E ArmVmp : Match on catch block at 0xc3 in for 0xb9
02-24 16:30:15.854 16428 16428 E ArmVmp : Match on catch block at 0xc3 in for 0xb9
02-24 16:30:15.862 16428 16428 E ArmVmp : Match on catch block at 0xc3 in for 0xa1
02-24 16:30:15.865 16428 16428 E ArmVmp : Match on catch block at 0xc3 in for 0xa5
02-24 16:30:15.935 16428 16428 E ArmVmp : Match on catch block at 0xc3 in for 0xa5
02-24 16:30:15.940 16428 16428 E ArmVmp : Match on catch block at 0xc3 in for 0xa9
02-24 16:30:15.982 16428 16428 W StaticLayout: maxLineHeight should not be -1.
maxLines:1 lineCount:1
02-24 16:30:15.996 16428 16428 E ArmVmp : Match on catch block at 0xc3 in for 0xa5
02-24 16:30:16.000 16428 16428 E ArmVmp : Match on catch block at 0xc3 in for 0xa9
02-24 16:30:16.011 16428 16428 W InputMethodManager: startInputReason = 1
02-24 16:30:16.020 16428 16428 W StaticLayout: maxLineHeight should not be -1.
maxLines:1 lineCount:1
02-24 16:30:16.035 16428 16428 E ArmVmp : Match on catch block at 0xc3 in for 0xa1
02-24 16:30:16.039 16428 16428 E ArmVmp : Match on catch block at 0xc3 in for 0xa5
02-24 16:30:16.053 16428 16517 W libEGL : EGLNativeWindowType 0x719e862010
disconnect failed
02-24 16:30:16.070 16428 16428 E ArmVmp : Match on catch block at 0xc3 in for 0xa5
02-24 16:30:16.074 16428 16428 E ArmVmp : Match on catch block at 0xc3 in for 0xa9
02-24 16:30:16.089 16428 16428 E ArmVmp : Match on catch block at 0xc3 in for 0xa9
02-24 16:30:16.092 16428 16428 E ArmVmp : Match on catch block at 0xc3 in for 0xa1
02-24 16:30:16.105 16428 16428 E ArmVmp : Match on catch block at 0xc3 in for 0xa1
02-24 16:30:16.110 16428 16428 E ArmVmp : Match on catch block at 0xc3 in for 0xa5
02-24 16:30:16.114 16428 16428 E SpannableStringBuilder: SPAN_EXCLUSIVE_EXCLUSIVE
spans cannot have a zero length
02-24 16:30:16.459 16428 16428 E ArmVmp : Match on catch block at 0xc3 in for 0xa5
02-24 16:30:16.464 16428 16428 E ArmVmp : Match on catch block at 0xc3 in for 0xa9
02-24 16:30:16.476 16428 16428 E ArmVmp : Match on catch block at 0xc3 in for 0xa9
02-24 16:30:16.484 16428 16428 E ArmVmp : Match on catch block at 0xc3 in for 0xa1
02-24 16:30:16.493 16428 16428 E ArmVmp : Match on catch block at 0xc3 in for 0xa1
02-24 16:30:16.499 16428 16428 E ArmVmp : Match on catch block at 0xc3 in for 0xa5
02-24 16:30:16.510 16428 16428 E ArmVmp : Match on catch block at 0xc3 in for 0xa5
02-24 16:30:16.516 16428 16428 E ArmVmp : Match on catch block at 0xc3 in for 0xa9
02-24 16:30:16.523 16428 16428 W Settings: Setting device_provisioned has moved
from android.provider.Settings.Secure to android.provider.Settings.Global.
02-24 16:30:16.527 16428 16428 E ArmVmp : Match on catch block at 0xc3 in for 0xa5
02-24 16:30:16.533 16428 16428 E ArmVmp : Match on catch block at 0xc3 in for 0xa9
02-24 16:30:16.544 16428 16428 E ArmVmp : Match on catch block at 0xc3 in for 0xa1
02-24 16:30:16.548 16428 16428 E ArmVmp : Match on catch block at 0xc3 in for 0xa5
02-24 16:30:16.561 16428 16428 E ArmVmp : Match on catch block at 0xc3 in for 0xa9
02-24 16:30:16.566 16428 16428 E ArmVmp : Match on catch block at 0xc3 in for 0xa1
02-24 16:30:16.577 16428 16428 E ArmVmp : Match on catch block at 0xc3 in for 0xa5
02-24 16:30:16.582 16428 16428 E ArmVmp : Match on catch block at 0xc3 in for 0xa9
02-24 16:30:16.593 16428 16428 E ArmVmp : Match on catch block at 0xc3 in for 0xa1
02-24 16:30:16.598 16428 16428 E ArmVmp : Match on catch block at 0xc3 in for 0xa5
02-24 16:30:16.610 16428 16428 E ArmVmp : Match on catch block at 0xc3 in for 0xa1
02-24 16:30:16.615 16428 16428 E ArmVmp : Match on catch block at 0xc3 in for 0xa5
02-24 16:30:16.632 16428 16428 E ArmVmp : Match on catch block at 0xc3 in for 0xa1
02-24 16:30:16.636 16428 16428 E ArmVmp : Match on catch block at 0xc3 in for 0xa5
02-24 16:30:16.664 16428 16428 E ArmVmp : Match on catch block at 0xc3 in for 0xa5
02-24 16:30:16.669 16428 16428 E ArmVmp : Match on catch block at 0xc3 in for 0xa9
02-24 16:30:16.700 16428 16428 E ArmVmp : Match on catch block at 0xc3 in for 0xa1
02-24 16:30:16.704 16428 16428 E ArmVmp : Match on catch block at 0xc3 in for 0xa5
02-24 16:30:16.740 16428 16428 E ArmVmp : Match on catch block at 0xc3 in for 0xa9
02-24 16:30:16.744 16428 16428 E ArmVmp : Match on catch block at 0xc3 in for 0xa1
02-24 16:30:16.795 16428 16428 W InputMethodManager: startInputReason = 1
02-24 16:30:16.822 16428 16428 E ArmVmp : Match on catch block at 0xc3 in for 0xa9
02-24 16:30:16.826 16428 16428 E ArmVmp : Match on catch block at 0xc3 in for 0xa1
02-24 16:30:16.835 16428 16428 E ArmVmp : Match on catch block at 0xc3 in for 0xa9
02-24 16:30:16.838 16428 16428 E ArmVmp : Match on catch block at 0xc3 in for 0xa1
02-24 16:30:16.852 16428 16428 E ArmVmp : Match on catch block at 0xc3 in for 0xa9
02-24 16:30:16.856 16428 16428 E ArmVmp : Match on catch block at 0xc3 in for 0xa1
02-24 16:30:16.914 16428 16517 W libEGL : EGLNativeWindowType 0x7196ded010
disconnect failed
02-24 16:30:16.925 16428 16428 E ArmVmp : Match on catch block at 0xc3 in for 0xa5
02-24 16:30:16.928 16428 16428 E ArmVmp : Match on catch block at 0xc3 in for 0xa9
02-24 16:30:17.510 16428 16428 W ActivityThread: handleWindowVisibility: no
activity for token android.os.BinderProxy@5283691
02-24 16:30:17.718 16428 16428 E ArmVmp : Match on catch block at 0x0a in for 0xc1
02-24 16:30:17.722 16428 16428 E ArmVmp : Match on catch block at 0x0a in for 0xc9
02-24 16:30:17.952 16428 16428 E ArmVmp : Match on catch block at 0xc3 in for 0xb1
02-24 16:30:17.956 16428 16428 E ArmVmp : Match on catch block at 0xc3 in for 0xb1
02-24 16:30:17.966 16428 16428 E ArmVmp : Match on catch block at 0xc3 in for 0xa1
02-24 16:30:17.970 16428 16428 E ArmVmp : Match on catch block at 0xc3 in for 0xa5
02-24 16:30:18.033 16428 16428 E ArmVmp : Match on catch block at 0xc3 in for 0xa1
02-24 16:30:18.038 16428 16428 E ArmVmp : Match on catch block at 0xc3 in for 0xa5
02-24 16:30:18.057 16428 16428 W StaticLayout: maxLineHeight should not be -1.
maxLines:1 lineCount:1
02-24 16:30:18.080 16428 16428 E ArmVmp : Match on catch block at 0xc3 in for 0xa5
02-24 16:30:18.085 16428 16428 E ArmVmp : Match on catch block at 0xc3 in for 0xa9
02-24 16:30:18.097 16428 16428 W InputMethodManager: startInputReason = 1
02-24 16:30:18.115 16428 16428 E ArmVmp : Match on catch block at 0xc3 in for 0xa5
02-24 16:30:18.120 16428 16428 E ArmVmp : Match on catch block at 0xc3 in for 0xa9
02-24 16:30:18.137 16428 16428 W StaticLayout: maxLineHeight should not be -1.
maxLines:1 lineCount:1
02-24 16:30:18.143 16428 16428 E ArmVmp : Match on catch block at 0xc3 in for 0xa5
02-24 16:30:18.147 16428 16428 E ArmVmp : Match on catch block at 0xc3 in for 0xa9
02-24 16:30:18.160 16428 16517 W libEGL : EGLNativeWindowType 0x719b3ac010
disconnect failed
02-24 16:30:18.171 16428 16428 E SpannableStringBuilder: SPAN_EXCLUSIVE_EXCLUSIVE
spans cannot have a zero length
02-24 16:30:18.174 16428 16428 E ArmVmp : Match on catch block at 0xc3 in for 0xa9
02-24 16:30:18.178 16428 16428 E ArmVmp : Match on catch block at 0xc3 in for 0xa1
02-24 16:30:18.188 16428 16428 E ArmVmp : Match on catch block at 0xc3 in for 0xa1
02-24 16:30:18.192 16428 16428 E ArmVmp : Match on catch block at 0xc3 in for 0xa5
02-24 16:30:18.475 16428 16428 W Settings: Setting device_provisioned has moved
from android.provider.Settings.Secure to android.provider.Settings.Global.
02-24 16:30:18.522 16428 16428 W HiTouch_PressGestureDetector: Touch pointer move a
lot. The moving distance of X is:12.914429, limit is:60The moving distance of Y
is:64.62927, limit is:60
02-24 16:30:18.559 16428 16428 E ArmVmp : Match on catch block at 0xc3 in for 0xa1
02-24 16:30:18.564 16428 16428 E ArmVmp : Match on catch block at 0xc3 in for 0xa5
02-24 16:30:18.606 16428 16428 E ArmVmp : Match on catch block at 0xc3 in for 0xa5
02-24 16:30:18.611 16428 16428 E ArmVmp : Match on catch block at 0xc3 in for 0xa9
02-24 16:30:18.620 16428 16428 E ArmVmp : Match on catch block at 0xc3 in for 0xa9
02-24 16:30:18.625 16428 16428 E ArmVmp : Match on catch block at 0xc3 in for 0xa1
02-24 16:30:18.670 16428 16428 E ArmVmp : Match on catch block at 0xc3 in for 0xa9
02-24 16:30:18.674 16428 16428 E ArmVmp : Match on catch block at 0xc3 in for 0xa1
02-24 16:30:18.685 16428 16428 E ArmVmp : Match on catch block at 0xc3 in for 0xa1
02-24 16:30:18.690 16428 16428 E ArmVmp : Match on catch block at 0xc3 in for 0xa5
02-24 16:30:18.699 16428 16428 E ArmVmp : Match on catch block at 0xc3 in for 0xa5
02-24 16:30:18.704 16428 16428 E ArmVmp : Match on catch block at 0xc3 in for 0xa9
02-24 16:30:18.716 16428 16428 E ArmVmp : Match on catch block at 0xc3 in for 0xa9
02-24 16:30:18.721 16428 16428 E ArmVmp : Match on catch block at 0xc3 in for 0xa1
02-24 16:30:18.734 16428 16428 E ArmVmp : Match on catch block at 0xc3 in for 0xa1
02-24 16:30:18.739 16428 16428 E ArmVmp : Match on catch block at 0xc3 in for 0xa5
02-24 16:30:18.749 16428 16428 E ArmVmp : Match on catch block at 0xc3 in for 0xa5
02-24 16:30:18.753 16428 16428 E ArmVmp : Match on catch block at 0xc3 in for 0xa9
02-24 16:30:18.762 16428 16428 E ArmVmp : Match on catch block at 0xc3 in for 0xa9
02-24 16:30:18.771 16428 16428 E ArmVmp : Match on catch block at 0xc3 in for 0xa1
02-24 16:30:18.780 16428 16428 E ArmVmp : Match on catch block at 0xc3 in for 0xa1
02-24 16:30:18.785 16428 16428 E ArmVmp : Match on catch block at 0xc3 in for 0xa5
02-24 16:30:18.797 16428 16428 E ArmVmp : Match on catch block at 0xc3 in for 0xa5
02-24 16:30:18.803 16428 16428 E ArmVmp : Match on catch block at 0xc3 in for 0xa9
02-24 16:30:18.810 16428 16428 E ArmVmp : Match on catch block at 0xc3 in for 0xa1
02-24 16:30:18.815 16428 16428 E ArmVmp : Match on catch block at 0xc3 in for 0xa5
02-24 16:30:18.827 16428 16428 E ArmVmp : Match on catch block at 0xc3 in for 0xa9
02-24 16:30:18.831 16428 16428 E ArmVmp : Match on catch block at 0xc3 in for 0xa1
02-24 16:30:18.843 16428 16428 E ArmVmp : Match on catch block at 0xc3 in for 0xa5
02-24 16:30:18.849 16428 16428 E ArmVmp : Match on catch block at 0xc3 in for 0xa9
02-24 16:30:18.861 16428 16428 E ArmVmp : Match on catch block at 0xc3 in for 0xa1
02-24 16:30:18.866 16428 16428 E ArmVmp : Match on catch block at 0xc3 in for 0xa5
02-24 16:30:18.877 16428 16428 E ArmVmp : Match on catch block at 0xc3 in for 0xa9
02-24 16:30:18.882 16428 16428 E ArmVmp : Match on catch block at 0xc3 in for 0xa1
02-24 16:30:18.893 16428 16428 E ArmVmp : Match on catch block at 0xc3 in for 0xa5
02-24 16:30:18.899 16428 16428 E ArmVmp : Match on catch block at 0xc3 in for 0xa9
02-24 16:30:18.911 16428 16428 E ArmVmp : Match on catch block at 0xc3 in for 0xa1
02-24 16:30:18.916 16428 16428 E ArmVmp : Match on catch block at 0xc3 in for 0xa5
02-24 16:30:18.928 16428 16428 E ArmVmp : Match on catch block at 0xc3 in for 0xa9
02-24 16:30:18.933 16428 16428 E ArmVmp : Match on catch block at 0xc3 in for 0xa1
02-24 16:30:18.944 16428 16428 E ArmVmp : Match on catch block at 0xc3 in for 0xa5
02-24 16:30:18.949 16428 16428 E ArmVmp : Match on catch block at 0xc3 in for 0xa9
02-24 16:30:18.961 16428 16428 E ArmVmp : Match on catch block at 0xc3 in for 0xa1
02-24 16:30:18.965 16428 16428 E ArmVmp : Match on catch block at 0xc3 in for 0xa5
02-24 16:30:18.978 16428 16428 E ArmVmp : Match on catch block at 0xc3 in for 0xa9
02-24 16:30:18.982 16428 16428 E ArmVmp : Match on catch block at 0xc3 in for 0xa1
02-24 16:30:18.995 16428 16428 E ArmVmp : Match on catch block at 0xc3 in for 0xa5
02-24 16:30:19.000 16428 16428 E ArmVmp : Match on catch block at 0xc3 in for 0xa9
02-24 16:30:19.011 16428 16428 E ArmVmp : Match on catch block at 0xc3 in for 0xa5
02-24 16:30:19.016 16428 16428 E ArmVmp : Match on catch block at 0xc3 in for 0xa9
02-24 16:30:19.045 16428 16428 E ArmVmp : Match on catch block at 0xc3 in for 0xa5
02-24 16:30:19.050 16428 16428 E ArmVmp : Match on catch block at 0xc3 in for 0xa9
02-24 16:30:19.059 16428 16428 W HiTouch_PressGestureDetector: Touch pointer move a
lot. The moving distance of X is:4.761902, limit is:60The moving distance of Y
is:113.284424, limit is:60
02-24 16:30:19.063 16428 16428 E ArmVmp : Match on catch block at 0xc3 in for 0xa9
02-24 16:30:19.068 16428 16428 E ArmVmp : Match on catch block at 0xc3 in for 0xa1
02-24 16:30:19.083 16428 16428 E ArmVmp : Match on catch block at 0xc3 in for 0xa1
02-24 16:30:19.087 16428 16428 E ArmVmp : Match on catch block at 0xc3 in for 0xa5
02-24 16:30:19.096 16428 16428 E ArmVmp : Match on catch block at 0xc3 in for 0xa5
02-24 16:30:19.100 16428 16428 E ArmVmp : Match on catch block at 0xc3 in for 0xa9
02-24 16:30:19.113 16428 16428 E ArmVmp : Match on catch block at 0xc3 in for 0xa9
02-24 16:30:19.117 16428 16428 E ArmVmp : Match on catch block at 0xc3 in for 0xa1
02-24 16:30:19.130 16428 16428 E ArmVmp : Match on catch block at 0xc3 in for 0xa1
02-24 16:30:19.134 16428 16428 E ArmVmp : Match on catch block at 0xc3 in for 0xa5
02-24 16:30:19.146 16428 16428 E ArmVmp : Match on catch block at 0xc3 in for 0xa1
02-24 16:30:19.149 16428 16428 E ArmVmp : Match on catch block at 0xc3 in for 0xa5
02-24 16:30:19.163 16428 16428 E ArmVmp : Match on catch block at 0xc3 in for 0xa1
02-24 16:30:19.167 16428 16428 E ArmVmp : Match on catch block at 0xc3 in for 0xa5
02-24 16:30:19.180 16428 16428 E ArmVmp : Match on catch block at 0xc3 in for 0xa1
02-24 16:30:19.184 16428 16428 E ArmVmp : Match on catch block at 0xc3 in for 0xa5
02-24 16:30:19.196 16428 16428 E ArmVmp : Match on catch block at 0xc3 in for 0xa1
02-24 16:30:19.201 16428 16428 E ArmVmp : Match on catch block at 0xc3 in for 0xa5
02-24 16:30:19.213 16428 16428 E ArmVmp : Match on catch block at 0xc3 in for 0xa1
02-24 16:30:19.217 16428 16428 E ArmVmp : Match on catch block at 0xc3 in for 0xa5
02-24 16:30:19.230 16428 16428 E ArmVmp : Match on catch block at 0xc3 in for 0xa1
02-24 16:30:19.234 16428 16428 E ArmVmp : Match on catch block at 0xc3 in for 0xa5
02-24 16:30:19.247 16428 16428 E ArmVmp : Match on catch block at 0xc3 in for 0xa1
02-24 16:30:19.251 16428 16428 E ArmVmp : Match on catch block at 0xc3 in for 0xa5
02-24 16:30:19.263 16428 16428 E ArmVmp : Match on catch block at 0xc3 in for 0xa1
02-24 16:30:19.267 16428 16428 E ArmVmp : Match on catch block at 0xc3 in for 0xa5
02-24 16:30:19.280 16428 16428 E ArmVmp : Match on catch block at 0xc3 in for 0xa1
02-24 16:30:19.283 16428 16428 E ArmVmp : Match on catch block at 0xc3 in for 0xa5
02-24 16:30:19.296 16428 16428 E ArmVmp : Match on catch block at 0xc3 in for 0xa1
02-24 16:30:19.301 16428 16428 E ArmVmp : Match on catch block at 0xc3 in for 0xa5
02-24 16:30:19.314 16428 16428 E ArmVmp : Match on catch block at 0xc3 in for 0xa1
02-24 16:30:19.317 16428 16428 E ArmVmp : Match on catch block at 0xc3 in for 0xa5
02-24 16:30:19.330 16428 16428 E ArmVmp : Match on catch block at 0xc3 in for 0xa1
02-24 16:30:19.334 16428 16428 E ArmVmp : Match on catch block at 0xc3 in for 0xa5
02-24 16:30:19.347 16428 16428 E ArmVmp : Match on catch block at 0xc3 in for 0xa1
02-24 16:30:19.353 16428 16428 E ArmVmp : Match on catch block at 0xc3 in for 0xa5
02-24 16:30:19.381 16428 16428 E ArmVmp : Match on catch block at 0xc3 in for 0xa9
02-24 16:30:19.386 16428 16428 E ArmVmp : Match on catch block at 0xc3 in for 0xa1
02-24 16:30:19.398 16428 16428 E ArmVmp : Match on catch block at 0xc3 in for 0xa5
02-24 16:30:19.402 16428 16428 E ArmVmp : Match on catch block at 0xc3 in for 0xa9
02-24 16:30:19.414 16428 16428 E ArmVmp : Match on catch block at 0xc3 in for 0xa1
02-24 16:30:19.418 16428 16428 E ArmVmp : Match on catch block at 0xc3 in for 0xa5
02-24 16:30:19.431 16428 16428 E ArmVmp : Match on catch block at 0xc3 in for 0xa9
02-24 16:30:19.434 16428 16428 E ArmVmp : Match on catch block at 0xc3 in for 0xa1
02-24 16:30:19.448 16428 16428 E ArmVmp : Match on catch block at 0xc3 in for 0xa5
02-24 16:30:19.452 16428 16428 E ArmVmp : Match on catch block at 0xc3 in for 0xa9
02-24 16:30:19.465 16428 16428 E ArmVmp : Match on catch block at 0xc3 in for 0xa1
02-24 16:30:19.470 16428 16428 E ArmVmp : Match on catch block at 0xc3 in for 0xa5
02-24 16:30:19.481 16428 16428 E ArmVmp : Match on catch block at 0xc3 in for 0xa1
02-24 16:30:19.487 16428 16428 E ArmVmp : Match on catch block at 0xc3 in for 0xa5
02-24 16:30:19.534 16428 16428 E ArmVmp : Match on catch block at 0xc3 in for 0xa5
02-24 16:30:19.541 16428 16428 E ArmVmp : Match on catch block at 0xc3 in for 0xa9
02-24 16:30:19.553 16428 16428 E ArmVmp : Match on catch block at 0xc3 in for 0xa9
02-24 16:30:19.565 16428 16428 E ArmVmp : Match on catch block at 0xc3 in for 0xa1
02-24 16:30:19.585 16428 16428 E ArmVmp : Match on catch block at 0xc3 in for 0xa1
02-24 16:30:19.592 16428 16428 E ArmVmp : Match on catch block at 0xc3 in for 0xa5
02-24 16:30:19.605 16428 16428 E ArmVmp : Match on catch block at 0xc3 in for 0xa5
02-24 16:30:19.614 16428 16428 E ArmVmp : Match on catch block at 0xc3 in for 0xa9
02-24 16:30:19.636 16428 16428 E ArmVmp : Match on catch block at 0xc3 in for 0xa9
02-24 16:30:19.642 16428 16428 E ArmVmp : Match on catch block at 0xc3 in for 0xa1
02-24 16:30:19.651 16428 16428 E ArmVmp : Match on catch block at 0xc3 in for 0xa1
02-24 16:30:19.656 16428 16428 E ArmVmp : Match on catch block at 0xc3 in for 0xa5
02-24 16:30:19.667 16428 16428 E ArmVmp : Match on catch block at 0xc3 in for 0xa5
02-24 16:30:19.674 16428 16428 E ArmVmp : Match on catch block at 0xc3 in for 0xa9
02-24 16:30:19.684 16428 16428 E ArmVmp : Match on catch block at 0xc3 in for 0xa9
02-24 16:30:19.689 16428 16428 E ArmVmp : Match on catch block at 0xc3 in for 0xa1
02-24 16:30:19.700 16428 16428 E ArmVmp : Match on catch block at 0xc3 in for 0xa1
02-24 16:30:19.707 16428 16428 E ArmVmp : Match on catch block at 0xc3 in for 0xa5
02-24 16:30:19.716 16428 16428 E ArmVmp : Match on catch block at 0xc3 in for 0xa5
02-24 16:30:19.721 16428 16428 E ArmVmp : Match on catch block at 0xc3 in for 0xa9
02-24 16:30:19.733 16428 16428 E ArmVmp : Match on catch block at 0xc3 in for 0xa9
02-24 16:30:19.737 16428 16428 E ArmVmp : Match on catch block at 0xc3 in for 0xa1
02-24 16:30:19.750 16428 16428 E ArmVmp : Match on catch block at 0xc3 in for 0xa1
02-24 16:30:19.754 16428 16428 E ArmVmp : Match on catch block at 0xc3 in for 0xa5
02-24 16:30:19.767 16428 16428 E ArmVmp : Match on catch block at 0xc3 in for 0xa5
02-24 16:30:19.772 16428 16428 E ArmVmp : Match on catch block at 0xc3 in for 0xa9
02-24 16:30:19.783 16428 16428 E ArmVmp : Match on catch block at 0xc3 in for 0xa9
02-24 16:30:19.787 16428 16428 E ArmVmp : Match on catch block at 0xc3 in for 0xa1
02-24 16:30:19.800 16428 16428 E ArmVmp : Match on catch block at 0xc3 in for 0xa1
02-24 16:30:19.805 16428 16428 E ArmVmp : Match on catch block at 0xc3 in for 0xa5
02-24 16:30:20.176 16428 16428 E ArmVmp : Match on catch block at 0xc3 in for 0xa5
02-24 16:30:20.187 16428 16428 E ArmVmp : Match on catch block at 0xc3 in for 0xa9
02-24 16:30:20.660 16428 16428 E ArmVmp : Match on catch block at 0xc3 in for 0xa9
02-24 16:30:20.675 16428 16428 E ArmVmp : Match on catch block at 0xc3 in for 0xa1
02-24 16:30:21.163 16428 16428 E ArmVmp : Match on catch block at 0xc3 in for 0xa5
02-24 16:30:21.169 16428 16428 E ArmVmp : Match on catch block at 0xc3 in for 0xa9
02-24 16:30:21.186 16428 16428 E ArmVmp : Match on catch block at 0xc3 in for 0xa1
02-24 16:30:21.194 16428 16428 E ArmVmp : Match on catch block at 0xc3 in for 0xa5
02-24 16:30:21.201 16428 16428 W HiTouch_PressGestureDetector: Touch pointer move a
lot. The moving distance of X is:16.352234, limit is:60The moving distance of Y
is:110.34064, limit is:60
02-24 16:30:21.206 16428 16428 E ArmVmp : Match on catch block at 0xc3 in for 0xa5
02-24 16:30:21.212 16428 16428 E ArmVmp : Match on catch block at 0xc3 in for 0xa9
02-24 16:30:21.224 16428 16428 E ArmVmp : Match on catch block at 0xc3 in for 0xa5
02-24 16:30:21.230 16428 16428 E ArmVmp : Match on catch block at 0xc3 in for 0xa9
02-24 16:30:21.240 16428 16428 E ArmVmp : Match on catch block at 0xc3 in for 0xa9
02-24 16:30:21.245 16428 16428 E ArmVmp : Match on catch block at 0xc3 in for 0xa1
02-24 16:30:21.262 16428 16428 E ArmVmp : Match on catch block at 0xc3 in for 0xa5
02-24 16:30:21.266 16428 16428 E ArmVmp : Match on catch block at 0xc3 in for 0xa9
02-24 16:30:21.274 16428 16428 E ArmVmp : Match on catch block at 0xc3 in for 0xa1
02-24 16:30:21.280 16428 16428 E ArmVmp : Match on catch block at 0xc3 in for 0xa5
02-24 16:30:21.289 16428 16428 E ArmVmp : Match on catch block at 0xc3 in for 0xa5
02-24 16:30:21.294 16428 16428 E ArmVmp : Match on catch block at 0xc3 in for 0xa9
02-24 16:30:21.301 16428 16428 E ArmVmp : Match on catch block at 0xc3 in for 0xa1
02-24 16:30:21.306 16428 16428 E ArmVmp : Match on catch block at 0xc3 in for 0xa5
02-24 16:30:21.315 16428 16428 E ArmVmp : Match on catch block at 0xc3 in for 0xa5
02-24 16:30:21.320 16428 16428 E ArmVmp : Match on catch block at 0xc3 in for 0xa9
02-24 16:30:21.334 16428 16428 E ArmVmp : Match on catch block at 0xc3 in for 0xa9
02-24 16:30:21.338 16428 16428 E ArmVmp : Match on catch block at 0xc3 in for 0xa1
02-24 16:30:21.347 16428 16428 E ArmVmp : Match on catch block at 0xc3 in for 0xa5
02-24 16:30:21.352 16428 16428 E ArmVmp : Match on catch block at 0xc3 in for 0xa9
02-24 16:30:21.362 16428 16428 E ArmVmp : Match on catch block at 0xc3 in for 0xa1
02-24 16:30:21.368 16428 16428 E ArmVmp : Match on catch block at 0xc3 in for 0xa5
02-24 16:30:21.382 16428 16428 E ArmVmp : Match on catch block at 0xc3 in for 0xa9
02-24 16:30:21.388 16428 16428 E ArmVmp : Match on catch block at 0xc3 in for 0xa1
02-24 16:30:21.401 16428 16428 E ArmVmp : Match on catch block at 0xc3 in for 0xa9
02-24 16:30:21.405 16428 16428 E ArmVmp : Match on catch block at 0xc3 in for 0xa1
02-24 16:30:21.417 16428 16428 E ArmVmp : Match on catch block at 0xc3 in for 0xa5
02-24 16:30:21.421 16428 16428 E ArmVmp : Match on catch block at 0xc3 in for 0xa9
02-24 16:30:21.432 16428 16428 E ArmVmp : Match on catch block at 0xc3 in for 0xa1
02-24 16:30:21.437 16428 16428 E ArmVmp : Match on catch block at 0xc3 in for 0xa5
02-24 16:30:21.445 16428 16428 E ArmVmp : Match on catch block at 0xc3 in for 0xa5
02-24 16:30:21.450 16428 16428 E ArmVmp : Match on catch block at 0xc3 in for 0xa9
02-24 16:30:21.463 16428 16428 E ArmVmp : Match on catch block at 0xc3 in for 0xa9
02-24 16:30:21.468 16428 16428 E ArmVmp : Match on catch block at 0xc3 in for 0xa1
02-24 16:30:21.479 16428 16428 E ArmVmp : Match on catch block at 0xc3 in for 0xa1
02-24 16:30:21.484 16428 16428 E ArmVmp : Match on catch block at 0xc3 in for 0xa5
02-24 16:30:21.497 16428 16428 E ArmVmp : Match on catch block at 0xc3 in for 0xa5
02-24 16:30:21.502 16428 16428 E ArmVmp : Match on catch block at 0xc3 in for 0xa9
02-24 16:30:21.513 16428 16428 E ArmVmp : Match on catch block at 0xc3 in for 0xa9
02-24 16:30:21.518 16428 16428 E ArmVmp : Match on catch block at 0xc3 in for 0xa1
02-24 16:30:21.529 16428 16428 E ArmVmp : Match on catch block at 0xc3 in for 0xa1
02-24 16:30:21.534 16428 16428 E ArmVmp : Match on catch block at 0xc3 in for 0xa5
02-24 16:30:21.664 16428 16428 E ArmVmp : Match on catch block at 0xc3 in for 0xa5
02-24 16:30:21.669 16428 16428 E ArmVmp : Match on catch block at 0xc3 in for 0xa9
02-24 16:30:21.832 16428 16428 E ArmVmp : Match on catch block at 0xc3 in for 0xa9
02-24 16:30:21.838 16428 16428 E ArmVmp : Match on catch block at 0xc3 in for 0xa1
02-24 16:30:21.849 16428 16428 E ArmVmp : Match on catch block at 0xc3 in for 0xa1
02-24 16:30:21.855 16428 16428 E ArmVmp : Match on catch block at 0xc3 in for 0xa5
02-24 16:30:21.866 16428 16428 E ArmVmp : Match on catch block at 0xc3 in for 0xa5
02-24 16:30:21.872 16428 16428 E ArmVmp : Match on catch block at 0xc3 in for 0xa9
02-24 16:30:21.882 16428 16428 E ArmVmp : Match on catch block at 0xc3 in for 0xa9
02-24 16:30:21.886 16428 16428 E ArmVmp : Match on catch block at 0xc3 in for 0xa1
02-24 16:30:21.899 16428 16428 E ArmVmp : Match on catch block at 0xc3 in for 0xa1
02-24 16:30:21.904 16428 16428 E ArmVmp : Match on catch block at 0xc3 in for 0xa5
02-24 16:30:21.916 16428 16428 E ArmVmp : Match on catch block at 0xc3 in for 0xa5
02-24 16:30:21.920 16428 16428 E ArmVmp : Match on catch block at 0xc3 in for 0xa9
02-24 16:30:21.932 16428 16428 E ArmVmp : Match on catch block at 0xc3 in for 0xa9
02-24 16:30:21.937 16428 16428 E ArmVmp : Match on catch block at 0xc3 in for 0xa1
02-24 16:30:21.949 16428 16428 E ArmVmp : Match on catch block at 0xc3 in for 0xa1
02-24 16:30:21.954 16428 16428 E ArmVmp : Match on catch block at 0xc3 in for 0xa5
02-24 16:30:21.966 16428 16428 E ArmVmp : Match on catch block at 0xc3 in for 0xa5
02-24 16:30:21.971 16428 16428 E ArmVmp : Match on catch block at 0xc3 in for 0xa9
02-24 16:30:21.983 16428 16428 E ArmVmp : Match on catch block at 0xc3 in for 0xa9
02-24 16:30:21.988 16428 16428 E ArmVmp : Match on catch block at 0xc3 in for 0xa1
02-24 16:30:21.999 16428 16428 E ArmVmp : Match on catch block at 0xc3 in for 0xa1
02-24 16:30:22.004 16428 16428 E ArmVmp : Match on catch block at 0xc3 in for 0xa5
02-24 16:30:22.017 16428 16428 E ArmVmp : Match on catch block at 0xc3 in for 0xa5
02-24 16:30:22.022 16428 16428 E ArmVmp : Match on catch block at 0xc3 in for 0xa9
02-24 16:30:22.033 16428 16428 E ArmVmp : Match on catch block at 0xc3 in for 0xa9
02-24 16:30:22.038 16428 16428 E ArmVmp : Match on catch block at 0xc3 in for 0xa1
02-24 16:30:22.050 16428 16428 E ArmVmp : Match on catch block at 0xc3 in for 0xa1
02-24 16:30:22.054 16428 16428 E ArmVmp : Match on catch block at 0xc3 in for 0xa5
02-24 16:30:22.067 16428 16428 E ArmVmp : Match on catch block at 0xc3 in for 0xa5
02-24 16:30:22.072 16428 16428 E ArmVmp : Match on catch block at 0xc3 in for 0xa9
02-24 16:30:22.083 16428 16428 E ArmVmp : Match on catch block at 0xc3 in for 0xa9
02-24 16:30:22.088 16428 16428 E ArmVmp : Match on catch block at 0xc3 in for 0xa1
02-24 16:30:22.100 16428 16428 E ArmVmp : Match on catch block at 0xc3 in for 0xa1
02-24 16:30:22.106 16428 16428 E ArmVmp : Match on catch block at 0xc3 in for 0xa5
02-24 16:30:22.167 16428 16428 E ArmVmp : Match on catch block at 0xc3 in for 0xa5
02-24 16:30:22.173 16428 16428 E ArmVmp : Match on catch block at 0xc3 in for 0xa9
02-24 16:30:22.478 16428 16428 E ArmVmp : Match on catch block at 0xc3 in for 0xa5
02-24 16:30:22.492 16428 16428 E ArmVmp : Match on catch block at 0xc3 in for 0xa9
02-24 16:30:22.512 16428 16428 E ArmVmp : Match on catch block at 0xc3 in for 0xa9
02-24 16:30:22.524 16428 16428 E ArmVmp : Match on catch block at 0xc3 in for 0xa1
02-24 16:30:22.538 16428 16428 E ArmVmp : Match on catch block at 0xc3 in for 0xa1
02-24 16:30:22.544 16428 16428 E ArmVmp : Match on catch block at 0xc3 in for 0xa5
02-24 16:30:22.555 16428 16428 E ArmVmp : Match on catch block at 0xc3 in for 0xa5
02-24 16:30:22.561 16428 16428 E ArmVmp : Match on catch block at 0xc3 in for 0xa9
02-24 16:30:22.571 16428 16428 E ArmVmp : Match on catch block at 0xc3 in for 0xa9
02-24 16:30:22.577 16428 16428 E ArmVmp : Match on catch block at 0xc3 in for 0xa1
02-24 16:30:22.588 16428 16428 E ArmVmp : Match on catch block at 0xc3 in for 0xa1
02-24 16:30:22.593 16428 16428 E ArmVmp : Match on catch block at 0xc3 in for 0xa5
02-24 16:30:22.604 16428 16428 E ArmVmp : Match on catch block at 0xc3 in for 0xa5
02-24 16:30:22.609 16428 16428 E ArmVmp : Match on catch block at 0xc3 in for 0xa9
02-24 16:30:22.620 16428 16428 E ArmVmp : Match on catch block at 0xc3 in for 0xa9
02-24 16:30:22.626 16428 16428 E ArmVmp : Match on catch block at 0xc3 in for 0xa1
02-24 16:30:22.637 16428 16428 E ArmVmp : Match on catch block at 0xc3 in for 0xa1
02-24 16:30:22.642 16428 16428 E ArmVmp : Match on catch block at 0xc3 in for 0xa5
02-24 16:30:22.655 16428 16428 E ArmVmp : Match on catch block at 0xc3 in for 0xa5
02-24 16:30:22.660 16428 16428 E ArmVmp : Match on catch block at 0xc3 in for 0xa9
02-24 16:30:22.671 16428 16428 E ArmVmp : Match on catch block at 0xc3 in for 0xa9
02-24 16:30:22.676 16428 16428 E ArmVmp : Match on catch block at 0xc3 in for 0xa1
02-24 16:30:22.688 16428 16428 E ArmVmp : Match on catch block at 0xc3 in for 0xa1
02-24 16:30:22.693 16428 16428 E ArmVmp : Match on catch block at 0xc3 in for 0xa5
02-24 16:30:23.181 16428 16428 E ArmVmp : Match on catch block at 0xc3 in for 0xa5
02-24 16:30:23.198 16428 16428 E ArmVmp : Match on catch block at 0xc3 in for 0xa9
02-24 16:30:23.687 16428 16428 E ArmVmp : Match on catch block at 0xc3 in for 0xa9
02-24 16:30:23.705 16428 16428 E ArmVmp : Match on catch block at 0xc3 in for 0xa1
02-24 16:30:24.187 16428 16428 E ArmVmp : Match on catch block at 0xc3 in for 0xa1
02-24 16:30:24.200 16428 16428 E ArmVmp : Match on catch block at 0xc3 in for 0xa5
02-24 16:30:24.690 16428 16428 E ArmVmp : Match on catch block at 0xc3 in for 0xa5
02-24 16:30:24.704 16428 16428 E ArmVmp : Match on catch block at 0xc3 in for 0xa9
02-24 16:30:25.197 16428 16428 E ArmVmp : Match on catch block at 0xc3 in for 0xa9
02-24 16:30:25.210 16428 16428 E ArmVmp : Match on catch block at 0xc3 in for 0xa1
02-24 16:30:25.444 16428 16428 E ArmVmp : Match on catch block at 0xc3 in for 0xa9
02-24 16:30:25.450 16428 16428 E ArmVmp : Match on catch block at 0xc3 in for 0xa1
02-24 16:30:25.478 16428 16428 E ArmVmp : Match on catch block at 0xc3 in for 0xa9
02-24 16:30:25.484 16428 16428 E ArmVmp : Match on catch block at 0xc3 in for 0xa1
02-24 16:30:25.511 16428 16428 E ArmVmp : Match on catch block at 0xc3 in for 0xa1
02-24 16:30:25.518 16428 16428 E ArmVmp : Match on catch block at 0xc3 in for 0xa5
02-24 16:30:25.583 16428 16428 E ArmVmp : Match on catch block at 0xc3 in for 0xa1
02-24 16:30:25.587 16428 16428 E ArmVmp : Match on catch block at 0xc3 in for 0xa5
02-24 16:30:25.655 16428 16428 E ArmVmp : Match on catch block at 0xc3 in for 0xa1
02-24 16:30:25.660 16428 16428 E ArmVmp : Match on catch block at 0xc3 in for 0xa5
02-24 16:30:25.670 16428 16428 W InputMethodManager: startInputReason = 1
02-24 16:30:25.686 16428 16428 E ArmVmp : Match on catch block at 0xc3 in for 0xa5
02-24 16:30:25.690 16428 16428 E ArmVmp : Match on catch block at 0xc3 in for 0xa9
02-24 16:30:25.780 16428 16517 W libEGL : EGLNativeWindowType 0x719e994010
disconnect failed
02-24 16:30:25.791 16428 16428 E ArmVmp : Match on catch block at 0xc3 in for 0xa5
02-24 16:30:25.796 16428 16428 E ArmVmp : Match on catch block at 0xc3 in for 0xa9
02-24 16:30:26.749 16428 16428 W HiTouch_PressGestureDetector: Touch pointer move a
lot. The moving distance of X is:41.250854, limit is:60The moving distance of Y
is:100.0022, limit is:60
02-24 16:30:27.953 16428 16428 W ActivityThread: handleWindowVisibility: no
activity for token android.os.BinderProxy@6fcdfe4
02-24 16:30:28.158 16428 16428 E ArmVmp : Match on catch block at 0x0a in for 0xc9
02-24 16:30:28.162 16428 16428 E ArmVmp : Match on catch block at 0x0a in for 0xc5
02-24 16:30:28.350 16428 16428 W View : requestLayout() improperly called by
X.4rg{23bfec3 V.E....L. ......ID 0,640-1080,1426} during layout: running second
layout pass
02-24 16:30:28.350 16428 16428 W View : requestLayout() improperly called by
android.widget.LinearLayout{8fd1340 V.E...... ......ID 258,4-1036,782 #7f0b0e50
app:id/main_layout} during layout: running second layout pass
02-24 16:30:28.351 16428 16428 W View : requestLayout() improperly called by
com.whatsapp.conversation.conversationrow.ConversationRowImage$RowImageView{31ee279
VFED..CL. ......ID 12,12-766,766 #7f0b0c84 app:id/image} during layout: running
second layout pass
02-24 16:30:28.357 16428 16428 E ArmVmp : Match on catch block at 0xc3 in for 0xb5
02-24 16:30:28.361 16428 16428 E ArmVmp : Match on catch block at 0xc3 in for 0xb5
02-24 16:30:28.376 16428 16428 E ArmVmp : Match on catch block at 0xc3 in for 0xa1
02-24 16:30:28.380 16428 16428 E ArmVmp : Match on catch block at 0xc3 in for 0xa5
02-24 16:30:28.449 16428 16428 E ArmVmp : Match on catch block at 0xc3 in for 0xa5
02-24 16:30:28.452 16428 16428 E ArmVmp : Match on catch block at 0xc3 in for 0xa9
02-24 16:30:28.461 16428 16428 W InputMethodManager: startInputReason = 1
02-24 16:30:28.485 16428 16428 E ArmVmp : Match on catch block at 0xc3 in for 0xa5
02-24 16:30:28.489 16428 16428 E ArmVmp : Match on catch block at 0xc3 in for 0xa9
02-24 16:30:28.495 16428 16428 W View : requestLayout() improperly called by
X.4rg{23bfec3 V.E....L. ........ 0,640-1080,1426} during second layout pass:
posting in next frame
02-24 16:30:28.495 16428 16428 W View : requestLayout() improperly called by
android.widget.LinearLayout{8fd1340 V.E...... ........ 258,4-1036,782 #7f0b0e50
app:id/main_layout} during second layout pass: posting in next frame
02-24 16:30:28.511 16428 16428 E ArmVmp : Match on catch block at 0xc3 in for 0xa9
02-24 16:30:28.516 16428 16428 E ArmVmp : Match on catch block at 0xc3 in for 0xa1
02-24 16:30:28.529 16428 16517 W libEGL : EGLNativeWindowType 0x7196d67010
disconnect failed
02-24 16:30:28.540 16428 16428 E ArmVmp : Match on catch block at 0xc3 in for 0xa1
02-24 16:30:28.545 16428 16428 E ArmVmp : Match on catch block at 0xc3 in for 0xa5
02-24 16:30:28.550 16428 16428 E SpannableStringBuilder: SPAN_EXCLUSIVE_EXCLUSIVE
spans cannot have a zero length
02-24 16:30:28.564 16428 16428 E ArmVmp : Match on catch block at 0xc3 in for 0xa5
02-24 16:30:28.568 16428 16428 E ArmVmp : Match on catch block at 0xc3 in for 0xa9
02-24 16:30:28.581 16428 16428 E ArmVmp : Match on catch block at 0xc3 in for 0xa9
02-24 16:30:28.584 16428 16428 E ArmVmp : Match on catch block at 0xc3 in for 0xa1
02-24 16:30:28.967 16428 16428 E ArmVmp : Match on catch block at 0xc3 in for 0xa1
02-24 16:30:28.972 16428 16428 E ArmVmp : Match on catch block at 0xc3 in for 0xa5
02-24 16:30:29.002 16428 16428 E ArmVmp : Match on catch block at 0xc3 in for 0xa5
02-24 16:30:29.008 16428 16428 E ArmVmp : Match on catch block at 0xc3 in for 0xa9
02-24 16:30:29.019 16428 16428 E ArmVmp : Match on catch block at 0xc3 in for 0xa9
02-24 16:30:29.025 16428 16428 E ArmVmp : Match on catch block at 0xc3 in for 0xa1
02-24 16:30:29.036 16428 16428 E ArmVmp : Match on catch block at 0xc3 in for 0xa1
02-24 16:30:29.041 16428 16428 E ArmVmp : Match on catch block at 0xc3 in for 0xa5
02-24 16:30:29.053 16428 16428 E ArmVmp : Match on catch block at 0xc3 in for 0xa5
02-24 16:30:29.059 16428 16428 E ArmVmp : Match on catch block at 0xc3 in for 0xa9
02-24 16:30:29.069 16428 16428 E ArmVmp : Match on catch block at 0xc3 in for 0xa9
02-24 16:30:29.074 16428 16428 E ArmVmp : Match on catch block at 0xc3 in for 0xa1
02-24 16:30:29.086 16428 16428 E ArmVmp : Match on catch block at 0xc3 in for 0xa1
02-24 16:30:29.090 16428 16428 E ArmVmp : Match on catch block at 0xc3 in for 0xa5
02-24 16:30:29.101 16428 16428 E ArmVmp : Match on catch block at 0xc3 in for 0xa5
02-24 16:30:29.106 16428 16428 E ArmVmp : Match on catch block at 0xc3 in for 0xa9
02-24 16:30:29.118 16428 16428 E ArmVmp : Match on catch block at 0xc3 in for 0xa9
02-24 16:30:29.122 16428 16428 E ArmVmp : Match on catch block at 0xc3 in for 0xa1
02-24 16:30:29.136 16428 16428 E ArmVmp : Match on catch block at 0xc3 in for 0xa1
02-24 16:30:29.141 16428 16428 E ArmVmp : Match on catch block at 0xc3 in for 0xa5
02-24 16:30:29.153 16428 16428 E ArmVmp : Match on catch block at 0xc3 in for 0xa5
02-24 16:30:29.158 16428 16428 E ArmVmp : Match on catch block at 0xc3 in for 0xa9
02-24 16:30:29.170 16428 16428 E ArmVmp : Match on catch block at 0xc3 in for 0xa9
02-24 16:30:29.174 16428 16428 E ArmVmp : Match on catch block at 0xc3 in for 0xa1
02-24 16:30:29.186 16428 16428 E ArmVmp : Match on catch block at 0xc3 in for 0xa1
02-24 16:30:29.191 16428 16428 E ArmVmp : Match on catch block at 0xc3 in for 0xa5
02-24 16:30:29.203 16428 16428 E ArmVmp : Match on catch block at 0xc3 in for 0xa5
02-24 16:30:29.208 16428 16428 E ArmVmp : Match on catch block at 0xc3 in for 0xa9
02-24 16:30:29.220 16428 16428 E ArmVmp : Match on catch block at 0xc3 in for 0xa9
02-24 16:30:29.225 16428 16428 E ArmVmp : Match on catch block at 0xc3 in for 0xa1
02-24 16:30:29.236 16428 16428 E ArmVmp : Match on catch block at 0xc3 in for 0xa1
02-24 16:30:29.241 16428 16428 E ArmVmp : Match on catch block at 0xc3 in for 0xa5
02-24 16:30:29.253 16428 16428 E ArmVmp : Match on catch block at 0xc3 in for 0xa5
02-24 16:30:29.258 16428 16428 E ArmVmp : Match on catch block at 0xc3 in for 0xa9
02-24 16:30:29.270 16428 16428 E ArmVmp : Match on catch block at 0xc3 in for 0xa9
02-24 16:30:29.274 16428 16428 E ArmVmp : Match on catch block at 0xc3 in for 0xa1
02-24 16:30:29.287 16428 16428 E ArmVmp : Match on catch block at 0xc3 in for 0xa1
02-24 16:30:29.292 16428 16428 E ArmVmp : Match on catch block at 0xc3 in for 0xa5
02-24 16:30:29.304 16428 16428 E ArmVmp : Match on catch block at 0xc3 in for 0xa5
02-24 16:30:29.309 16428 16428 E ArmVmp : Match on catch block at 0xc3 in for 0xa9
02-24 16:30:29.474 16428 16428 E ArmVmp : Match on catch block at 0xc3 in for 0xa9
02-24 16:30:29.482 16428 16428 E ArmVmp : Match on catch block at 0xc3 in for 0xa1
02-24 16:30:29.650 16428 16428 W Settings: Setting device_provisioned has moved
from android.provider.Settings.Secure to android.provider.Settings.Global.
02-24 16:30:29.725 16428 16428 E ArmVmp : Match on catch block at 0xc3 in for 0xa1
02-24 16:30:29.732 16428 16428 E ArmVmp : Match on catch block at 0xc3 in for 0xa5
02-24 16:30:29.753 16428 16428 E ArmVmp : Match on catch block at 0xc3 in for 0xa1
02-24 16:30:29.759 16428 16428 E ArmVmp : Match on catch block at 0xc3 in for 0xa5
02-24 16:30:29.792 16428 16428 E ArmVmp : Match on catch block at 0xc3 in for 0xa5
02-24 16:30:29.798 16428 16428 E ArmVmp : Match on catch block at 0xc3 in for 0xa9
02-24 16:30:29.854 16428 16428 E ArmVmp : Match on catch block at 0xc3 in for 0xa5
02-24 16:30:29.858 16428 16428 E ArmVmp : Match on catch block at 0xc3 in for 0xa9
02-24 16:30:29.916 16428 16428 E ArmVmp : Match on catch block at 0xc3 in for 0xa5
02-24 16:30:29.920 16428 16428 E ArmVmp : Match on catch block at 0xc3 in for 0xa9
02-24 16:30:29.928 16428 16428 W InputMethodManager: startInputReason = 1
02-24 16:30:29.949 16428 16428 E ArmVmp : Match on catch block at 0xc3 in for 0xa9
02-24 16:30:29.953 16428 16428 E ArmVmp : Match on catch block at 0xc3 in for 0xa1
02-24 16:30:29.969 16428 16428 E ArmVmp : Match on catch block at 0xc3 in for 0xa5
02-24 16:30:29.973 16428 16428 E ArmVmp : Match on catch block at 0xc3 in for 0xa9
02-24 16:30:30.078 16428 16517 W libEGL : EGLNativeWindowType 0x71877f7010
disconnect failed
02-24 16:30:30.089 16428 16428 E ArmVmp : Match on catch block at 0xc3 in for 0xa1
02-24 16:30:30.093 16428 16428 E ArmVmp : Match on catch block at 0xc3 in for 0xa5
02-24 16:30:30.713 16428 16428 W HiTouch_PressGestureDetector: Touch pointer move a
lot. The moving distance of X is:46.528137, limit is:60The moving distance of Y
is:118.32031, limit is:60
02-24 16:30:32.189 16428 16428 W HiTouch_PressGestureDetector: Touch pointer move a
lot. The moving distance of X is:17.672974, limit is:60The moving distance of Y
is:63.413086, limit is:60
02-24 16:30:34.606 16428 16428 W HiTouch_PressGestureDetector: Touch pointer move a
lot. The moving distance of X is:15.888123, limit is:60The moving distance of Y
is:89.99658, limit is:60
02-24 16:30:35.681 16428 16428 W HiTouch_PressGestureDetector: Touch pointer move a
lot. The moving distance of X is:7.207947, limit is:60The moving distance of Y
is:91.70331, limit is:60
02-24 16:30:36.252 16428 16428 W HiTouch_PressGestureDetector: Touch pointer move a
lot. The moving distance of X is:9.459412, limit is:60The moving distance of Y
is:91.507935, limit is:60
02-24 16:30:37.864 16428 16428 W HiTouch_PressGestureDetector: Touch pointer move a
lot. The moving distance of X is:20.267761, limit is:60The moving distance of Y
is:185.75214, limit is:60
02-24 16:30:40.142 16428 16428 W ActivityThread: handleWindowVisibility: no
activity for token android.os.BinderProxy@e0f3300
02-24 16:30:40.334 16428 16439 E : [ZeroHung]zrhung_get_config: Get config
failed for wp[0x0008]
02-24 16:30:40.356 16428 16428 E ArmVmp : Match on catch block at 0x0a in for 0xc5
02-24 16:30:40.361 16428 16428 E ArmVmp : Match on catch block at 0x0a in for 0xc1
02-24 16:30:40.733 16428 16428 E ArmVmp : Match on catch block at 0xc3 in for 0xb5
02-24 16:30:40.740 16428 16428 E ArmVmp : Match on catch block at 0xc3 in for 0xb5
02-24 16:30:40.747 16428 16428 E ArmVmp : Match on catch block at 0xc3 in for 0xa5
02-24 16:30:40.750 16428 16428 E ArmVmp : Match on catch block at 0xc3 in for 0xa9
02-24 16:30:40.817 16428 16428 E ArmVmp : Match on catch block at 0xc3 in for 0xa5
02-24 16:30:40.822 16428 16428 E ArmVmp : Match on catch block at 0xc3 in for 0xa9
02-24 16:30:40.846 16428 16428 E ArmVmp : Match on catch block at 0xc3 in for 0xa9
02-24 16:30:40.850 16428 16428 E ArmVmp : Match on catch block at 0xc3 in for 0xa1
02-24 16:30:40.870 16428 16428 W InputMethodManager: startInputReason = 1
02-24 16:30:40.903 16428 16428 E ArmVmp : Match on catch block at 0xc3 in for 0xa9
02-24 16:30:40.907 16428 16428 E ArmVmp : Match on catch block at 0xc3 in for 0xa1
02-24 16:30:40.923 16428 16428 E ArmVmp : Match on catch block at 0xc3 in for 0xa5
02-24 16:30:40.928 16428 16428 E ArmVmp : Match on catch block at 0xc3 in for 0xa9
02-24 16:30:40.944 16428 16517 W libEGL : EGLNativeWindowType 0x719e629010
disconnect failed
02-24 16:30:40.957 16428 16428 E ArmVmp : Match on catch block at 0xc3 in for 0xa9
02-24 16:30:40.968 16428 16428 E ArmVmp : Match on catch block at 0xc3 in for 0xa1
02-24 16:30:40.972 16428 16428 E SpannableStringBuilder: SPAN_EXCLUSIVE_EXCLUSIVE
spans cannot have a zero length
02-24 16:30:40.990 16428 16428 E ArmVmp : Match on catch block at 0xc3 in for 0xa1
02-24 16:30:40.995 16428 16428 E ArmVmp : Match on catch block at 0xc3 in for 0xa5
02-24 16:30:41.214 16428 16428 E ArmVmp : Match on catch block at 0xc3 in for 0xa5
02-24 16:30:41.231 16428 16428 E ArmVmp : Match on catch block at 0xc3 in for 0xa9
02-24 16:30:41.240 16428 16428 W Settings: Setting device_provisioned has moved
from android.provider.Settings.Secure to android.provider.Settings.Global.
02-24 16:30:41.246 16428 16428 E ArmVmp : Match on catch block at 0xc3 in for 0xa5
02-24 16:30:41.252 16428 16428 E ArmVmp : Match on catch block at 0xc3 in for 0xa9
02-24 16:30:41.262 16428 16428 E ArmVmp : Match on catch block at 0xc3 in for 0xa1
02-24 16:30:41.269 16428 16428 E ArmVmp : Match on catch block at 0xc3 in for 0xa5
02-24 16:30:41.279 16428 16428 E ArmVmp : Match on catch block at 0xc3 in for 0xa9
02-24 16:30:41.284 16428 16428 E ArmVmp : Match on catch block at 0xc3 in for 0xa1
02-24 16:30:41.296 16428 16428 E ArmVmp : Match on catch block at 0xc3 in for 0xa5
