02-25 08:57:10.967 11877 11877 E ArmVmp : Match on catch block at 0xc3 in for 0xa1
02-25 08:57:10.991 11877 11877 E ArmVmp : Match on catch block at 0xc3 in for 0xa1
02-25 08:57:11.007 11877 11877 E ArmVmp : Match on catch block at 0xc3 in for 0xa5
02-25 08:57:11.011 11877 11877 W InputMethodManager: startInputReason = 1
02-25 08:57:11.026 11877 11877 E ArmVmp : Match on catch block at 0xc3 in for 0xa5
02-25 08:57:11.031 11877 11877 E ArmVmp : Match on catch block at 0xc3 in for 0xa9
02-25 08:57:11.041 11877 11877 E ArmVmp : Match on catch block at 0xc3 in for 0xa9
02-25 08:57:11.045 11877 11877 E ArmVmp : Match on catch block at 0xc3 in for 0xa1
02-25 08:57:11.079 11877 11877 E ArmVmp : Match on catch block at 0xc3 in for 0xa1
02-25 08:57:11.084 11877 11877 E ArmVmp : Match on catch block at 0xc3 in for 0xa5
02-25 08:57:11.102 11877 11877 E ArmVmp : Match on catch block at 0xc3 in for 0xa5
02-25 08:57:11.106 11877 11877 E ArmVmp : Match on catch block at 0xc3 in for 0xa9
02-25 08:57:11.128 11877 11877 E ArmVmp : Match on catch block at 0xc3 in for 0xa9
02-25 08:57:11.136 11877 11877 E ArmVmp : Match on catch block at 0xc3 in for 0xa1
02-25 08:57:11.147 11877 11877 E ArmVmp : Match on catch block at 0xc3 in for 0xa1
02-25 08:57:11.152 11877 11877 E ArmVmp : Match on catch block at 0xc3 in for 0xa5
02-25 08:57:11.162 11877 11877 E ArmVmp : Match on catch block at 0xc3 in for 0xa5
02-25 08:57:11.166 11877 11877 E ArmVmp : Match on catch block at 0xc3 in for 0xa9
02-25 08:57:11.177 11877 11877 E ArmVmp : Match on catch block at 0xc3 in for 0xa9
02-25 08:57:11.182 11877 11877 E ArmVmp : Match on catch block at 0xc3 in for 0xa1
02-25 08:57:11.198 11877 11877 E ArmVmp : Match on catch block at 0xc3 in for 0xa1
02-25 08:57:11.203 11877 11877 E ArmVmp : Match on catch block at 0xc3 in for 0xa5
02-25 08:57:11.272 11877 11877 E ArmVmp : Match on catch block at 0xc3 in for 0xa1
02-25 08:57:11.277 11877 11877 E ArmVmp : Match on catch block at 0xc3 in for 0xa5
02-25 08:57:11.300 11877 11877 E ArmVmp : Match on catch block at 0xc3 in for 0xa1
02-25 08:57:11.306 11877 11877 E ArmVmp : Match on catch block at 0xc3 in for 0xa5
02-25 08:57:11.321 11877 11877 E ArmVmp : Match on catch block at 0xc3 in for 0xa5
02-25 08:57:11.325 11877 11877 E ArmVmp : Match on catch block at 0xc3 in for 0xa9
02-25 08:57:11.350 11877 11877 E ArmVmp : Match on catch block at 0xc3 in for 0xa9
02-25 08:57:11.356 11877 11877 E ArmVmp : Match on catch block at 0xc3 in for 0xa1
02-25 08:57:11.370 11877 11877 E ArmVmp : Match on catch block at 0xc3 in for 0xa1
02-25 08:57:11.375 11877 11877 E ArmVmp : Match on catch block at 0xc3 in for 0xa5
02-25 08:57:11.382 11877 11877 E ArmVmp : Match on catch block at 0xc3 in for 0xa5
02-25 08:57:11.387 11877 11877 E ArmVmp : Match on catch block at 0xc3 in for 0xa9
02-25 08:57:11.398 11877 11877 E ArmVmp : Match on catch block at 0xc3 in for 0xa9
02-25 08:57:11.403 11877 11877 E ArmVmp : Match on catch block at 0xc3 in for 0xa1
02-25 08:57:11.415 11877 11877 E ArmVmp : Match on catch block at 0xc3 in for 0xa1
02-25 08:57:11.421 11877 11877 E ArmVmp : Match on catch block at 0xc3 in for 0xa5
02-25 08:57:11.432 11877 11877 E ArmVmp : Match on catch block at 0xc3 in for 0xa5
02-25 08:57:11.437 11877 11877 E ArmVmp : Match on catch block at 0xc3 in for 0xa9
02-25 08:57:11.448 11877 11877 E ArmVmp : Match on catch block at 0xc3 in for 0xa9
02-25 08:57:11.453 11877 11877 E ArmVmp : Match on catch block at 0xc3 in for 0xa1
02-25 08:57:11.465 11877 11877 E ArmVmp : Match on catch block at 0xc3 in for 0xa1
02-25 08:57:11.470 11877 11877 E ArmVmp : Match on catch block at 0xc3 in for 0xa5
02-25 08:57:11.482 11877 11877 E ArmVmp : Match on catch block at 0xc3 in for 0xa5
02-25 08:57:11.487 11877 11877 E ArmVmp : Match on catch block at 0xc3 in for 0xa9
02-25 08:57:11.504 11877 11877 E ArmVmp : Match on catch block at 0xc3 in for 0xa9
02-25 08:57:11.508 11877 11877 E ArmVmp : Match on catch block at 0xc3 in for 0xa1
02-25 08:57:11.526 11877 11877 E ArmVmp : Match on catch block at 0xc3 in for 0xa1
02-25 08:57:11.531 11877 11877 E ArmVmp : Match on catch block at 0xc3 in for 0xa5
02-25 08:57:11.546 11877 11877 E ArmVmp : Match on catch block at 0xc3 in for 0xa9
02-25 08:57:11.550 11877 11877 E ArmVmp : Match on catch block at 0xc3 in for 0xa1
02-25 08:57:11.565 11877 11877 E ArmVmp : Match on catch block at 0xc3 in for 0xa5
02-25 08:57:11.569 11877 11877 E ArmVmp : Match on catch block at 0xc3 in for 0xa9
02-25 08:57:11.576 11877 11877 E ArmVmp : Match on catch block at 0xc3 in for 0xa9
02-25 08:57:11.580 11877 11877 E ArmVmp : Match on catch block at 0xc3 in for 0xa1
02-25 08:57:11.587 11877 11877 E ArmVmp : Match on catch block at 0xc3 in for 0xa1
02-25 08:57:11.592 11877 11877 E ArmVmp : Match on catch block at 0xc3 in for 0xa5
02-25 08:57:11.600 11877 11877 E ArmVmp : Match on catch block at 0xc3 in for 0xa5
02-25 08:57:11.605 11877 11877 E ArmVmp : Match on catch block at 0xc3 in for 0xa9
02-25 08:57:11.616 11877 11877 E ArmVmp : Match on catch block at 0xc3 in for 0xa9
02-25 08:57:11.621 11877 11877 E ArmVmp : Match on catch block at 0xc3 in for 0xa1
02-25 08:57:11.633 11877 11877 E ArmVmp : Match on catch block at 0xc3 in for 0xa1
02-25 08:57:11.637 11877 11877 E ArmVmp : Match on catch block at 0xc3 in for 0xa5
02-25 08:57:11.650 11877 11877 E ArmVmp : Match on catch block at 0xc3 in for 0xa5
02-25 08:57:11.654 11877 11877 E ArmVmp : Match on catch block at 0xc3 in for 0xa9
02-25 08:57:11.667 11877 11877 E ArmVmp : Match on catch block at 0xc3 in for 0xa9
02-25 08:57:11.671 11877 11877 E ArmVmp : Match on catch block at 0xc3 in for 0xa1
02-25 08:57:11.684 11877 11877 E ArmVmp : Match on catch block at 0xc3 in for 0xa1
02-25 08:57:11.688 11877 11877 E ArmVmp : Match on catch block at 0xc3 in for 0xa5
02-25 08:57:11.700 11877 11877 E ArmVmp : Match on catch block at 0xc3 in for 0xa5
02-25 08:57:11.704 11877 11877 E ArmVmp : Match on catch block at 0xc3 in for 0xa9
02-25 08:57:11.717 11877 11877 E ArmVmp : Match on catch block at 0xc3 in for 0xa9
02-25 08:57:11.722 11877 11877 E ArmVmp : Match on catch block at 0xc3 in for 0xa1
02-25 08:57:11.734 11877 11877 E ArmVmp : Match on catch block at 0xc3 in for 0xa1
02-25 08:57:11.738 11877 11877 E ArmVmp : Match on catch block at 0xc3 in for 0xa5
02-25 08:57:11.751 11877 11877 E ArmVmp : Match on catch block at 0xc3 in for 0xa5
02-25 08:57:11.755 11877 11877 E ArmVmp : Match on catch block at 0xc3 in for 0xa9
02-25 08:57:11.767 11877 11877 E ArmVmp : Match on catch block at 0xc3 in for 0xa9
02-25 08:57:11.773 11877 11877 E ArmVmp : Match on catch block at 0xc3 in for 0xa1
02-25 08:57:11.784 11877 11877 E ArmVmp : Match on catch block at 0xc3 in for 0xa1
02-25 08:57:11.789 11877 11877 E ArmVmp : Match on catch block at 0xc3 in for 0xa5
02-25 08:57:11.801 11877 11877 E ArmVmp : Match on catch block at 0xc3 in for 0xa5
02-25 08:57:11.805 11877 11877 E ArmVmp : Match on catch block at 0xc3 in for 0xa9
02-25 08:57:11.818 11877 11877 E ArmVmp : Match on catch block at 0xc3 in for 0xa9
02-25 08:57:11.822 11877 11877 E ArmVmp : Match on catch block at 0xc3 in for 0xa1
02-25 08:57:11.834 11877 11877 E ArmVmp : Match on catch block at 0xc3 in for 0xa1
02-25 08:57:11.840 11877 11877 E ArmVmp : Match on catch block at 0xc3 in for 0xa5
02-25 08:57:11.852 11877 11877 E ArmVmp : Match on catch block at 0xc3 in for 0xa5
02-25 08:57:11.857 11877 11877 E ArmVmp : Match on catch block at 0xc3 in for 0xa9
02-25 08:57:11.868 11877 11877 E ArmVmp : Match on catch block at 0xc3 in for 0xa9
02-25 08:57:11.873 11877 11877 E ArmVmp : Match on catch block at 0xc3 in for 0xa1
02-25 08:57:11.886 11877 11877 E ArmVmp : Match on catch block at 0xc3 in for 0xa1
02-25 08:57:11.891 11877 11877 E ArmVmp : Match on catch block at 0xc3 in for 0xa5
02-25 08:57:11.902 11877 11877 E ArmVmp : Match on catch block at 0xc3 in for 0xa5
02-25 08:57:11.906 11877 11877 E ArmVmp : Match on catch block at 0xc3 in for 0xa9
02-25 08:57:11.919 11877 11877 E ArmVmp : Match on catch block at 0xc3 in for 0xa9
02-25 08:57:11.924 11877 11877 E ArmVmp : Match on catch block at 0xc3 in for 0xa1
02-25 08:57:11.935 11877 11877 E ArmVmp : Match on catch block at 0xc3 in for 0xa1
02-25 08:57:11.940 11877 11877 E ArmVmp : Match on catch block at 0xc3 in for 0xa5
02-25 08:57:11.952 11877 11877 E ArmVmp : Match on catch block at 0xc3 in for 0xa5
02-25 08:57:11.957 11877 11877 E ArmVmp : Match on catch block at 0xc3 in for 0xa9
02-25 08:57:11.969 11877 11877 E ArmVmp : Match on catch block at 0xc3 in for 0xa9
02-25 08:57:11.975 11877 11877 E ArmVmp : Match on catch block at 0xc3 in for 0xa1
02-25 08:57:11.987 11877 11877 E ArmVmp : Match on catch block at 0xc3 in for 0xa1
02-25 08:57:11.992 11877 11877 E ArmVmp : Match on catch block at 0xc3 in for 0xa5
02-25 08:57:12.003 11877 11877 E ArmVmp : Match on catch block at 0xc3 in for 0xa5
02-25 08:57:12.007 11877 11877 E ArmVmp : Match on catch block at 0xc3 in for 0xa9
02-25 08:57:12.020 11877 11877 E ArmVmp : Match on catch block at 0xc3 in for 0xa9
02-25 08:57:12.025 11877 11877 E ArmVmp : Match on catch block at 0xc3 in for 0xa1
02-25 08:57:12.036 11877 11877 E ArmVmp : Match on catch block at 0xc3 in for 0xa1
02-25 08:57:12.041 11877 11877 E ArmVmp : Match on catch block at 0xc3 in for 0xa5
02-25 08:57:12.053 11877 11877 E ArmVmp : Match on catch block at 0xc3 in for 0xa5
02-25 08:57:12.058 11877 11877 E ArmVmp : Match on catch block at 0xc3 in for 0xa9
02-25 08:57:12.071 11877 11877 E ArmVmp : Match on catch block at 0xc3 in for 0xa9
02-25 08:57:12.075 11877 11877 E ArmVmp : Match on catch block at 0xc3 in for 0xa1
02-25 08:57:12.087 11877 11877 E ArmVmp : Match on catch block at 0xc3 in for 0xa1
02-25 08:57:12.091 11877 11877 E ArmVmp : Match on catch block at 0xc3 in for 0xa5
02-25 08:57:12.104 11877 11877 E ArmVmp : Match on catch block at 0xc3 in for 0xa5
02-25 08:57:12.108 11877 11877 E ArmVmp : Match on catch block at 0xc3 in for 0xa9
02-25 08:57:12.120 11877 11877 E ArmVmp : Match on catch block at 0xc3 in for 0xa9
02-25 08:57:12.124 11877 11877 E ArmVmp : Match on catch block at 0xc3 in for 0xa1
02-25 08:57:12.137 11877 11877 E ArmVmp : Match on catch block at 0xc3 in for 0xa1
02-25 08:57:12.141 11877 11877 E ArmVmp : Match on catch block at 0xc3 in for 0xa5
02-25 08:57:12.154 11877 11877 E ArmVmp : Match on catch block at 0xc3 in for 0xa5
02-25 08:57:12.158 11877 11877 E ArmVmp : Match on catch block at 0xc3 in for 0xa9
02-25 08:57:12.171 11877 11877 E ArmVmp : Match on catch block at 0xc3 in for 0xa9
02-25 08:57:12.176 11877 11877 E ArmVmp : Match on catch block at 0xc3 in for 0xa1
02-25 08:57:12.188 11877 11877 E ArmVmp : Match on catch block at 0xc3 in for 0xa1
02-25 08:57:12.192 11877 11877 E ArmVmp : Match on catch block at 0xc3 in for 0xa5
02-25 08:57:12.204 11877 11877 E ArmVmp : Match on catch block at 0xc3 in for 0xa5
02-25 08:57:12.209 11877 11877 E ArmVmp : Match on catch block at 0xc3 in for 0xa9
02-25 08:57:12.221 11877 11877 E ArmVmp : Match on catch block at 0xc3 in for 0xa9
02-25 08:57:12.225 11877 11877 E ArmVmp : Match on catch block at 0xc3 in for 0xa1
02-25 08:57:12.238 11877 11877 E ArmVmp : Match on catch block at 0xc3 in for 0xa1
02-25 08:57:12.242 11877 11877 E ArmVmp : Match on catch block at 0xc3 in for 0xa5
02-25 08:57:12.255 11877 11877 E ArmVmp : Match on catch block at 0xc3 in for 0xa5
02-25 08:57:12.260 11877 11877 E ArmVmp : Match on catch block at 0xc3 in for 0xa9
02-25 08:57:12.271 11877 11877 E ArmVmp : Match on catch block at 0xc3 in for 0xa9
02-25 08:57:12.276 11877 11877 E ArmVmp : Match on catch block at 0xc3 in for 0xa1
02-25 08:57:12.288 11877 11877 E ArmVmp : Match on catch block at 0xc3 in for 0xa1
02-25 08:57:12.292 11877 11877 E ArmVmp : Match on catch block at 0xc3 in for 0xa5
02-25 08:57:12.305 11877 11877 E ArmVmp : Match on catch block at 0xc3 in for 0xa5
02-25 08:57:12.309 11877 11877 E ArmVmp : Match on catch block at 0xc3 in for 0xa9
02-25 08:57:12.321 11877 11877 E ArmVmp : Match on catch block at 0xc3 in for 0xa9
02-25 08:57:12.326 11877 11877 E ArmVmp : Match on catch block at 0xc3 in for 0xa1
02-25 08:57:12.338 11877 11877 E ArmVmp : Match on catch block at 0xc3 in for 0xa1
02-25 08:57:12.343 11877 11877 E ArmVmp : Match on catch block at 0xc3 in for 0xa5
02-25 08:57:12.355 11877 11877 E ArmVmp : Match on catch block at 0xc3 in for 0xa5
02-25 08:57:12.360 11877 11877 E ArmVmp : Match on catch block at 0xc3 in for 0xa9
02-25 08:57:12.372 11877 11877 E ArmVmp : Match on catch block at 0xc3 in for 0xa9
02-25 08:57:12.376 11877 11877 E ArmVmp : Match on catch block at 0xc3 in for 0xa1
02-25 08:57:12.389 11877 11877 E ArmVmp : Match on catch block at 0xc3 in for 0xa1
02-25 08:57:12.393 11877 11877 E ArmVmp : Match on catch block at 0xc3 in for 0xa5
02-25 08:57:12.405 11877 11877 E ArmVmp : Match on catch block at 0xc3 in for 0xa5
02-25 08:57:12.410 11877 11877 E ArmVmp : Match on catch block at 0xc3 in for 0xa9
02-25 08:57:12.422 11877 11877 E ArmVmp : Match on catch block at 0xc3 in for 0xa9
02-25 08:57:12.427 11877 11877 E ArmVmp : Match on catch block at 0xc3 in for 0xa1
02-25 08:57:12.439 11877 11877 E ArmVmp : Match on catch block at 0xc3 in for 0xa1
02-25 08:57:12.444 11877 11877 E ArmVmp : Match on catch block at 0xc3 in for 0xa5
02-25 08:57:12.456 11877 11877 E ArmVmp : Match on catch block at 0xc3 in for 0xa5
02-25 08:57:12.461 11877 11877 E ArmVmp : Match on catch block at 0xc3 in for 0xa9
02-25 08:57:12.473 11877 11877 E ArmVmp : Match on catch block at 0xc3 in for 0xa9
02-25 08:57:12.477 11877 11877 E ArmVmp : Match on catch block at 0xc3 in for 0xa1
02-25 08:57:12.489 11877 11877 E ArmVmp : Match on catch block at 0xc3 in for 0xa1
02-25 08:57:12.494 11877 11877 E ArmVmp : Match on catch block at 0xc3 in for 0xa5
02-25 08:57:12.506 11877 11877 E ArmVmp : Match on catch block at 0xc3 in for 0xa5
02-25 08:57:12.511 11877 11877 E ArmVmp : Match on catch block at 0xc3 in for 0xa9
02-25 08:57:12.523 11877 11877 E ArmVmp : Match on catch block at 0xc3 in for 0xa9
02-25 08:57:12.528 11877 11877 E ArmVmp : Match on catch block at 0xc3 in for 0xa1
02-25 08:57:12.540 11877 11877 E ArmVmp : Match on catch block at 0xc3 in for 0xa1
02-25 08:57:12.545 11877 11877 E ArmVmp : Match on catch block at 0xc3 in for 0xa5
02-25 08:57:12.557 11877 11877 E ArmVmp : Match on catch block at 0xc3 in for 0xa5
02-25 08:57:12.561 11877 11877 E ArmVmp : Match on catch block at 0xc3 in for 0xa9
02-25 08:57:12.573 11877 11877 E ArmVmp : Match on catch block at 0xc3 in for 0xa9
02-25 08:57:12.578 11877 11877 E ArmVmp : Match on catch block at 0xc3 in for 0xa1
02-25 08:57:12.590 11877 11877 E ArmVmp : Match on catch block at 0xc3 in for 0xa1
02-25 08:57:12.595 11877 11877 E ArmVmp : Match on catch block at 0xc3 in for 0xa5
02-25 08:57:12.607 11877 11877 E ArmVmp : Match on catch block at 0xc3 in for 0xa5
02-25 08:57:12.611 11877 11877 E ArmVmp : Match on catch block at 0xc3 in for 0xa9
02-25 08:57:12.624 11877 11877 E ArmVmp : Match on catch block at 0xc3 in for 0xa9
02-25 08:57:12.628 11877 11877 E ArmVmp : Match on catch block at 0xc3 in for 0xa1
02-25 08:57:12.645 11877 11877 E ArmVmp : Match on catch block at 0xc3 in for 0xa1
02-25 08:57:12.652 11877 11877 E ArmVmp : Match on catch block at 0xc3 in for 0xa5
02-25 08:57:12.659 11877 11877 E ArmVmp : Match on catch block at 0xc3 in for 0xa5
02-25 08:57:12.664 11877 11877 E ArmVmp : Match on catch block at 0xc3 in for 0xa9
02-25 08:57:12.674 11877 11877 E ArmVmp : Match on catch block at 0xc3 in for 0xa9
02-25 08:57:12.679 11877 11877 E ArmVmp : Match on catch block at 0xc3 in for 0xa1
02-25 08:57:12.691 11877 11877 E ArmVmp : Match on catch block at 0xc3 in for 0xa1
02-25 08:57:12.695 11877 11877 E ArmVmp : Match on catch block at 0xc3 in for 0xa5
02-25 08:57:12.708 11877 11877 E ArmVmp : Match on catch block at 0xc3 in for 0xa5
02-25 08:57:12.712 11877 11877 E ArmVmp : Match on catch block at 0xc3 in for 0xa9
02-25 08:57:12.725 11877 11877 E ArmVmp : Match on catch block at 0xc3 in for 0xa9
02-25 08:57:12.729 11877 11877 E ArmVmp : Match on catch block at 0xc3 in for 0xa1
02-25 08:57:12.741 11877 11877 E ArmVmp : Match on catch block at 0xc3 in for 0xa1
02-25 08:57:12.746 11877 11877 E ArmVmp : Match on catch block at 0xc3 in for 0xa5
02-25 08:57:12.758 11877 11877 E ArmVmp : Match on catch block at 0xc3 in for 0xa5
02-25 08:57:12.763 11877 11877 E ArmVmp : Match on catch block at 0xc3 in for 0xa9
02-25 08:57:12.775 11877 11877 E ArmVmp : Match on catch block at 0xc3 in for 0xa9
02-25 08:57:12.779 11877 11877 E ArmVmp : Match on catch block at 0xc3 in for 0xa1
02-25 08:57:12.791 11877 11877 E ArmVmp : Match on catch block at 0xc3 in for 0xa1
02-25 08:57:12.796 11877 11877 E ArmVmp : Match on catch block at 0xc3 in for 0xa5
02-25 08:57:12.801 11877 11877 W Settings: Setting device_provisioned has moved
from android.provider.Settings.Secure to android.provider.Settings.Global.
02-25 08:57:12.808 11877 11877 E ArmVmp : Match on catch block at 0xc3 in for 0xa5
02-25 08:57:12.813 11877 11877 E ArmVmp : Match on catch block at 0xc3 in for 0xa9
02-25 08:57:12.826 11877 11877 E ArmVmp : Match on catch block at 0xc3 in for 0xa9
02-25 08:57:12.830 11877 11877 E ArmVmp : Match on catch block at 0xc3 in for 0xa1
02-25 08:57:12.843 11877 11877 E ArmVmp : Match on catch block at 0xc3 in for 0xa1
02-25 08:57:12.847 11877 11877 E ArmVmp : Match on catch block at 0xc3 in for 0xa5
02-25 08:57:12.860 11877 11877 E ArmVmp : Match on catch block at 0xc3 in for 0xa5
02-25 08:57:12.864 11877 11877 E ArmVmp : Match on catch block at 0xc3 in for 0xa9
02-25 08:57:12.876 11877 11877 E ArmVmp : Match on catch block at 0xc3 in for 0xa9
02-25 08:57:12.881 11877 11877 E ArmVmp : Match on catch block at 0xc3 in for 0xa1
02-25 08:57:12.899 11877 11877 E ArmVmp : Match on catch block at 0xc3 in for 0xa1
02-25 08:57:12.904 11877 11877 E ArmVmp : Match on catch block at 0xc3 in for 0xa5
02-25 08:57:12.953 11877 11964 W libEGL : EGLNativeWindowType 0x719a0cf010
disconnect failed
02-25 08:57:12.969 11877 11877 E ArmVmp : Match on catch block at 0xc3 in for 0xa5
02-25 08:57:12.973 11877 11877 E ArmVmp : Match on catch block at 0xc3 in for 0xa9
02-25 08:57:13.001 11877 11877 E ArmVmp : Match on catch block at 0xc3 in for 0xa9
02-25 08:57:13.005 11877 11877 E ArmVmp : Match on catch block at 0xc3 in for 0xa1
02-25 08:57:13.009 11877 11877 W ActivityThread: handleWindowVisibility: no
activity for token android.os.BinderProxy@b2ff954
02-25 08:57:13.231 11877 11877 E ArmVmp : Match on catch block at 0x0a in for 0xc5
02-25 08:57:13.236 11877 11877 E ArmVmp : Match on catch block at 0x0a in for 0xc1
02-25 08:57:13.360 11877 11877 E ArmVmp : Match on catch block at 0xc3 in for 0xb1
02-25 08:57:13.362 11877 11877 E ArmVmp : Match on catch block at 0xc3 in for 0xb1
02-25 08:57:13.366 11877 11877 E ArmVmp : Match on catch block at 0xc3 in for 0xa9
02-25 08:57:13.369 11877 11877 E ArmVmp : Match on catch block at 0xc3 in for 0xa1
02-25 08:57:13.386 11877 11877 E ArmVmp : Match on catch block at 0xc3 in for 0xa1
02-25 08:57:13.389 11877 11877 E ArmVmp : Match on catch block at 0xc3 in for 0xa5
02-25 08:57:13.419 11877 11877 E ArmVmp : Match on catch block at 0xc3 in for 0xa1
02-25 08:57:13.423 11877 11877 E ArmVmp : Match on catch block at 0xc3 in for 0xa5
02-25 08:57:13.472 11877 11877 E ArmVmp : Match on catch block at 0xc3 in for 0xa9
02-25 08:57:13.475 11877 11877 E ArmVmp : Match on catch block at 0xc3 in for 0xa1
02-25 08:57:13.482 11877 11877 E ArmVmp : Match on catch block at 0xc3 in for 0xa1
02-25 08:57:13.488 11877 11877 E ArmVmp : Match on catch block at 0xc3 in for 0xa5
02-25 08:57:13.504 11877 11877 E ArmVmp : Match on catch block at 0xc3 in for 0xa1
02-25 08:57:13.509 11877 11877 E ArmVmp : Match on catch block at 0xc3 in for 0xa5
02-25 08:57:13.529 11877 11877 E ArmVmp : Match on catch block at 0xc3 in for 0xa9
02-25 08:57:13.532 11877 11877 E ArmVmp : Match on catch block at 0xc3 in for 0xa1
02-25 08:57:13.541 11877 11877 W InputMethodManager: startInputReason = 1
02-25 08:57:13.546 11877 11877 E ArmVmp : Match on catch block at 0xc3 in for 0xa9
02-25 08:57:13.551 11877 11877 E ArmVmp : Match on catch block at 0xc3 in for 0xa1
02-25 08:57:13.570 11877 11877 E ArmVmp : Match on catch block at 0xc3 in for 0xa1
02-25 08:57:13.573 11877 11877 E ArmVmp : Match on catch block at 0xc3 in for 0xa5
02-25 08:57:13.605 11877 11877 E ArmVmp : Match on catch block at 0xc3 in for 0xa5
02-25 08:57:13.608 11877 11877 E ArmVmp : Match on catch block at 0xc3 in for 0xa9
02-25 08:57:13.618 11877 11877 E ArmVmp : Match on catch block at 0xc3 in for 0xa1
02-25 08:57:13.621 11877 11877 E ArmVmp : Match on catch block at 0xc3 in for 0xa5
02-25 08:57:13.633 11877 11964 W libEGL : EGLNativeWindowType 0x719abcb010
disconnect failed
02-25 08:57:13.646 11877 11877 E ArmVmp : Match on catch block at 0xc3 in for 0xa1
02-25 08:57:13.651 11877 11877 E ArmVmp : Match on catch block at 0xc3 in for 0xa5
02-25 08:57:13.655 11877 11877 E ArmVmp : Match on catch block at 0xc3 in for 0xa5
02-25 08:57:13.657 11877 11877 E ArmVmp : Match on catch block at 0xc3 in for 0xa9
02-25 08:57:13.666 11877 11964 W libEGL : EGLNativeWindowType 0x719b543010
disconnect failed
02-25 08:57:13.680 11877 11877 E ArmVmp : Match on catch block at 0xc3 in for 0xa5
02-25 08:57:13.686 11877 11877 E ArmVmp : Match on catch block at 0xc3 in for 0xa9
02-25 08:57:13.693 11877 11877 E ArmVmp : Match on catch block at 0xc3 in for 0xa1
02-25 08:57:13.696 11877 11877 E ArmVmp : Match on catch block at 0xc3 in for 0xa5
02-25 08:57:13.703 11877 11877 E ArmVmp : Match on catch block at 0xc3 in for 0xa5
02-25 08:57:13.708 11877 11877 E ArmVmp : Match on catch block at 0xc3 in for 0xa9
02-25 08:57:13.711 11877 11877 E ArmVmp : Match on catch block at 0xc3 in for 0xa9
02-25 08:57:13.715 11877 11877 E ArmVmp : Match on catch block at 0xc3 in for 0xa1
02-25 08:57:13.721 11877 11877 E ArmVmp : Match on catch block at 0xc3 in for 0xa1
02-25 08:57:13.725 11877 11877 E ArmVmp : Match on catch block at 0xc3 in for 0xa5
02-25 08:57:13.732 11877 11877 E ArmVmp : Match on catch block at 0xc3 in for 0xa5
02-25 08:57:13.736 11877 11877 E ArmVmp : Match on catch block at 0xc3 in for 0xa9
02-25 08:57:14.051 11877 11877 E ArmVmp : Match on catch block at 0xc3 in for 0xa5
02-25 08:57:14.055 11877 11877 E ArmVmp : Match on catch block at 0xc3 in for 0xa9
02-25 08:57:14.084 11877 11877 E ArmVmp : Match on catch block at 0xc3 in for 0xa9
02-25 08:57:14.088 11877 11877 E ArmVmp : Match on catch block at 0xc3 in for 0xa1
02-25 08:57:14.101 11877 11877 E ArmVmp : Match on catch block at 0xc3 in for 0xa1
02-25 08:57:14.105 11877 11877 E ArmVmp : Match on catch block at 0xc3 in for 0xa5
02-25 08:57:14.118 11877 11877 E ArmVmp : Match on catch block at 0xc3 in for 0xa5
02-25 08:57:14.122 11877 11877 E ArmVmp : Match on catch block at 0xc3 in for 0xa9
02-25 08:57:14.135 11877 11877 E ArmVmp : Match on catch block at 0xc3 in for 0xa9
02-25 08:57:14.138 11877 11877 E ArmVmp : Match on catch block at 0xc3 in for 0xa1
02-25 08:57:14.151 11877 11877 E ArmVmp : Match on catch block at 0xc3 in for 0xa1
02-25 08:57:14.155 11877 11877 E ArmVmp : Match on catch block at 0xc3 in for 0xa5
02-25 08:57:14.168 11877 11877 E ArmVmp : Match on catch block at 0xc3 in for 0xa5
02-25 08:57:14.172 11877 11877 E ArmVmp : Match on catch block at 0xc3 in for 0xa9
02-25 08:57:14.185 11877 11877 E ArmVmp : Match on catch block at 0xc3 in for 0xa9
02-25 08:57:14.189 11877 11877 E ArmVmp : Match on catch block at 0xc3 in for 0xa1
02-25 08:57:14.202 11877 11877 E ArmVmp : Match on catch block at 0xc3 in for 0xa1
02-25 08:57:14.205 11877 11877 E ArmVmp : Match on catch block at 0xc3 in for 0xa5
02-25 08:57:14.219 11877 11877 E ArmVmp : Match on catch block at 0xc3 in for 0xa5
02-25 08:57:14.223 11877 11877 E ArmVmp : Match on catch block at 0xc3 in for 0xa9
02-25 08:57:14.235 11877 11877 E ArmVmp : Match on catch block at 0xc3 in for 0xa9
02-25 08:57:14.239 11877 11877 E ArmVmp : Match on catch block at 0xc3 in for 0xa1
02-25 08:57:14.252 11877 11877 E ArmVmp : Match on catch block at 0xc3 in for 0xa1
02-25 08:57:14.256 11877 11877 E ArmVmp : Match on catch block at 0xc3 in for 0xa5
02-25 08:57:14.270 11877 11877 E ArmVmp : Match on catch block at 0xc3 in for 0xa5
02-25 08:57:14.274 11877 11877 E ArmVmp : Match on catch block at 0xc3 in for 0xa9
02-25 08:57:14.287 11877 11877 E ArmVmp : Match on catch block at 0xc3 in for 0xa9
02-25 08:57:14.291 11877 11877 E ArmVmp : Match on catch block at 0xc3 in for 0xa1
02-25 08:57:14.303 11877 11877 E ArmVmp : Match on catch block at 0xc3 in for 0xa1
02-25 08:57:14.307 11877 11877 E ArmVmp : Match on catch block at 0xc3 in for 0xa5
02-25 08:57:14.320 11877 11877 E ArmVmp : Match on catch block at 0xc3 in for 0xa5
02-25 08:57:14.323 11877 11877 E ArmVmp : Match on catch block at 0xc3 in for 0xa9
02-25 08:57:14.336 11877 11877 E ArmVmp : Match on catch block at 0xc3 in for 0xa9
02-25 08:57:14.340 11877 11877 E ArmVmp : Match on catch block at 0xc3 in for 0xa1
02-25 08:57:14.353 11877 11877 E ArmVmp : Match on catch block at 0xc3 in for 0xa1
02-25 08:57:14.357 11877 11877 E ArmVmp : Match on catch block at 0xc3 in for 0xa5
02-25 08:57:14.370 11877 11877 E ArmVmp : Match on catch block at 0xc3 in for 0xa5
02-25 08:57:14.374 11877 11877 E ArmVmp : Match on catch block at 0xc3 in for 0xa9
02-25 08:57:14.387 11877 11877 E ArmVmp : Match on catch block at 0xc3 in for 0xa9
02-25 08:57:14.391 11877 11877 E ArmVmp : Match on catch block at 0xc3 in for 0xa1
02-25 08:57:14.556 11877 11877 E ArmVmp : Match on catch block at 0xc3 in for 0xa1
02-25 08:57:14.561 11877 11877 E ArmVmp : Match on catch block at 0xc3 in for 0xa5
02-25 08:57:14.851 11877 11877 W Settings: Setting device_provisioned has moved
from android.provider.Settings.Secure to android.provider.Settings.Global.
02-25 08:57:14.980 11877 11877 E ArmVmp : Match on catch block at 0xc3 in for 0xa9
02-25 08:57:14.984 11877 11877 E ArmVmp : Match on catch block at 0xc3 in for 0xa1
02-25 08:57:15.067 11877 11877 E ArmVmp : Match on catch block at 0xc3 in for 0xa1
02-25 08:57:15.071 11877 11877 E ArmVmp : Match on catch block at 0xc3 in for 0xa5
02-25 08:57:15.137 11877 11877 E ArmVmp : Match on catch block at 0xc3 in for 0xa9
02-25 08:57:15.141 11877 11877 E ArmVmp : Match on catch block at 0xc3 in for 0xa1
02-25 08:57:15.156 11877 11877 E ArmVmp : Match on catch block at 0xc3 in for 0xa9
02-25 08:57:15.160 11877 11877 E ArmVmp : Match on catch block at 0xc3 in for 0xa1
02-25 08:57:15.664 11877 11877 E ArmVmp : Match on catch block at 0xc3 in for 0xa1
02-25 08:57:15.669 11877 11877 E ArmVmp : Match on catch block at 0xc3 in for 0xa5
02-25 08:57:16.167 11877 11877 E ArmVmp : Match on catch block at 0xc3 in for 0xa5
02-25 08:57:16.171 11877 11877 E ArmVmp : Match on catch block at 0xc3 in for 0xa9
02-25 08:57:16.673 11877 11877 E ArmVmp : Match on catch block at 0xc3 in for 0xa5
02-25 08:57:16.677 11877 11877 E ArmVmp : Match on catch block at 0xc3 in for 0xa9
02-25 08:57:16.688 11877 11877 E ArmVmp : Match on catch block at 0xc3 in for 0xa9
02-25 08:57:16.692 11877 11877 E ArmVmp : Match on catch block at 0xc3 in for 0xa1
02-25 08:57:16.703 11877 11877 E ArmVmp : Match on catch block at 0xc3 in for 0xa1
02-25 08:57:16.707 11877 11877 E ArmVmp : Match on catch block at 0xc3 in for 0xa5
02-25 08:57:16.721 11877 11877 E ArmVmp : Match on catch block at 0xc3 in for 0xa5
02-25 08:57:16.725 11877 11877 E ArmVmp : Match on catch block at 0xc3 in for 0xa9
02-25 08:57:16.738 11877 11877 E ArmVmp : Match on catch block at 0xc3 in for 0xa9
02-25 08:57:16.743 11877 11877 E ArmVmp : Match on catch block at 0xc3 in for 0xa1
02-25 08:57:16.754 11877 11877 E ArmVmp : Match on catch block at 0xc3 in for 0xa1
02-25 08:57:16.760 11877 11877 E ArmVmp : Match on catch block at 0xc3 in for 0xa5
02-25 08:57:16.772 11877 11877 E ArmVmp : Match on catch block at 0xc3 in for 0xa5
02-25 08:57:16.776 11877 11877 E ArmVmp : Match on catch block at 0xc3 in for 0xa9
02-25 08:57:16.788 11877 11877 E ArmVmp : Match on catch block at 0xc3 in for 0xa9
02-25 08:57:16.793 11877 11877 E ArmVmp : Match on catch block at 0xc3 in for 0xa1
02-25 08:57:16.805 11877 11877 E ArmVmp : Match on catch block at 0xc3 in for 0xa1
02-25 08:57:16.809 11877 11877 E ArmVmp : Match on catch block at 0xc3 in for 0xa5
02-25 08:57:16.822 11877 11877 E ArmVmp : Match on catch block at 0xc3 in for 0xa5
02-25 08:57:16.826 11877 11877 E ArmVmp : Match on catch block at 0xc3 in for 0xa9
02-25 08:57:16.839 11877 11877 E ArmVmp : Match on catch block at 0xc3 in for 0xa9
02-25 08:57:16.843 11877 11877 E ArmVmp : Match on catch block at 0xc3 in for 0xa1
02-25 08:57:16.855 11877 11877 E ArmVmp : Match on catch block at 0xc3 in for 0xa1
02-25 08:57:16.860 11877 11877 E ArmVmp : Match on catch block at 0xc3 in for 0xa5
02-25 08:57:16.872 11877 11877 E ArmVmp : Match on catch block at 0xc3 in for 0xa5
02-25 08:57:16.876 11877 11877 E ArmVmp : Match on catch block at 0xc3 in for 0xa9
02-25 08:57:16.889 11877 11877 E ArmVmp : Match on catch block at 0xc3 in for 0xa9
02-25 08:57:16.894 11877 11877 E ArmVmp : Match on catch block at 0xc3 in for 0xa1
02-25 08:57:16.906 11877 11877 E ArmVmp : Match on catch block at 0xc3 in for 0xa1
02-25 08:57:16.910 11877 11877 E ArmVmp : Match on catch block at 0xc3 in for 0xa5
02-25 08:57:16.922 11877 11877 E ArmVmp : Match on catch block at 0xc3 in for 0xa5
02-25 08:57:16.928 11877 11877 E ArmVmp : Match on catch block at 0xc3 in for 0xa9
02-25 08:57:16.940 11877 11877 E ArmVmp : Match on catch block at 0xc3 in for 0xa9
02-25 08:57:16.944 11877 11877 E ArmVmp : Match on catch block at 0xc3 in for 0xa1
02-25 08:57:16.956 11877 11877 E ArmVmp : Match on catch block at 0xc3 in for 0xa1
02-25 08:57:16.959 11877 11877 E ArmVmp : Match on catch block at 0xc3 in for 0xa5
02-25 08:57:17.176 11877 11877 E ArmVmp : Match on catch block at 0xc3 in for 0xa5
02-25 08:57:17.180 11877 11877 E ArmVmp : Match on catch block at 0xc3 in for 0xa9
02-25 08:57:17.662 11877 11877 E ArmVmp : Match on catch block at 0xc3 in for 0xa9
02-25 08:57:17.666 11877 11877 E ArmVmp : Match on catch block at 0xc3 in for 0xa1
02-25 08:57:17.761 11877 11877 E ArmVmp : Match on catch block at 0xc3 in for 0xa9
02-25 08:57:17.765 11877 11877 E ArmVmp : Match on catch block at 0xc3 in for 0xa1
02-25 08:57:17.769 11877 11877 W SoundPoolThread: type=1400 audit(0.0:659493): avc:
denied { read } for name="u:object_r:product_platform_prop:s0" dev="tmpfs" ino=2806
scontext=u:r:untrusted_app:s0:c6,c257,c512,c768
tcontext=u:object_r:product_platform_prop:s0 tclass=file permissive=0
02-25 08:57:17.777 11877 12315 E libc : Access denied finding property
"ro.kirin.product.platform"
02-25 08:57:17.777 11877 12315 E HwExtendedCodec: mime: audio/vorbis matching
compontent failed!
02-25 08:57:17.784 11877 12316 W HwExtendedUtils: hw configLocalPlayBack err = -
2147483648
02-25 08:57:17.795 11877 11877 W InputMethodManager: startInputReason = 3
02-25 08:57:17.802 11877 11964 W libEGL : EGLNativeWindowType 0x71997f7010
disconnect failed
02-25 08:57:17.831 11877 12316 W ACodec : forcing OMX state to Idle when received
shutdown in ExecutingState
02-25 08:57:17.839 11877 11877 W SoundPoolThread: type=1400 audit(0.0:659494): avc:
denied { read } for name="u:object_r:product_platform_prop:s0" dev="tmpfs" ino=2806
scontext=u:r:untrusted_app:s0:c6,c257,c512,c768
tcontext=u:object_r:product_platform_prop:s0 tclass=file permissive=0
02-25 08:57:17.849 11877 11877 E ArmVmp : Match on catch block at 0xc3 in for 0xa9
02-25 08:57:17.849 11877 12315 E libc : Access denied finding property
"ro.kirin.product.platform"
02-25 08:57:17.849 11877 12315 E HwExtendedCodec: mime: audio/vorbis matching
compontent failed!
02-25 08:57:17.853 11877 11877 E ArmVmp : Match on catch block at 0xc3 in for 0xa1
02-25 08:57:17.857 11877 12320 W HwExtendedUtils: hw configLocalPlayBack err = -
2147483648
02-25 08:57:17.862 11877 11877 W IInputConnectionWrapper: getExtractedText on
inactive InputConnection
02-25 08:57:17.872 11877 11877 E ArmVmp : Match on catch block at 0xc3 in for 0xa5
02-25 08:57:17.877 11877 11877 E ArmVmp : Match on catch block at 0xc3 in for 0xa9
02-25 08:57:17.885 11877 11877 W IInputConnectionWrapper: getTextBeforeCursor on
inactive InputConnection
02-25 08:57:17.888 11877 11877 E ArmVmp : Match on catch block at 0xc3 in for 0xa9
02-25 08:57:17.893 11877 11877 E ArmVmp : Match on catch block at 0xc3 in for 0xa1
02-25 08:57:17.901 11877 11877 W IInputConnectionWrapper: getExtractedText on
inactive InputConnection
02-25 08:57:17.905 11877 11877 E ArmVmp : Match on catch block at 0xc3 in for 0xa1
02-25 08:57:17.910 11877 11877 E ArmVmp : Match on catch block at 0xc3 in for 0xa5
02-25 08:57:17.919 11877 11877 W IInputConnectionWrapper: getTextBeforeCursor on
inactive InputConnection
02-25 08:57:17.923 11877 11877 E ArmVmp : Match on catch block at 0xc3 in for 0xa5
02-25 08:57:17.938 11877 11877 E ArmVmp : Match on catch block at 0xc3 in for 0xa9
02-25 08:57:17.952 11877 12320 W ACodec : forcing OMX state to Idle when received
shutdown in ExecutingState
02-25 08:57:17.985 11877 12315 E libc : Access denied finding property
"ro.kirin.product.platform"
02-25 08:57:17.985 11877 12315 E HwExtendedCodec: mime: audio/vorbis matching
compontent failed!
02-25 08:57:17.998 11877 11877 E ArmVmp : Match on catch block at 0xc3 in for 0xa1
02-25 08:57:18.003 11877 11877 E ArmVmp : Match on catch block at 0xc3 in for 0xa5
02-25 08:57:18.004 11877 12326 W HwExtendedUtils: hw configLocalPlayBack err = -
2147483648
02-25 08:57:18.020 11877 11877 E ArmVmp : Match on catch block at 0xc3 in for 0xa9
02-25 08:57:18.026 11877 11877 E ArmVmp : Match on catch block at 0xc3 in for 0xa1
02-25 08:57:18.033 11877 11877 E SpannableStringBuilder: SPAN_EXCLUSIVE_EXCLUSIVE
spans cannot have a zero length
02-25 08:57:18.045 11877 11877 E ArmVmp : Match on catch block at 0xc3 in for 0xa1
02-25 08:57:18.053 11877 11877 E ArmVmp : Match on catch block at 0xc3 in for 0xa5
02-25 08:57:18.064 11877 11877 E SpannableStringBuilder: SPAN_EXCLUSIVE_EXCLUSIVE
spans cannot have a zero length
02-25 08:57:18.067 11877 11877 E ArmVmp : Match on catch block at 0xc3 in for 0xa1
02-25 08:57:18.072 11877 11877 E ArmVmp : Match on catch block at 0xc3 in for 0xa5
02-25 08:57:18.146 11877 12326 W ACodec : forcing OMX state to Idle when received
shutdown in ExecutingState
02-25 08:57:18.159 11877 11877 W SoundPoolThread: type=1400 audit(0.0:659496): avc:
denied { read } for name="u:object_r:product_platform_prop:s0" dev="tmpfs" ino=2806
scontext=u:r:untrusted_app:s0:c6,c257,c512,c768
tcontext=u:object_r:product_platform_prop:s0 tclass=file permissive=0
02-25 08:57:18.176 11877 12315 E libc : Access denied finding property
"ro.kirin.product.platform"
02-25 08:57:18.176 11877 12315 E HwExtendedCodec: mime: audio/vorbis matching
compontent failed!
02-25 08:57:18.203 11877 12330 W HwExtendedUtils: hw configLocalPlayBack err = -
2147483648
02-25 08:57:18.309 11877 12330 W ACodec : forcing OMX state to Idle when received
shutdown in ExecutingState
02-25 08:57:18.319 11877 11877 W SoundPoolThread: type=1400 audit(0.0:659497): avc:
denied { read } for name="u:object_r:product_platform_prop:s0" dev="tmpfs" ino=2806
scontext=u:r:untrusted_app:s0:c6,c257,c512,c768
tcontext=u:object_r:product_platform_prop:s0 tclass=file permissive=0
02-25 08:57:18.333 11877 12315 E libc : Access denied finding property
"ro.kirin.product.platform"
02-25 08:57:18.333 11877 12315 E HwExtendedCodec: mime: audio/vorbis matching
compontent failed!
02-25 08:57:18.339 11877 12333 W HwExtendedUtils: hw configLocalPlayBack err = -
2147483648
02-25 08:57:18.369 11877 12333 W ACodec : forcing OMX state to Idle when received
shutdown in ExecutingState
02-25 08:57:18.379 11877 11877 W SoundPoolThread: type=1400 audit(0.0:659498): avc:
denied { read } for name="u:object_r:product_platform_prop:s0" dev="tmpfs" ino=2806
scontext=u:r:untrusted_app:s0:c6,c257,c512,c768
tcontext=u:object_r:product_platform_prop:s0 tclass=file permissive=0
02-25 08:57:18.393 11877 12315 E libc : Access denied finding property
"ro.kirin.product.platform"
02-25 08:57:18.393 11877 12315 E HwExtendedCodec: mime: audio/vorbis matching
compontent failed!
02-25 08:57:18.399 11877 12336 W HwExtendedUtils: hw configLocalPlayBack err = -
2147483648
02-25 08:57:18.418 11877 11877 E ArmVmp : Match on catch block at 0xc3 in for 0xa9
02-25 08:57:18.422 11877 11877 E ArmVmp : Match on catch block at 0xc3 in for 0xa1
02-25 08:57:18.433 11877 11877 E ArmVmp : Match on catch block at 0xc3 in for 0xa1
02-25 08:57:18.437 11877 11877 E ArmVmp : Match on catch block at 0xc3 in for 0xa5
02-25 08:57:18.439 11877 12336 W ACodec : forcing OMX state to Idle when received
shutdown in ExecutingState
02-25 08:57:18.450 11877 11877 E ArmVmp : Match on catch block at 0xc3 in for 0xa5
02-25 08:57:18.454 11877 11877 E ArmVmp : Match on catch block at 0xc3 in for 0xa9
02-25 08:57:18.467 11877 11877 E ArmVmp : Match on catch block at 0xc3 in for 0xa9
02-25 08:57:18.470 11877 11877 E ArmVmp : Match on catch block at 0xc3 in for 0xa1
02-25 08:57:18.484 11877 11877 E ArmVmp : Match on catch block at 0xc3 in for 0xa1
02-25 08:57:18.487 11877 11877 E ArmVmp : Match on catch block at 0xc3 in for 0xa5
02-25 08:57:18.500 11877 11877 E ArmVmp : Match on catch block at 0xc3 in for 0xa5
02-25 08:57:18.504 11877 11877 E ArmVmp : Match on catch block at 0xc3 in for 0xa9
02-25 08:57:18.517 11877 11877 E ArmVmp : Match on catch block at 0xc3 in for 0xa9
02-25 08:57:18.521 11877 11877 E ArmVmp : Match on catch block at 0xc3 in for 0xa1
02-25 08:57:18.534 11877 11877 E ArmVmp : Match on catch block at 0xc3 in for 0xa1
02-25 08:57:18.538 11877 11877 E ArmVmp : Match on catch block at 0xc3 in for 0xa5
02-25 08:57:18.551 11877 11877 E ArmVmp : Match on catch block at 0xc3 in for 0xa5
02-25 08:57:18.554 11877 11877 E ArmVmp : Match on catch block at 0xc3 in for 0xa9
02-25 08:57:18.568 11877 11877 E ArmVmp : Match on catch block at 0xc3 in for 0xa9
02-25 08:57:18.571 11877 11877 E ArmVmp : Match on catch block at 0xc3 in for 0xa1
02-25 08:57:18.585 11877 11877 E ArmVmp : Match on catch block at 0xc3 in for 0xa1
02-25 08:57:18.588 11877 11877 E ArmVmp : Match on catch block at 0xc3 in for 0xa5
02-25 08:57:18.690 11877 11877 E ArmVmp : Match on catch block at 0xc3 in for 0xa9
02-25 08:57:18.694 11877 11877 E ArmVmp : Match on catch block at 0xc3 in for 0xa1
02-25 08:57:18.711 11877 11877 E ArmVmp : Match on catch block at 0xc3 in for 0xa1
02-25 08:57:18.715 11877 11877 E ArmVmp : Match on catch block at 0xc3 in for 0xa5
02-25 08:57:18.744 11877 11877 E ArmVmp : Match on catch block at 0xc3 in for 0xa5
02-25 08:57:18.747 11877 11877 E ArmVmp : Match on catch block at 0xc3 in for 0xa9
02-25 08:57:18.758 11877 11877 E ArmVmp : Match on catch block at 0xc3 in for 0xa9
02-25 08:57:18.762 11877 11877 E ArmVmp : Match on catch block at 0xc3 in for 0xa1
02-25 08:57:18.769 11877 11877 E ArmVmp : Match on catch block at 0xc3 in for 0xa1
02-25 08:57:18.773 11877 11877 E ArmVmp : Match on catch block at 0xc3 in for 0xa5
02-25 08:57:18.936 11877 11888 E : [ZeroHung]zrhung_get_config: Get config
failed for wp[0x0008]
02-25 08:57:18.938 11877 11877 E ArmVmp : Match on catch block at 0xc3 in for 0xa5
02-25 08:57:18.950 11877 11877 E ArmVmp : Match on catch block at 0xc3 in for 0xa9
02-25 08:57:18.973 11877 11877 E ArmVmp : Match on catch block at 0xc3 in for 0xa9
02-25 08:57:18.977 11877 11877 E ArmVmp : Match on catch block at 0xc3 in for 0xa1
02-25 08:57:18.987 11877 11877 E ArmVmp : Match on catch block at 0xc3 in for 0xa1
02-25 08:57:18.991 11877 11877 E ArmVmp : Match on catch block at 0xc3 in for 0xa5
02-25 08:57:19.443 11877 11877 E ArmVmp : Match on catch block at 0xc3 in for 0xa1
02-25 08:57:19.448 11877 11877 E ArmVmp : Match on catch block at 0xc3 in for 0xa5
02-25 08:57:19.784 11877 11877 E ArmVmp : Match on catch block at 0xc3 in for 0xa5
02-25 08:57:19.788 11877 11877 E ArmVmp : Match on catch block at 0xc3 in for 0xa9
02-25 08:57:19.853 11877 11877 E ArmVmp : Match on catch block at 0xc3 in for 0xa5
02-25 08:57:19.857 11877 11877 E ArmVmp : Match on catch block at 0xc3 in for 0xa9
02-25 08:57:19.881 11877 11877 E ArmVmp : Match on catch block at 0xc3 in for 0xa5
02-25 08:57:19.886 11877 11877 E ArmVmp : Match on catch block at 0xc3 in for 0xa9
02-25 08:57:19.910 11877 11877 E ArmVmp : Match on catch block at 0xc3 in for 0xa1
02-25 08:57:19.914 11877 11877 E ArmVmp : Match on catch block at 0xc3 in for 0xa5
02-25 08:57:19.957 11877 11877 E ArmVmp : Match on catch block at 0xc3 in for 0xa5
02-25 08:57:19.963 11877 11877 E ArmVmp : Match on catch block at 0xc3 in for 0xa9
02-25 08:57:19.985 11877 11877 E ArmVmp : Match on catch block at 0xc3 in for 0xa9
02-25 08:57:19.990 11877 11877 E ArmVmp : Match on catch block at 0xc3 in for 0xa1
02-25 08:57:20.002 11877 11877 E ArmVmp : Match on catch block at 0xc3 in for 0xa1
02-25 08:57:20.007 11877 11877 E ArmVmp : Match on catch block at 0xc3 in for 0xa5
02-25 08:57:20.022 11877 11877 E ArmVmp : Match on catch block at 0xc3 in for 0xa5
02-25 08:57:20.026 11877 11877 E ArmVmp : Match on catch block at 0xc3 in for 0xa9
02-25 08:57:20.039 11877 11877 E ArmVmp : Match on catch block at 0xc3 in for 0xa9
02-25 08:57:20.043 11877 11877 E ArmVmp : Match on catch block at 0xc3 in for 0xa1
02-25 08:57:20.055 11877 11877 E ArmVmp : Match on catch block at 0xc3 in for 0xa1
02-25 08:57:20.059 11877 11877 E ArmVmp : Match on catch block at 0xc3 in for 0xa5
02-25 08:57:20.088 11877 11877 E ArmVmp : Match on catch block at 0xc3 in for 0xa5
02-25 08:57:20.092 11877 11877 E ArmVmp : Match on catch block at 0xc3 in for 0xa9
02-25 08:57:20.105 11877 11877 E ArmVmp : Match on catch block at 0xc3 in for 0xa9
02-25 08:57:20.109 11877 11877 E ArmVmp : Match on catch block at 0xc3 in for 0xa1
02-25 08:57:20.123 11877 11877 E ArmVmp : Match on catch block at 0xc3 in for 0xa1
02-25 08:57:20.127 11877 11877 E ArmVmp : Match on catch block at 0xc3 in for 0xa5
02-25 08:57:20.139 11877 11877 E ArmVmp : Match on catch block at 0xc3 in for 0xa5
02-25 08:57:20.144 11877 11877 E ArmVmp : Match on catch block at 0xc3 in for 0xa9
02-25 08:57:20.157 11877 11877 E ArmVmp : Match on catch block at 0xc3 in for 0xa9
02-25 08:57:20.160 11877 11877 E ArmVmp : Match on catch block at 0xc3 in for 0xa1
02-25 08:57:20.173 11877 11877 E ArmVmp : Match on catch block at 0xc3 in for 0xa1
02-25 08:57:20.177 11877 11877 E ArmVmp : Match on catch block at 0xc3 in for 0xa5
02-25 08:57:20.191 11877 11877 E ArmVmp : Match on catch block at 0xc3 in for 0xa5
02-25 08:57:20.195 11877 11877 E ArmVmp : Match on catch block at 0xc3 in for 0xa9
02-25 08:57:20.207 11877 11877 E ArmVmp : Match on catch block at 0xc3 in for 0xa9
02-25 08:57:20.211 11877 11877 E ArmVmp : Match on catch block at 0xc3 in for 0xa1
02-25 08:57:20.223 11877 11877 E ArmVmp : Match on catch block at 0xc3 in for 0xa1
02-25 08:57:20.226 11877 11877 E ArmVmp : Match on catch block at 0xc3 in for 0xa5
02-25 08:57:20.274 11877 11964 W libEGL : EGLNativeWindowType 0x719fb5a010
disconnect failed
02-25 08:57:20.312 11877 11964 W libEGL : EGLNativeWindowType 0x719fb5a010
disconnect failed
02-25 08:57:20.346 11877 11964 W libEGL : EGLNativeWindowType 0x719fb5a010
disconnect failed
02-25 08:57:20.375 11877 11964 W libEGL : EGLNativeWindowType 0x719fb5a010
disconnect failed
02-25 08:57:20.413 11877 11964 W libEGL : EGLNativeWindowType 0x719fb5a010
disconnect failed
02-25 08:57:20.442 11877 11964 W libEGL : EGLNativeWindowType 0x719fb5a010
disconnect failed
02-25 08:57:20.500 11877 11877 E ArmVmp : Match on catch block at 0xc3 in for 0xa5
02-25 08:57:20.504 11877 11877 E ArmVmp : Match on catch block at 0xc3 in for 0xa9
02-25 08:57:21.003 11877 11877 E ArmVmp : Match on catch block at 0xc3 in for 0xa9
02-25 08:57:21.008 11877 11877 E ArmVmp : Match on catch block at 0xc3 in for 0xa1
02-25 08:57:21.082 11877 11877 E ArmVmp : Match on catch block at 0xc3 in for 0xa5
02-25 08:57:21.088 11877 11877 E ArmVmp : Match on catch block at 0xc3 in for 0xa9
02-25 08:57:21.107 11877 11877 E ArmVmp : Match on catch block at 0xc3 in for 0xa5
02-25 08:57:21.111 11877 11877 E ArmVmp : Match on catch block at 0xc3 in for 0xa9
02-25 08:57:21.137 11877 11877 E ArmVmp : Match on catch block at 0xc3 in for 0xa5
02-25 08:57:21.142 11877 11877 E ArmVmp : Match on catch block at 0xc3 in for 0xa9
02-25 08:57:21.151 11877 11877 E ArmVmp : Match on catch block at 0xc3 in for 0xa1
02-25 08:57:21.156 11877 11877 E ArmVmp : Match on catch block at 0xc3 in for 0xa5
02-25 08:57:21.407 11877 11877 E ArmVmp : Match on catch block at 0xc3 in for 0xa5
02-25 08:57:21.413 11877 11877 E ArmVmp : Match on catch block at 0xc3 in for 0xa9
02-25 08:57:21.429 11877 11877 E ArmVmp : Match on catch block at 0xc3 in for 0xa9
02-25 08:57:21.434 11877 11877 E ArmVmp : Match on catch block at 0xc3 in for 0xa1
02-25 08:57:21.453 11877 11877 E ArmVmp : Match on catch block at 0xc3 in for 0xa9
02-25 08:57:21.460 11877 11877 E ArmVmp : Match on catch block at 0xc3 in for 0xa1
02-25 08:57:21.472 11877 11877 E ArmVmp : Match on catch block at 0xc3 in for 0xa1
02-25 08:57:21.477 11877 11877 E ArmVmp : Match on catch block at 0xc3 in for 0xa5
02-25 08:57:21.523 11877 11877 E ArmVmp : Match on catch block at 0xc3 in for 0xa5
02-25 08:57:21.530 11877 11877 E ArmVmp : Match on catch block at 0xc3 in for 0xa9
02-25 08:57:21.883 11877 11964 W libEGL : EGLNativeWindowType 0x719fb5a010
disconnect failed
02-25 08:57:22.011 11877 11877 E ArmVmp : Match on catch block at 0xc3 in for 0xa9
02-25 08:57:22.017 11877 11877 E ArmVmp : Match on catch block at 0xc3 in for 0xa1
02-25 08:57:22.516 11877 11877 E ArmVmp : Match on catch block at 0xc3 in for 0xa1
02-25 08:57:22.523 11877 11877 E ArmVmp : Match on catch block at 0xc3 in for 0xa5
02-25 08:57:22.886 11877 11877 E ArmVmp : Match on catch block at 0xc3 in for 0xa9
02-25 08:57:22.892 11877 11877 E ArmVmp : Match on catch block at 0xc3 in for 0xa1
02-25 08:57:22.898 11877 11877 W HiTouch_PressGestureDetector: Touch pointer move a
lot. The moving distance of X is:0.9210205, limit is:60The moving distance of Y
is:70.05194, limit is:60
02-25 08:57:22.904 11877 11877 E ArmVmp : Match on catch block at 0xc3 in for 0xa5
02-25 08:57:22.908 11877 11877 E ArmVmp : Match on catch block at 0xc3 in for 0xa9
02-25 08:57:22.918 11877 11877 E ArmVmp : Match on catch block at 0xc3 in for 0xa9
02-25 08:57:22.923 11877 11877 E ArmVmp : Match on catch block at 0xc3 in for 0xa1
02-25 08:57:22.935 11877 11877 E ArmVmp : Match on catch block at 0xc3 in for 0xa1
02-25 08:57:22.940 11877 11877 E ArmVmp : Match on catch block at 0xc3 in for 0xa5
02-25 08:57:22.951 11877 11877 E ArmVmp : Match on catch block at 0xc3 in for 0xa5
02-25 08:57:22.956 11877 11877 E ArmVmp : Match on catch block at 0xc3 in for 0xa9
02-25 08:57:22.968 11877 11877 E ArmVmp : Match on catch block at 0xc3 in for 0xa9
02-25 08:57:22.973 11877 11877 E ArmVmp : Match on catch block at 0xc3 in for 0xa1
02-25 08:57:22.984 11877 11877 E ArmVmp : Match on catch block at 0xc3 in for 0xa1
02-25 08:57:22.990 11877 11877 E ArmVmp : Match on catch block at 0xc3 in for 0xa5
02-25 08:57:23.002 11877 11877 E ArmVmp : Match on catch block at 0xc3 in for 0xa5
02-25 08:57:23.007 11877 11877 E ArmVmp : Match on catch block at 0xc3 in for 0xa9
02-25 08:57:23.018 11877 11877 E ArmVmp : Match on catch block at 0xc3 in for 0xa9
02-25 08:57:23.025 11877 11877 E ArmVmp : Match on catch block at 0xc3 in for 0xa1
02-25 08:57:23.035 11877 11877 E ArmVmp : Match on catch block at 0xc3 in for 0xa1
02-25 08:57:23.040 11877 11877 E ArmVmp : Match on catch block at 0xc3 in for 0xa5
02-25 08:57:23.052 11877 11877 E ArmVmp : Match on catch block at 0xc3 in for 0xa5
02-25 08:57:23.058 11877 11877 E ArmVmp : Match on catch block at 0xc3 in for 0xa9
02-25 08:57:23.069 11877 11877 E ArmVmp : Match on catch block at 0xc3 in for 0xa9
02-25 08:57:23.074 11877 11877 E ArmVmp : Match on catch block at 0xc3 in for 0xa1
02-25 08:57:23.085 11877 11877 E ArmVmp : Match on catch block at 0xc3 in for 0xa1
02-25 08:57:23.090 11877 11877 E ArmVmp : Match on catch block at 0xc3 in for 0xa5
02-25 08:57:23.102 11877 11877 E ArmVmp : Match on catch block at 0xc3 in for 0xa5
02-25 08:57:23.107 11877 11877 E ArmVmp : Match on catch block at 0xc3 in for 0xa9
02-25 08:57:23.136 11877 11877 E ArmVmp : Match on catch block at 0xc3 in for 0xa5
02-25 08:57:23.142 11877 11877 E ArmVmp : Match on catch block at 0xc3 in for 0xa9
02-25 08:57:23.223 11877 11877 E ArmVmp : Match on catch block at 0xc3 in for 0xa1
02-25 08:57:23.229 11877 11877 E ArmVmp : Match on catch block at 0xc3 in for 0xa5
02-25 08:57:23.238 11877 11877 E ArmVmp : Match on catch block at 0xc3 in for 0xa1
02-25 08:57:23.244 11877 11877 E ArmVmp : Match on catch block at 0xc3 in for 0xa5
02-25 08:57:23.253 11877 11877 E ArmVmp : Match on catch block at 0xc3 in for 0xa5
02-25 08:57:23.258 11877 11877 E ArmVmp : Match on catch block at 0xc3 in for 0xa9
02-25 08:57:23.270 11877 11877 E ArmVmp : Match on catch block at 0xc3 in for 0xa9
02-25 08:57:23.275 11877 11877 E ArmVmp : Match on catch block at 0xc3 in for 0xa1
02-25 08:57:23.287 11877 11877 E ArmVmp : Match on catch block at 0xc3 in for 0xa1
02-25 08:57:23.292 11877 11877 E ArmVmp : Match on catch block at 0xc3 in for 0xa5
02-25 08:57:23.304 11877 11877 E ArmVmp : Match on catch block at 0xc3 in for 0xa5
02-25 08:57:23.309 11877 11877 E ArmVmp : Match on catch block at 0xc3 in for 0xa9
02-25 08:57:23.321 11877 11877 E ArmVmp : Match on catch block at 0xc3 in for 0xa9
02-25 08:57:23.326 11877 11877 E ArmVmp : Match on catch block at 0xc3 in for 0xa1
02-25 08:57:23.338 11877 11877 E ArmVmp : Match on catch block at 0xc3 in for 0xa1
02-25 08:57:23.344 11877 11877 E ArmVmp : Match on catch block at 0xc3 in for 0xa5
02-25 08:57:23.354 11877 11877 E ArmVmp : Match on catch block at 0xc3 in for 0xa5
02-25 08:57:23.360 11877 11877 E ArmVmp : Match on catch block at 0xc3 in for 0xa9
