02-24 16:19:12.020 16428 16428 E ArmVmp : Match on catch block at 0x0a in for 0xa1
02-24 16:19:12.086 16428 16439 E : [ZeroHung]zrhung_get_config: Get config
failed for wp[0x0008]
02-24 16:19:14.080 16428 16428 E ArmVmp : Match on catch block at 0x0a in for 0xa1
02-24 16:19:14.084 16428 16428 E ArmVmp : Match on catch block at 0x0a in for 0xa1
02-24 16:19:15.401 16428 16439 E : [ZeroHung]zrhung_get_config: Get config
failed for wp[0x0008]
02-24 16:19:15.744 16428 16428 E ArmVmp : Match on catch block at 0x0a in for 0xa1
02-24 16:19:15.747 16428 16428 E ArmVmp : Match on catch block at 0x0a in for 0xa1
02-24 16:19:15.794 16428 16428 E ArmVmp : Match on catch block at 0x0a in for 0xa1
02-24 16:19:15.796 16428 16428 E ArmVmp : Match on catch block at 0x0a in for 0xa1
02-24 16:19:16.356 16428 16428 E ArmVmp : Match on catch block at 0x00 in for
0x159
02-24 16:19:16.387 16428 16428 E ArmVmp : Match on catch block at 0x00 in for
0x141
02-24 16:19:16.539 16428 16517 W libEGL : EGLNativeWindowType 0x71986a2010
disconnect failed
02-24 16:19:17.081 16428 16428 W Settings: Setting device_provisioned has moved
from android.provider.Settings.Secure to android.provider.Settings.Global.
02-24 16:19:17.552 16428 16517 W libEGL : EGLNativeWindowType 0x71986a2010
disconnect failed
02-24 16:19:17.646 16428 16428 E ArmVmp : Match on catch block at 0x00 in for 0x71
02-24 16:19:18.622 16428 16439 E : [ZeroHung]zrhung_get_config: Get config
failed for wp[0x0008]
02-24 16:19:21.818 16428 16428 E ArmVmp : Match on catch block at 0x0a in for 0xa5
02-24 16:19:21.821 16428 16428 E ArmVmp : Match on catch block at 0x0a in for 0xa5
02-24 16:19:21.933 16428 16439 E : [ZeroHung]zrhung_get_config: Get config
failed for wp[0x0008]
02-24 16:19:22.276 16428 16428 E ArmVmp : Match on catch block at 0x0a in for 0xa5
02-24 16:19:22.280 16428 16428 E ArmVmp : Match on catch block at 0x0a in for 0xa5
02-24 16:19:25.191 16428 16439 E : [ZeroHung]zrhung_get_config: Get config
failed for wp[0x0008]
02-24 16:19:25.193 16428 16428 E ArmVmp : Match on catch block at 0x0a in for 0xa5
02-24 16:19:25.196 16428 16428 E ArmVmp : Match on catch block at 0x0a in for 0xa5
02-24 16:19:27.094 16428 16428 E ArmVmp : Match on catch block at 0x0a in for 0xa5
02-24 16:19:27.099 16428 16428 E ArmVmp : Match on catch block at 0x0a in for 0xa5
02-24 16:19:27.378 16428 16428 E ArmVmp : Match on catch block at 0x0a in for 0xa5
02-24 16:19:27.625 16428 16428 E ArmVmp : Match on catch block at 0x0a in for 0xc5
02-24 16:19:27.627 16428 16428 E ArmVmp : Match on catch block at 0x0a in for 0xc5
02-24 16:19:28.496 16428 16439 E : [ZeroHung]zrhung_get_config: Get config
failed for wp[0x0008]
02-24 16:19:29.523 16428 16428 E ArmVmp : Match on catch block at 0x00 in for
0x151
02-24 16:19:29.556 16428 16428 E ArmVmp : Match on catch block at 0x00 in for
0x149
02-24 16:19:29.719 16428 16517 W libEGL : EGLNativeWindowType 0x719b653010
disconnect failed
02-24 16:19:30.147 16428 16428 W Settings: Setting device_provisioned has moved
from android.provider.Settings.Secure to android.provider.Settings.Global.
02-24 16:19:30.545 16428 16517 W libEGL : EGLNativeWindowType 0x719b653010
disconnect failed
02-24 16:19:30.636 16428 16428 E ArmVmp : Match on catch block at 0x00 in for 0x75
02-24 16:19:31.681 16428 16439 E : [ZeroHung]zrhung_get_config: Get config
failed for wp[0x0008]
02-24 16:19:31.872 16428 16428 W Settings: Setting device_provisioned has moved
from android.provider.Settings.Secure to android.provider.Settings.Global.
02-24 16:19:31.922 16428 16428 W HiTouch_PressGestureDetector: Touch pointer move a
lot. The moving distance of X is:93.339294, limit is:60The moving distance of Y
is:9.0, limit is:60
02-24 16:19:33.366 16428 16428 W HiTouch_PressGestureDetector: Touch pointer move a
lot. The moving distance of X is:69.213806, limit is:60The moving distance of Y
is:8.063904, limit is:60
02-24 16:19:35.082 16428 16439 E : [ZeroHung]zrhung_get_config: Get config
failed for wp[0x0008]
02-24 16:19:35.599 16428 16428 W HiTouch_PressGestureDetector: Touch pointer move a
lot. The moving distance of X is:80.2016, limit is:60The moving distance of Y
is:13.419617, limit is:60
02-24 16:19:38.477 16428 16439 E : [ZeroHung]zrhung_get_config: Get config
failed for wp[0x0008]
02-24 16:19:39.547 16428 16428 E ArmVmp : Match on catch block at 0x00 in for
0x155
02-24 16:19:39.581 16428 16428 E ArmVmp : Match on catch block at 0x00 in for
0x149
02-24 16:19:39.727 16428 16517 W libEGL : EGLNativeWindowType 0x7194ffb010
disconnect failed
02-24 16:19:40.346 16428 16428 W Settings: Setting device_provisioned has moved
from android.provider.Settings.Secure to android.provider.Settings.Global.
02-24 16:19:40.789 16428 16517 W libEGL : EGLNativeWindowType 0x7194ffb010
disconnect failed
02-24 16:19:40.883 16428 16428 E ArmVmp : Match on catch block at 0x00 in for 0x79
02-24 16:19:41.520 16428 16439 E : [ZeroHung]zrhung_get_config: Get config
failed for wp[0x0008]
02-24 16:19:44.843 16428 16439 E : [ZeroHung]zrhung_get_config: Get config
failed for wp[0x0008]
02-24 16:19:47.970 16428 16439 E : [ZeroHung]zrhung_get_config: Get config
failed for wp[0x0008]
02-24 16:19:49.992 16428 16439 E : [ZeroHung]zrhung_get_config: Get config
failed for wp[0x0008]
02-24 16:19:52.165 16428 16439 E : [ZeroHung]zrhung_get_config: Get config
failed for wp[0x0008]
02-24 16:19:54.114 16428 16439 E : [ZeroHung]zrhung_get_config: Get config
failed for wp[0x0008]
02-24 16:19:57.008 16428 16439 E : [ZeroHung]zrhung_get_config: Get config
failed for wp[0x0008]
02-24 16:19:59.718 16428 16439 E : [ZeroHung]zrhung_get_config: Get config
failed for wp[0x0008]
02-24 16:20:00.867 16428 16439 E : [ZeroHung]zrhung_get_config: Get config
failed for wp[0x0008]
02-24 16:20:02.180 16428 16439 E : [ZeroHung]zrhung_get_config: Get config
failed for wp[0x0008]
02-24 16:20:04.191 16428 16439 E : [ZeroHung]zrhung_get_config: Get config
failed for wp[0x0008]
02-24 16:20:06.658 16428 16439 E : [ZeroHung]zrhung_get_config: Get config
failed for wp[0x0008]
02-24 16:20:09.020 16428 16439 E : [ZeroHung]zrhung_get_config: Get config
failed for wp[0x0008]
02-24 16:20:11.021 16428 16439 E : [ZeroHung]zrhung_get_config: Get config
failed for wp[0x0008]
02-24 16:20:13.905 16428 16439 E : [ZeroHung]zrhung_get_config: Get config
failed for wp[0x0008]
02-24 16:20:16.141 16428 16517 W libEGL : EGLNativeWindowType 0x718e6ee010
disconnect failed
02-24 16:20:16.155 16428 16428 W InputEventReceiver: Attempted to finish an input
event but the input event receiver has already been disposed.
02-24 16:20:16.155 16428 16428 W ViewRootImpl[PopupWindow:1453b14]: Dropping event
due to root view being removed: MotionEvent { action=ACTION_MOVE, actionButton=0,
id[0]=0, x[0]=490.0, y[0]=-40.0, toolType[0]=TOOL_TYPE_FINGER, buttonState=0,
metaState=0, flags=0x0, edgeFlags=0x0, pointerCount=1, historySize=0,
eventTime=349975293, downTime=349975287, deviceId=2, source=0x1002 }
02-24 16:20:16.155 16428 16428 W InputEventReceiver: Attempted to finish an input
event but the input event receiver has already been disposed.
02-24 16:20:17.386 16428 16439 E : [ZeroHung]zrhung_get_config: Get config
failed for wp[0x0008]
02-24 16:20:17.915 16428 16517 W libEGL : EGLNativeWindowType 0x718e6ee010
disconnect failed
02-24 16:20:17.926 16428 16428 W InputEventReceiver: Attempted to finish an input
event but the input event receiver has already been disposed.
02-24 16:20:19.279 16428 16517 W libEGL : EGLNativeWindowType 0x718e6ee010
disconnect failed
02-24 16:20:20.249 16428 16439 E : [ZeroHung]zrhung_get_config: Get config
failed for wp[0x0008]
02-24 16:20:23.562 16428 16439 E : [ZeroHung]zrhung_get_config: Get config
failed for wp[0x0008]
02-24 16:20:23.924 16428 16428 E ArmVmp : Match on catch block at 0x00 in for
0x159
02-24 16:20:23.966 16428 16428 E ArmVmp : Match on catch block at 0x00 in for
0x149
02-24 16:20:24.106 16428 16517 W libEGL : EGLNativeWindowType 0x7196e60010
disconnect failed
02-24 16:20:24.909 16428 16428 W Settings: Setting device_provisioned has moved
from android.provider.Settings.Secure to android.provider.Settings.Global.
02-24 16:20:25.036 16428 16517 W libEGL : EGLNativeWindowType 0x7196e60010
disconnect failed
02-24 16:20:25.113 16428 16428 E ArmVmp : Match on catch block at 0x00 in for 0x71
02-24 16:20:25.892 16428 16439 E : [ZeroHung]zrhung_get_config: Get config
failed for wp[0x0008]
02-24 16:20:25.989 16428 16428 W InputMethodManager: startInputReason = 1
02-24 16:20:26.132 16428 16517 W libEGL : EGLNativeWindowType 0x7194423010
disconnect failed
02-24 16:20:26.149 16428 16517 W libEGL : EGLNativeWindowType 0x719711a010
disconnect failed
02-24 16:20:27.625 16428 16517 W libEGL : EGLNativeWindowType 0x719afe5010
disconnect failed
02-24 16:20:27.647 16428 16428 W ActivityThread: handleWindowVisibility: no
activity for token android.os.BinderProxy@7c3a8fb
02-24 16:20:27.777 16428 16428 W InputMethodManager: startInputReason = 1
02-24 16:20:28.387 16428 16517 W libEGL : EGLNativeWindowType 0x7197194010
disconnect failed
02-24 16:20:28.506 16428 16428 W Settings: Setting device_provisioned has moved
from android.provider.Settings.Secure to android.provider.Settings.Global.
02-24 16:20:28.573 16428 16428 W HiTouch_PressGestureDetector: Touch pointer move a
lot. The moving distance of X is:41.420044, limit is:60The moving distance of Y
is:60.423706, limit is:60
02-24 16:20:29.328 16428 16428 W HiTouch_PressGestureDetector: Touch pointer move a
lot. The moving distance of X is:5.720764, limit is:60The moving distance of Y
is:89.87537, limit is:60
02-24 16:20:29.468 16428 16517 W libEGL : EGLNativeWindowType 0x719aeb3010
disconnect failed
02-24 16:20:29.925 16428 16428 W InputMethodManager: startInputReason = 1
02-24 16:20:29.952 16428 16517 W libEGL : EGLNativeWindowType 0x7192683010
disconnect failed
02-24 16:20:30.150 16428 16428 W BottomSheetBehavior: BottomSheetBehavior now
supports multiple callbacks. `setBottomSheetCallback()` removes all existing
callbacks, including ones set internally by library authors, which may result in
unintended behavior. This may change in the future. Please use
`addBottomSheetCallback()` and `removeBottomSheetCallback()` instead to set your
own callbacks.
02-24 16:20:30.150 16428 16428 W InputMethodManager: startInputReason = 1
02-24 16:20:30.971 16428 16428 W Settings: Setting device_provisioned has moved
from android.provider.Settings.Secure to android.provider.Settings.Global.
02-24 16:20:31.058 16428 16428 W HiTouch_PressGestureDetector: Touch pointer move a
lot. The moving distance of X is:43.168884, limit is:60The moving distance of Y
is:123.31793, limit is:60
02-24 16:20:31.076 16428 16517 W libEGL : EGLNativeWindowType 0x71944d6010
disconnect failed
02-24 16:20:31.103 16428 16428 W InputMethodManager: startInputReason = 1
02-24 16:20:32.384 16428 16428 W InputMethodManager: startInputReason = 1
02-24 16:20:35.811 16428 16428 W Settings: Setting device_provisioned has moved
from android.provider.Settings.Secure to android.provider.Settings.Global.
02-24 16:20:35.938 16428 16517 W libEGL : EGLNativeWindowType 0x7195525010
disconnect failed
02-24 16:20:35.975 16428 16428 W ActivityThread: handleWindowVisibility: no
activity for token android.os.BinderProxy@76dd02d
02-24 16:20:36.066 16428 16428 W ActivityThread: handleWindowVisibility: no
activity for token android.os.BinderProxy@d203e3f
02-24 16:20:36.325 16428 16428 W InputMethodManager: startInputReason = 1
02-24 16:20:36.392 16428 16517 W libEGL : EGLNativeWindowType 0x719111c010
disconnect failed
02-24 16:20:36.482 16428 16517 W libEGL : EGLNativeWindowType 0x7187df2010
disconnect failed
02-24 16:20:38.420 16428 16428 W Settings: Setting device_provisioned has moved
from android.provider.Settings.Secure to android.provider.Settings.Global.
02-24 16:20:38.571 16428 16428 W ActivityThread: handleWindowVisibility: no
activity for token android.os.BinderProxy@59a27d4
02-24 16:20:38.725 16428 16428 W InputMethodManager: startInputReason = 1
02-24 16:20:38.995 16428 16517 W libEGL : EGLNativeWindowType 0x7185dfe010
disconnect failed
02-24 16:20:39.130 16428 16439 E : [ZeroHung]zrhung_get_config: Get config
failed for wp[0x0008]
02-24 16:20:42.221 16428 16428 W Settings: Setting device_provisioned has moved
from android.provider.Settings.Secure to android.provider.Settings.Global.
02-24 16:20:42.291 16428 16428 W HiTouch_PressGestureDetector: Touch pointer move a
lot. The moving distance of X is:20.931213, limit is:60The moving distance of Y
is:86.55292, limit is:60
02-24 16:20:42.449 16428 16428 W image-loader-me: type=1400 audit(0.0:625485): avc:
granted { create } for name=".thumbdata4--1967290299_7"
scontext=u:r:untrusted_app:s0:c6,c257,c512,c768
tcontext=u:object_r:sdcardfs:s0:c6,c257,c512,c768 tclass=file
02-24 16:20:47.043 16428 16428 W HiTouch_PressGestureDetector: Touch pointer move a
lot. The moving distance of X is:14.670288, limit is:60The moving distance of Y
is:100.483154, limit is:60
02-24 16:20:49.125 16428 16428 W HiTouch_PressGestureDetector: Touch pointer move a
lot. The moving distance of X is:5.024475, limit is:60The moving distance of Y
is:74.513855, limit is:60
02-24 16:20:51.475 16428 16428 W HiTouch_PressGestureDetector: Touch pointer move a
lot. The moving distance of X is:3.4401245, limit is:60The moving distance of Y
is:85.20203, limit is:60
02-24 16:21:02.499 16428 16428 W InputMethodManager: startInputReason = 1
02-24 16:21:02.518 16428 16517 W libEGL : EGLNativeWindowType 0x71845f8010
disconnect failed
02-24 16:21:03.498 16428 16428 W ActivityThread: handleWindowVisibility: no
activity for token android.os.BinderProxy@756d291
02-24 16:21:03.647 16428 16428 W InputMethodManager: startInputReason = 1
02-24 16:21:03.898 16428 16517 W libEGL : EGLNativeWindowType 0x71944c4010
disconnect failed
02-24 16:21:04.727 16428 16428 W Settings: Setting device_provisioned has moved
from android.provider.Settings.Secure to android.provider.Settings.Global.
02-24 16:21:04.952 16428 16428 W InputMethodManager: startInputReason = 1
02-24 16:21:05.037 16428 16428 W ActivityThread: handleWindowVisibility: no
activity for token android.os.BinderProxy@6c8a3d9
02-24 16:21:05.136 16428 16517 W libEGL : EGLNativeWindowType 0x719b627010
disconnect failed
02-24 16:21:05.149 16428 16428 W InputMethodManager: startInputReason = 1
02-24 16:21:05.263 16428 16517 W libEGL : EGLNativeWindowType 0x71877f1010
disconnect failed
02-24 16:21:06.790 16428 16428 W InputMethodManager: startInputReason = 1
02-24 16:21:06.925 16428 16517 W libEGL : EGLNativeWindowType 0x718abf4010
disconnect failed
02-24 16:21:08.681 16428 16428 E ArmVmp : Match on catch block at 0x0a in for 0xd5
02-24 16:21:08.699 16428 16428 E ArmVmp : Match on catch block at 0xc3 in for 0xa1
02-24 16:21:08.738 16428 16428 E ArmVmp : Match on catch block at 0xc3 in for 0xa5
02-24 16:21:08.741 16428 16428 E ArmVmp : Match on catch block at 0xc3 in for 0xa9
02-24 16:21:08.743 16428 16428 E ArmVmp : Match on catch block at 0xc3 in for 0xa1
02-24 16:21:08.746 16428 16428 E ArmVmp : Match on catch block at 0xc3 in for 0xa5
02-24 16:21:08.748 16428 16428 E ArmVmp : Match on catch block at 0xc3 in for 0xa9
02-24 16:21:08.754 16428 16428 E ArmVmp : Match on catch block at 0xc3 in for 0xa1
02-24 16:21:08.759 16428 16428 E ArmVmp : Match on catch block at 0xc3 in for 0xa5
02-24 16:21:08.760 16428 16428 E ArmVmp : Match on catch block at 0xc3 in for 0xa9
02-24 16:21:08.763 16428 16428 E ArmVmp : Match on catch block at 0xc3 in for 0xa1
02-24 16:21:08.770 16428 16428 E ArmVmp : Match on catch block at 0xc3 in for 0xa5
02-24 16:21:08.772 16428 16428 E ArmVmp : Match on catch block at 0xc3 in for 0xa9
02-24 16:21:08.821 16428 16428 W InputMethodManager: startInputReason = 1
02-24 16:21:08.941 16428 16517 W libEGL : EGLNativeWindowType 0x71944c4010
disconnect failed
02-24 16:21:09.776 16428 16428 W HiTouch_PressGestureDetector: Touch pointer move a
lot. The moving distance of X is:29.020752, limit is:60The moving distance of Y
is:73.058105, limit is:60
02-24 16:21:09.778 16428 16428 E ArmVmp : Match on catch block at 0xc3 in for 0xa5
02-24 16:21:09.786 16428 16428 E ArmVmp : Match on catch block at 0xc3 in for 0xa9
02-24 16:21:09.789 16428 16428 E ArmVmp : Match on catch block at 0xc3 in for 0xa1
02-24 16:21:09.792 16428 16428 E ArmVmp : Match on catch block at 0xc3 in for 0xa5
02-24 16:21:09.794 16428 16428 E ArmVmp : Match on catch block at 0xc3 in for 0xa9
02-24 16:21:09.796 16428 16428 E ArmVmp : Match on catch block at 0xc3 in for 0xa1
02-24 16:21:09.808 16428 16428 E ArmVmp : Match on catch block at 0xc3 in for 0xa5
02-24 16:21:09.816 16428 16428 E ArmVmp : Match on catch block at 0xc3 in for 0xa9
02-24 16:21:09.819 16428 16428 E ArmVmp : Match on catch block at 0xc3 in for 0xa1
02-24 16:21:09.822 16428 16428 E ArmVmp : Match on catch block at 0xc3 in for 0xa5
02-24 16:21:09.825 16428 16428 E ArmVmp : Match on catch block at 0xc3 in for 0xa9
02-24 16:21:09.828 16428 16428 E ArmVmp : Match on catch block at 0xc3 in for 0xa1
02-24 16:21:09.840 16428 16428 E ArmVmp : Match on catch block at 0xc3 in for 0xa5
02-24 16:21:09.850 16428 16428 E ArmVmp : Match on catch block at 0xc3 in for 0xa9
02-24 16:21:09.853 16428 16428 E ArmVmp : Match on catch block at 0xc3 in for 0xa1
02-24 16:21:09.855 16428 16428 E ArmVmp : Match on catch block at 0xc3 in for 0xa5
02-24 16:21:09.858 16428 16428 E ArmVmp : Match on catch block at 0xc3 in for 0xa9
02-24 16:21:09.860 16428 16428 E ArmVmp : Match on catch block at 0xc3 in for 0xa1
02-24 16:21:09.868 16428 16428 E ArmVmp : Match on catch block at 0xc3 in for 0xa5
02-24 16:21:09.873 16428 16428 E ArmVmp : Match on catch block at 0xc3 in for 0xa9
02-24 16:21:09.875 16428 16428 E ArmVmp : Match on catch block at 0xc3 in for 0xa1
02-24 16:21:09.877 16428 16428 E ArmVmp : Match on catch block at 0xc3 in for 0xa5
02-24 16:21:09.879 16428 16428 E ArmVmp : Match on catch block at 0xc3 in for 0xa9
02-24 16:21:09.880 16428 16428 E ArmVmp : Match on catch block at 0xc3 in for 0xa1
02-24 16:21:09.888 16428 16428 E ArmVmp : Match on catch block at 0xc3 in for 0xa5
02-24 16:21:09.893 16428 16428 E ArmVmp : Match on catch block at 0xc3 in for 0xa9
02-24 16:21:09.894 16428 16428 E ArmVmp : Match on catch block at 0xc3 in for 0xa1
02-24 16:21:09.896 16428 16428 E ArmVmp : Match on catch block at 0xc3 in for 0xa5
02-24 16:21:09.898 16428 16428 E ArmVmp : Match on catch block at 0xc3 in for 0xa9
02-24 16:21:09.899 16428 16428 E ArmVmp : Match on catch block at 0xc3 in for 0xa1
02-24 16:21:09.905 16428 16428 E ArmVmp : Match on catch block at 0xc3 in for 0xa5
02-24 16:21:09.910 16428 16428 E ArmVmp : Match on catch block at 0xc3 in for 0xa9
02-24 16:21:09.912 16428 16428 E ArmVmp : Match on catch block at 0xc3 in for 0xa1
02-24 16:21:09.913 16428 16428 E ArmVmp : Match on catch block at 0xc3 in for 0xa5
02-24 16:21:09.915 16428 16428 E ArmVmp : Match on catch block at 0xc3 in for 0xa9
02-24 16:21:09.917 16428 16428 E ArmVmp : Match on catch block at 0xc3 in for 0xa1
02-24 16:21:09.923 16428 16428 E ArmVmp : Match on catch block at 0xc3 in for 0xa5
02-24 16:21:09.927 16428 16428 E ArmVmp : Match on catch block at 0xc3 in for 0xa9
02-24 16:21:09.929 16428 16428 E ArmVmp : Match on catch block at 0xc3 in for 0xa1
02-24 16:21:09.931 16428 16428 E ArmVmp : Match on catch block at 0xc3 in for 0xa5
02-24 16:21:09.933 16428 16428 E ArmVmp : Match on catch block at 0xc3 in for 0xa9
02-24 16:21:09.934 16428 16428 E ArmVmp : Match on catch block at 0xc3 in for 0xa1
02-24 16:21:09.941 16428 16428 E ArmVmp : Match on catch block at 0xc3 in for 0xa5
02-24 16:21:09.947 16428 16428 E ArmVmp : Match on catch block at 0xc3 in for 0xa9
02-24 16:21:09.949 16428 16428 E ArmVmp : Match on catch block at 0xc3 in for 0xa1
02-24 16:21:09.951 16428 16428 E ArmVmp : Match on catch block at 0xc3 in for 0xa5
02-24 16:21:09.953 16428 16428 E ArmVmp : Match on catch block at 0xc3 in for 0xa9
02-24 16:21:09.954 16428 16428 E ArmVmp : Match on catch block at 0xc3 in for 0xa1
02-24 16:21:09.961 16428 16428 E ArmVmp : Match on catch block at 0xc3 in for 0xa5
02-24 16:21:09.966 16428 16428 E ArmVmp : Match on catch block at 0xc3 in for 0xa9
02-24 16:21:09.968 16428 16428 E ArmVmp : Match on catch block at 0xc3 in for 0xa1
02-24 16:21:09.970 16428 16428 E ArmVmp : Match on catch block at 0xc3 in for 0xa5
02-24 16:21:09.972 16428 16428 E ArmVmp : Match on catch block at 0xc3 in for 0xa9
02-24 16:21:09.973 16428 16428 E ArmVmp : Match on catch block at 0xc3 in for 0xa1
02-24 16:21:09.980 16428 16428 E ArmVmp : Match on catch block at 0xc3 in for 0xa5
02-24 16:21:09.985 16428 16428 E ArmVmp : Match on catch block at 0xc3 in for 0xa9
02-24 16:21:09.987 16428 16428 E ArmVmp : Match on catch block at 0xc3 in for 0xa1
02-24 16:21:09.988 16428 16428 E ArmVmp : Match on catch block at 0xc3 in for 0xa5
02-24 16:21:09.990 16428 16428 E ArmVmp : Match on catch block at 0xc3 in for 0xa9
02-24 16:21:09.992 16428 16428 E ArmVmp : Match on catch block at 0xc3 in for 0xa1
02-24 16:21:09.999 16428 16428 E ArmVmp : Match on catch block at 0xc3 in for 0xa5
02-24 16:21:10.004 16428 16428 E ArmVmp : Match on catch block at 0xc3 in for 0xa9
02-24 16:21:10.006 16428 16428 E ArmVmp : Match on catch block at 0xc3 in for 0xa1
02-24 16:21:10.008 16428 16428 E ArmVmp : Match on catch block at 0xc3 in for 0xa5
02-24 16:21:10.009 16428 16428 E ArmVmp : Match on catch block at 0xc3 in for 0xa9
02-24 16:21:10.011 16428 16428 E ArmVmp : Match on catch block at 0xc3 in for 0xa1
02-24 16:21:10.018 16428 16428 E ArmVmp : Match on catch block at 0xc3 in for 0xa5
02-24 16:21:10.023 16428 16428 E ArmVmp : Match on catch block at 0xc3 in for 0xa9
02-24 16:21:10.025 16428 16428 E ArmVmp : Match on catch block at 0xc3 in for 0xa1
02-24 16:21:10.027 16428 16428 E ArmVmp : Match on catch block at 0xc3 in for 0xa5
02-24 16:21:10.029 16428 16428 E ArmVmp : Match on catch block at 0xc3 in for 0xa9
02-24 16:21:10.031 16428 16428 E ArmVmp : Match on catch block at 0xc3 in for 0xa1
02-24 16:21:10.038 16428 16428 E ArmVmp : Match on catch block at 0xc3 in for 0xa5
02-24 16:21:10.042 16428 16428 E ArmVmp : Match on catch block at 0xc3 in for 0xa9
02-24 16:21:10.044 16428 16428 E ArmVmp : Match on catch block at 0xc3 in for 0xa1
02-24 16:21:10.047 16428 16428 E ArmVmp : Match on catch block at 0xc3 in for 0xa5
02-24 16:21:10.049 16428 16428 E ArmVmp : Match on catch block at 0xc3 in for 0xa9
02-24 16:21:10.050 16428 16428 E ArmVmp : Match on catch block at 0xc3 in for 0xa1
02-24 16:21:10.056 16428 16428 E ArmVmp : Match on catch block at 0xc3 in for 0xa5
02-24 16:21:10.061 16428 16428 E ArmVmp : Match on catch block at 0xc3 in for 0xa9
02-24 16:21:10.063 16428 16428 E ArmVmp : Match on catch block at 0xc3 in for 0xa1
02-24 16:21:10.065 16428 16428 E ArmVmp : Match on catch block at 0xc3 in for 0xa5
02-24 16:21:10.066 16428 16428 E ArmVmp : Match on catch block at 0xc3 in for 0xa9
02-24 16:21:10.068 16428 16428 E ArmVmp : Match on catch block at 0xc3 in for 0xa1
02-24 16:21:10.074 16428 16428 E ArmVmp : Match on catch block at 0xc3 in for 0xa5
02-24 16:21:10.078 16428 16428 E ArmVmp : Match on catch block at 0xc3 in for 0xa9
02-24 16:21:10.080 16428 16428 E ArmVmp : Match on catch block at 0xc3 in for 0xa1
02-24 16:21:10.082 16428 16428 E ArmVmp : Match on catch block at 0xc3 in for 0xa5
02-24 16:21:10.086 16428 16428 E ArmVmp : Match on catch block at 0xc3 in for 0xa9
02-24 16:21:10.088 16428 16428 E ArmVmp : Match on catch block at 0xc3 in for 0xa1
02-24 16:21:10.094 16428 16428 E ArmVmp : Match on catch block at 0xc3 in for 0xa5
02-24 16:21:10.099 16428 16428 E ArmVmp : Match on catch block at 0xc3 in for 0xa9
02-24 16:21:10.101 16428 16428 E ArmVmp : Match on catch block at 0xc3 in for 0xa1
02-24 16:21:10.103 16428 16428 E ArmVmp : Match on catch block at 0xc3 in for 0xa5
02-24 16:21:10.105 16428 16428 E ArmVmp : Match on catch block at 0xc3 in for 0xa9
02-24 16:21:10.106 16428 16428 E ArmVmp : Match on catch block at 0xc3 in for 0xa1
02-24 16:21:10.113 16428 16428 E ArmVmp : Match on catch block at 0xc3 in for 0xa5
02-24 16:21:10.118 16428 16428 E ArmVmp : Match on catch block at 0xc3 in for 0xa9
02-24 16:21:10.120 16428 16428 E ArmVmp : Match on catch block at 0xc3 in for 0xa1
02-24 16:21:10.122 16428 16428 E ArmVmp : Match on catch block at 0xc3 in for 0xa5
02-24 16:21:10.124 16428 16428 E ArmVmp : Match on catch block at 0xc3 in for 0xa9
02-24 16:21:10.125 16428 16428 E ArmVmp : Match on catch block at 0xc3 in for 0xa1
02-24 16:21:10.132 16428 16428 E ArmVmp : Match on catch block at 0xc3 in for 0xa5
02-24 16:21:10.137 16428 16428 E ArmVmp : Match on catch block at 0xc3 in for 0xa9
02-24 16:21:10.139 16428 16428 E ArmVmp : Match on catch block at 0xc3 in for 0xa1
02-24 16:21:10.141 16428 16428 E ArmVmp : Match on catch block at 0xc3 in for 0xa5
02-24 16:21:10.143 16428 16428 E ArmVmp : Match on catch block at 0xc3 in for 0xa9
02-24 16:21:10.145 16428 16428 E ArmVmp : Match on catch block at 0xc3 in for 0xa1
02-24 16:21:10.152 16428 16428 E ArmVmp : Match on catch block at 0xc3 in for 0xa5
02-24 16:21:10.156 16428 16428 E ArmVmp : Match on catch block at 0xc3 in for 0xa9
02-24 16:21:10.158 16428 16428 E ArmVmp : Match on catch block at 0xc3 in for 0xa1
02-24 16:21:10.160 16428 16428 E ArmVmp : Match on catch block at 0xc3 in for 0xa5
02-24 16:21:10.162 16428 16428 E ArmVmp : Match on catch block at 0xc3 in for 0xa9
02-24 16:21:10.164 16428 16428 E ArmVmp : Match on catch block at 0xc3 in for 0xa1
02-24 16:21:10.171 16428 16428 E ArmVmp : Match on catch block at 0xc3 in for 0xa5
02-24 16:21:10.175 16428 16428 E ArmVmp : Match on catch block at 0xc3 in for 0xa9
02-24 16:21:10.177 16428 16428 E ArmVmp : Match on catch block at 0xc3 in for 0xa1
02-24 16:21:10.179 16428 16428 E ArmVmp : Match on catch block at 0xc3 in for 0xa5
02-24 16:21:10.181 16428 16428 E ArmVmp : Match on catch block at 0xc3 in for 0xa9
02-24 16:21:10.183 16428 16428 E ArmVmp : Match on catch block at 0xc3 in for 0xa1
02-24 16:21:10.190 16428 16428 E ArmVmp : Match on catch block at 0xc3 in for 0xa5
02-24 16:21:10.194 16428 16428 E ArmVmp : Match on catch block at 0xc3 in for 0xa9
02-24 16:21:10.196 16428 16428 E ArmVmp : Match on catch block at 0xc3 in for 0xa1
02-24 16:21:10.197 16428 16428 E ArmVmp : Match on catch block at 0xc3 in for 0xa5
02-24 16:21:10.199 16428 16428 E ArmVmp : Match on catch block at 0xc3 in for 0xa9
02-24 16:21:10.200 16428 16428 E ArmVmp : Match on catch block at 0xc3 in for 0xa1
02-24 16:21:10.207 16428 16428 E ArmVmp : Match on catch block at 0xc3 in for 0xa5
02-24 16:21:10.211 16428 16428 E ArmVmp : Match on catch block at 0xc3 in for 0xa9
02-24 16:21:10.213 16428 16428 E ArmVmp : Match on catch block at 0xc3 in for 0xa1
02-24 16:21:10.215 16428 16428 E ArmVmp : Match on catch block at 0xc3 in for 0xa5
02-24 16:21:10.217 16428 16428 E ArmVmp : Match on catch block at 0xc3 in for 0xa9
02-24 16:21:10.218 16428 16428 E ArmVmp : Match on catch block at 0xc3 in for 0xa1
02-24 16:21:10.224 16428 16428 E ArmVmp : Match on catch block at 0xc3 in for 0xa5
02-24 16:21:10.229 16428 16428 E ArmVmp : Match on catch block at 0xc3 in for 0xa9
02-24 16:21:10.231 16428 16428 E ArmVmp : Match on catch block at 0xc3 in for 0xa1
02-24 16:21:10.233 16428 16428 E ArmVmp : Match on catch block at 0xc3 in for 0xa5
02-24 16:21:10.234 16428 16428 E ArmVmp : Match on catch block at 0xc3 in for 0xa9
02-24 16:21:10.236 16428 16428 E ArmVmp : Match on catch block at 0xc3 in for 0xa1
02-24 16:21:10.243 16428 16428 E ArmVmp : Match on catch block at 0xc3 in for 0xa5
02-24 16:21:10.247 16428 16428 E ArmVmp : Match on catch block at 0xc3 in for 0xa9
02-24 16:21:10.250 16428 16428 E ArmVmp : Match on catch block at 0xc3 in for 0xa1
02-24 16:21:10.252 16428 16428 E ArmVmp : Match on catch block at 0xc3 in for 0xa5
02-24 16:21:10.253 16428 16428 E ArmVmp : Match on catch block at 0xc3 in for 0xa9
02-24 16:21:10.255 16428 16428 E ArmVmp : Match on catch block at 0xc3 in for 0xa1
02-24 16:21:10.262 16428 16428 E ArmVmp : Match on catch block at 0xc3 in for 0xa5
02-24 16:21:10.268 16428 16428 E ArmVmp : Match on catch block at 0xc3 in for 0xa9
02-24 16:21:10.270 16428 16428 E ArmVmp : Match on catch block at 0xc3 in for 0xa1
02-24 16:21:10.272 16428 16428 E ArmVmp : Match on catch block at 0xc3 in for 0xa5
02-24 16:21:10.273 16428 16428 E ArmVmp : Match on catch block at 0xc3 in for 0xa9
02-24 16:21:10.275 16428 16428 E ArmVmp : Match on catch block at 0xc3 in for 0xa1
02-24 16:21:10.284 16428 16428 E ArmVmp : Match on catch block at 0xc3 in for 0xa9
02-24 16:21:10.289 16428 16428 E ArmVmp : Match on catch block at 0xc3 in for 0xa1
02-24 16:21:10.291 16428 16428 E ArmVmp : Match on catch block at 0xc3 in for 0xa5
02-24 16:21:10.293 16428 16428 E ArmVmp : Match on catch block at 0xc3 in for 0xa9
02-24 16:21:10.294 16428 16428 E ArmVmp : Match on catch block at 0xc3 in for 0xa1
02-24 16:21:10.296 16428 16428 E ArmVmp : Match on catch block at 0xc3 in for 0xa5
02-24 16:21:10.303 16428 16428 W HiTouch_PressGestureDetector: Touch pointer move a
lot. The moving distance of X is:32.343506, limit is:60The moving distance of Y
is:94.964294, limit is:60
02-24 16:21:10.305 16428 16428 E ArmVmp : Match on catch block at 0xc3 in for 0xa9
02-24 16:21:10.309 16428 16428 E ArmVmp : Match on catch block at 0xc3 in for 0xa1
02-24 16:21:10.311 16428 16428 E ArmVmp : Match on catch block at 0xc3 in for 0xa5
02-24 16:21:10.313 16428 16428 E ArmVmp : Match on catch block at 0xc3 in for 0xa9
02-24 16:21:10.315 16428 16428 E ArmVmp : Match on catch block at 0xc3 in for 0xa1
02-24 16:21:10.317 16428 16428 E ArmVmp : Match on catch block at 0xc3 in for 0xa5
02-24 16:21:10.324 16428 16428 E ArmVmp : Match on catch block at 0xc3 in for 0xa9
02-24 16:21:10.329 16428 16428 E ArmVmp : Match on catch block at 0xc3 in for 0xa1
02-24 16:21:10.331 16428 16428 E ArmVmp : Match on catch block at 0xc3 in for 0xa5
02-24 16:21:10.333 16428 16428 E ArmVmp : Match on catch block at 0xc3 in for 0xa9
02-24 16:21:10.334 16428 16428 E ArmVmp : Match on catch block at 0xc3 in for 0xa1
02-24 16:21:10.336 16428 16428 E ArmVmp : Match on catch block at 0xc3 in for 0xa5
02-24 16:21:10.346 16428 16428 E ArmVmp : Match on catch block at 0xc3 in for 0xa9
02-24 16:21:10.352 16428 16428 E ArmVmp : Match on catch block at 0xc3 in for 0xa1
02-24 16:21:10.358 16428 16428 E ArmVmp : Match on catch block at 0xc3 in for 0xa5
02-24 16:21:10.360 16428 16428 E ArmVmp : Match on catch block at 0xc3 in for 0xa9
02-24 16:21:10.362 16428 16428 E ArmVmp : Match on catch block at 0xc3 in for 0xa1
02-24 16:21:10.365 16428 16428 E ArmVmp : Match on catch block at 0xc3 in for 0xa5
02-24 16:21:10.374 16428 16428 E ArmVmp : Match on catch block at 0xc3 in for 0xa9
02-24 16:21:10.380 16428 16428 E ArmVmp : Match on catch block at 0xc3 in for 0xa1
02-24 16:21:10.383 16428 16428 E ArmVmp : Match on catch block at 0xc3 in for 0xa5
02-24 16:21:10.385 16428 16428 E ArmVmp : Match on catch block at 0xc3 in for 0xa9
02-24 16:21:10.387 16428 16428 E ArmVmp : Match on catch block at 0xc3 in for 0xa1
02-24 16:21:10.389 16428 16428 E ArmVmp : Match on catch block at 0xc3 in for 0xa5
02-24 16:21:10.397 16428 16428 E ArmVmp : Match on catch block at 0xc3 in for 0xa9
02-24 16:21:10.402 16428 16428 E ArmVmp : Match on catch block at 0xc3 in for 0xa1
02-24 16:21:10.404 16428 16428 E ArmVmp : Match on catch block at 0xc3 in for 0xa5
02-24 16:21:10.406 16428 16428 E ArmVmp : Match on catch block at 0xc3 in for 0xa9
02-24 16:21:10.407 16428 16428 E ArmVmp : Match on catch block at 0xc3 in for 0xa1
02-24 16:21:10.409 16428 16428 E ArmVmp : Match on catch block at 0xc3 in for 0xa5
02-24 16:21:10.416 16428 16428 E ArmVmp : Match on catch block at 0xc3 in for 0xa9
02-24 16:21:10.421 16428 16428 E ArmVmp : Match on catch block at 0xc3 in for 0xa1
02-24 16:21:10.423 16428 16428 E ArmVmp : Match on catch block at 0xc3 in for 0xa5
02-24 16:21:10.425 16428 16428 E ArmVmp : Match on catch block at 0xc3 in for 0xa9
02-24 16:21:10.426 16428 16428 E ArmVmp : Match on catch block at 0xc3 in for 0xa1
02-24 16:21:10.428 16428 16428 E ArmVmp : Match on catch block at 0xc3 in for 0xa5
02-24 16:21:10.435 16428 16428 E ArmVmp : Match on catch block at 0xc3 in for 0xa9
02-24 16:21:10.441 16428 16428 E ArmVmp : Match on catch block at 0xc3 in for 0xa1
02-24 16:21:10.443 16428 16428 E ArmVmp : Match on catch block at 0xc3 in for 0xa5
02-24 16:21:10.445 16428 16428 E ArmVmp : Match on catch block at 0xc3 in for 0xa9
02-24 16:21:10.446 16428 16428 E ArmVmp : Match on catch block at 0xc3 in for 0xa1
02-24 16:21:10.448 16428 16428 E ArmVmp : Match on catch block at 0xc3 in for 0xa5
02-24 16:21:10.457 16428 16428 E ArmVmp : Match on catch block at 0xc3 in for 0xa9
02-24 16:21:10.462 16428 16428 E ArmVmp : Match on catch block at 0xc3 in for 0xa1
02-24 16:21:10.464 16428 16428 E ArmVmp : Match on catch block at 0xc3 in for 0xa5
02-24 16:21:10.465 16428 16428 E ArmVmp : Match on catch block at 0xc3 in for 0xa9
02-24 16:21:10.467 16428 16428 E ArmVmp : Match on catch block at 0xc3 in for 0xa1
02-24 16:21:10.469 16428 16428 E ArmVmp : Match on catch block at 0xc3 in for 0xa5
02-24 16:21:10.476 16428 16428 E ArmVmp : Match on catch block at 0xc3 in for 0xa9
02-24 16:21:10.481 16428 16428 E ArmVmp : Match on catch block at 0xc3 in for 0xa1
02-24 16:21:10.484 16428 16428 E ArmVmp : Match on catch block at 0xc3 in for 0xa5
02-24 16:21:10.486 16428 16428 E ArmVmp : Match on catch block at 0xc3 in for 0xa9
02-24 16:21:10.488 16428 16428 E ArmVmp : Match on catch block at 0xc3 in for 0xa1
02-24 16:21:10.489 16428 16428 E ArmVmp : Match on catch block at 0xc3 in for 0xa5
02-24 16:21:10.496 16428 16428 E ArmVmp : Match on catch block at 0xc3 in for 0xa9
02-24 16:21:10.501 16428 16428 E ArmVmp : Match on catch block at 0xc3 in for 0xa1
02-24 16:21:10.503 16428 16428 E ArmVmp : Match on catch block at 0xc3 in for 0xa5
02-24 16:21:10.505 16428 16428 E ArmVmp : Match on catch block at 0xc3 in for 0xa9
02-24 16:21:10.506 16428 16428 E ArmVmp : Match on catch block at 0xc3 in for 0xa1
02-24 16:21:10.508 16428 16428 E ArmVmp : Match on catch block at 0xc3 in for 0xa5
02-24 16:21:10.514 16428 16428 E ArmVmp : Match on catch block at 0xc3 in for 0xa9
02-24 16:21:10.520 16428 16428 E ArmVmp : Match on catch block at 0xc3 in for 0xa1
02-24 16:21:10.522 16428 16428 E ArmVmp : Match on catch block at 0xc3 in for 0xa5
02-24 16:21:10.523 16428 16428 E ArmVmp : Match on catch block at 0xc3 in for 0xa9
02-24 16:21:10.525 16428 16428 E ArmVmp : Match on catch block at 0xc3 in for 0xa1
02-24 16:21:10.527 16428 16428 E ArmVmp : Match on catch block at 0xc3 in for 0xa5
02-24 16:21:10.536 16428 16428 E ArmVmp : Match on catch block at 0xc3 in for 0xa9
02-24 16:21:10.541 16428 16428 E ArmVmp : Match on catch block at 0xc3 in for 0xa1
02-24 16:21:10.543 16428 16428 E ArmVmp : Match on catch block at 0xc3 in for 0xa5
02-24 16:21:10.545 16428 16428 E ArmVmp : Match on catch block at 0xc3 in for 0xa9
02-24 16:21:10.546 16428 16428 E ArmVmp : Match on catch block at 0xc3 in for 0xa1
02-24 16:21:10.548 16428 16428 E ArmVmp : Match on catch block at 0xc3 in for 0xa5
02-24 16:21:10.555 16428 16428 E ArmVmp : Match on catch block at 0xc3 in for 0xa9
02-24 16:21:10.560 16428 16428 E ArmVmp : Match on catch block at 0xc3 in for 0xa1
02-24 16:21:10.562 16428 16428 E ArmVmp : Match on catch block at 0xc3 in for 0xa5
02-24 16:21:10.564 16428 16428 E ArmVmp : Match on catch block at 0xc3 in for 0xa9
02-24 16:21:10.565 16428 16428 E ArmVmp : Match on catch block at 0xc3 in for 0xa1
02-24 16:21:10.567 16428 16428 E ArmVmp : Match on catch block at 0xc3 in for 0xa5
02-24 16:21:10.574 16428 16428 E ArmVmp : Match on catch block at 0xc3 in for 0xa9
02-24 16:21:10.579 16428 16428 E ArmVmp : Match on catch block at 0xc3 in for 0xa1
02-24 16:21:10.581 16428 16428 E ArmVmp : Match on catch block at 0xc3 in for 0xa5
02-24 16:21:10.582 16428 16428 E ArmVmp : Match on catch block at 0xc3 in for 0xa9
02-24 16:21:10.584 16428 16428 E ArmVmp : Match on catch block at 0xc3 in for 0xa1
02-24 16:21:10.586 16428 16428 E ArmVmp : Match on catch block at 0xc3 in for 0xa5
02-24 16:21:10.593 16428 16428 E ArmVmp : Match on catch block at 0xc3 in for 0xa9
02-24 16:21:10.597 16428 16428 E ArmVmp : Match on catch block at 0xc3 in for 0xa1
02-24 16:21:10.599 16428 16428 E ArmVmp : Match on catch block at 0xc3 in for 0xa5
02-24 16:21:10.601 16428 16428 E ArmVmp : Match on catch block at 0xc3 in for 0xa9
02-24 16:21:10.603 16428 16428 E ArmVmp : Match on catch block at 0xc3 in for 0xa1
02-24 16:21:10.605 16428 16428 E ArmVmp : Match on catch block at 0xc3 in for 0xa5
02-24 16:21:10.611 16428 16428 E ArmVmp : Match on catch block at 0xc3 in for 0xa9
02-24 16:21:10.615 16428 16428 E ArmVmp : Match on catch block at 0xc3 in for 0xa1
02-24 16:21:10.618 16428 16428 E ArmVmp : Match on catch block at 0xc3 in for 0xa5
02-24 16:21:10.619 16428 16428 E ArmVmp : Match on catch block at 0xc3 in for 0xa9
02-24 16:21:10.621 16428 16428 E ArmVmp : Match on catch block at 0xc3 in for 0xa1
02-24 16:21:10.623 16428 16428 E ArmVmp : Match on catch block at 0xc3 in for 0xa5
02-24 16:21:10.629 16428 16428 E ArmVmp : Match on catch block at 0xc3 in for 0xa9
02-24 16:21:10.634 16428 16428 E ArmVmp : Match on catch block at 0xc3 in for 0xa1
02-24 16:21:10.636 16428 16428 E ArmVmp : Match on catch block at 0xc3 in for 0xa5
02-24 16:21:10.638 16428 16428 E ArmVmp : Match on catch block at 0xc3 in for 0xa9
02-24 16:21:10.639 16428 16428 E ArmVmp : Match on catch block at 0xc3 in for 0xa1
02-24 16:21:10.641 16428 16428 E ArmVmp : Match on catch block at 0xc3 in for 0xa5
02-24 16:21:10.648 16428 16428 E ArmVmp : Match on catch block at 0xc3 in for 0xa9
02-24 16:21:10.653 16428 16428 E ArmVmp : Match on catch block at 0xc3 in for 0xa1
02-24 16:21:10.655 16428 16428 E ArmVmp : Match on catch block at 0xc3 in for 0xa5
02-24 16:21:10.657 16428 16428 E ArmVmp : Match on catch block at 0xc3 in for 0xa9
02-24 16:21:10.659 16428 16428 E ArmVmp : Match on catch block at 0xc3 in for 0xa1
02-24 16:21:10.660 16428 16428 E ArmVmp : Match on catch block at 0xc3 in for 0xa5
02-24 16:21:10.667 16428 16428 E ArmVmp : Match on catch block at 0xc3 in for 0xa9
02-24 16:21:10.672 16428 16428 E ArmVmp : Match on catch block at 0xc3 in for 0xa1
02-24 16:21:10.674 16428 16428 E ArmVmp : Match on catch block at 0xc3 in for 0xa5
02-24 16:21:10.675 16428 16428 E ArmVmp : Match on catch block at 0xc3 in for 0xa9
02-24 16:21:10.677 16428 16428 E ArmVmp : Match on catch block at 0xc3 in for 0xa1
02-24 16:21:10.678 16428 16428 E ArmVmp : Match on catch block at 0xc3 in for 0xa5
02-24 16:21:10.685 16428 16428 E ArmVmp : Match on catch block at 0xc3 in for 0xa9
02-24 16:21:10.689 16428 16428 E ArmVmp : Match on catch block at 0xc3 in for 0xa1
02-24 16:21:10.691 16428 16428 E ArmVmp : Match on catch block at 0xc3 in for 0xa5
02-24 16:21:10.693 16428 16428 E ArmVmp : Match on catch block at 0xc3 in for 0xa9
02-24 16:21:10.695 16428 16428 E ArmVmp : Match on catch block at 0xc3 in for 0xa1
02-24 16:21:10.696 16428 16428 E ArmVmp : Match on catch block at 0xc3 in for 0xa5
02-24 16:21:10.703 16428 16428 E ArmVmp : Match on catch block at 0xc3 in for 0xa9
02-24 16:21:10.708 16428 16428 E ArmVmp : Match on catch block at 0xc3 in for 0xa1
02-24 16:21:10.710 16428 16428 E ArmVmp : Match on catch block at 0xc3 in for 0xa5
02-24 16:21:10.711 16428 16428 E ArmVmp : Match on catch block at 0xc3 in for 0xa9
02-24 16:21:10.713 16428 16428 E ArmVmp : Match on catch block at 0xc3 in for 0xa1
02-24 16:21:10.715 16428 16428 E ArmVmp : Match on catch block at 0xc3 in for 0xa5
02-24 16:21:10.721 16428 16428 E ArmVmp : Match on catch block at 0xc3 in for 0xa9
02-24 16:21:10.726 16428 16428 E ArmVmp : Match on catch block at 0xc3 in for 0xa1
02-24 16:21:10.728 16428 16428 E ArmVmp : Match on catch block at 0xc3 in for 0xa5
02-24 16:21:10.730 16428 16428 E ArmVmp : Match on catch block at 0xc3 in for 0xa9
02-24 16:21:10.731 16428 16428 E ArmVmp : Match on catch block at 0xc3 in for 0xa1
02-24 16:21:10.733 16428 16428 E ArmVmp : Match on catch block at 0xc3 in for 0xa5
02-24 16:21:10.740 16428 16428 E ArmVmp : Match on catch block at 0xc3 in for 0xa9
02-24 16:21:10.744 16428 16428 E ArmVmp : Match on catch block at 0xc3 in for 0xa1
02-24 16:21:10.746 16428 16428 E ArmVmp : Match on catch block at 0xc3 in for 0xa5
02-24 16:21:10.748 16428 16428 E ArmVmp : Match on catch block at 0xc3 in for 0xa9
02-24 16:21:10.749 16428 16428 E ArmVmp : Match on catch block at 0xc3 in for 0xa1
02-24 16:21:10.751 16428 16428 E ArmVmp : Match on catch block at 0xc3 in for 0xa5
02-24 16:21:10.758 16428 16428 E ArmVmp : Match on catch block at 0xc3 in for 0xa9
02-24 16:21:10.762 16428 16428 E ArmVmp : Match on catch block at 0xc3 in for 0xa1
02-24 16:21:10.764 16428 16428 E ArmVmp : Match on catch block at 0xc3 in for 0xa5
02-24 16:21:10.766 16428 16428 E ArmVmp : Match on catch block at 0xc3 in for 0xa9
02-24 16:21:10.768 16428 16428 E ArmVmp : Match on catch block at 0xc3 in for 0xa1
02-24 16:21:10.770 16428 16428 E ArmVmp : Match on catch block at 0xc3 in for 0xa5
02-24 16:21:10.776 16428 16428 E ArmVmp : Match on catch block at 0xc3 in for 0xa9
02-24 16:21:10.780 16428 16428 E ArmVmp : Match on catch block at 0xc3 in for 0xa1
02-24 16:21:10.782 16428 16428 E ArmVmp : Match on catch block at 0xc3 in for 0xa5
02-24 16:21:10.784 16428 16428 E ArmVmp : Match on catch block at 0xc3 in for 0xa9
02-24 16:21:10.786 16428 16428 E ArmVmp : Match on catch block at 0xc3 in for 0xa1
02-24 16:21:10.788 16428 16428 E ArmVmp : Match on catch block at 0xc3 in for 0xa5
02-24 16:21:10.795 16428 16428 E ArmVmp : Match on catch block at 0xc3 in for 0xa9
02-24 16:21:10.799 16428 16428 E ArmVmp : Match on catch block at 0xc3 in for 0xa1
02-24 16:21:10.801 16428 16428 E ArmVmp : Match on catch block at 0xc3 in for 0xa5
02-24 16:21:10.803 16428 16428 E ArmVmp : Match on catch block at 0xc3 in for 0xa9
02-24 16:21:10.805 16428 16428 E ArmVmp : Match on catch block at 0xc3 in for 0xa1
02-24 16:21:10.807 16428 16428 E ArmVmp : Match on catch block at 0xc3 in for 0xa5
02-24 16:21:10.813 16428 16428 E ArmVmp : Match on catch block at 0xc3 in for 0xa9
02-24 16:21:10.818 16428 16428 E ArmVmp : Match on catch block at 0xc3 in for 0xa1
02-24 16:21:10.820 16428 16428 E ArmVmp : Match on catch block at 0xc3 in for 0xa5
02-24 16:21:10.822 16428 16428 E ArmVmp : Match on catch block at 0xc3 in for 0xa9
02-24 16:21:10.824 16428 16428 E ArmVmp : Match on catch block at 0xc3 in for 0xa1
02-24 16:21:10.825 16428 16428 E ArmVmp : Match on catch block at 0xc3 in for 0xa5
02-24 16:21:10.832 16428 16428 E ArmVmp : Match on catch block at 0xc3 in for 0xa9
02-24 16:21:10.837 16428 16428 E ArmVmp : Match on catch block at 0xc3 in for 0xa1
02-24 16:21:10.840 16428 16428 E ArmVmp : Match on catch block at 0xc3 in for 0xa5
02-24 16:21:10.841 16428 16428 E ArmVmp : Match on catch block at 0xc3 in for 0xa9
02-24 16:21:10.843 16428 16428 E ArmVmp : Match on catch block at 0xc3 in for 0xa1
02-24 16:21:10.845 16428 16428 E ArmVmp : Match on catch block at 0xc3 in for 0xa5
02-24 16:21:10.851 16428 16428 E ArmVmp : Match on catch block at 0xc3 in for 0xa9
02-24 16:21:10.856 16428 16428 E ArmVmp : Match on catch block at 0xc3 in for 0xa1
02-24 16:21:10.858 16428 16428 E ArmVmp : Match on catch block at 0xc3 in for 0xa5
02-24 16:21:10.860 16428 16428 E ArmVmp : Match on catch block at 0xc3 in for 0xa9
02-24 16:21:10.861 16428 16428 E ArmVmp : Match on catch block at 0xc3 in for 0xa1
02-24 16:21:10.863 16428 16428 E ArmVmp : Match on catch block at 0xc3 in for 0xa5
02-24 16:21:10.870 16428 16428 E ArmVmp : Match on catch block at 0xc3 in for 0xa9
02-24 16:21:10.874 16428 16428 E ArmVmp : Match on catch block at 0xc3 in for 0xa1
02-24 16:21:10.876 16428 16428 E ArmVmp : Match on catch block at 0xc3 in for 0xa5
02-24 16:21:10.878 16428 16428 E ArmVmp : Match on catch block at 0xc3 in for 0xa9
02-24 16:21:10.880 16428 16428 E ArmVmp : Match on catch block at 0xc3 in for 0xa1
02-24 16:21:10.881 16428 16428 E ArmVmp : Match on catch block at 0xc3 in for 0xa5
02-24 16:21:10.888 16428 16428 E ArmVmp : Match on catch block at 0xc3 in for 0xa9
02-24 16:21:10.892 16428 16428 E ArmVmp : Match on catch block at 0xc3 in for 0xa1
02-24 16:21:10.894 16428 16428 E ArmVmp : Match on catch block at 0xc3 in for 0xa5
02-24 16:21:10.896 16428 16428 E ArmVmp : Match on catch block at 0xc3 in for 0xa9
02-24 16:21:10.898 16428 16428 E ArmVmp : Match on catch block at 0xc3 in for 0xa1
02-24 16:21:10.900 16428 16428 E ArmVmp : Match on catch block at 0xc3 in for 0xa5
02-24 16:21:10.907 16428 16428 E ArmVmp : Match on catch block at 0xc3 in for 0xa9
02-24 16:21:10.911 16428 16428 E ArmVmp : Match on catch block at 0xc3 in for 0xa1
02-24 16:21:10.913 16428 16428 E ArmVmp : Match on catch block at 0xc3 in for 0xa5
02-24 16:21:10.915 16428 16428 E ArmVmp : Match on catch block at 0xc3 in for 0xa9
02-24 16:21:10.916 16428 16428 E ArmVmp : Match on catch block at 0xc3 in for 0xa1
02-24 16:21:10.918 16428 16428 E ArmVmp : Match on catch block at 0xc3 in for 0xa5
02-24 16:21:10.925 16428 16428 E ArmVmp : Match on catch block at 0xc3 in for 0xa9
02-24 16:21:10.930 16428 16428 E ArmVmp : Match on catch block at 0xc3 in for 0xa1
02-24 16:21:10.932 16428 16428 E ArmVmp : Match on catch block at 0xc3 in for 0xa5
02-24 16:21:10.934 16428 16428 E ArmVmp : Match on catch block at 0xc3 in for 0xa9
02-24 16:21:10.936 16428 16428 E ArmVmp : Match on catch block at 0xc3 in for 0xa1
02-24 16:21:10.937 16428 16428 E ArmVmp : Match on catch block at 0xc3 in for 0xa5
02-24 16:21:10.944 16428 16428 E ArmVmp : Match on catch block at 0xc3 in for 0xa9
02-24 16:21:10.949 16428 16428 E ArmVmp : Match on catch block at 0xc3 in for 0xa1
02-24 16:21:10.951 16428 16428 E ArmVmp : Match on catch block at 0xc3 in for 0xa5
02-24 16:21:10.953 16428 16428 E ArmVmp : Match on catch block at 0xc3 in for 0xa9
02-24 16:21:10.954 16428 16428 E ArmVmp : Match on catch block at 0xc3 in for 0xa1
02-24 16:21:10.956 16428 16428 E ArmVmp : Match on catch block at 0xc3 in for 0xa5
02-24 16:21:10.963 16428 16428 E ArmVmp : Match on catch block at 0xc3 in for 0xa9
02-24 16:21:10.967 16428 16428 E ArmVmp : Match on catch block at 0xc3 in for 0xa1
02-24 16:21:10.969 16428 16428 E ArmVmp : Match on catch block at 0xc3 in for 0xa5
02-24 16:21:10.971 16428 16428 E ArmVmp : Match on catch block at 0xc3 in for 0xa9
02-24 16:21:10.973 16428 16428 E ArmVmp : Match on catch block at 0xc3 in for 0xa1
02-24 16:21:10.974 16428 16428 E ArmVmp : Match on catch block at 0xc3 in for 0xa5
02-24 16:21:10.981 16428 16428 E ArmVmp : Match on catch block at 0xc3 in for 0xa9
02-24 16:21:10.985 16428 16428 E ArmVmp : Match on catch block at 0xc3 in for 0xa1
02-24 16:21:10.988 16428 16428 E ArmVmp : Match on catch block at 0xc3 in for 0xa5
02-24 16:21:10.989 16428 16428 E ArmVmp : Match on catch block at 0xc3 in for 0xa9
02-24 16:21:10.991 16428 16428 E ArmVmp : Match on catch block at 0xc3 in for 0xa1
02-24 16:21:10.992 16428 16428 E ArmVmp : Match on catch block at 0xc3 in for 0xa5
02-24 16:21:10.999 16428 16428 E ArmVmp : Match on catch block at 0xc3 in for 0xa9
02-24 16:21:11.006 16428 16428 E ArmVmp : Match on catch block at 0xc3 in for 0xa1
02-24 16:21:11.008 16428 16428 E ArmVmp : Match on catch block at 0xc3 in for 0xa5
02-24 16:21:11.010 16428 16428 E ArmVmp : Match on catch block at 0xc3 in for 0xa9
02-24 16:21:11.011 16428 16428 E ArmVmp : Match on catch block at 0xc3 in for 0xa1
02-24 16:21:11.013 16428 16428 E ArmVmp : Match on catch block at 0xc3 in for 0xa5
02-24 16:21:11.019 16428 16428 E ArmVmp : Match on catch block at 0xc3 in for 0xa9
02-24 16:21:11.025 16428 16428 E ArmVmp : Match on catch block at 0xc3 in for 0xa1
02-24 16:21:11.027 16428 16428 E ArmVmp : Match on catch block at 0xc3 in for 0xa5
02-24 16:21:11.029 16428 16428 E ArmVmp : Match on catch block at 0xc3 in for 0xa9
02-24 16:21:11.031 16428 16428 E ArmVmp : Match on catch block at 0xc3 in for 0xa1
02-24 16:21:11.032 16428 16428 E ArmVmp : Match on catch block at 0xc3 in for 0xa5
02-24 16:21:11.039 16428 16428 E ArmVmp : Match on catch block at 0xc3 in for 0xa9
02-24 16:21:11.044 16428 16428 E ArmVmp : Match on catch block at 0xc3 in for 0xa1
02-24 16:21:11.046 16428 16428 E ArmVmp : Match on catch block at 0xc3 in for 0xa5
02-24 16:21:11.048 16428 16428 E ArmVmp : Match on catch block at 0xc3 in for 0xa9
02-24 16:21:11.049 16428 16428 E ArmVmp : Match on catch block at 0xc3 in for 0xa1
02-24 16:21:11.051 16428 16428 E ArmVmp : Match on catch block at 0xc3 in for 0xa5
02-24 16:21:11.058 16428 16428 E ArmVmp : Match on catch block at 0xc3 in for 0xa9
02-24 16:21:11.064 16428 16428 E ArmVmp : Match on catch block at 0xc3 in for 0xa1
02-24 16:21:11.066 16428 16428 E ArmVmp : Match on catch block at 0xc3 in for 0xa5
02-24 16:21:11.068 16428 16428 E ArmVmp : Match on catch block at 0xc3 in for 0xa9
02-24 16:21:11.069 16428 16428 E ArmVmp : Match on catch block at 0xc3 in for 0xa1
02-24 16:21:11.071 16428 16428 E ArmVmp : Match on catch block at 0xc3 in for 0xa5
02-24 16:21:11.078 16428 16428 E ArmVmp : Match on catch block at 0xc3 in for 0xa9
02-24 16:21:11.083 16428 16428 E ArmVmp : Match on catch block at 0xc3 in for 0xa1
02-24 16:21:11.085 16428 16428 E ArmVmp : Match on catch block at 0xc3 in for 0xa5
02-24 16:21:11.087 16428 16428 E ArmVmp : Match on catch block at 0xc3 in for 0xa9
02-24 16:21:11.089 16428 16428 E ArmVmp : Match on catch block at 0xc3 in for 0xa1
02-24 16:21:11.091 16428 16428 E ArmVmp : Match on catch block at 0xc3 in for 0xa5
02-24 16:21:12.616 16428 16428 E ArmVmp : Match on catch block at 0xc3 in for 0xa9
02-24 16:21:12.625 16428 16428 E ArmVmp : Match on catch block at 0xc3 in for 0xa1
02-24 16:21:12.628 16428 16428 E ArmVmp : Match on catch block at 0xc3 in for 0xa5
02-24 16:21:12.632 16428 16428 E ArmVmp : Match on catch block at 0xc3 in for 0xa9
02-24 16:21:12.635 16428 16428 E ArmVmp : Match on catch block at 0xc3 in for 0xa1
