02-24 16:52:20.801 20701 20701 W StaticLayout: maxLineHeight should not be -1.
maxLines:2 lineCount:2
02-24 16:52:20.801 20701 20701 W StaticLayout: maxLineHeight should not be -1.
maxLines:2 lineCount:2
02-24 16:52:20.823 20701 20787 W libEGL : EGLNativeWindowType 0x71923e4010
disconnect failed
02-24 16:52:21.439 20701 20701 W HiTouch_PressGestureDetector: Touch pointer move a
lot. The moving distance of X is:6.654724, limit is:60The moving distance of Y
is:84.52954, limit is:60
02-24 16:52:22.264 20701 20701 W HiTouch_PressGestureDetector: Touch pointer move a
lot. The moving distance of X is:25.026611, limit is:60The moving distance of Y
is:106.45752, limit is:60
02-24 16:52:22.882 20701 20701 W HiTouch_PressGestureDetector: Touch pointer move a
lot. The moving distance of X is:14.392517, limit is:60The moving distance of Y
is:75.3551, limit is:60
02-24 16:52:24.864 20701 20701 W HiTouch_PressGestureDetector: Touch pointer move a
lot. The moving distance of X is:2.0, limit is:60The moving distance of Y
is:73.70349, limit is:60
02-24 16:52:26.526 20701 20701 W HiTouch_PressGestureDetector: Touch pointer move a
lot. The moving distance of X is:24.5766, limit is:60The moving distance of Y
is:95.882935, limit is:60
02-24 16:52:27.064 20701 20701 W HiTouch_PressGestureDetector: Touch pointer move a
lot. The moving distance of X is:30.620789, limit is:60The moving distance of Y
is:62.862427, limit is:60
02-24 16:52:27.612 20701 20701 W ActivityThread: handleWindowVisibility: no
activity for token android.os.BinderProxy@78be56c
02-24 16:52:28.009 20701 20711 E : [ZeroHung]zrhung_get_config: Get config
failed for wp[0x0008]
02-24 16:52:28.170 20701 20701 W Settings: Setting device_provisioned has moved
from android.provider.Settings.Secure to android.provider.Settings.Global.
02-24 16:52:28.300 20701 20701 W ActivityThread: handleWindowVisibility: no
activity for token android.os.BinderProxy@8c8e33e
02-24 16:52:28.419 20701 20701 W InputMethodManager: startInputReason = 1
02-24 16:52:28.482 20701 20787 W libEGL : EGLNativeWindowType 0x7194028010
disconnect failed
02-24 16:52:31.958 20701 20701 W Settings: Setting device_provisioned has moved
from android.provider.Settings.Secure to android.provider.Settings.Global.
02-24 16:52:31.999 20701 20701 W HiTouch_PressGestureDetector: Touch pointer move a
lot. The moving distance of X is:11.669617, limit is:60The moving distance of Y
is:110.55859, limit is:60
02-24 16:52:32.107 20701 20787 W libEGL : EGLNativeWindowType 0x719aba4010
disconnect failed
02-24 16:52:32.565 20701 20701 W InputMethodManager: startInputReason = 1
02-24 16:52:32.616 20701 20787 W libEGL : EGLNativeWindowType 0x7194050010
disconnect failed
02-24 16:52:37.173 20701 20701 W ActivityThread: handleWindowVisibility: no
activity for token android.os.BinderProxy@8fcd500
02-24 16:52:37.867 20701 20701 W Settings: Setting device_provisioned has moved
from android.provider.Settings.Secure to android.provider.Settings.Global.
02-24 16:52:38.000 20701 20701 W ActivityThread: handleWindowVisibility: no
activity for token android.os.BinderProxy@4cdb705
02-24 16:52:38.086 20701 20701 W InputMethodManager: startInputReason = 1
02-24 16:52:38.151 20701 20787 W libEGL : EGLNativeWindowType 0x7193d15010
disconnect failed
02-24 16:52:41.766 20701 20701 W Settings: Setting device_provisioned has moved
from android.provider.Settings.Secure to android.provider.Settings.Global.
02-24 16:52:41.838 20701 20701 W HiTouch_PressGestureDetector: Touch pointer move a
lot. The moving distance of X is:4.645294, limit is:60The moving distance of Y
is:67.45288, limit is:60
02-24 16:52:41.974 20701 20787 W libEGL : EGLNativeWindowType 0x719291f010
disconnect failed
02-24 16:52:42.443 20701 20701 W InputMethodManager: startInputReason = 1
02-24 16:52:42.497 20701 20787 W libEGL : EGLNativeWindowType 0x719aca4010
disconnect failed
02-24 16:52:42.913 20701 20701 W HiTouch_PressGestureDetector: Touch pointer move a
lot. The moving distance of X is:60.02603, limit is:60The moving distance of Y
is:92.49548, limit is:60
02-24 16:52:43.519 20701 20701 W HiTouch_PressGestureDetector: Touch pointer move a
lot. The moving distance of X is:6.0, limit is:60The moving distance of Y
is:107.754395, limit is:60
02-24 16:52:43.613 20701 20701 W StaticLayout: maxLineHeight should not be -1.
maxLines:2 lineCount:2
02-24 16:52:43.613 20701 20701 W StaticLayout: maxLineHeight should not be -1.
maxLines:2 lineCount:2
02-24 16:52:44.474 20701 20701 W HiTouch_PressGestureDetector: Touch pointer move a
lot. The moving distance of X is:11.3025055, limit is:60The moving distance of Y
is:90.32764, limit is:60
02-24 16:52:45.468 20701 20701 W ActivityThread: handleWindowVisibility: no
activity for token android.os.BinderProxy@c9dc61d
02-24 16:52:45.856 20701 20701 W StaticLayout: maxLineHeight should not be -1.
maxLines:2 lineCount:2
02-24 16:52:45.856 20701 20701 W StaticLayout: maxLineHeight should not be -1.
maxLines:2 lineCount:2
02-24 16:52:46.461 20701 20701 W Settings: Setting device_provisioned has moved
from android.provider.Settings.Secure to android.provider.Settings.Global.
02-24 16:52:46.753 20701 20701 W StaticLayout: maxLineHeight should not be -1.
maxLines:2 lineCount:2
02-24 16:52:46.753 20701 20701 W StaticLayout: maxLineHeight should not be -1.
maxLines:2 lineCount:2
02-24 16:52:46.770 20701 20787 W libEGL : EGLNativeWindowType 0x719b8a3010
disconnect failed
02-24 16:52:46.993 20701 20701 W HiTouch_PressGestureDetector: Touch pointer move a
lot. The moving distance of X is:17.786636, limit is:60The moving distance of Y
is:68.15491, limit is:60
02-24 16:52:47.064 20701 20701 W StaticLayout: maxLineHeight should not be -1.
maxLines:2 lineCount:2
02-24 16:52:47.064 20701 20701 W StaticLayout: maxLineHeight should not be -1.
maxLines:2 lineCount:2
02-24 16:52:47.296 20701 20701 W HiTouch_PressGestureDetector: Touch pointer move a
lot. The moving distance of X is:33.89019, limit is:60The moving distance of Y
is:79.5365, limit is:60
02-24 16:52:48.622 20701 20701 W HiTouch_PressGestureDetector: Touch pointer move a
lot. The moving distance of X is:6.0, limit is:60The moving distance of Y
is:60.457764, limit is:60
02-24 16:52:48.778 20701 20701 W StaticLayout: maxLineHeight should not be -1.
maxLines:2 lineCount:2
02-24 16:52:48.778 20701 20701 W StaticLayout: maxLineHeight should not be -1.
maxLines:2 lineCount:2
02-24 16:52:49.592 20701 20701 W StaticLayout: maxLineHeight should not be -1.
maxLines:2 lineCount:2
02-24 16:52:49.593 20701 20701 W StaticLayout: maxLineHeight should not be -1.
maxLines:2 lineCount:2
02-24 16:52:50.082 20701 20701 W HiTouch_PressGestureDetector: Touch pointer move a
lot. The moving distance of X is:25.946266, limit is:60The moving distance of Y
is:118.90332, limit is:60
02-24 16:52:53.524 20701 20701 W ActivityThread: handleWindowVisibility: no
activity for token android.os.BinderProxy@4f11ea4
02-24 16:52:53.567 20701 20711 E : [ZeroHung]zrhung_get_config: Get config
failed for wp[0x0008]
02-24 16:52:53.839 20701 20701 W StaticLayout: maxLineHeight should not be -1.
maxLines:2 lineCount:2
02-24 16:52:53.839 20701 20701 W StaticLayout: maxLineHeight should not be -1.
maxLines:2 lineCount:2
02-24 16:52:53.878 20701 20709 W System : A resource failed to call close.
02-24 16:52:53.878 20701 20709 W SQLiteConnectionPool: A SQLiteConnection object
for database '/data/user/0/com.whatsapp/databases/AutoMessage.db' was leaked!
Please fix your application to end transactions in progress properly and to close
the database when it is no longer needed.
02-24 16:52:53.878 20701 20709 W System : A resource failed to call close.
02-24 16:52:58.320 20701 20701 W Settings: Setting device_provisioned has moved
from android.provider.Settings.Secure to android.provider.Settings.Global.
02-24 16:52:58.580 20701 20701 W StaticLayout: maxLineHeight should not be -1.
maxLines:2 lineCount:2
02-24 16:52:58.580 20701 20701 W StaticLayout: maxLineHeight should not be -1.
maxLines:2 lineCount:2
02-24 16:52:58.622 20701 20787 W libEGL : EGLNativeWindowType 0x7193dfd010
disconnect failed
02-24 16:52:58.830 20701 20701 W HiTouch_PressGestureDetector: Touch pointer move a
lot. The moving distance of X is:24.356934, limit is:60The moving distance of Y
is:96.2561, limit is:60
02-24 16:52:58.954 20701 20701 W StaticLayout: maxLineHeight should not be -1.
maxLines:2 lineCount:2
02-24 16:52:58.954 20701 20701 W StaticLayout: maxLineHeight should not be -1.
maxLines:2 lineCount:2
02-24 16:53:00.725 20701 20701 W ActivityThread: handleWindowVisibility: no
activity for token android.os.BinderProxy@45b7153
02-24 16:53:01.856 20701 20701 W Settings: Setting device_provisioned has moved
from android.provider.Settings.Secure to android.provider.Settings.Global.
02-24 16:53:02.141 20701 20701 W StaticLayout: maxLineHeight should not be -1.
maxLines:2 lineCount:2
02-24 16:53:02.141 20701 20701 W StaticLayout: maxLineHeight should not be -1.
maxLines:2 lineCount:2
02-24 16:53:02.155 20701 20787 W libEGL : EGLNativeWindowType 0x719b2d0010
disconnect failed
02-24 16:53:03.733 20701 20701 W HiTouch_PressGestureDetector: Touch pointer move a
lot. The moving distance of X is:8.966553, limit is:60The moving distance of Y
is:79.832886, limit is:60
02-24 16:53:04.489 20701 20701 W HiTouch_PressGestureDetector: Touch pointer move a
lot. The moving distance of X is:7.2963867, limit is:60The moving distance of Y
is:84.11365, limit is:60
02-24 16:53:04.812 20701 20701 W StaticLayout: maxLineHeight should not be -1.
maxLines:2 lineCount:2
02-24 16:53:04.812 20701 20701 W StaticLayout: maxLineHeight should not be -1.
maxLines:2 lineCount:2
02-24 16:53:06.235 20701 20701 W HiTouch_PressGestureDetector: Touch pointer move a
lot. The moving distance of X is:3.0440063, limit is:60The moving distance of Y
is:70.92462, limit is:60
02-24 16:53:07.511 20701 20701 W HiTouch_PressGestureDetector: Touch pointer move a
lot. The moving distance of X is:14.733704, limit is:60The moving distance of Y
is:64.24628, limit is:60
02-24 16:53:08.588 20701 20701 W ActivityThread: handleWindowVisibility: no
activity for token android.os.BinderProxy@40a9e17
02-24 16:53:09.361 20701 20701 W Settings: Setting device_provisioned has moved
from android.provider.Settings.Secure to android.provider.Settings.Global.
02-24 16:53:09.373 20701 20701 W StaticLayout: maxLineHeight should not be -1.
maxLines:2 lineCount:2
02-24 16:53:09.373 20701 20701 W StaticLayout: maxLineHeight should not be -1.
maxLines:2 lineCount:2
02-24 16:53:09.481 20701 20701 W ActivityThread: handleWindowVisibility: no
activity for token android.os.BinderProxy@951f725
02-24 16:53:09.595 20701 20701 W InputMethodManager: startInputReason = 1
02-24 16:53:09.664 20701 20787 W libEGL : EGLNativeWindowType 0x71942c3010
disconnect failed
02-24 16:53:12.001 20701 20701 W Settings: Setting device_provisioned has moved
from android.provider.Settings.Secure to android.provider.Settings.Global.
02-24 16:53:12.059 20701 20701 W HiTouch_PressGestureDetector: Touch pointer move a
lot. The moving distance of X is:4.055298, limit is:60The moving distance of Y
is:86.92865, limit is:60
02-24 16:53:12.167 20701 20787 W libEGL : EGLNativeWindowType 0x719941a010
disconnect failed
02-24 16:53:12.616 20701 20701 W InputMethodManager: startInputReason = 1
02-24 16:53:12.643 20701 20701 W StaticLayout: maxLineHeight should not be -1.
maxLines:2 lineCount:2
02-24 16:53:12.643 20701 20701 W StaticLayout: maxLineHeight should not be -1.
maxLines:2 lineCount:2
02-24 16:53:12.672 20701 20787 W libEGL : EGLNativeWindowType 0x719435d010
disconnect failed
02-24 16:53:12.767 20701 20701 W HiTouch_PressGestureDetector: Touch pointer move a
lot. The moving distance of X is:15.038574, limit is:60The moving distance of Y
is:74.501465, limit is:60
02-24 16:53:13.365 20701 20701 W ActivityThread: handleWindowVisibility: no
activity for token android.os.BinderProxy@58581a6
02-24 16:53:13.692 20701 20701 W StaticLayout: maxLineHeight should not be -1.
maxLines:2 lineCount:2
02-24 16:53:13.692 20701 20701 W StaticLayout: maxLineHeight should not be -1.
maxLines:2 lineCount:2
02-24 16:53:13.874 20701 20701 W Settings: Setting device_provisioned has moved
from android.provider.Settings.Secure to android.provider.Settings.Global.
02-24 16:53:14.038 20701 20701 W ActivityThread: handleWindowVisibility: no
activity for token android.os.BinderProxy@55b045f
02-24 16:53:14.143 20701 20701 W InputMethodManager: startInputReason = 1
02-24 16:53:14.197 20701 20787 W libEGL : EGLNativeWindowType 0x71943bc010
disconnect failed
02-24 16:53:22.793 20701 20701 W Settings: Setting device_provisioned has moved
from android.provider.Settings.Secure to android.provider.Settings.Global.
02-24 16:53:22.857 20701 20701 W HiTouch_PressGestureDetector: Touch pointer move a
lot. The moving distance of X is:68.39331, limit is:60The moving distance of Y
is:112.79724, limit is:60
02-24 16:53:22.946 20701 20787 W libEGL : EGLNativeWindowType 0x7196fec010
disconnect failed
02-24 16:53:23.403 20701 20701 W InputMethodManager: startInputReason = 1
02-24 16:53:23.421 20701 20701 W StaticLayout: maxLineHeight should not be -1.
maxLines:2 lineCount:2
02-24 16:53:23.421 20701 20701 W StaticLayout: maxLineHeight should not be -1.
maxLines:2 lineCount:2
02-24 16:53:23.451 20701 20787 W libEGL : EGLNativeWindowType 0x719428a010
disconnect failed
02-24 16:53:24.285 20701 20701 W HiTouch_PressGestureDetector: Touch pointer move a
lot. The moving distance of X is:9.483887, limit is:60The moving distance of Y
is:89.710205, limit is:60
02-24 16:53:25.584 20701 20701 W StaticLayout: maxLineHeight should not be -1.
maxLines:2 lineCount:2
02-24 16:53:25.585 20701 20701 W StaticLayout: maxLineHeight should not be -1.
maxLines:2 lineCount:2
02-24 16:53:26.022 20701 20711 E : [ZeroHung]zrhung_get_config: Get config
failed for wp[0x0008]
02-24 16:53:26.052 20701 20701 W StaticLayout: maxLineHeight should not be -1.
maxLines:2 lineCount:2
02-24 16:53:26.052 20701 20701 W StaticLayout: maxLineHeight should not be -1.
maxLines:2 lineCount:2
02-24 16:53:26.183 20701 20701 W HiTouch_PressGestureDetector: Touch pointer move a
lot. The moving distance of X is:15.0849, limit is:60The moving distance of Y
is:102.59448, limit is:60
02-24 16:53:26.904 20701 20701 W HiTouch_PressGestureDetector: Touch pointer move a
lot. The moving distance of X is:11.9140625, limit is:60The moving distance of Y
is:104.58862, limit is:60
02-24 16:53:27.677 20701 20701 W ActivityThread: handleWindowVisibility: no
activity for token android.os.BinderProxy@19f92a7
02-24 16:53:28.292 20701 20701 W Settings: Setting device_provisioned has moved
from android.provider.Settings.Secure to android.provider.Settings.Global.
02-24 16:53:28.427 20701 20701 W ActivityThread: handleWindowVisibility: no
activity for token android.os.BinderProxy@a30520e
02-24 16:53:28.513 20701 20701 W InputMethodManager: startInputReason = 1
02-24 16:53:28.572 20701 20787 W libEGL : EGLNativeWindowType 0x719b217010
disconnect failed
02-24 16:53:29.721 20701 20701 W Settings: Setting device_provisioned has moved
from android.provider.Settings.Secure to android.provider.Settings.Global.
02-24 16:53:29.763 20701 20701 W HiTouch_PressGestureDetector: Touch pointer move a
lot. The moving distance of X is:1.519989, limit is:60The moving distance of Y
is:72.60065, limit is:60
02-24 16:53:29.920 20701 20787 W libEGL : EGLNativeWindowType 0x719ae32010
disconnect failed
02-24 16:53:30.374 20701 20701 W InputMethodManager: startInputReason = 1
02-24 16:53:30.402 20701 20701 W StaticLayout: maxLineHeight should not be -1.
maxLines:2 lineCount:2
02-24 16:53:30.403 20701 20701 W StaticLayout: maxLineHeight should not be -1.
maxLines:2 lineCount:2
02-24 16:53:30.424 20701 20787 W libEGL : EGLNativeWindowType 0x719a992010
disconnect failed
02-24 16:53:33.352 20701 20701 W HiTouch_PressGestureDetector: Touch pointer move a
lot. The moving distance of X is:27.073303, limit is:60The moving distance of Y
is:61.00885, limit is:60
02-24 16:53:34.711 20701 20701 W HiTouch_PressGestureDetector: Touch pointer move a
lot. The moving distance of X is:47.301453, limit is:60The moving distance of Y
is:95.23053, limit is:60
02-24 16:53:35.333 20701 20701 W HiTouch_PressGestureDetector: Touch pointer move a
lot. The moving distance of X is:15.826477, limit is:60The moving distance of Y
is:67.65399, limit is:60
02-24 16:53:36.122 20701 20701 W HiTouch_PressGestureDetector: Touch pointer move a
lot. The moving distance of X is:20.49585, limit is:60The moving distance of Y
is:61.764893, limit is:60
02-24 16:53:37.074 20701 20701 W ActivityThread: handleWindowVisibility: no
activity for token android.os.BinderProxy@7ebc59e
02-24 16:53:37.940 20701 20701 W Settings: Setting device_provisioned has moved
from android.provider.Settings.Secure to android.provider.Settings.Global.
02-24 16:53:38.095 20701 20701 W ActivityThread: handleWindowVisibility: no
activity for token android.os.BinderProxy@c83f707
02-24 16:53:38.182 20701 20701 W InputMethodManager: startInputReason = 1
02-24 16:53:38.241 20701 20787 W libEGL : EGLNativeWindowType 0x71929a7010
disconnect failed
02-24 16:53:39.389 20701 20701 W Settings: Setting device_provisioned has moved
from android.provider.Settings.Secure to android.provider.Settings.Global.
02-24 16:53:39.430 20701 20701 W HiTouch_PressGestureDetector: Touch pointer move a
lot. The moving distance of X is:2.9774323, limit is:60The moving distance of Y
is:159.75623, limit is:60
02-24 16:53:39.532 20701 20787 W libEGL : EGLNativeWindowType 0x7194fd4010
disconnect failed
02-24 16:53:39.993 20701 20701 W InputMethodManager: startInputReason = 1
02-24 16:53:40.046 20701 20787 W libEGL : EGLNativeWindowType 0x7198da5010
disconnect failed
02-24 16:53:40.319 20701 20701 W HiTouch_PressGestureDetector: Touch pointer move a
lot. The moving distance of X is:36.0, limit is:60The moving distance of Y is:71.0,
limit is:60
02-24 16:53:41.156 20701 20787 W libEGL : EGLNativeWindowType 0x719486a010
disconnect failed
02-24 16:53:41.206 20701 20787 W libEGL : EGLNativeWindowType 0x719486a010
disconnect failed
02-24 16:53:42.160 20701 20701 W Settings: Setting device_provisioned has moved
from android.provider.Settings.Secure to android.provider.Settings.Global.
02-24 16:53:42.244 20701 20787 W libEGL : EGLNativeWindowType 0x719486a010
disconnect failed
02-24 16:53:44.836 20701 20701 W ActivityThread: handleWindowVisibility: no
activity for token android.os.BinderProxy@4471ea0
02-24 16:53:47.760 20701 20701 W Settings: Setting device_provisioned has moved
from android.provider.Settings.Secure to android.provider.Settings.Global.
02-24 16:53:48.061 20701 20787 W libEGL : EGLNativeWindowType 0x7197711010
disconnect failed
02-24 16:53:49.535 20701 20711 E : [ZeroHung]zrhung_get_config: Get config
failed for wp[0x0008]
02-24 16:53:49.572 20701 20701 W InputMethodManager: startInputReason = 1
02-24 16:53:49.711 20701 20787 W libEGL : EGLNativeWindowType 0x7197e85010
disconnect failed
02-24 16:53:52.299 20701 20701 W StaticLayout: maxLineHeight should not be -1.
maxLines:1 lineCount:1
02-24 16:53:52.382 20701 20701 W InputMethodManager: startInputReason = 1
02-24 16:53:52.435 20701 20701 W StaticLayout: maxLineHeight should not be -1.
maxLines:1 lineCount:1
02-24 16:53:52.513 20701 20787 W libEGL : EGLNativeWindowType 0x7197711010
disconnect failed
02-24 16:53:54.289 20701 20701 W HiTouch_PressGestureDetector: Touch pointer move a
lot. The moving distance of X is:10.335266, limit is:60The moving distance of Y
is:60.335205, limit is:60
02-24 16:53:54.685 20701 20701 W InputMethodManager: startInputReason = 1
02-24 16:53:55.030 20701 20787 W libEGL : EGLNativeWindowType 0x719dfae010
disconnect failed
02-24 16:53:55.043 20701 20701 W InputEventReceiver: Attempted to finish an input
event but the input event receiver has already been disposed.
02-24 16:53:55.043 20701 20701 W ViewRootImpl[PopupWindow:aa01bbe]: Dropping event
due to root view being removed: MotionEvent { action=ACTION_MOVE, actionButton=0,
id[0]=0, x[0]=210.0, y[0]=-1092.0, toolType[0]=TOOL_TYPE_FINGER, buttonState=0,
metaState=0, flags=0x0, edgeFlags=0x0, pointerCount=1, historySize=0,
eventTime=351994179, downTime=351994171, deviceId=2, source=0x1002 }
02-24 16:53:55.043 20701 20701 W InputEventReceiver: Attempted to finish an input
event but the input event receiver has already been disposed.
02-24 16:53:55.054 20701 20701 W InputMethodManager: startInputReason = 1
02-24 16:53:55.610 20701 20701 W ActivityThread: handleWindowVisibility: no
activity for token android.os.BinderProxy@e8a9f46
02-24 16:53:55.824 20701 20701 E ArmVmp : Match on catch block at 0x0a in for 0xc5
02-24 16:53:55.829 20701 20701 E ArmVmp : Match on catch block at 0x0a in for 0xc5
02-24 16:53:56.104 20701 20701 E ArmVmp : Match on catch block at 0xc3 in for 0xb9
02-24 16:53:56.112 20701 20701 E ArmVmp : Match on catch block at 0xc3 in for 0xb9
02-24 16:53:56.121 20701 20701 E ArmVmp : Match on catch block at 0xc3 in for 0xa9
02-24 16:53:56.124 20701 20701 E ArmVmp : Match on catch block at 0xc3 in for 0xa1
02-24 16:53:56.127 20701 20701 E ArmVmp : Match on catch block at 0xc3 in for 0xa1
02-24 16:53:56.200 20701 20701 E ArmVmp : Match on catch block at 0xc3 in for 0xa9
02-24 16:53:56.203 20701 20701 E ArmVmp : Match on catch block at 0xc3 in for 0xa1
02-24 16:53:56.206 20701 20701 E ArmVmp : Match on catch block at 0xc3 in for 0xa1
02-24 16:53:56.239 20701 20701 W StaticLayout: maxLineHeight should not be -1.
maxLines:1 lineCount:1
02-24 16:53:56.250 20701 20701 E ArmVmp : Match on catch block at 0xc3 in for 0xa1
02-24 16:53:56.253 20701 20701 E ArmVmp : Match on catch block at 0xc3 in for 0xa5
02-24 16:53:56.256 20701 20701 E ArmVmp : Match on catch block at 0xc3 in for 0xa5
02-24 16:53:56.268 20701 20701 W InputMethodManager: startInputReason = 1
02-24 16:53:56.286 20701 20701 E ArmVmp : Match on catch block at 0xc3 in for 0xa1
02-24 16:53:56.291 20701 20701 E ArmVmp : Match on catch block at 0xc3 in for 0xa5
02-24 16:53:56.293 20701 20701 E ArmVmp : Match on catch block at 0xc3 in for 0xa5
02-24 16:53:56.315 20701 20701 W StaticLayout: maxLineHeight should not be -1.
maxLines:1 lineCount:1
02-24 16:53:56.325 20701 20701 E ArmVmp : Match on catch block at 0xc3 in for 0xa9
02-24 16:53:56.330 20701 20701 E ArmVmp : Match on catch block at 0xc3 in for 0xa1
02-24 16:53:56.332 20701 20701 E ArmVmp : Match on catch block at 0xc3 in for 0xa1
02-24 16:53:56.350 20701 20787 W libEGL : EGLNativeWindowType 0x71997e6010
disconnect failed
02-24 16:53:56.377 20701 20701 E ArmVmp : Match on catch block at 0xc3 in for 0xa1
02-24 16:53:56.382 20701 20701 E ArmVmp : Match on catch block at 0xc3 in for 0xa5
02-24 16:53:56.384 20701 20701 E ArmVmp : Match on catch block at 0xc3 in for 0xa5
02-24 16:53:56.395 20701 20701 W StaticLayout: maxLineHeight should not be -1.
maxLines:1 lineCount:1
02-24 16:53:56.401 20701 20701 E SpannableStringBuilder: SPAN_EXCLUSIVE_EXCLUSIVE
spans cannot have a zero length
02-24 16:53:56.411 20701 20701 E ArmVmp : Match on catch block at 0xc3 in for 0xa1
02-24 16:53:56.416 20701 20701 E ArmVmp : Match on catch block at 0xc3 in for 0xa5
02-24 16:53:56.419 20701 20701 E ArmVmp : Match on catch block at 0xc3 in for 0xa5
02-24 16:53:56.676 20701 20701 E ArmVmp : Match on catch block at 0xc3 in for 0xa1
02-24 16:53:56.681 20701 20701 E ArmVmp : Match on catch block at 0xc3 in for 0xa5
02-24 16:53:56.684 20701 20701 E ArmVmp : Match on catch block at 0xc3 in for 0xa5
02-24 16:53:56.693 20701 20701 E ArmVmp : Match on catch block at 0xc3 in for 0xa9
02-24 16:53:56.700 20701 20701 E ArmVmp : Match on catch block at 0xc3 in for 0xa1
02-24 16:53:56.704 20701 20701 E ArmVmp : Match on catch block at 0xc3 in for 0xa1
02-24 16:53:56.714 20701 20701 E ArmVmp : Match on catch block at 0xc3 in for 0xa5
02-24 16:53:56.721 20701 20701 E ArmVmp : Match on catch block at 0xc3 in for 0xa9
02-24 16:53:56.725 20701 20701 E ArmVmp : Match on catch block at 0xc3 in for 0xa9
02-24 16:53:56.743 20701 20701 E ArmVmp : Match on catch block at 0xc3 in for 0xa1
02-24 16:53:56.748 20701 20701 E ArmVmp : Match on catch block at 0xc3 in for 0xa5
02-24 16:53:56.751 20701 20701 E ArmVmp : Match on catch block at 0xc3 in for 0xa5
02-24 16:53:56.760 20701 20701 E ArmVmp : Match on catch block at 0xc3 in for 0xa9
02-24 16:53:56.764 20701 20701 E ArmVmp : Match on catch block at 0xc3 in for 0xa1
02-24 16:53:56.767 20701 20701 E ArmVmp : Match on catch block at 0xc3 in for 0xa1
02-24 16:53:56.777 20701 20701 E ArmVmp : Match on catch block at 0xc3 in for 0xa5
02-24 16:53:56.782 20701 20701 E ArmVmp : Match on catch block at 0xc3 in for 0xa9
02-24 16:53:56.786 20701 20701 E ArmVmp : Match on catch block at 0xc3 in for 0xa9
02-24 16:53:56.795 20701 20701 E ArmVmp : Match on catch block at 0xc3 in for 0xa1
02-24 16:53:56.799 20701 20701 E ArmVmp : Match on catch block at 0xc3 in for 0xa5
02-24 16:53:56.802 20701 20701 E ArmVmp : Match on catch block at 0xc3 in for 0xa5
02-24 16:53:56.812 20701 20701 E ArmVmp : Match on catch block at 0xc3 in for 0xa9
02-24 16:53:56.818 20701 20701 E ArmVmp : Match on catch block at 0xc3 in for 0xa1
02-24 16:53:56.822 20701 20701 E ArmVmp : Match on catch block at 0xc3 in for 0xa1
02-24 16:53:56.831 20701 20701 E ArmVmp : Match on catch block at 0xc3 in for 0xa5
02-24 16:53:56.837 20701 20701 E ArmVmp : Match on catch block at 0xc3 in for 0xa9
02-24 16:53:56.841 20701 20701 E ArmVmp : Match on catch block at 0xc3 in for 0xa9
02-24 16:53:56.861 20701 20701 E ArmVmp : Match on catch block at 0xc3 in for 0xa1
02-24 16:53:56.867 20701 20701 E ArmVmp : Match on catch block at 0xc3 in for 0xa5
02-24 16:53:56.871 20701 20701 E ArmVmp : Match on catch block at 0xc3 in for 0xa5
02-24 16:53:56.880 20701 20701 E ArmVmp : Match on catch block at 0xc3 in for 0xa9
02-24 16:53:56.884 20701 20701 E ArmVmp : Match on catch block at 0xc3 in for 0xa1
02-24 16:53:56.887 20701 20701 E ArmVmp : Match on catch block at 0xc3 in for 0xa1
02-24 16:53:56.897 20701 20701 E ArmVmp : Match on catch block at 0xc3 in for 0xa5
02-24 16:53:56.901 20701 20701 E ArmVmp : Match on catch block at 0xc3 in for 0xa9
02-24 16:53:56.904 20701 20701 E ArmVmp : Match on catch block at 0xc3 in for 0xa9
02-24 16:53:56.913 20701 20701 E ArmVmp : Match on catch block at 0xc3 in for 0xa1
02-24 16:53:56.917 20701 20701 E ArmVmp : Match on catch block at 0xc3 in for 0xa5
02-24 16:53:56.921 20701 20701 E ArmVmp : Match on catch block at 0xc3 in for 0xa5
02-24 16:53:56.931 20701 20701 E ArmVmp : Match on catch block at 0xc3 in for 0xa9
02-24 16:53:56.936 20701 20701 E ArmVmp : Match on catch block at 0xc3 in for 0xa1
02-24 16:53:56.939 20701 20701 E ArmVmp : Match on catch block at 0xc3 in for 0xa1
02-24 16:53:56.962 20701 20701 E ArmVmp : Match on catch block at 0xc3 in for 0xa5
02-24 16:53:56.967 20701 20701 E ArmVmp : Match on catch block at 0xc3 in for 0xa9
02-24 16:53:56.971 20701 20701 E ArmVmp : Match on catch block at 0xc3 in for 0xa9
02-24 16:53:56.980 20701 20701 E ArmVmp : Match on catch block at 0xc3 in for 0xa1
02-24 16:53:56.986 20701 20701 E ArmVmp : Match on catch block at 0xc3 in for 0xa5
02-24 16:53:56.991 20701 20701 E ArmVmp : Match on catch block at 0xc3 in for 0xa5
02-24 16:53:57.287 20701 20701 E ArmVmp : Match on catch block at 0xc3 in for 0xa9
02-24 16:53:57.303 20701 20701 E ArmVmp : Match on catch block at 0xc3 in for 0xa1
02-24 16:53:57.314 20701 20701 E ArmVmp : Match on catch block at 0xc3 in for 0xa1
02-24 16:53:57.791 20701 20701 E ArmVmp : Match on catch block at 0xc3 in for 0xa5
02-24 16:53:57.805 20701 20701 E ArmVmp : Match on catch block at 0xc3 in for 0xa9
02-24 16:53:57.812 20701 20701 E ArmVmp : Match on catch block at 0xc3 in for 0xa9
02-24 16:53:57.970 20701 20701 E ArmVmp : Match on catch block at 0xc3 in for 0xa1
02-24 16:53:57.976 20701 20701 E ArmVmp : Match on catch block at 0xc3 in for 0xa5
02-24 16:53:57.980 20701 20701 E ArmVmp : Match on catch block at 0xc3 in for 0xa5
02-24 16:53:57.989 20701 20701 E ArmVmp : Match on catch block at 0xc3 in for 0xa9
02-24 16:53:57.999 20701 20701 E ArmVmp : Match on catch block at 0xc3 in for 0xa1
02-24 16:53:58.003 20701 20701 E ArmVmp : Match on catch block at 0xc3 in for 0xa1
02-24 16:53:58.012 20701 20701 E ArmVmp : Match on catch block at 0xc3 in for 0xa5
02-24 16:53:58.021 20701 20701 E ArmVmp : Match on catch block at 0xc3 in for 0xa9
02-24 16:53:58.026 20701 20701 E ArmVmp : Match on catch block at 0xc3 in for 0xa9
02-24 16:53:58.037 20701 20701 E ArmVmp : Match on catch block at 0xc3 in for 0xa1
02-24 16:53:58.042 20701 20701 E ArmVmp : Match on catch block at 0xc3 in for 0xa5
02-24 16:53:58.046 20701 20701 E ArmVmp : Match on catch block at 0xc3 in for 0xa5
02-24 16:53:58.054 20701 20701 E ArmVmp : Match on catch block at 0xc3 in for 0xa9
02-24 16:53:58.059 20701 20701 E ArmVmp : Match on catch block at 0xc3 in for 0xa1
02-24 16:53:58.063 20701 20701 E ArmVmp : Match on catch block at 0xc3 in for 0xa1
02-24 16:53:58.070 20701 20701 E ArmVmp : Match on catch block at 0xc3 in for 0xa5
02-24 16:53:58.075 20701 20701 E ArmVmp : Match on catch block at 0xc3 in for 0xa9
02-24 16:53:58.078 20701 20701 E ArmVmp : Match on catch block at 0xc3 in for 0xa9
02-24 16:53:58.086 20701 20701 E ArmVmp : Match on catch block at 0xc3 in for 0xa1
02-24 16:53:58.091 20701 20701 E ArmVmp : Match on catch block at 0xc3 in for 0xa5
02-24 16:53:58.094 20701 20701 E ArmVmp : Match on catch block at 0xc3 in for 0xa5
02-24 16:53:58.103 20701 20701 E ArmVmp : Match on catch block at 0xc3 in for 0xa9
02-24 16:53:58.108 20701 20701 E ArmVmp : Match on catch block at 0xc3 in for 0xa1
02-24 16:53:58.112 20701 20701 E ArmVmp : Match on catch block at 0xc3 in for 0xa1
02-24 16:53:58.120 20701 20701 E ArmVmp : Match on catch block at 0xc3 in for 0xa5
02-24 16:53:58.125 20701 20701 E ArmVmp : Match on catch block at 0xc3 in for 0xa9
02-24 16:53:58.129 20701 20701 E ArmVmp : Match on catch block at 0xc3 in for 0xa9
02-24 16:53:58.137 20701 20701 E ArmVmp : Match on catch block at 0xc3 in for 0xa1
02-24 16:53:58.142 20701 20701 E ArmVmp : Match on catch block at 0xc3 in for 0xa5
02-24 16:53:58.145 20701 20701 E ArmVmp : Match on catch block at 0xc3 in for 0xa5
02-24 16:53:58.153 20701 20701 E ArmVmp : Match on catch block at 0xc3 in for 0xa9
02-24 16:53:58.159 20701 20701 E ArmVmp : Match on catch block at 0xc3 in for 0xa1
02-24 16:53:58.161 20701 20701 E ArmVmp : Match on catch block at 0xc3 in for 0xa1
02-24 16:53:58.170 20701 20701 E ArmVmp : Match on catch block at 0xc3 in for 0xa5
02-24 16:53:58.175 20701 20701 E ArmVmp : Match on catch block at 0xc3 in for 0xa9
02-24 16:53:58.179 20701 20701 E ArmVmp : Match on catch block at 0xc3 in for 0xa9
02-24 16:53:58.187 20701 20701 E ArmVmp : Match on catch block at 0xc3 in for 0xa1
02-24 16:53:58.192 20701 20701 E ArmVmp : Match on catch block at 0xc3 in for 0xa5
02-24 16:53:58.194 20701 20701 E ArmVmp : Match on catch block at 0xc3 in for 0xa5
02-24 16:53:58.204 20701 20701 E ArmVmp : Match on catch block at 0xc3 in for 0xa9
02-24 16:53:58.210 20701 20701 E ArmVmp : Match on catch block at 0xc3 in for 0xa1
02-24 16:53:58.214 20701 20701 E ArmVmp : Match on catch block at 0xc3 in for 0xa1
02-24 16:53:58.222 20701 20701 E ArmVmp : Match on catch block at 0xc3 in for 0xa5
02-24 16:53:58.227 20701 20701 E ArmVmp : Match on catch block at 0xc3 in for 0xa9
02-24 16:53:58.231 20701 20701 E ArmVmp : Match on catch block at 0xc3 in for 0xa9
02-24 16:53:58.290 20701 20701 E ArmVmp : Match on catch block at 0xc3 in for 0xa1
02-24 16:53:58.299 20701 20701 E ArmVmp : Match on catch block at 0xc3 in for 0xa5
02-24 16:53:58.305 20701 20701 E ArmVmp : Match on catch block at 0xc3 in for 0xa5
02-24 16:53:58.799 20701 20701 E ArmVmp : Match on catch block at 0xc3 in for 0xa9
02-24 16:53:58.816 20701 20701 E ArmVmp : Match on catch block at 0xc3 in for 0xa1
02-24 16:53:58.822 20701 20701 E ArmVmp : Match on catch block at 0xc3 in for 0xa1
02-24 16:53:59.303 20701 20701 E ArmVmp : Match on catch block at 0xc3 in for 0xa1
02-24 16:53:59.315 20701 20701 E ArmVmp : Match on catch block at 0xc3 in for 0xa5
02-24 16:53:59.323 20701 20701 E ArmVmp : Match on catch block at 0xc3 in for 0xa5
02-24 16:53:59.334 20701 20701 W Settings: Setting device_provisioned has moved
from android.provider.Settings.Secure to android.provider.Settings.Global.
02-24 16:53:59.413 20701 20701 E ArmVmp : Match on catch block at 0xc3 in for 0xa9
02-24 16:53:59.418 20701 20701 E ArmVmp : Match on catch block at 0xc3 in for 0xa1
02-24 16:53:59.421 20701 20701 E ArmVmp : Match on catch block at 0xc3 in for 0xa1
02-24 16:53:59.444 20701 20701 W TabLayout: MODE_SCROLLABLE + GRAVITY_FILL is not
supported, GRAVITY_START will be used instead
02-24 16:53:59.546 20701 20701 W View : requestLayout() improperly called by
androidx.recyclerview.widget.RecyclerView{e683794 VFED..... ......ID 0,0-1080,682
#7f0b14c4 app:id/reactions_bottom_sheet_tab_recycler_view} during layout: running
second layout pass
02-24 16:53:59.546 20701 20701 W View : requestLayout() improperly called by
androidx.recyclerview.widget.RecyclerView{3c6f23d VFED..... ......ID 1080,0-
2160,682 #7f0b14c4 app:id/reactions_bottom_sheet_tab_recycler_view} during layout:
running second layout pass
02-24 16:53:59.573 20701 20701 E ArmVmp : Match on catch block at 0xc3 in for 0xa9
02-24 16:53:59.579 20701 20701 E ArmVmp : Match on catch block at 0xc3 in for 0xa1
02-24 16:53:59.583 20701 20701 E ArmVmp : Match on catch block at 0xc3 in for 0xa1
02-24 16:53:59.649 20701 20701 E ArmVmp : Match on catch block at 0xc3 in for 0xa1
02-24 16:53:59.654 20701 20701 E ArmVmp : Match on catch block at 0xc3 in for 0xa5
02-24 16:53:59.657 20701 20701 E ArmVmp : Match on catch block at 0xc3 in for 0xa5
02-24 16:54:00.429 20701 20701 W Settings: Setting device_provisioned has moved
from android.provider.Settings.Secure to android.provider.Settings.Global.
02-24 16:54:00.534 20701 20787 W libEGL : EGLNativeWindowType 0x719ec9e010
disconnect failed
02-24 16:54:00.580 20701 20701 E ArmVmp : Match on catch block at 0xc3 in for 0xa1
02-24 16:54:00.590 20701 20701 E ArmVmp : Match on catch block at 0xc3 in for 0xa5
02-24 16:54:00.594 20701 20701 E ArmVmp : Match on catch block at 0xc3 in for 0xa5
02-24 16:54:00.861 20701 20701 W StaticLayout: maxLineHeight should not be -1.
maxLines:1 lineCount:1
02-24 16:54:00.867 20701 20701 W StaticLayout: maxLineHeight should not be -1.
maxLines:1 lineCount:1
02-24 16:54:00.874 20701 20701 E ArmVmp : Match on catch block at 0xc3 in for 0xa1
02-24 16:54:00.886 20701 20701 E ArmVmp : Match on catch block at 0xc3 in for 0xa5
02-24 16:54:00.895 20701 20701 E ArmVmp : Match on catch block at 0xc3 in for 0xa5
02-24 16:54:00.913 20701 20701 E ArmVmp : Match on catch block at 0xc3 in for 0xa9
02-24 16:54:00.924 20701 20701 E ArmVmp : Match on catch block at 0xc3 in for 0xa1
02-24 16:54:00.930 20701 20701 E ArmVmp : Match on catch block at 0xc3 in for 0xa1
02-24 16:54:01.090 20701 20701 E ArmVmp : Match on catch block at 0xc3 in for 0xa5
02-24 16:54:01.105 20701 20701 E ArmVmp : Match on catch block at 0xc3 in for 0xa9
02-24 16:54:01.115 20701 20701 E ArmVmp : Match on catch block at 0xc3 in for 0xa9
02-24 16:54:01.134 20701 20701 E ArmVmp : Match on catch block at 0xc3 in for 0xa1
02-24 16:54:01.149 20701 20701 E ArmVmp : Match on catch block at 0xc3 in for 0xa5
02-24 16:54:01.153 20701 20701 E ArmVmp : Match on catch block at 0xc3 in for 0xa5
02-24 16:54:01.692 20701 20701 E ArmVmp : Match on catch block at 0xc3 in for 0xa9
02-24 16:54:01.698 20701 20701 E ArmVmp : Match on catch block at 0xc3 in for 0xa1
02-24 16:54:01.702 20701 20701 E ArmVmp : Match on catch block at 0xc3 in for 0xa1
02-24 16:54:01.748 20701 20701 E ArmVmp : Match on catch block at 0xc3 in for 0xa5
02-24 16:54:01.753 20701 20701 E ArmVmp : Match on catch block at 0xc3 in for 0xa9
02-24 16:54:01.757 20701 20701 E ArmVmp : Match on catch block at 0xc3 in for 0xa9
02-24 16:54:01.830 20701 20701 E ArmVmp : Match on catch block at 0xc3 in for 0xa9
02-24 16:54:01.836 20701 20701 E ArmVmp : Match on catch block at 0xc3 in for 0xa1
02-24 16:54:01.840 20701 20701 E ArmVmp : Match on catch block at 0xc3 in for 0xa1
02-24 16:54:01.895 20701 20701 E ArmVmp : Match on catch block at 0xc3 in for 0xa1
02-24 16:54:01.902 20701 20701 E ArmVmp : Match on catch block at 0xc3 in for 0xa5
02-24 16:54:01.908 20701 20701 E ArmVmp : Match on catch block at 0xc3 in for 0xa5
02-24 16:54:01.933 20701 20701 E ArmVmp : Match on catch block at 0xc3 in for 0xa5
02-24 16:54:01.941 20701 20701 E ArmVmp : Match on catch block at 0xc3 in for 0xa9
02-24 16:54:01.945 20701 20701 E ArmVmp : Match on catch block at 0xc3 in for 0xa9
02-24 16:54:02.121 20701 20701 E ArmVmp : Match on catch block at 0xc3 in for 0xa5
02-24 16:54:02.127 20701 20701 E ArmVmp : Match on catch block at 0xc3 in for 0xa9
02-24 16:54:02.172 20701 20701 E ArmVmp : Match on catch block at 0xc3 in for 0xa9
02-24 16:54:02.179 20701 20701 E ArmVmp : Match on catch block at 0xc3 in for 0xa1
02-24 16:54:02.183 20701 20701 E ArmVmp : Match on catch block at 0xc3 in for 0xa1
02-24 16:54:02.236 20701 20701 E ArmVmp : Match on catch block at 0xc3 in for 0xa5
02-24 16:54:02.242 20701 20701 E ArmVmp : Match on catch block at 0xc3 in for 0xa9
02-24 16:54:02.246 20701 20701 E ArmVmp : Match on catch block at 0xc3 in for 0xa9
02-24 16:54:02.745 20701 20701 E ArmVmp : Match on catch block at 0xc3 in for 0xa1
02-24 16:54:02.760 20701 20701 E ArmVmp : Match on catch block at 0xc3 in for 0xa5
02-24 16:54:02.765 20701 20701 E ArmVmp : Match on catch block at 0xc3 in for 0xa5
02-24 16:54:03.112 20701 20787 W libEGL : EGLNativeWindowType 0x7193944010
disconnect failed
02-24 16:54:03.132 20701 20701 W InputEventReceiver: Attempted to finish an input
event but the input event receiver has already been disposed.
02-24 16:54:03.326 20701 20701 E ArmVmp : Match on catch block at 0xc3 in for 0xa9
02-24 16:54:03.332 20701 20701 E ArmVmp : Match on catch block at 0xc3 in for 0xa1
02-24 16:54:03.335 20701 20701 E ArmVmp : Match on catch block at 0xc3 in for 0xa1
02-24 16:54:03.359 20701 20701 E ArmVmp : Match on catch block at 0xc3 in for 0xa5
02-24 16:54:03.364 20701 20701 E ArmVmp : Match on catch block at 0xc3 in for 0xa9
02-24 16:54:03.366 20701 20701 E ArmVmp : Match on catch block at 0xc3 in for 0xa9
02-24 16:54:03.575 20701 20701 W HiTouch_PressGestureDetector: Touch pointer move a
lot. The moving distance of X is:3.1427002, limit is:60The moving distance of Y
is:70.283875, limit is:60
02-24 16:54:03.590 20701 20701 E ArmVmp : Match on catch block at 0xc3 in for 0xa1
02-24 16:54:03.608 20701 20701 E ArmVmp : Match on catch block at 0xc3 in for 0xa5
02-24 16:54:03.672 20701 20701 E ArmVmp : Match on catch block at 0xc3 in for 0xa5
02-24 16:54:03.678 20701 20701 E ArmVmp : Match on catch block at 0xc3 in for 0xa9
02-24 16:54:03.681 20701 20701 E ArmVmp : Match on catch block at 0xc3 in for 0xa9
02-24 16:54:03.701 20701 20701 E ArmVmp : Match on catch block at 0xc3 in for 0xa5
02-24 16:54:03.706 20701 20701 E ArmVmp : Match on catch block at 0xc3 in for 0xa9
02-24 16:54:03.708 20701 20701 E ArmVmp : Match on catch block at 0xc3 in for 0xa9
02-24 16:54:03.752 20701 20701 E ArmVmp : Match on catch block at 0xc3 in for 0xa1
02-24 16:54:03.756 20701 20701 E ArmVmp : Match on catch block at 0xc3 in for 0xa5
02-24 16:54:03.759 20701 20701 E ArmVmp : Match on catch block at 0xc3 in for 0xa5
02-24 16:54:03.775 20701 20701 E ArmVmp : Match on catch block at 0xc3 in for 0xa9
02-24 16:54:03.781 20701 20701 E ArmVmp : Match on catch block at 0xc3 in for 0xa1
02-24 16:54:03.784 20701 20701 E ArmVmp : Match on catch block at 0xc3 in for 0xa1
02-24 16:54:03.802 20701 20701 E ArmVmp : Match on catch block at 0xc3 in for 0xa9
02-24 16:54:03.809 20701 20701 E ArmVmp : Match on catch block at 0xc3 in for 0xa1
02-24 16:54:03.813 20701 20701 E ArmVmp : Match on catch block at 0xc3 in for 0xa1
02-24 16:54:03.834 20701 20701 E ArmVmp : Match on catch block at 0xc3 in for 0xa5
02-24 16:54:03.839 20701 20701 E ArmVmp : Match on catch block at 0xc3 in for 0xa9
02-24 16:54:03.842 20701 20701 E ArmVmp : Match on catch block at 0xc3 in for 0xa9
02-24 16:54:03.858 20701 20701 E ArmVmp : Match on catch block at 0xc3 in for 0xa9
02-24 16:54:03.862 20701 20701 E ArmVmp : Match on catch block at 0xc3 in for 0xa1
02-24 16:54:03.865 20701 20701 E ArmVmp : Match on catch block at 0xc3 in for 0xa1
02-24 16:54:03.877 20701 20701 E ArmVmp : Match on catch block at 0xc3 in for 0xa9
02-24 16:54:03.882 20701 20701 E ArmVmp : Match on catch block at 0xc3 in for 0xa1
02-24 16:54:03.885 20701 20701 E ArmVmp : Match on catch block at 0xc3 in for 0xa1
02-24 16:54:03.893 20701 20701 E ArmVmp : Match on catch block at 0xc3 in for 0xa9
02-24 16:54:03.898 20701 20701 E ArmVmp : Match on catch block at 0xc3 in for 0xa1
02-24 16:54:03.901 20701 20701 E ArmVmp : Match on catch block at 0xc3 in for 0xa1
02-24 16:54:03.908 20701 20701 E ArmVmp : Match on catch block at 0xc3 in for 0xa9
02-24 16:54:03.914 20701 20701 E ArmVmp : Match on catch block at 0xc3 in for 0xa1
02-24 16:54:03.917 20701 20701 E ArmVmp : Match on catch block at 0xc3 in for 0xa1
02-24 16:54:03.924 20701 20701 E ArmVmp : Match on catch block at 0xc3 in for 0xa9
02-24 16:54:03.929 20701 20701 E ArmVmp : Match on catch block at 0xc3 in for 0xa1
02-24 16:54:03.932 20701 20701 E ArmVmp : Match on catch block at 0xc3 in for 0xa1
02-24 16:54:03.940 20701 20701 E ArmVmp : Match on catch block at 0xc3 in for 0xa9
02-24 16:54:03.945 20701 20701 E ArmVmp : Match on catch block at 0xc3 in for 0xa1
02-24 16:54:03.949 20701 20701 E ArmVmp : Match on catch block at 0xc3 in for 0xa1
02-24 16:54:03.956 20701 20701 E ArmVmp : Match on catch block at 0xc3 in for 0xa9
02-24 16:54:03.962 20701 20701 E ArmVmp : Match on catch block at 0xc3 in for 0xa1
02-24 16:54:03.965 20701 20701 E ArmVmp : Match on catch block at 0xc3 in for 0xa1
02-24 16:54:03.972 20701 20701 E ArmVmp : Match on catch block at 0xc3 in for 0xa5
02-24 16:54:03.977 20701 20701 E ArmVmp : Match on catch block at 0xc3 in for 0xa9
02-24 16:54:03.980 20701 20701 E ArmVmp : Match on catch block at 0xc3 in for 0xa9
02-24 16:54:04.463 20701 20701 E ArmVmp : Match on catch block at 0xc3 in for 0xa9
02-24 16:54:04.470 20701 20701 E ArmVmp : Match on catch block at 0xc3 in for 0xa1
02-24 16:54:04.473 20701 20701 E ArmVmp : Match on catch block at 0xc3 in for 0xa1
02-24 16:54:04.485 20701 20701 E ArmVmp : Match on catch block at 0xc3 in for 0xa5
02-24 16:54:04.491 20701 20701 E ArmVmp : Match on catch block at 0xc3 in for 0xa9
02-24 16:54:04.496 20701 20701 E ArmVmp : Match on catch block at 0xc3 in for 0xa9
02-24 16:54:04.510 20701 20701 E ArmVmp : Match on catch block at 0xc3 in for 0xa1
02-24 16:54:04.516 20701 20701 E ArmVmp : Match on catch block at 0xc3 in for 0xa5
02-24 16:54:04.523 20701 20701 E ArmVmp : Match on catch block at 0xc3 in for 0xa5
02-24 16:54:04.539 20701 20701 E ArmVmp : Match on catch block at 0xc3 in for 0xa9
02-24 16:54:04.546 20701 20701 E ArmVmp : Match on catch block at 0xc3 in for 0xa1
02-24 16:54:04.551 20701 20701 E ArmVmp : Match on catch block at 0xc3 in for 0xa1
02-24 16:54:04.562 20701 20701 E ArmVmp : Match on catch block at 0xc3 in for 0xa5
02-24 16:54:04.567 20701 20701 E ArmVmp : Match on catch block at 0xc3 in for 0xa9
02-24 16:54:04.580 20701 20701 E ArmVmp : Match on catch block at 0xc3 in for 0xa9
02-24 16:54:04.585 20701 20701 E ArmVmp : Match on catch block at 0xc3 in for 0xa1
02-24 16:54:04.589 20701 20701 E ArmVmp : Match on catch block at 0xc3 in for 0xa1
02-24 16:54:04.597 20701 20701 E ArmVmp : Match on catch block at 0xc3 in for 0xa1
02-24 16:54:04.603 20701 20701 E ArmVmp : Match on catch block at 0xc3 in for 0xa5
02-24 16:54:04.615 20701 20701 E ArmVmp : Match on catch block at 0xc3 in for 0xa5
02-24 16:54:04.621 20701 20701 E ArmVmp : Match on catch block at 0xc3 in for 0xa9
02-24 16:54:04.624 20701 20701 E ArmVmp : Match on catch block at 0xc3 in for 0xa9
02-24 16:54:04.709 20701 20701 E ArmVmp : Match on catch block at 0xc3 in for 0xa9
02-24 16:54:04.714 20701 20701 E ArmVmp : Match on catch block at 0xc3 in for 0xa1
02-24 16:54:04.717 20701 20701 E ArmVmp : Match on catch block at 0xc3 in for 0xa1
02-24 16:54:04.976 20701 20701 E ArmVmp : Match on catch block at 0xc3 in for 0xa1
02-24 16:54:04.990 20701 20701 E ArmVmp : Match on catch block at 0xc3 in for 0xa5
02-24 16:54:05.000 20701 20701 E ArmVmp : Match on catch block at 0xc3 in for 0xa5
02-24 16:54:05.024 20701 20701 E ArmVmp : Match on catch block at 0xc3 in for 0xa9
02-24 16:54:05.039 20701 20701 E ArmVmp : Match on catch block at 0xc3 in for 0xa1
02-24 16:54:05.045 20701 20701 E ArmVmp : Match on catch block at 0xc3 in for 0xa1
02-24 16:54:05.072 20701 20701 E ArmVmp : Match on catch block at 0xc3 in for 0xa5
02-24 16:54:05.078 20701 20701 E ArmVmp : Match on catch block at 0xc3 in for 0xa9
02-24 16:54:05.081 20701 20701 E ArmVmp : Match on catch block at 0xc3 in for 0xa9
02-24 16:54:05.089 20701 20701 E ArmVmp : Match on catch block at 0xc3 in for 0xa1
02-24 16:54:05.094 20701 20701 E ArmVmp : Match on catch block at 0xc3 in for 0xa5
02-24 16:54:05.098 20701 20701 E ArmVmp : Match on catch block at 0xc3 in for 0xa5
02-24 16:54:05.105 20701 20701 E ArmVmp : Match on catch block at 0xc3 in for 0xa9
02-24 16:54:05.111 20701 20701 E ArmVmp : Match on catch block at 0xc3 in for 0xa1
02-24 16:54:05.115 20701 20701 E ArmVmp : Match on catch block at 0xc3 in for 0xa1
02-24 16:54:05.124 20701 20701 E ArmVmp : Match on catch block at 0xc3 in for 0xa5
02-24 16:54:05.129 20701 20701 E ArmVmp : Match on catch block at 0xc3 in for 0xa9
02-24 16:54:05.133 20701 20701 E ArmVmp : Match on catch block at 0xc3 in for 0xa9
02-24 16:54:05.141 20701 20701 E ArmVmp : Match on catch block at 0xc3 in for 0xa5
02-24 16:54:05.146 20701 20701 E ArmVmp : Match on catch block at 0xc3 in for 0xa9
02-24 16:54:05.149 20701 20701 E ArmVmp : Match on catch block at 0xc3 in for 0xa9
02-24 16:54:05.157 20701 20701 E ArmVmp : Match on catch block at 0xc3 in for 0xa5
02-24 16:54:05.163 20701 20701 E ArmVmp : Match on catch block at 0xc3 in for 0xa9
02-24 16:54:05.166 20701 20701 E ArmVmp : Match on catch block at 0xc3 in for 0xa9
02-24 16:54:05.178 20701 20701 E ArmVmp : Match on catch block at 0xc3 in for 0xa5
02-24 16:54:05.183 20701 20701 E ArmVmp : Match on catch block at 0xc3 in for 0xa9
02-24 16:54:05.187 20701 20701 E ArmVmp : Match on catch block at 0xc3 in for 0xa9
02-24 16:54:05.196 20701 20701 E ArmVmp : Match on catch block at 0xc3 in for 0xa9
02-24 16:54:05.201 20701 20701 E ArmVmp : Match on catch block at 0xc3 in for 0xa1
02-24 16:54:05.204 20701 20701 E ArmVmp : Match on catch block at 0xc3 in for 0xa1
02-24 16:54:05.296 20701 20701 E ArmVmp : Match on catch block at 0xc3 in for 0xa1
02-24 16:54:05.301 20701 20701 E ArmVmp : Match on catch block at 0xc3 in for 0xa5
02-24 16:54:05.304 20701 20701 E ArmVmp : Match on catch block at 0xc3 in for 0xa5
02-24 16:54:05.327 20701 20701 E ArmVmp : Match on catch block at 0xc3 in for 0xa9
02-24 16:54:05.333 20701 20701 E ArmVmp : Match on catch block at 0xc3 in for 0xa1
02-24 16:54:05.338 20701 20701 E ArmVmp : Match on catch block at 0xc3 in for 0xa1
02-24 16:54:05.355 20701 20701 E ArmVmp : Match on catch block at 0xc3 in for 0xa5
02-24 16:54:05.360 20701 20701 E ArmVmp : Match on catch block at 0xc3 in for 0xa9
02-24 16:54:05.364 20701 20701 E ArmVmp : Match on catch block at 0xc3 in for 0xa9
02-24 16:54:05.376 20701 20701 E ArmVmp : Match on catch block at 0xc3 in for 0xa1
02-24 16:54:05.381 20701 20701 E ArmVmp : Match on catch block at 0xc3 in for 0xa5
02-24 16:54:05.384 20701 20701 E ArmVmp : Match on catch block at 0xc3 in for 0xa5
02-24 16:54:06.091 20701 20701 W Settings: Setting device_provisioned has moved
from android.provider.Settings.Secure to android.provider.Settings.Global.
02-24 16:54:06.193 20701 20787 W libEGL : EGLNativeWindowType 0x7193983010
disconnect failed
02-24 16:54:06.251 20701 20701 E ArmVmp : Match on catch block at 0xc3 in for 0xa9
02-24 16:54:06.255 20701 20701 E ArmVmp : Match on catch block at 0xc3 in for 0xa1
02-24 16:54:06.258 20701 20701 E ArmVmp : Match on catch block at 0xc3 in for 0xa1
02-24 16:54:06.293 20701 20701 E ArmVmp : Match on catch block at 0xc3 in for 0xa9
02-24 16:54:06.298 20701 20701 E ArmVmp : Match on catch block at 0xc3 in for 0xa1
02-24 16:54:06.303 20701 20701 E ArmVmp : Match on catch block at 0xc3 in for 0xa1
02-24 16:54:06.314 20701 20701 E ArmVmp : Match on catch block at 0xc3 in for 0xa5
02-24 16:54:06.323 20701 20701 E ArmVmp : Match on catch block at 0xc3 in for 0xa9
02-24 16:54:06.326 20701 20701 E ArmVmp : Match on catch block at 0xc3 in for 0xa9
02-24 16:54:06.434 20701 20701 E ArmVmp : Match on catch block at 0xc3 in for 0xa9
02-24 16:54:06.438 20701 20701 E ArmVmp : Match on catch block at 0xc3 in for 0xa1
02-24 16:54:06.480 20701 20701 E ArmVmp : Match on catch block at 0xc3 in for 0xa5
02-24 16:54:06.485 20701 20701 E ArmVmp : Match on catch block at 0xc3 in for 0xa9
02-24 16:54:06.540 20701 20701 E ArmVmp : Match on catch block at 0xc3 in for 0xa9
02-24 16:54:06.544 20701 20701 E ArmVmp : Match on catch block at 0xc3 in for 0xa1
02-24 16:54:06.573 20701 20701 E ArmVmp : Match on catch block at 0xc3 in for 0xa9
02-24 16:54:06.578 20701 20701 E ArmVmp : Match on catch block at 0xc3 in for 0xa1
02-24 16:54:06.627 20701 20701 E ArmVmp : Match on catch block at 0xc3 in for 0xa1
02-24 16:54:06.632 20701 20701 E ArmVmp : Match on catch block at 0xc3 in for 0xa5
02-24 16:54:06.657 20701 20701 E ArmVmp : Match on catch block at 0xc3 in for 0xa1
02-24 16:54:06.661 20701 20701 E ArmVmp : Match on catch block at 0xc3 in for 0xa5
02-24 16:54:06.709 20701 20701 E ArmVmp : Match on catch block at 0xc3 in for 0xa5
02-24 16:54:06.714 20701 20701 E ArmVmp : Match on catch block at 0xc3 in for 0xa9
