02-24 16:24:16.191 16428 16428 E ArmVmp : Match on catch block at 0xc3 in for 0xa9
02-24 16:24:16.194 16428 16428 E ArmVmp : Match on catch block at 0xc3 in for 0xa9
02-24 16:24:16.203 16428 16428 E ArmVmp : Match on catch block at 0xc3 in for 0xa1
02-24 16:24:16.207 16428 16428 E ArmVmp : Match on catch block at 0xc3 in for 0xa5
02-24 16:24:16.210 16428 16428 E ArmVmp : Match on catch block at 0xc3 in for 0xa5
02-24 16:24:16.220 16428 16428 E ArmVmp : Match on catch block at 0xc3 in for 0xa9
02-24 16:24:16.224 16428 16428 E ArmVmp : Match on catch block at 0xc3 in for 0xa1
02-24 16:24:16.227 16428 16428 E ArmVmp : Match on catch block at 0xc3 in for 0xa1
02-24 16:24:16.244 16428 16428 W Settings: Setting device_provisioned has moved
from android.provider.Settings.Secure to android.provider.Settings.Global.
02-24 16:24:16.268 16428 16428 W HiTouch_PressGestureDetector: Touch pointer move a
lot. The moving distance of X is:31.603348, limit is:60The moving distance of Y
is:78.37427, limit is:60
02-24 16:24:16.273 16428 16428 E ArmVmp : Match on catch block at 0xc3 in for 0xa1
02-24 16:24:16.279 16428 16428 E ArmVmp : Match on catch block at 0xc3 in for 0xa5
02-24 16:24:16.283 16428 16428 E ArmVmp : Match on catch block at 0xc3 in for 0xa5
02-24 16:24:16.338 16428 16428 E ArmVmp : Match on catch block at 0xc3 in for 0xa1
02-24 16:24:16.342 16428 16428 E ArmVmp : Match on catch block at 0xc3 in for 0xa5
02-24 16:24:16.345 16428 16428 E ArmVmp : Match on catch block at 0xc3 in for 0xa5
02-24 16:24:16.378 16428 16439 E : [ZeroHung]zrhung_get_config: Get config
failed for wp[0x0008]
02-24 16:24:16.416 16428 16428 E ArmVmp : Match on catch block at 0xc3 in for 0xa9
02-24 16:24:16.421 16428 16428 E ArmVmp : Match on catch block at 0xc3 in for 0xa1
02-24 16:24:16.489 16428 16428 E ArmVmp : Match on catch block at 0xc3 in for 0xa9
02-24 16:24:16.494 16428 16428 E ArmVmp : Match on catch block at 0xc3 in for 0xa1
02-24 16:24:16.546 16428 16428 E ArmVmp : Match on catch block at 0xc3 in for 0xa1
02-24 16:24:16.550 16428 16428 E ArmVmp : Match on catch block at 0xc3 in for 0xa5
02-24 16:24:16.570 16428 16428 E ArmVmp : Match on catch block at 0xc3 in for 0xa1
02-24 16:24:16.574 16428 16428 E ArmVmp : Match on catch block at 0xc3 in for 0xa5
02-24 16:24:16.592 16428 16428 E ArmVmp : Match on catch block at 0xc3 in for 0xa9
02-24 16:24:16.596 16428 16428 E ArmVmp : Match on catch block at 0xc3 in for 0xa1
02-24 16:24:16.606 16428 16428 E ArmVmp : Match on catch block at 0xc3 in for 0xa1
02-24 16:24:16.611 16428 16428 E ArmVmp : Match on catch block at 0xc3 in for 0xa5
02-24 16:24:16.623 16428 16428 E ArmVmp : Match on catch block at 0xc3 in for 0xa5
02-24 16:24:16.627 16428 16428 E ArmVmp : Match on catch block at 0xc3 in for 0xa9
02-24 16:24:16.639 16428 16428 E ArmVmp : Match on catch block at 0xc3 in for 0xa9
02-24 16:24:16.643 16428 16428 E ArmVmp : Match on catch block at 0xc3 in for 0xa1
02-24 16:24:16.656 16428 16428 E ArmVmp : Match on catch block at 0xc3 in for 0xa1
02-24 16:24:16.660 16428 16428 E ArmVmp : Match on catch block at 0xc3 in for 0xa5
02-24 16:24:16.673 16428 16428 E ArmVmp : Match on catch block at 0xc3 in for 0xa5
02-24 16:24:16.677 16428 16428 E ArmVmp : Match on catch block at 0xc3 in for 0xa9
02-24 16:24:16.690 16428 16428 E ArmVmp : Match on catch block at 0xc3 in for 0xa9
02-24 16:24:16.694 16428 16428 E ArmVmp : Match on catch block at 0xc3 in for 0xa1
02-24 16:24:16.771 16428 16428 W HiTouch_PressGestureDetector: Touch pointer move a
lot. The moving distance of X is:66.75661, limit is:60The moving distance of Y
is:122.63696, limit is:60
02-24 16:24:16.776 16428 16428 E ArmVmp : Match on catch block at 0xc3 in for 0xa5
02-24 16:24:16.781 16428 16428 E ArmVmp : Match on catch block at 0xc3 in for 0xa9
02-24 16:24:16.792 16428 16428 E ArmVmp : Match on catch block at 0xc3 in for 0xa5
02-24 16:24:16.798 16428 16428 E ArmVmp : Match on catch block at 0xc3 in for 0xa9
02-24 16:24:16.811 16428 16428 E ArmVmp : Match on catch block at 0xc3 in for 0xa5
02-24 16:24:16.815 16428 16428 E ArmVmp : Match on catch block at 0xc3 in for 0xa9
02-24 16:24:16.825 16428 16428 E ArmVmp : Match on catch block at 0xc3 in for 0xa1
02-24 16:24:16.830 16428 16428 E ArmVmp : Match on catch block at 0xc3 in for 0xa5
02-24 16:24:16.842 16428 16428 E ArmVmp : Match on catch block at 0xc3 in for 0xa9
02-24 16:24:16.846 16428 16428 E ArmVmp : Match on catch block at 0xc3 in for 0xa1
02-24 16:24:16.858 16428 16428 E ArmVmp : Match on catch block at 0xc3 in for 0xa5
02-24 16:24:16.863 16428 16428 E ArmVmp : Match on catch block at 0xc3 in for 0xa9
02-24 16:24:16.875 16428 16428 E ArmVmp : Match on catch block at 0xc3 in for 0xa1
02-24 16:24:16.880 16428 16428 E ArmVmp : Match on catch block at 0xc3 in for 0xa5
02-24 16:24:16.892 16428 16428 E ArmVmp : Match on catch block at 0xc3 in for 0xa9
02-24 16:24:16.897 16428 16428 E ArmVmp : Match on catch block at 0xc3 in for 0xa1
02-24 16:24:16.909 16428 16428 E ArmVmp : Match on catch block at 0xc3 in for 0xa9
02-24 16:24:16.913 16428 16428 E ArmVmp : Match on catch block at 0xc3 in for 0xa1
02-24 16:24:17.177 16428 16428 E ArmVmp : Match on catch block at 0xc3 in for 0xa1
02-24 16:24:17.182 16428 16428 E ArmVmp : Match on catch block at 0xc3 in for 0xa5
02-24 16:24:17.386 16428 16428 E ArmVmp : Match on catch block at 0xc3 in for 0xa5
02-24 16:24:17.392 16428 16428 E ArmVmp : Match on catch block at 0xc3 in for 0xa9
02-24 16:24:17.402 16428 16428 E ArmVmp : Match on catch block at 0xc3 in for 0xa9
02-24 16:24:17.406 16428 16428 E ArmVmp : Match on catch block at 0xc3 in for 0xa1
02-24 16:24:17.446 16428 16428 E ArmVmp : Match on catch block at 0xc3 in for 0xa1
02-24 16:24:17.453 16428 16428 E ArmVmp : Match on catch block at 0xc3 in for 0xa5
02-24 16:24:17.531 16428 16428 E ArmVmp : Match on catch block at 0xc3 in for 0xa1
02-24 16:24:17.535 16428 16428 E ArmVmp : Match on catch block at 0xc3 in for 0xa5
02-24 16:24:17.600 16428 16428 W InputMethodManager: startInputReason = 1
02-24 16:24:17.735 16428 16517 W libEGL : EGLNativeWindowType 0x71850e7010
disconnect failed
02-24 16:24:17.745 16428 16428 E ArmVmp : Match on catch block at 0xc3 in for 0xa9
02-24 16:24:17.749 16428 16428 E ArmVmp : Match on catch block at 0xc3 in for 0xa1
02-24 16:24:18.667 16428 16428 W ActivityThread: handleWindowVisibility: no
activity for token android.os.BinderProxy@217b9d7
02-24 16:24:18.888 16428 16428 E ArmVmp : Match on catch block at 0x0a in for 0xc1
02-24 16:24:18.892 16428 16428 E ArmVmp : Match on catch block at 0x0a in for 0xc9
02-24 16:24:19.111 16428 16428 E ArmVmp : Match on catch block at 0xc3 in for 0xb5
02-24 16:24:19.117 16428 16428 E ArmVmp : Match on catch block at 0xc3 in for 0xb5
02-24 16:24:19.123 16428 16428 E ArmVmp : Match on catch block at 0xc3 in for 0xa5
02-24 16:24:19.126 16428 16428 E ArmVmp : Match on catch block at 0xc3 in for 0xa9
02-24 16:24:19.202 16428 16428 E ArmVmp : Match on catch block at 0xc3 in for 0xa9
02-24 16:24:19.206 16428 16428 E ArmVmp : Match on catch block at 0xc3 in for 0xa1
02-24 16:24:19.240 16428 16428 W StaticLayout: maxLineHeight should not be -1.
maxLines:1 lineCount:1
02-24 16:24:19.252 16428 16428 E ArmVmp : Match on catch block at 0xc3 in for 0xa9
02-24 16:24:19.256 16428 16428 E ArmVmp : Match on catch block at 0xc3 in for 0xa1
02-24 16:24:19.266 16428 16428 W InputMethodManager: startInputReason = 1
02-24 16:24:19.276 16428 16428 W StaticLayout: maxLineHeight should not be -1.
maxLines:1 lineCount:1
02-24 16:24:19.292 16428 16428 E ArmVmp : Match on catch block at 0xc3 in for 0xa5
02-24 16:24:19.296 16428 16428 E ArmVmp : Match on catch block at 0xc3 in for 0xa9
02-24 16:24:19.313 16428 16517 W libEGL : EGLNativeWindowType 0x718696a010
disconnect failed
02-24 16:24:19.326 16428 16428 E ArmVmp : Match on catch block at 0xc3 in for 0xa9
02-24 16:24:19.330 16428 16428 E ArmVmp : Match on catch block at 0xc3 in for 0xa1
02-24 16:24:19.343 16428 16428 E ArmVmp : Match on catch block at 0xc3 in for 0xa1
02-24 16:24:19.346 16428 16428 E ArmVmp : Match on catch block at 0xc3 in for 0xa5
02-24 16:24:19.351 16428 16428 E SpannableStringBuilder: SPAN_EXCLUSIVE_EXCLUSIVE
spans cannot have a zero length
02-24 16:24:19.359 16428 16428 E ArmVmp : Match on catch block at 0xc3 in for 0xa5
02-24 16:24:19.364 16428 16428 E ArmVmp : Match on catch block at 0xc3 in for 0xa9
02-24 16:24:19.382 16428 16428 E ArmVmp : Match on catch block at 0xc3 in for 0xa9
02-24 16:24:19.386 16428 16428 E ArmVmp : Match on catch block at 0xc3 in for 0xa1
02-24 16:24:19.395 16428 16428 E ArmVmp : Match on catch block at 0xc3 in for 0xa1
02-24 16:24:19.400 16428 16428 E ArmVmp : Match on catch block at 0xc3 in for 0xa5
02-24 16:24:19.514 16428 16428 E ArmVmp : Match on catch block at 0xc3 in for 0xa5
02-24 16:24:19.519 16428 16428 E ArmVmp : Match on catch block at 0xc3 in for 0xa9
02-24 16:24:19.530 16428 16428 E ArmVmp : Match on catch block at 0xc3 in for 0xa9
02-24 16:24:19.534 16428 16428 E ArmVmp : Match on catch block at 0xc3 in for 0xa1
02-24 16:24:19.730 16428 16428 E ArmVmp : Match on catch block at 0xc3 in for 0xa1
02-24 16:24:19.734 16428 16428 E ArmVmp : Match on catch block at 0xc3 in for 0xa5
02-24 16:24:19.746 16428 16428 E ArmVmp : Match on catch block at 0xc3 in for 0xa5
02-24 16:24:19.751 16428 16428 E ArmVmp : Match on catch block at 0xc3 in for 0xa9
02-24 16:24:19.763 16428 16428 E ArmVmp : Match on catch block at 0xc3 in for 0xa9
02-24 16:24:19.768 16428 16428 E ArmVmp : Match on catch block at 0xc3 in for 0xa1
02-24 16:24:19.780 16428 16428 E ArmVmp : Match on catch block at 0xc3 in for 0xa1
02-24 16:24:19.786 16428 16428 E ArmVmp : Match on catch block at 0xc3 in for 0xa5
02-24 16:24:19.797 16428 16428 E ArmVmp : Match on catch block at 0xc3 in for 0xa5
02-24 16:24:19.802 16428 16428 E ArmVmp : Match on catch block at 0xc3 in for 0xa9
02-24 16:24:19.813 16428 16428 E ArmVmp : Match on catch block at 0xc3 in for 0xa9
02-24 16:24:19.816 16428 16428 E ArmVmp : Match on catch block at 0xc3 in for 0xa1
02-24 16:24:19.830 16428 16428 E ArmVmp : Match on catch block at 0xc3 in for 0xa1
02-24 16:24:19.834 16428 16428 E ArmVmp : Match on catch block at 0xc3 in for 0xa5
02-24 16:24:19.847 16428 16428 E ArmVmp : Match on catch block at 0xc3 in for 0xa5
02-24 16:24:19.853 16428 16428 E ArmVmp : Match on catch block at 0xc3 in for 0xa9
02-24 16:24:19.864 16428 16428 E ArmVmp : Match on catch block at 0xc3 in for 0xa9
02-24 16:24:19.868 16428 16428 E ArmVmp : Match on catch block at 0xc3 in for 0xa1
02-24 16:24:19.880 16428 16428 E ArmVmp : Match on catch block at 0xc3 in for 0xa1
02-24 16:24:19.885 16428 16428 E ArmVmp : Match on catch block at 0xc3 in for 0xa5
02-24 16:24:19.898 16428 16428 E ArmVmp : Match on catch block at 0xc3 in for 0xa5
02-24 16:24:19.903 16428 16428 E ArmVmp : Match on catch block at 0xc3 in for 0xa9
02-24 16:24:19.915 16428 16428 E ArmVmp : Match on catch block at 0xc3 in for 0xa9
02-24 16:24:19.920 16428 16428 E ArmVmp : Match on catch block at 0xc3 in for 0xa1
02-24 16:24:19.931 16428 16428 E ArmVmp : Match on catch block at 0xc3 in for 0xa1
02-24 16:24:19.938 16428 16428 E ArmVmp : Match on catch block at 0xc3 in for 0xa5
02-24 16:24:19.948 16428 16428 E ArmVmp : Match on catch block at 0xc3 in for 0xa5
02-24 16:24:19.953 16428 16428 E ArmVmp : Match on catch block at 0xc3 in for 0xa9
02-24 16:24:19.965 16428 16428 E ArmVmp : Match on catch block at 0xc3 in for 0xa9
02-24 16:24:19.970 16428 16428 E ArmVmp : Match on catch block at 0xc3 in for 0xa1
02-24 16:24:19.982 16428 16428 E ArmVmp : Match on catch block at 0xc3 in for 0xa1
02-24 16:24:19.988 16428 16428 E ArmVmp : Match on catch block at 0xc3 in for 0xa5
02-24 16:24:19.999 16428 16428 E ArmVmp : Match on catch block at 0xc3 in for 0xa5
02-24 16:24:20.004 16428 16428 E ArmVmp : Match on catch block at 0xc3 in for 0xa9
02-24 16:24:20.015 16428 16428 E ArmVmp : Match on catch block at 0xc3 in for 0xa9
02-24 16:24:20.020 16428 16428 E ArmVmp : Match on catch block at 0xc3 in for 0xa1
02-24 16:24:20.032 16428 16428 E ArmVmp : Match on catch block at 0xc3 in for 0xa1
02-24 16:24:20.037 16428 16428 E ArmVmp : Match on catch block at 0xc3 in for 0xa5
02-24 16:24:20.289 16428 16428 E ArmVmp : Match on catch block at 0xc3 in for 0xa5
02-24 16:24:20.299 16428 16428 E ArmVmp : Match on catch block at 0xc3 in for 0xa9
02-24 16:24:20.794 16428 16428 E ArmVmp : Match on catch block at 0xc3 in for 0xa9
02-24 16:24:20.811 16428 16428 E ArmVmp : Match on catch block at 0xc3 in for 0xa1
02-24 16:24:21.055 16428 16428 W Settings: Setting device_provisioned has moved
from android.provider.Settings.Secure to android.provider.Settings.Global.
02-24 16:24:21.093 16428 16428 E ArmVmp : Match on catch block at 0xc3 in for 0xa1
02-24 16:24:21.099 16428 16428 E ArmVmp : Match on catch block at 0xc3 in for 0xa5
02-24 16:24:21.105 16428 16428 W HiTouch_PressGestureDetector: Touch pointer move a
lot. The moving distance of X is:9.62262, limit is:60The moving distance of Y
is:83.43378, limit is:60
02-24 16:24:21.110 16428 16428 E ArmVmp : Match on catch block at 0xc3 in for 0xa5
02-24 16:24:21.116 16428 16428 E ArmVmp : Match on catch block at 0xc3 in for 0xa9
02-24 16:24:21.127 16428 16428 E ArmVmp : Match on catch block at 0xc3 in for 0xa9
02-24 16:24:21.134 16428 16428 E ArmVmp : Match on catch block at 0xc3 in for 0xa1
02-24 16:24:21.145 16428 16428 E ArmVmp : Match on catch block at 0xc3 in for 0xa1
02-24 16:24:21.150 16428 16428 E ArmVmp : Match on catch block at 0xc3 in for 0xa5
02-24 16:24:21.180 16428 16428 E ArmVmp : Match on catch block at 0xc3 in for 0xa9
02-24 16:24:21.185 16428 16428 E ArmVmp : Match on catch block at 0xc3 in for 0xa1
02-24 16:24:21.244 16428 16428 E ArmVmp : Match on catch block at 0xc3 in for 0xa9
02-24 16:24:21.249 16428 16428 E ArmVmp : Match on catch block at 0xc3 in for 0xa1
02-24 16:24:21.274 16428 16428 E ArmVmp : Match on catch block at 0xc3 in for 0xa1
02-24 16:24:21.281 16428 16428 E ArmVmp : Match on catch block at 0xc3 in for 0xa5
02-24 16:24:21.290 16428 16428 E ArmVmp : Match on catch block at 0xc3 in for 0xa5
02-24 16:24:21.295 16428 16428 E ArmVmp : Match on catch block at 0xc3 in for 0xa9
02-24 16:24:21.309 16428 16428 E ArmVmp : Match on catch block at 0xc3 in for 0xa9
02-24 16:24:21.314 16428 16428 E ArmVmp : Match on catch block at 0xc3 in for 0xa1
02-24 16:24:21.326 16428 16428 E ArmVmp : Match on catch block at 0xc3 in for 0xa1
02-24 16:24:21.331 16428 16428 E ArmVmp : Match on catch block at 0xc3 in for 0xa5
02-24 16:24:21.343 16428 16428 E ArmVmp : Match on catch block at 0xc3 in for 0xa5
02-24 16:24:21.348 16428 16428 E ArmVmp : Match on catch block at 0xc3 in for 0xa9
02-24 16:24:21.360 16428 16428 E ArmVmp : Match on catch block at 0xc3 in for 0xa9
02-24 16:24:21.365 16428 16428 E ArmVmp : Match on catch block at 0xc3 in for 0xa1
02-24 16:24:21.376 16428 16428 E ArmVmp : Match on catch block at 0xc3 in for 0xa1
02-24 16:24:21.381 16428 16428 E ArmVmp : Match on catch block at 0xc3 in for 0xa5
02-24 16:24:21.393 16428 16428 E ArmVmp : Match on catch block at 0xc3 in for 0xa5
02-24 16:24:21.398 16428 16428 E ArmVmp : Match on catch block at 0xc3 in for 0xa9
02-24 16:24:21.410 16428 16428 E ArmVmp : Match on catch block at 0xc3 in for 0xa9
02-24 16:24:21.416 16428 16428 E ArmVmp : Match on catch block at 0xc3 in for 0xa1
02-24 16:24:21.427 16428 16428 E ArmVmp : Match on catch block at 0xc3 in for 0xa1
02-24 16:24:21.433 16428 16428 E ArmVmp : Match on catch block at 0xc3 in for 0xa5
02-24 16:24:21.446 16428 16428 E ArmVmp : Match on catch block at 0xc3 in for 0xa1
02-24 16:24:21.451 16428 16428 E ArmVmp : Match on catch block at 0xc3 in for 0xa5
02-24 16:24:21.817 16428 16428 E ArmVmp : Match on catch block at 0xc3 in for 0xa1
02-24 16:24:21.827 16428 16428 E ArmVmp : Match on catch block at 0xc3 in for 0xa5
02-24 16:24:21.843 16428 16428 E ArmVmp : Match on catch block at 0xc3 in for 0xa5
02-24 16:24:21.854 16428 16428 E ArmVmp : Match on catch block at 0xc3 in for 0xa9
02-24 16:24:22.355 16428 16428 E ArmVmp : Match on catch block at 0xc3 in for 0xa5
02-24 16:24:22.369 16428 16428 E ArmVmp : Match on catch block at 0xc3 in for 0xa9
02-24 16:24:22.856 16428 16428 E ArmVmp : Match on catch block at 0xc3 in for 0xa5
02-24 16:24:22.866 16428 16428 E ArmVmp : Match on catch block at 0xc3 in for 0xa9
02-24 16:24:22.880 16428 16428 E ArmVmp : Match on catch block at 0xc3 in for 0xa1
02-24 16:24:22.891 16428 16428 E ArmVmp : Match on catch block at 0xc3 in for 0xa5
02-24 16:24:22.899 16428 16428 W HiTouch_PressGestureDetector: Touch pointer move a
lot. The moving distance of X is:6.2023926, limit is:60The moving distance of Y
is:81.73193, limit is:60
02-24 16:24:22.903 16428 16428 E ArmVmp : Match on catch block at 0xc3 in for 0xa5
02-24 16:24:22.911 16428 16428 E ArmVmp : Match on catch block at 0xc3 in for 0xa9
02-24 16:24:22.945 16428 16428 E ArmVmp : Match on catch block at 0xc3 in for 0xa1
02-24 16:24:22.950 16428 16428 E ArmVmp : Match on catch block at 0xc3 in for 0xa5
02-24 16:24:22.983 16428 16428 E ArmVmp : Match on catch block at 0xc3 in for 0xa5
02-24 16:24:22.988 16428 16428 E ArmVmp : Match on catch block at 0xc3 in for 0xa9
02-24 16:24:23.020 16428 16428 E ArmVmp : Match on catch block at 0xc3 in for 0xa9
02-24 16:24:23.025 16428 16428 E ArmVmp : Match on catch block at 0xc3 in for 0xa1
02-24 16:24:23.034 16428 16428 E ArmVmp : Match on catch block at 0xc3 in for 0xa1
02-24 16:24:23.039 16428 16428 E ArmVmp : Match on catch block at 0xc3 in for 0xa5
02-24 16:24:23.048 16428 16428 E ArmVmp : Match on catch block at 0xc3 in for 0xa5
02-24 16:24:23.053 16428 16428 E ArmVmp : Match on catch block at 0xc3 in for 0xa9
02-24 16:24:23.062 16428 16428 E ArmVmp : Match on catch block at 0xc3 in for 0xa9
02-24 16:24:23.067 16428 16428 E ArmVmp : Match on catch block at 0xc3 in for 0xa1
02-24 16:24:23.079 16428 16428 E ArmVmp : Match on catch block at 0xc3 in for 0xa1
02-24 16:24:23.086 16428 16428 E ArmVmp : Match on catch block at 0xc3 in for 0xa5
02-24 16:24:23.093 16428 16428 E ArmVmp : Match on catch block at 0xc3 in for 0xa5
02-24 16:24:23.098 16428 16428 E ArmVmp : Match on catch block at 0xc3 in for 0xa9
02-24 16:24:23.105 16428 16428 E ArmVmp : Match on catch block at 0xc3 in for 0xa9
02-24 16:24:23.110 16428 16428 E ArmVmp : Match on catch block at 0xc3 in for 0xa1
02-24 16:24:23.121 16428 16428 E ArmVmp : Match on catch block at 0xc3 in for 0xa1
02-24 16:24:23.126 16428 16428 E ArmVmp : Match on catch block at 0xc3 in for 0xa5
02-24 16:24:23.138 16428 16428 E ArmVmp : Match on catch block at 0xc3 in for 0xa5
02-24 16:24:23.143 16428 16428 E ArmVmp : Match on catch block at 0xc3 in for 0xa9
02-24 16:24:23.155 16428 16428 E ArmVmp : Match on catch block at 0xc3 in for 0xa9
02-24 16:24:23.160 16428 16428 E ArmVmp : Match on catch block at 0xc3 in for 0xa1
02-24 16:24:23.221 16428 16428 E ArmVmp : Match on catch block at 0xc3 in for 0xa5
02-24 16:24:23.226 16428 16428 E ArmVmp : Match on catch block at 0xc3 in for 0xa9
02-24 16:24:23.259 16428 16428 E ArmVmp : Match on catch block at 0xc3 in for 0xa1
02-24 16:24:23.265 16428 16428 E ArmVmp : Match on catch block at 0xc3 in for 0xa5
02-24 16:24:23.280 16428 16428 E ArmVmp : Match on catch block at 0xc3 in for 0xa5
02-24 16:24:23.287 16428 16428 E ArmVmp : Match on catch block at 0xc3 in for 0xa9
02-24 16:24:23.358 16428 16428 E ArmVmp : Match on catch block at 0xc3 in for 0xa9
02-24 16:24:23.367 16428 16428 E ArmVmp : Match on catch block at 0xc3 in for 0xa1
02-24 16:24:23.868 16428 16428 E ArmVmp : Match on catch block at 0xc3 in for 0xa1
02-24 16:24:23.881 16428 16428 E ArmVmp : Match on catch block at 0xc3 in for 0xa5
02-24 16:24:24.219 16428 16428 E ArmVmp : Match on catch block at 0xc3 in for 0xa1
02-24 16:24:24.231 16428 16428 E ArmVmp : Match on catch block at 0xc3 in for 0xa5
02-24 16:24:24.248 16428 16428 E ArmVmp : Match on catch block at 0xc3 in for 0xa5
02-24 16:24:24.257 16428 16428 E ArmVmp : Match on catch block at 0xc3 in for 0xa9
02-24 16:24:24.284 16428 16428 E ArmVmp : Match on catch block at 0xc3 in for 0xa9
02-24 16:24:24.296 16428 16428 E ArmVmp : Match on catch block at 0xc3 in for 0xa1
02-24 16:24:24.314 16428 16428 E ArmVmp : Match on catch block at 0xc3 in for 0xa1
02-24 16:24:24.323 16428 16428 E ArmVmp : Match on catch block at 0xc3 in for 0xa5
02-24 16:24:24.347 16428 16428 E ArmVmp : Match on catch block at 0xc3 in for 0xa5
02-24 16:24:24.352 16428 16428 E ArmVmp : Match on catch block at 0xc3 in for 0xa9
02-24 16:24:24.363 16428 16428 E ArmVmp : Match on catch block at 0xc3 in for 0xa9
02-24 16:24:24.368 16428 16428 E ArmVmp : Match on catch block at 0xc3 in for 0xa1
02-24 16:24:24.380 16428 16428 E ArmVmp : Match on catch block at 0xc3 in for 0xa1
02-24 16:24:24.385 16428 16428 E ArmVmp : Match on catch block at 0xc3 in for 0xa5
02-24 16:24:24.397 16428 16428 E ArmVmp : Match on catch block at 0xc3 in for 0xa5
02-24 16:24:24.402 16428 16428 E ArmVmp : Match on catch block at 0xc3 in for 0xa9
02-24 16:24:24.414 16428 16428 E ArmVmp : Match on catch block at 0xc3 in for 0xa9
02-24 16:24:24.419 16428 16428 E ArmVmp : Match on catch block at 0xc3 in for 0xa1
02-24 16:24:24.431 16428 16428 E ArmVmp : Match on catch block at 0xc3 in for 0xa1
02-24 16:24:24.436 16428 16428 E ArmVmp : Match on catch block at 0xc3 in for 0xa5
02-24 16:24:24.874 16428 16428 E ArmVmp : Match on catch block at 0xc3 in for 0xa5
02-24 16:24:24.891 16428 16428 E ArmVmp : Match on catch block at 0xc3 in for 0xa9
02-24 16:24:24.904 16428 16428 E ArmVmp : Match on catch block at 0xc3 in for 0xa9
02-24 16:24:24.913 16428 16428 E ArmVmp : Match on catch block at 0xc3 in for 0xa1
02-24 16:24:24.929 16428 16428 E ArmVmp : Match on catch block at 0xc3 in for 0xa1
02-24 16:24:24.938 16428 16428 E ArmVmp : Match on catch block at 0xc3 in for 0xa5
02-24 16:24:24.951 16428 16428 E ArmVmp : Match on catch block at 0xc3 in for 0xa5
02-24 16:24:24.957 16428 16428 E ArmVmp : Match on catch block at 0xc3 in for 0xa9
02-24 16:24:24.968 16428 16428 E ArmVmp : Match on catch block at 0xc3 in for 0xa9
02-24 16:24:24.974 16428 16428 E ArmVmp : Match on catch block at 0xc3 in for 0xa1
02-24 16:24:24.985 16428 16428 E ArmVmp : Match on catch block at 0xc3 in for 0xa1
02-24 16:24:24.990 16428 16428 E ArmVmp : Match on catch block at 0xc3 in for 0xa5
02-24 16:24:25.001 16428 16428 E ArmVmp : Match on catch block at 0xc3 in for 0xa5
02-24 16:24:25.006 16428 16428 E ArmVmp : Match on catch block at 0xc3 in for 0xa9
02-24 16:24:25.018 16428 16428 E ArmVmp : Match on catch block at 0xc3 in for 0xa9
02-24 16:24:25.024 16428 16428 E ArmVmp : Match on catch block at 0xc3 in for 0xa1
02-24 16:24:25.035 16428 16428 E ArmVmp : Match on catch block at 0xc3 in for 0xa1
02-24 16:24:25.040 16428 16428 E ArmVmp : Match on catch block at 0xc3 in for 0xa5
02-24 16:24:25.052 16428 16428 E ArmVmp : Match on catch block at 0xc3 in for 0xa5
02-24 16:24:25.058 16428 16428 E ArmVmp : Match on catch block at 0xc3 in for 0xa9
02-24 16:24:25.069 16428 16428 E ArmVmp : Match on catch block at 0xc3 in for 0xa9
02-24 16:24:25.073 16428 16428 E ArmVmp : Match on catch block at 0xc3 in for 0xa1
02-24 16:24:25.086 16428 16428 E ArmVmp : Match on catch block at 0xc3 in for 0xa1
02-24 16:24:25.091 16428 16428 E ArmVmp : Match on catch block at 0xc3 in for 0xa5
02-24 16:24:25.103 16428 16428 E ArmVmp : Match on catch block at 0xc3 in for 0xa5
02-24 16:24:25.108 16428 16428 E ArmVmp : Match on catch block at 0xc3 in for 0xa9
02-24 16:24:25.119 16428 16428 E ArmVmp : Match on catch block at 0xc3 in for 0xa9
02-24 16:24:25.124 16428 16428 E ArmVmp : Match on catch block at 0xc3 in for 0xa1
02-24 16:24:25.412 16428 16428 E ArmVmp : Match on catch block at 0xc3 in for 0xa1
02-24 16:24:25.429 16428 16428 E ArmVmp : Match on catch block at 0xc3 in for 0xa5
02-24 16:24:25.912 16428 16428 E ArmVmp : Match on catch block at 0xc3 in for 0xa5
02-24 16:24:25.924 16428 16428 E ArmVmp : Match on catch block at 0xc3 in for 0xa9
02-24 16:24:26.412 16428 16428 E ArmVmp : Match on catch block at 0xc3 in for 0xa9
02-24 16:24:26.417 16428 16428 E ArmVmp : Match on catch block at 0xc3 in for 0xa1
02-24 16:24:26.891 16428 16428 E ArmVmp : Match on catch block at 0xc3 in for 0xa9
02-24 16:24:26.898 16428 16428 E ArmVmp : Match on catch block at 0xc3 in for 0xa1
02-24 16:24:26.909 16428 16428 W HiTouch_PressGestureDetector: Touch pointer move a
lot. The moving distance of X is:8.024841, limit is:60The moving distance of Y
is:103.868774, limit is:60
02-24 16:24:26.915 16428 16428 E ArmVmp : Match on catch block at 0xc3 in for 0xa1
02-24 16:24:26.925 16428 16428 E ArmVmp : Match on catch block at 0xc3 in for 0xa5
02-24 16:24:26.941 16428 16428 E ArmVmp : Match on catch block at 0xc3 in for 0xa5
02-24 16:24:26.950 16428 16428 E ArmVmp : Match on catch block at 0xc3 in for 0xa9
02-24 16:24:26.960 16428 16428 E ArmVmp : Match on catch block at 0xc3 in for 0xa9
02-24 16:24:26.968 16428 16428 E ArmVmp : Match on catch block at 0xc3 in for 0xa1
02-24 16:24:26.977 16428 16428 E ArmVmp : Match on catch block at 0xc3 in for 0xa1
02-24 16:24:26.981 16428 16428 E ArmVmp : Match on catch block at 0xc3 in for 0xa5
02-24 16:24:26.991 16428 16428 E ArmVmp : Match on catch block at 0xc3 in for 0xa5
02-24 16:24:26.996 16428 16428 E ArmVmp : Match on catch block at 0xc3 in for 0xa9
02-24 16:24:27.019 16428 16428 E ArmVmp : Match on catch block at 0xc3 in for 0xa9
02-24 16:24:27.024 16428 16428 E ArmVmp : Match on catch block at 0xc3 in for 0xa1
02-24 16:24:27.033 16428 16428 E ArmVmp : Match on catch block at 0xc3 in for 0xa1
02-24 16:24:27.038 16428 16428 E ArmVmp : Match on catch block at 0xc3 in for 0xa5
02-24 16:24:27.045 16428 16428 E ArmVmp : Match on catch block at 0xc3 in for 0xa5
02-24 16:24:27.050 16428 16428 E ArmVmp : Match on catch block at 0xc3 in for 0xa9
02-24 16:24:27.058 16428 16428 E ArmVmp : Match on catch block at 0xc3 in for 0xa9
02-24 16:24:27.062 16428 16428 E ArmVmp : Match on catch block at 0xc3 in for 0xa1
02-24 16:24:27.070 16428 16428 E ArmVmp : Match on catch block at 0xc3 in for 0xa1
02-24 16:24:27.075 16428 16428 E ArmVmp : Match on catch block at 0xc3 in for 0xa5
02-24 16:24:27.084 16428 16428 E ArmVmp : Match on catch block at 0xc3 in for 0xa5
02-24 16:24:27.089 16428 16428 E ArmVmp : Match on catch block at 0xc3 in for 0xa9
02-24 16:24:27.101 16428 16428 E ArmVmp : Match on catch block at 0xc3 in for 0xa9
02-24 16:24:27.106 16428 16428 E ArmVmp : Match on catch block at 0xc3 in for 0xa1
02-24 16:24:27.117 16428 16428 E ArmVmp : Match on catch block at 0xc3 in for 0xa1
02-24 16:24:27.122 16428 16428 E ArmVmp : Match on catch block at 0xc3 in for 0xa5
02-24 16:24:27.134 16428 16428 E ArmVmp : Match on catch block at 0xc3 in for 0xa5
02-24 16:24:27.138 16428 16428 E ArmVmp : Match on catch block at 0xc3 in for 0xa9
02-24 16:24:27.156 16428 16428 E ArmVmp : Match on catch block at 0xc3 in for 0xa1
02-24 16:24:27.160 16428 16428 E ArmVmp : Match on catch block at 0xc3 in for 0xa5
02-24 16:24:27.169 16428 16428 E ArmVmp : Match on catch block at 0xc3 in for 0xa9
02-24 16:24:27.173 16428 16428 E ArmVmp : Match on catch block at 0xc3 in for 0xa1
02-24 16:24:27.185 16428 16428 E ArmVmp : Match on catch block at 0xc3 in for 0xa5
02-24 16:24:27.190 16428 16428 E ArmVmp : Match on catch block at 0xc3 in for 0xa9
02-24 16:24:27.202 16428 16428 E ArmVmp : Match on catch block at 0xc3 in for 0xa1
02-24 16:24:27.207 16428 16428 E ArmVmp : Match on catch block at 0xc3 in for 0xa5
02-24 16:24:27.219 16428 16428 E ArmVmp : Match on catch block at 0xc3 in for 0xa9
02-24 16:24:27.223 16428 16428 E ArmVmp : Match on catch block at 0xc3 in for 0xa1
02-24 16:24:27.236 16428 16428 E ArmVmp : Match on catch block at 0xc3 in for 0xa5
02-24 16:24:27.240 16428 16428 E ArmVmp : Match on catch block at 0xc3 in for 0xa9
02-24 16:24:27.252 16428 16428 E ArmVmp : Match on catch block at 0xc3 in for 0xa1
02-24 16:24:27.257 16428 16428 E ArmVmp : Match on catch block at 0xc3 in for 0xa5
02-24 16:24:27.269 16428 16428 E ArmVmp : Match on catch block at 0xc3 in for 0xa9
02-24 16:24:27.274 16428 16428 E ArmVmp : Match on catch block at 0xc3 in for 0xa1
02-24 16:24:27.286 16428 16428 E ArmVmp : Match on catch block at 0xc3 in for 0xa5
02-24 16:24:27.291 16428 16428 E ArmVmp : Match on catch block at 0xc3 in for 0xa9
02-24 16:24:27.303 16428 16428 E ArmVmp : Match on catch block at 0xc3 in for 0xa1
02-24 16:24:27.308 16428 16428 E ArmVmp : Match on catch block at 0xc3 in for 0xa5
02-24 16:24:27.320 16428 16428 E ArmVmp : Match on catch block at 0xc3 in for 0xa9
02-24 16:24:27.326 16428 16428 E ArmVmp : Match on catch block at 0xc3 in for 0xa1
02-24 16:24:27.337 16428 16428 E ArmVmp : Match on catch block at 0xc3 in for 0xa5
02-24 16:24:27.343 16428 16428 E ArmVmp : Match on catch block at 0xc3 in for 0xa9
02-24 16:24:27.353 16428 16428 E ArmVmp : Match on catch block at 0xc3 in for 0xa9
02-24 16:24:27.358 16428 16428 E ArmVmp : Match on catch block at 0xc3 in for 0xa1
02-24 16:24:27.453 16428 16428 E ArmVmp : Match on catch block at 0xc3 in for 0xa1
02-24 16:24:27.458 16428 16428 E ArmVmp : Match on catch block at 0xc3 in for 0xa5
02-24 16:24:27.746 16428 16428 E ArmVmp : Match on catch block at 0xc3 in for 0xa5
02-24 16:24:27.761 16428 16428 E ArmVmp : Match on catch block at 0xc3 in for 0xa9
02-24 16:24:27.779 16428 16428 E ArmVmp : Match on catch block at 0xc3 in for 0xa9
02-24 16:24:27.790 16428 16428 E ArmVmp : Match on catch block at 0xc3 in for 0xa1
02-24 16:24:27.807 16428 16428 E ArmVmp : Match on catch block at 0xc3 in for 0xa1
02-24 16:24:27.813 16428 16428 E ArmVmp : Match on catch block at 0xc3 in for 0xa5
02-24 16:24:27.823 16428 16428 E ArmVmp : Match on catch block at 0xc3 in for 0xa5
02-24 16:24:27.829 16428 16428 E ArmVmp : Match on catch block at 0xc3 in for 0xa9
02-24 16:24:27.839 16428 16428 E ArmVmp : Match on catch block at 0xc3 in for 0xa9
02-24 16:24:27.844 16428 16428 E ArmVmp : Match on catch block at 0xc3 in for 0xa1
02-24 16:24:27.856 16428 16428 E ArmVmp : Match on catch block at 0xc3 in for 0xa1
02-24 16:24:27.862 16428 16428 E ArmVmp : Match on catch block at 0xc3 in for 0xa5
02-24 16:24:27.872 16428 16428 E ArmVmp : Match on catch block at 0xc3 in for 0xa5
02-24 16:24:27.878 16428 16428 E ArmVmp : Match on catch block at 0xc3 in for 0xa9
02-24 16:24:27.889 16428 16428 E ArmVmp : Match on catch block at 0xc3 in for 0xa9
02-24 16:24:27.895 16428 16428 E ArmVmp : Match on catch block at 0xc3 in for 0xa1
02-24 16:24:27.906 16428 16428 E ArmVmp : Match on catch block at 0xc3 in for 0xa1
02-24 16:24:27.912 16428 16428 E ArmVmp : Match on catch block at 0xc3 in for 0xa5
02-24 16:24:27.923 16428 16428 E ArmVmp : Match on catch block at 0xc3 in for 0xa5
02-24 16:24:27.928 16428 16428 E ArmVmp : Match on catch block at 0xc3 in for 0xa9
02-24 16:24:27.940 16428 16428 E ArmVmp : Match on catch block at 0xc3 in for 0xa9
02-24 16:24:27.945 16428 16428 E ArmVmp : Match on catch block at 0xc3 in for 0xa1
02-24 16:24:27.957 16428 16428 E ArmVmp : Match on catch block at 0xc3 in for 0xa1
02-24 16:24:27.963 16428 16428 E ArmVmp : Match on catch block at 0xc3 in for 0xa5
02-24 16:24:27.973 16428 16428 E ArmVmp : Match on catch block at 0xc3 in for 0xa5
02-24 16:24:27.979 16428 16428 E ArmVmp : Match on catch block at 0xc3 in for 0xa9
02-24 16:24:27.990 16428 16428 E ArmVmp : Match on catch block at 0xc3 in for 0xa9
02-24 16:24:27.995 16428 16428 E ArmVmp : Match on catch block at 0xc3 in for 0xa1
02-24 16:24:28.007 16428 16428 E ArmVmp : Match on catch block at 0xc3 in for 0xa1
02-24 16:24:28.011 16428 16428 E ArmVmp : Match on catch block at 0xc3 in for 0xa5
02-24 16:24:28.348 16428 16428 E ArmVmp : Match on catch block at 0xc3 in for 0xa1
02-24 16:24:28.361 16428 16428 E ArmVmp : Match on catch block at 0xc3 in for 0xa5
02-24 16:24:28.383 16428 16428 E ArmVmp : Match on catch block at 0xc3 in for 0xa5
02-24 16:24:28.396 16428 16428 E ArmVmp : Match on catch block at 0xc3 in for 0xa9
02-24 16:24:28.412 16428 16428 E ArmVmp : Match on catch block at 0xc3 in for 0xa9
02-24 16:24:28.421 16428 16428 E ArmVmp : Match on catch block at 0xc3 in for 0xa1
02-24 16:24:28.446 16428 16428 E ArmVmp : Match on catch block at 0xc3 in for 0xa1
02-24 16:24:28.454 16428 16428 E ArmVmp : Match on catch block at 0xc3 in for 0xa5
02-24 16:24:28.463 16428 16428 E ArmVmp : Match on catch block at 0xc3 in for 0xa5
02-24 16:24:28.470 16428 16428 E ArmVmp : Match on catch block at 0xc3 in for 0xa9
02-24 16:24:28.479 16428 16428 E ArmVmp : Match on catch block at 0xc3 in for 0xa9
02-24 16:24:28.485 16428 16428 E ArmVmp : Match on catch block at 0xc3 in for 0xa1
02-24 16:24:28.494 16428 16428 E ArmVmp : Match on catch block at 0xc3 in for 0xa1
02-24 16:24:28.500 16428 16428 E ArmVmp : Match on catch block at 0xc3 in for 0xa5
02-24 16:24:28.511 16428 16428 E ArmVmp : Match on catch block at 0xc3 in for 0xa5
02-24 16:24:28.515 16428 16428 E ArmVmp : Match on catch block at 0xc3 in for 0xa9
02-24 16:24:28.527 16428 16428 E ArmVmp : Match on catch block at 0xc3 in for 0xa9
02-24 16:24:28.532 16428 16428 E ArmVmp : Match on catch block at 0xc3 in for 0xa1
02-24 16:24:28.545 16428 16428 E ArmVmp : Match on catch block at 0xc3 in for 0xa1
02-24 16:24:28.549 16428 16428 E ArmVmp : Match on catch block at 0xc3 in for 0xa5
02-24 16:24:28.561 16428 16428 E ArmVmp : Match on catch block at 0xc3 in for 0xa5
02-24 16:24:28.566 16428 16428 E ArmVmp : Match on catch block at 0xc3 in for 0xa9
02-24 16:24:28.989 16428 16428 E ArmVmp : Match on catch block at 0xc3 in for 0xa9
02-24 16:24:29.006 16428 16428 E ArmVmp : Match on catch block at 0xc3 in for 0xa1
02-24 16:24:29.082 16428 16428 E ArmVmp : Match on catch block at 0xc3 in for 0xa1
02-24 16:24:29.087 16428 16428 E ArmVmp : Match on catch block at 0xc3 in for 0xa5
02-24 16:24:29.106 16428 16428 E ArmVmp : Match on catch block at 0xc3 in for 0xa1
02-24 16:24:29.111 16428 16428 E ArmVmp : Match on catch block at 0xc3 in for 0xa5
02-24 16:24:29.141 16428 16428 E ArmVmp : Match on catch block at 0xc3 in for 0xa5
02-24 16:24:29.147 16428 16428 E ArmVmp : Match on catch block at 0xc3 in for 0xa9
02-24 16:24:29.208 16428 16428 E ArmVmp : Match on catch block at 0xc3 in for 0xa5
02-24 16:24:29.212 16428 16428 E ArmVmp : Match on catch block at 0xc3 in for 0xa9
02-24 16:24:29.285 16428 16428 W InputMethodManager: startInputReason = 1
02-24 16:24:29.308 16428 16428 E ArmVmp : Match on catch block at 0xc3 in for 0xa5
02-24 16:24:29.312 16428 16428 E ArmVmp : Match on catch block at 0xc3 in for 0xa9
02-24 16:24:29.405 16428 16517 W libEGL : EGLNativeWindowType 0x719668f010
disconnect failed
02-24 16:24:29.417 16428 16428 E ArmVmp : Match on catch block at 0xc3 in for 0xa9
02-24 16:24:29.421 16428 16428 E ArmVmp : Match on catch block at 0xc3 in for 0xa1
02-24 16:24:30.510 16428 16428 W InputMethodManager: startInputReason = 1
02-24 16:24:32.404 16428 16517 W libEGL : EGLNativeWindowType 0x719e922010
disconnect failed
02-24 16:24:32.420 16428 16428 W InputMethodManager: startInputReason = 1
02-24 16:24:32.519 16428 16428 W InputMethodManager: startInputReason = 1
02-24 16:24:33.748 16428 16428 W Settings: Setting device_provisioned has moved
from android.provider.Settings.Secure to android.provider.Settings.Global.
02-24 16:24:33.829 16428 16517 W libEGL : EGLNativeWindowType 0x7188d25010
disconnect failed
02-24 16:24:33.861 16428 16428 W InputMethodManager: startInputReason = 1
02-24 16:24:34.398 16428 16428 W InputMethodManager: startInputReason = 1
02-24 16:24:34.824 16428 16517 W libEGL : EGLNativeWindowType 0x7188d25010
disconnect failed
02-24 16:24:34.863 16428 16428 W InputMethodManager: startInputReason = 1
02-24 16:24:34.889 16428 16428 W ActivityThread: handleWindowVisibility: no
activity for token android.os.BinderProxy@657d3c7
02-24 16:24:35.174 16428 16428 W InputMethodManager: startInputReason = 1
02-24 16:24:35.389 16428 16517 W libEGL : EGLNativeWindowType 0x71953f8010
disconnect failed
02-24 16:24:36.674 16428 16428 W Settings: Setting device_provisioned has moved
from android.provider.Settings.Secure to android.provider.Settings.Global.
02-24 16:24:36.812 16428 16428 W ActivityThread: handleWindowVisibility: no
activity for token android.os.BinderProxy@134a9b0
02-24 16:24:37.014 16428 16439 E : [ZeroHung]zrhung_get_config: Get config
failed for wp[0x0008]
02-24 16:24:37.095 16428 16428 W InputMethodManager: startInputReason = 1
02-24 16:24:37.264 16428 16517 W libEGL : EGLNativeWindowType 0x71841cb010
disconnect failed
02-24 16:24:39.444 16428 16428 W Settings: Setting device_provisioned has moved
from android.provider.Settings.Secure to android.provider.Settings.Global.
02-24 16:24:43.480 16428 16517 W libEGL : EGLNativeWindowType 0x719e9af010
disconnect failed
02-24 16:24:43.500 16428 16428 W InputEventReceiver: Attempted to finish an input
event but the input event receiver has already been disposed.
02-24 16:24:44.324 16428 16428 W HiTouch_PressGestureDetector: Touch pointer move a
lot. The moving distance of X is:18.067444, limit is:60The moving distance of Y
is:76.95886, limit is:60
02-24 16:24:45.097 16428 16428 W HiTouch_PressGestureDetector: Touch pointer move a
lot. The moving distance of X is:4.0651245, limit is:60The moving distance of Y
is:90.81427, limit is:60
02-24 16:24:47.691 16428 16428 W ActivityThread: handleWindowVisibility: no
activity for token android.os.BinderProxy@a83e566
02-24 16:24:47.714 16428 16428 E ArmVmp : Match on catch block at 0x0a in for 0xe9
02-24 16:24:47.731 16428 16428 E ArmVmp : Match on catch block at 0x0a in for 0xd1
02-24 16:24:47.861 16428 16428 E ArmVmp : Match on catch block at 0x0a in for 0xa9
02-24 16:24:47.875 16428 16428 E ArmVmp : Match on catch block at 0x0a in for 0xc5
02-24 16:24:48.110 16428 16428 W InputMethodManager: startInputReason = 1
02-24 16:24:48.196 16428 16517 W libEGL : EGLNativeWindowType 0x7199689010
disconnect failed
02-24 16:24:50.145 16428 16428 W Settings: Setting device_provisioned has moved
from android.provider.Settings.Secure to android.provider.Settings.Global.
02-24 16:24:50.300 16428 16428 W ActivityThread: handleWindowVisibility: no
activity for token android.os.BinderProxy@53168e8
02-24 16:24:50.323 16428 16428 E ArmVmp : Match on catch block at 0x0a in for 0xe9
02-24 16:24:50.349 16428 16428 E ArmVmp : Match on catch block at 0x0a in for 0xd1
02-24 16:24:50.463 16428 16428 E com.whatsapp: Invalid ID 0x00000000.
02-24 16:24:50.464 16428 16428 W System.err:
android.content.res.Resources$NotFoundException: Array resource ID #0x0
02-24 16:24:50.464 16428 16428 W System.err:
02-24 16:24:50.464 16428 16428 W System.err: at
android.content.res.Resources.obtainTypedArray(Resources.java:708)
02-24 16:24:50.464 16428 16428 W System.err:
02-24 16:24:50.465 16428 16428 W System.err: at
mbmodsd.mbmodsw.ui.views.settings.utils.ImLi_v2.<init>(Unknown Source:32)
02-24 16:24:50.465 16428 16428 W System.err:
02-24 16:24:50.465 16428 16428 W System.err: at
java.lang.reflect.Constructor.newInstance0(Native Method)
02-24 16:24:50.465 16428 16428 W System.err:
02-24 16:24:50.465 16428 16428 W System.err: at
java.lang.reflect.Constructor.newInstance(Constructor.java:343)
02-24 16:24:50.465 16428 16428 W System.err:
02-24 16:24:50.465 16428 16428 W System.err: at
android.preference.GenericInflater.createItem(GenericInflater.java:385)
02-24 16:24:50.465 16428 16428 W System.err:
02-24 16:24:50.465 16428 16428 W System.err: at
android.preference.GenericInflater.createItemFromTag(GenericInflater.java:432)
02-24 16:24:50.465 16428 16428 W System.err:
02-24 16:24:50.465 16428 16428 W System.err: at
android.preference.GenericInflater.rInflate(GenericInflater.java:483)
02-24 16:24:50.465 16428 16428 W System.err:
02-24 16:24:50.465 16428 16428 W System.err: at
android.preference.GenericInflater.inflate(GenericInflater.java:327)
02-24 16:24:50.465 16428 16428 W System.err:
02-24 16:24:50.466 16428 16428 W System.err: at
android.preference.GenericInflater.inflate(GenericInflater.java:264)
02-24 16:24:50.466 16428 16428 W System.err:
02-24 16:24:50.466 16428 16428 W System.err: at
android.preference.PreferenceManager.inflateFromResource(PreferenceManager.java:324
)
02-24 16:24:50.466 16428 16428 W System.err:
02-24 16:24:50.466 16428 16428 W System.err: at
android.preference.PreferenceActivity.addPreferencesFromResource(PreferenceActivity
.java:1549)
02-24 16:24:50.466 16428 16428 W System.err:
02-24 16:24:50.466 16428 16428 W System.err: at
mbmodsd.mbmodsw.mbsettings.yo.MBConvoAB.onCreate(Native Method)
02-24 16:24:50.466 16428 16428 W System.err:
02-24 16:24:50.466 16428 16428 W System.err: at
android.app.Activity.performCreate(Activity.java:7458)
02-24 16:24:50.466 16428 16428 W System.err:
02-24 16:24:50.466 16428 16428 W System.err: at
android.app.Activity.performCreate(Activity.java:7448)
02-24 16:24:50.466 16428 16428 W System.err:
02-24 16:24:50.466 16428 16428 W System.err: at
android.app.Instrumentation.callActivityOnCreate(Instrumentation.java:1286)
02-24 16:24:50.466 16428 16428 W System.err:
02-24 16:24:50.466 16428 16428 W System.err: at
android.app.ActivityThread.performLaunchActivity(ActivityThread.java:3409)
02-24 16:24:50.467 16428 16428 W System.err:
02-24 16:24:50.467 16428 16428 W System.err: at
android.app.ActivityThread.handleLaunchActivity(ActivityThread.java:3614)
02-24 16:24:50.467 16428 16428 W System.err:
02-24 16:24:50.467 16428 16428 W System.err: at
android.app.servertransaction.LaunchActivityItem.execute(LaunchActivityItem.java:86
)
02-24 16:24:50.467 16428 16428 W System.err:
02-24 16:24:50.467 16428 16428 W System.err: at
android.app.servertransaction.TransactionExecutor.executeCallbacks(TransactionExecu
tor.java:108)
02-24 16:24:50.467 16428 16428 W System.err:
02-24 16:24:50.467 16428 16428 W System.err: at
android.app.servertransaction.TransactionExecutor.execute(TransactionExecutor.java:
68)
02-24 16:24:50.467 16428 16428 W System.err:
02-24 16:24:50.467 16428 16428 W System.err: at
android.app.ActivityThread$H.handleMessage(ActivityThread.java:2199)
02-24 16:24:50.467 16428 16428 W System.err:
02-24 16:24:50.467 16428 16428 W System.err: at
android.os.Handler.dispatchMessage(Handler.java:112)
02-24 16:24:50.467 16428 16428 W System.err:
02-24 16:24:50.467 16428 16428 W System.err: at
android.os.Looper.loop(Looper.java:216)
02-24 16:24:50.467 16428 16428 W System.err:
02-24 16:24:50.467 16428 16428 W System.err: at
android.app.ActivityThread.main(ActivityThread.java:7625)
02-24 16:24:50.467 16428 16428 W System.err:
02-24 16:24:50.467 16428 16428 W System.err: at
java.lang.reflect.Method.invoke(Native Method)
02-24 16:24:50.468 16428 16428 W System.err:
02-24 16:24:50.468 16428 16428 W System.err: at
com.android.internal.os.RuntimeInit$MethodAndArgsCaller.run(RuntimeInit.java:524)
02-24 16:24:50.468 16428 16428 W System.err:
02-24 16:24:50.468 16428 16428 W System.err: at
com.android.internal.os.ZygoteInit.main(ZygoteInit.java:987)
02-24 16:24:50.468 16428 16428 W System.err:
02-24 16:24:50.478 16428 16428 E ArmVmp : Match on catch block at 0x0a in for 0xa5
02-24 16:24:50.490 16428 16428 W Resources: Drawable
com.whatsapp:drawable/input_circle has unresolved theme attributes! Consider using
Resources.getDrawable(int, Theme) or Context.getDrawable(int).
02-24 16:24:50.490 16428 16428 W Resources: java.lang.RuntimeException
02-24 16:24:50.490 16428 16428 W Resources: at
android.content.res.Resources.getDrawable(Resources.java:990)
02-24 16:24:50.490 16428 16428 W Resources: at
mbmodsd.mbmodsw.mbsettings.yo.MBConvoAB.initPreview(Native Method)
02-24 16:24:50.490 16428 16428 W Resources: at
mbmodsd.mbmodsw.mbsettings.yo.MBConvoAB.onCreate(Native Method)
02-24 16:24:50.490 16428 16428 W Resources: at
android.app.Activity.performCreate(Activity.java:7458)
02-24 16:24:50.490 16428 16428 W Resources: at
android.app.Activity.performCreate(Activity.java:7448)
02-24 16:24:50.490 16428 16428 W Resources: at
android.app.Instrumentation.callActivityOnCreate(Instrumentation.java:1286)
02-24 16:24:50.490 16428 16428 W Resources: at
android.app.ActivityThread.performLaunchActivity(ActivityThread.java:3409)
02-24 16:24:50.490 16428 16428 W Resources: at
android.app.ActivityThread.handleLaunchActivity(ActivityThread.java:3614)
02-24 16:24:50.490 16428 16428 W Resources: at
android.app.servertransaction.LaunchActivityItem.execute(LaunchActivityItem.java:86
)
02-24 16:24:50.490 16428 16428 W Resources: at
android.app.servertransaction.TransactionExecutor.executeCallbacks(TransactionExecu
tor.java:108)
02-24 16:24:50.490 16428 16428 W Resources: at
android.app.servertransaction.TransactionExecutor.execute(TransactionExecutor.java:
68)
02-24 16:24:50.490 16428 16428 W Resources: at
android.app.ActivityThread$H.handleMessage(ActivityThread.java:2199)
02-24 16:24:50.490 16428 16428 W Resources: at
android.os.Handler.dispatchMessage(Handler.java:112)
02-24 16:24:50.490 16428 16428 W Resources: at
android.os.Looper.loop(Looper.java:216)
02-24 16:24:50.490 16428 16428 W Resources: at
android.app.ActivityThread.main(ActivityThread.java:7625)
02-24 16:24:50.490 16428 16428 W Resources: at
java.lang.reflect.Method.invoke(Native Method)
02-24 16:24:50.490 16428 16428 W Resources: at
com.android.internal.os.RuntimeInit$MethodAndArgsCaller.run(RuntimeInit.java:524)
02-24 16:24:50.490 16428 16428 W Resources: at
com.android.internal.os.ZygoteInit.main(ZygoteInit.java:987)
02-24 16:24:50.510 16428 16428 E ArmVmp : Match on catch block at 0x0a in for 0xc5
02-24 16:24:50.819 16428 16517 W libEGL : EGLNativeWindowType 0x719aeb8010
disconnect failed
02-24 16:24:53.010 16428 16428 W Settings: Setting device_provisioned has moved
from android.provider.Settings.Secure to android.provider.Settings.Global.
02-24 16:24:53.073 16428 16428 W HiTouch_PressGestureDetector: Touch pointer move a
lot. The moving distance of X is:4.404236, limit is:60The moving distance of Y
is:83.680664, limit is:60
02-24 16:24:53.715 16428 16428 W StaticLayout: maxLineHeight should not be -1.
maxLines:2 lineCount:2
02-24 16:24:53.716 16428 16428 W StaticLayout: maxLineHeight should not be -1.
maxLines:2 lineCount:2
02-24 16:24:53.746 16428 16428 W StaticLayout: maxLineHeight should not be -1.
maxLines:2 lineCount:2
02-24 16:24:53.746 16428 16428 W StaticLayout: maxLineHeight should not be -1.
maxLines:2 lineCount:2
02-24 16:24:53.767 16428 16428 W StaticLayout: maxLineHeight should not be -1.
maxLines:2 lineCount:2
02-24 16:24:53.769 16428 16428 W StaticLayout: maxLineHeight should not be -1.
maxLines:2 lineCount:2
02-24 16:24:53.855 16428 16428 W StaticLayout: maxLineHeight should not be -1.
maxLines:2 lineCount:2
02-24 16:24:53.856 16428 16428 W StaticLayout: maxLineHeight should not be -1.
maxLines:2 lineCount:2
02-24 16:24:55.066 16428 16517 W libEGL : EGLNativeWindowType 0x719427e010
disconnect failed
02-24 16:24:55.088 16428 16428 W InputEventReceiver: Attempted to finish an input
event but the input event receiver has already been disposed.
02-24 16:24:56.163 16428 16428 W HiTouch_PressGestureDetector: Touch pointer move a
lot. The moving distance of X is:8.778503, limit is:60The moving distance of Y
is:86.5697, limit is:60
02-24 16:25:01.737 16428 16428 W HiTouch_PressGestureDetector: Touch pointer move a
lot. The moving distance of X is:16.836243, limit is:60The moving distance of Y
is:64.85364, limit is:60
02-24 16:25:04.786 16428 16428 W Resources: Drawable
com.whatsapp:drawable/input_circle has unresolved theme attributes! Consider using
Resources.getDrawable(int, Theme) or Context.getDrawable(int).
02-24 16:25:04.786 16428 16428 W Resources: java.lang.RuntimeException
02-24 16:25:04.786 16428 16428 W Resources: at
android.content.res.Resources.getDrawable(Resources.java:990)
02-24 16:25:04.786 16428 16428 W Resources: at
mbmodsd.mbmodsw.mbsettings.yo.MBConvoAB.initPreview(Native Method)
02-24 16:25:04.786 16428 16428 W Resources: at
mbmodsd.mbmodsw.mbsettings.yo.MBConvoAB.onSharedPreferenceChanged(Native Method)
02-24 16:25:04.786 16428 16428 W Resources: at
android.app.SharedPreferencesImpl$EditorImpl.notifyListeners(SharedPreferencesImpl.
java:607)
02-24 16:25:04.786 16428 16428 W Resources: at
android.app.SharedPreferencesImpl$EditorImpl.apply(SharedPreferencesImpl.java:489)
02-24 16:25:04.786 16428 16428 W Resources: at
android.preference.Preference.tryCommit(Preference.java:1623)
02-24 16:25:04.786 16428 16428 W Resources: at
android.preference.Preference.persistBoolean(Preference.java:1927)
02-24 16:25:04.786 16428 16428 W Resources: at
android.preference.TwoStatePreference.setChecked(TwoStatePreference.java:81)
02-24 16:25:04.786 16428 16428 W Resources: at
android.preference.TwoStatePreference.onClick(TwoStatePreference.java:66)
02-24 16:25:04.786 16428 16428 W Resources: at
android.preference.Preference.performClick(Preference.java:1168)
02-24 16:25:04.786 16428 16428 W Resources: at
android.preference.PreferenceScreen.onItemClick(PreferenceScreen.java:257)
02-24 16:25:04.786 16428 16428 W Resources: at
android.widget.AdapterView.performItemClick(AdapterView.java:321)
02-24 16:25:04.786 16428 16428 W Resources: at
android.widget.AbsListView.performItemClick(AbsListView.java:1234)
02-24 16:25:04.786 16428 16428 W Resources: at
android.widget.AbsListView$PerformClick.run(AbsListView.java:3234)
02-24 16:25:04.786 16428 16428 W Resources: at
android.widget.AbsListView$3.run(AbsListView.java:4210)
02-24 16:25:04.786 16428 16428 W Resources: at
android.os.Handler.handleCallback(Handler.java:907)
02-24 16:25:04.786 16428 16428 W Resources: at
android.os.Handler.dispatchMessage(Handler.java:105)
02-24 16:25:04.786 16428 16428 W Resources: at
android.os.Looper.loop(Looper.java:216)
02-24 16:25:04.786 16428 16428 W Resources: at
android.app.ActivityThread.main(ActivityThread.java:7625)
02-24 16:25:04.786 16428 16428 W Resources: at
java.lang.reflect.Method.invoke(Native Method)
02-24 16:25:04.786 16428 16428 W Resources: at
