02-25 08:56:37.724 11877 11925 E SQLiteDatabase: Error inserting UNIQUE constraint
failed: message_media.message_row_id (Sqlite code 1555
SQLITE_CONSTRAINT_PRIMARYKEY), (OS error - 0:Success)
02-25 08:56:38.194 11877 11925 E SQLiteDatabase: Error inserting UNIQUE constraint
failed: message_media.message_row_id (Sqlite code 1555
SQLITE_CONSTRAINT_PRIMARYKEY), (OS error - 0:Success)
02-25 08:56:38.436 11877 11925 E SQLiteDatabase: Error inserting UNIQUE constraint
failed: message_media.message_row_id (Sqlite code 1555
SQLITE_CONSTRAINT_PRIMARYKEY), (OS error - 0:Success)
02-25 08:56:47.186 11877 11888 E : [ZeroHung]zrhung_get_config: Get config
failed for wp[0x0008]
02-25 08:56:50.891 11877 12167 W ACodec : forcing OMX state to Idle when received
shutdown in ExecutingState
02-25 08:56:50.914 11877 11877 W BottomSheetBehavior: BottomSheetBehavior now
supports multiple callbacks. `setBottomSheetCallback()` removes all existing
callbacks, including ones set internally by library authors, which may result in
unintended behavior. This may change in the future. Please use
`addBottomSheetCallback()` and `removeBottomSheetCallback()` instead to set your
own callbacks.
02-25 08:56:50.914 11877 11877 W BottomSheetBehavior: BottomSheetBehavior now
supports multiple callbacks. `setBottomSheetCallback()` removes all existing
callbacks, including ones set internally by library authors, which may result in
unintended behavior. This may change in the future. Please use
`addBottomSheetCallback()` and `removeBottomSheetCallback()` instead to set your
own callbacks.
02-25 08:56:50.948 11877 12171 W ACodec : forcing OMX state to Idle when received
shutdown in ExecutingState
02-25 08:56:50.964 11877 11877 E RecyclerView: No adapter attached; skipping layout
02-25 08:56:51.002 11877 12198 W HwExtendedUtils: hw configLocalPlayBack err = -
1010
02-25 08:56:51.003 11877 12198 E ACodec : [OMX.IMG.MSVDX.Decoder.AVC] setPortMode
on output to DynamicANWBuffer failed w/ err -1010
02-25 08:56:51.003 11877 12198 W ACodec : [OMX.IMG.MSVDX.Decoder.AVC]
prepareForAdaptivePlayback failed w/ err -1010
02-25 08:56:51.065 11877 12198 W MapperHal: buffer descriptor with invalid usage
bits 0x2000
02-25 08:56:51.071 11877 12198 W MapperHal: buffer descriptor with invalid usage
bits 0x2000
02-25 08:56:51.075 11877 12198 W MapperHal: buffer descriptor with invalid usage
bits 0x2000
02-25 08:56:51.082 11877 12198 W MapperHal: buffer descriptor with invalid usage
bits 0x2000
02-25 08:56:51.085 11877 12198 W MapperHal: buffer descriptor with invalid usage
bits 0x2000
02-25 08:56:51.088 11877 12198 W MapperHal: buffer descriptor with invalid usage
bits 0x2000
02-25 08:56:51.107 11877 12203 W HwExtendedUtils: hw configLocalPlayBack err = -
2147483648
02-25 08:56:51.148 11877 12198 W MapperHal: buffer descriptor with invalid usage
bits 0x2000
02-25 08:56:51.151 11877 12093 E AudioTrack: StreamType not music do not upload
bigdata
02-25 08:56:51.153 11877 12198 W MapperHal: buffer descriptor with invalid usage
bits 0x2000
02-25 08:56:51.156 11877 12198 W MapperHal: buffer descriptor with invalid usage
bits 0x2000
02-25 08:56:51.161 11877 12198 W MapperHal: buffer descriptor with invalid usage
bits 0x2000
02-25 08:56:51.169 11877 12198 W MapperHal: buffer descriptor with invalid usage
bits 0x2000
02-25 08:56:51.173 11877 12198 W MapperHal: buffer descriptor with invalid usage
bits 0x2000
02-25 08:56:51.179 11877 12198 W MapperHal: buffer descriptor with invalid usage
bits 0x2000
02-25 08:56:51.185 11877 12198 W MapperHal: buffer descriptor with invalid usage
bits 0x2000
02-25 08:56:51.320 11877 11888 E : [ZeroHung]zrhung_get_config: Get config
failed for wp[0x0008]
02-25 08:56:52.339 11877 11888 E : [ZeroHung]zrhung_get_config: Get config
failed for wp[0x0008]
02-25 08:56:52.988 11877 11925 E SQLiteDatabase: Error inserting UNIQUE constraint
failed: message_media.message_row_id (Sqlite code 1555
SQLITE_CONSTRAINT_PRIMARYKEY), (OS error - 0:Success)
02-25 08:56:54.808 11877 12198 W ACodec : forcing OMX state to Idle when received
shutdown in ExecutingState
02-25 08:56:54.822 11877 11877 W BottomSheetBehavior: BottomSheetBehavior now
supports multiple callbacks. `setBottomSheetCallback()` removes all existing
callbacks, including ones set internally by library authors, which may result in
unintended behavior. This may change in the future. Please use
`addBottomSheetCallback()` and `removeBottomSheetCallback()` instead to set your
own callbacks.
02-25 08:56:54.822 11877 11877 W BottomSheetBehavior: BottomSheetBehavior now
supports multiple callbacks. `setBottomSheetCallback()` removes all existing
callbacks, including ones set internally by library authors, which may result in
unintended behavior. This may change in the future. Please use
`addBottomSheetCallback()` and `removeBottomSheetCallback()` instead to set your
own callbacks.
02-25 08:56:54.819 11877 11877 W com.whatsapp: type=1400 audit(0.0:659481): avc:
granted { create } for comm=576861747341707020576F726B6572
name="1lYQtxrrcdnbfz4ojxbmr1J4AsRRP-0T-PLNiSg3SoY=.tmp"
scontext=u:r:untrusted_app:s0:c6,c257,c512,c768
tcontext=u:object_r:sdcardfs:s0:c6,c257,c512,c768 tclass=file
02-25 08:56:54.822 11877 11877 W BottomSheetBehavior: BottomSheetBehavior now
supports multiple callbacks. `setBottomSheetCallback()` removes all existing
callbacks, including ones set internally by library authors, which may result in
unintended behavior. This may change in the future. Please use
`addBottomSheetCallback()` and `removeBottomSheetCallback()` instead to set your
own callbacks.
02-25 08:56:54.822 11877 11877 W BottomSheetBehavior: BottomSheetBehavior now
supports multiple callbacks. `setBottomSheetCallback()` removes all existing
callbacks, including ones set internally by library authors, which may result in
unintended behavior. This may change in the future. Please use
`addBottomSheetCallback()` and `removeBottomSheetCallback()` instead to set your
own callbacks.
02-25 08:56:54.837 11877 11877 E RecyclerView: No adapter attached; skipping layout
02-25 08:56:54.867 11877 12203 W ACodec : forcing OMX state to Idle when received
shutdown in ExecutingState
02-25 08:56:54.869 11877 11877 W com.whatsapp: type=1400 audit(0.0:659483): avc:
granted { create } for comm=576861747341707020576F726B6572
name="1lYQtxrrcdnbfz4ojxbmr1J4AsRRP-0T-PLNiSg3SoY=.chk.tmp"
scontext=u:r:untrusted_app:s0:c6,c257,c512,c768
tcontext=u:object_r:sdcardfs:s0:c6,c257,c512,c768 tclass=file
02-25 08:56:55.281 11877 11925 E SQLiteDatabase: Error inserting UNIQUE constraint
failed: message_media.message_row_id (Sqlite code 1555
SQLITE_CONSTRAINT_PRIMARYKEY), (OS error - 0:Success)
02-25 08:56:56.329 11877 11877 W com.whatsapp: type=1400 audit(0.0:659484): avc:
granted { create } for comm=576861747341707020576F726B6572
name="fOPIA7oYsTah0pRssXLJtTM6k3XvSVcvwDjf6UqBe44=.tmp"
scontext=u:r:untrusted_app:s0:c6,c257,c512,c768
tcontext=u:object_r:sdcardfs:s0:c6,c257,c512,c768 tclass=file
02-25 08:56:56.344 11877 11877 E RecyclerView: No adapter attached; skipping layout
02-25 08:56:56.349 11877 11877 W com.whatsapp: type=1400 audit(0.0:659485): avc:
granted { create } for comm=576861747341707020576F726B6572 name="dqoElFD2zlQ2Lc-
6M6Zec8IuI-9HvqF87TxYbaAi2ZY=.enc.tmp"
scontext=u:r:untrusted_app:s0:c6,c257,c512,c768
tcontext=u:object_r:sdcardfs:s0:c6,c257,c512,c768 tclass=file
02-25 08:56:56.409 11877 11877 W com.whatsapp: type=1400 audit(0.0:659486): avc:
granted { create } for comm=576861747341707020576F726B6572
name="fOPIA7oYsTah0pRssXLJtTM6k3XvSVcvwDjf6UqBe44=.chk.tmp"
scontext=u:r:untrusted_app:s0:c6,c257,c512,c768
tcontext=u:object_r:sdcardfs:s0:c6,c257,c512,c768 tclass=file
02-25 08:56:56.439 11877 11877 W com.whatsapp: type=1400 audit(0.0:659487): avc:
granted { create } for comm=576861747341707020576F726B6572
name="fOPIA7oYsTah0pRssXLJtTM6k3XvSVcvwDjf6UqBe44=.tmp.chck"
scontext=u:r:untrusted_app:s0:c6,c257,c512,c768
tcontext=u:object_r:sdcardfs:s0:c6,c257,c512,c768 tclass=file
02-25 08:56:56.774 11877 11888 E : [ZeroHung]zrhung_get_config: Get config
failed for wp[0x0008]
02-25 08:56:56.861 11877 11925 E SQLiteDatabase: Error inserting UNIQUE constraint
failed: message_media.message_row_id (Sqlite code 1555
SQLITE_CONSTRAINT_PRIMARYKEY), (OS error - 0:Success)
02-25 08:56:57.126 11877 11877 W BottomSheetBehavior: BottomSheetBehavior now
supports multiple callbacks. `setBottomSheetCallback()` removes all existing
callbacks, including ones set internally by library authors, which may result in
unintended behavior. This may change in the future. Please use
`addBottomSheetCallback()` and `removeBottomSheetCallback()` instead to set your
own callbacks.
02-25 08:56:57.126 11877 11877 W BottomSheetBehavior: BottomSheetBehavior now
supports multiple callbacks. `setBottomSheetCallback()` removes all existing
callbacks, including ones set internally by library authors, which may result in
unintended behavior. This may change in the future. Please use
`addBottomSheetCallback()` and `removeBottomSheetCallback()` instead to set your
own callbacks.
02-25 08:56:57.138 11877 12221 W HwExtendedUtils: hw configLocalPlayBack err = -
1010
02-25 08:56:57.139 11877 12221 E ACodec : [OMX.IMG.MSVDX.Decoder.AVC] setPortMode
on output to DynamicANWBuffer failed w/ err -1010
02-25 08:56:57.139 11877 12221 W ACodec : [OMX.IMG.MSVDX.Decoder.AVC]
prepareForAdaptivePlayback failed w/ err -1010
02-25 08:56:57.145 11877 11877 E RecyclerView: No adapter attached; skipping layout
02-25 08:56:57.203 11877 12221 W MapperHal: buffer descriptor with invalid usage
bits 0x2000
02-25 08:56:57.207 11877 12221 W MapperHal: buffer descriptor with invalid usage
bits 0x2000
02-25 08:56:57.211 11877 12221 W MapperHal: buffer descriptor with invalid usage
bits 0x2000
02-25 08:56:57.214 11877 12221 W MapperHal: buffer descriptor with invalid usage
bits 0x2000
02-25 08:56:57.217 11877 12221 W MapperHal: buffer descriptor with invalid usage
bits 0x2000
02-25 08:56:57.220 11877 12221 W MapperHal: buffer descriptor with invalid usage
bits 0x2000
02-25 08:56:57.237 11877 12227 W HwExtendedUtils: hw configLocalPlayBack err = -
2147483648
02-25 08:56:57.260 11877 12221 W MapperHal: buffer descriptor with invalid usage
bits 0x2000
02-25 08:56:57.266 11877 12221 W MapperHal: buffer descriptor with invalid usage
bits 0x2000
02-25 08:56:57.272 11877 12221 W MapperHal: buffer descriptor with invalid usage
bits 0x2000
02-25 08:56:57.277 11877 12221 W MapperHal: buffer descriptor with invalid usage
bits 0x2000
02-25 08:56:57.283 11877 12221 W MapperHal: buffer descriptor with invalid usage
bits 0x2000
02-25 08:56:57.285 11877 12221 W MapperHal: buffer descriptor with invalid usage
bits 0x2000
02-25 08:56:57.290 11877 12221 W MapperHal: buffer descriptor with invalid usage
bits 0x2000
02-25 08:56:57.295 11877 12093 E AudioTrack: StreamType not music do not upload
bigdata
02-25 08:56:57.298 11877 12221 W MapperHal: buffer descriptor with invalid usage
bits 0x2000
02-25 08:56:57.778 11877 11877 W HiTouch_PressGestureDetector: Touch pointer move a
lot. The moving distance of X is:51.184204, limit is:60The moving distance of Y
is:86.526245, limit is:60
02-25 08:56:57.859 11877 11877 W com.whatsapp: type=1400 audit(0.0:659488): avc:
granted { create } for comm=576861747341707020576F726B6572
name="Inm8qi8IKYXxO6t2BN1JcJTKXHzBnPNKG888-tvDtHs=.tmp"
scontext=u:r:untrusted_app:s0:c6,c257,c512,c768
tcontext=u:object_r:sdcardfs:s0:c6,c257,c512,c768 tclass=file
02-25 08:56:57.869 11877 11877 W com.whatsapp: type=1400 audit(0.0:659489): avc:
granted { create } for comm=576861747341707020576F726B6572
name="pmmRzDBZ8DbxSzStMpEmcboZcZ-ULUrEgpzdvvWZHMg=.enc.tmp"
scontext=u:r:untrusted_app:s0:c6,c257,c512,c768
tcontext=u:object_r:sdcardfs:s0:c6,c257,c512,c768 tclass=file
02-25 08:56:57.887 11877 11925 E SQLiteDatabase: Error inserting UNIQUE constraint
failed: message_media.message_row_id (Sqlite code 1555
SQLITE_CONSTRAINT_PRIMARYKEY), (OS error - 0:Success)
02-25 08:56:57.988 11877 11888 E : [ZeroHung]zrhung_get_config: Get config
failed for wp[0x0008]
02-25 08:56:57.989 11877 11877 W com.whatsapp: type=1400 audit(0.0:659490): avc:
granted { create } for comm=576861747341707020576F726B6572
name="Inm8qi8IKYXxO6t2BN1JcJTKXHzBnPNKG888-tvDtHs=.chk.tmp"
scontext=u:r:untrusted_app:s0:c6,c257,c512,c768
tcontext=u:object_r:sdcardfs:s0:c6,c257,c512,c768 tclass=file
02-25 08:56:58.039 11877 11877 W com.whatsapp: type=1400 audit(0.0:659491): avc:
granted { create } for comm=576861747341707020576F726B6572
name="Inm8qi8IKYXxO6t2BN1JcJTKXHzBnPNKG888-tvDtHs=.tmp.chck"
scontext=u:r:untrusted_app:s0:c6,c257,c512,c768
tcontext=u:object_r:sdcardfs:s0:c6,c257,c512,c768 tclass=file
02-25 08:56:58.313 11877 11877 W InputMethodManager: startInputReason = 1
02-25 08:56:58.357 11877 11964 W libEGL : EGLNativeWindowType 0x719b163010
disconnect failed
02-25 08:56:58.379 11877 11925 E SQLiteDatabase: Error inserting UNIQUE constraint
failed: message_media.message_row_id (Sqlite code 1555
SQLITE_CONSTRAINT_PRIMARYKEY), (OS error - 0:Success)
02-25 08:56:58.410 11877 11877 W StaticLayout: maxLineHeight should not be -1.
maxLines:3 lineCount:3
02-25 08:56:58.626 11877 12221 W ACodec : forcing OMX state to Idle when received
shutdown in ExecutingState
02-25 08:56:58.659 11877 12227 W ACodec : forcing OMX state to Idle when received
shutdown in ExecutingState
02-25 08:57:00.047 11877 11877 W StaticLayout: maxLineHeight should not be -1.
maxLines:1 lineCount:1
02-25 08:57:00.048 11877 11877 W StaticLayout: maxLineHeight should not be -1.
maxLines:1 lineCount:1
02-25 08:57:00.498 11877 11877 W HiTouch_PressGestureDetector: Touch pointer move a
lot. The moving distance of X is:9.245544, limit is:60The moving distance of Y
is:89.548584, limit is:60
02-25 08:57:01.540 11877 11877 W HiTouch_PressGestureDetector: Touch pointer move a
lot. The moving distance of X is:42.25244, limit is:60The moving distance of Y
is:124.46033, limit is:60
02-25 08:57:02.164 11877 11877 W HiTouch_PressGestureDetector: Touch pointer move a
lot. The moving distance of X is:35.31714, limit is:60The moving distance of Y
is:223.27234, limit is:60
02-25 08:57:03.131 11877 11877 W ActivityThread: handleWindowVisibility: no
activity for token android.os.BinderProxy@673e797
02-25 08:57:03.704 11877 11877 E ArmVmp : Match on catch block at 0x0a in for 0xc5
02-25 08:57:03.712 11877 11877 E ArmVmp : Match on catch block at 0x0a in for 0xc9
02-25 08:57:04.003 11877 11888 E : [ZeroHung]zrhung_get_config: Get config
failed for wp[0x0008]
02-25 08:57:04.050 11877 11877 E ArmVmp : Match on catch block at 0xc3 in for 0xb5
02-25 08:57:04.059 11877 11877 E ArmVmp : Match on catch block at 0xc3 in for 0xb1
02-25 08:57:04.074 11877 11877 E ArmVmp : Match on catch block at 0xc3 in for 0xa1
02-25 08:57:04.078 11877 11877 E ArmVmp : Match on catch block at 0xc3 in for 0xa9
02-25 08:57:04.168 11877 11877 E ArmVmp : Match on catch block at 0xc3 in for 0xa9
02-25 08:57:04.172 11877 11877 E ArmVmp : Match on catch block at 0xc3 in for 0xa1
02-25 08:57:04.221 11877 11877 E ArmVmp : Match on catch block at 0xc3 in for 0xa1
02-25 08:57:04.226 11877 11877 E ArmVmp : Match on catch block at 0xc3 in for 0xa5
02-25 08:57:04.271 11877 11877 E ArmVmp : Match on catch block at 0xc3 in for 0xa5
02-25 08:57:04.276 11877 11877 E ArmVmp : Match on catch block at 0xc3 in for 0xa9
02-25 08:57:04.284 11877 11877 W InputMethodManager: startInputReason = 1
02-25 08:57:04.310 11877 11877 E ArmVmp : Match on catch block at 0xc3 in for 0xa9
02-25 08:57:04.315 11877 11877 E ArmVmp : Match on catch block at 0xc3 in for 0xa1
02-25 08:57:04.327 11877 11877 E ArmVmp : Match on catch block at 0xc3 in for 0xa5
02-25 08:57:04.334 11877 11877 E ArmVmp : Match on catch block at 0xc3 in for 0xa9
02-25 08:57:04.361 11877 11964 W libEGL : EGLNativeWindowType 0x719b084010
disconnect failed
02-25 08:57:04.458 11877 11877 E SpannableStringBuilder: SPAN_EXCLUSIVE_EXCLUSIVE
spans cannot have a zero length
02-25 08:57:04.564 11877 11877 W Settings: Setting device_provisioned has moved
from android.provider.Settings.Secure to android.provider.Settings.Global.
02-25 08:57:04.582 11877 11877 E ArmVmp : Match on catch block at 0xc3 in for 0xa5
02-25 08:57:04.588 11877 11877 E ArmVmp : Match on catch block at 0xc3 in for 0xa9
02-25 08:57:04.599 11877 11877 E ArmVmp : Match on catch block at 0xc3 in for 0xa1
02-25 08:57:04.603 11877 11877 E ArmVmp : Match on catch block at 0xc3 in for 0xa5
02-25 08:57:04.615 11877 11877 E ArmVmp : Match on catch block at 0xc3 in for 0xa9
02-25 08:57:04.621 11877 11877 E ArmVmp : Match on catch block at 0xc3 in for 0xa1
02-25 08:57:04.632 11877 11877 E ArmVmp : Match on catch block at 0xc3 in for 0xa5
02-25 08:57:04.637 11877 11877 E ArmVmp : Match on catch block at 0xc3 in for 0xa9
02-25 08:57:04.649 11877 11877 E ArmVmp : Match on catch block at 0xc3 in for 0xa1
02-25 08:57:04.655 11877 11877 E ArmVmp : Match on catch block at 0xc3 in for 0xa5
02-25 08:57:04.676 11877 11877 E ArmVmp : Match on catch block at 0xc3 in for 0xa9
02-25 08:57:04.681 11877 11877 E ArmVmp : Match on catch block at 0xc3 in for 0xa1
02-25 08:57:04.690 11877 11877 E ArmVmp : Match on catch block at 0xc3 in for 0xa5
02-25 08:57:04.695 11877 11877 E ArmVmp : Match on catch block at 0xc3 in for 0xa9
02-25 08:57:04.712 11877 11877 E ArmVmp : Match on catch block at 0xc3 in for 0xa5
02-25 08:57:04.728 11877 11877 E ArmVmp : Match on catch block at 0xc3 in for 0xa9
02-25 08:57:04.734 11877 11877 E SpannableStringBuilder: SPAN_EXCLUSIVE_EXCLUSIVE
spans cannot have a zero length
02-25 08:57:04.744 11877 11877 E ArmVmp : Match on catch block at 0xc3 in for 0xa9
02-25 08:57:04.752 11877 11877 E ArmVmp : Match on catch block at 0xc3 in for 0xa1
02-25 08:57:04.761 11877 11877 E ArmVmp : Match on catch block at 0xc3 in for 0xa1
02-25 08:57:04.768 11877 11877 E ArmVmp : Match on catch block at 0xc3 in for 0xa5
02-25 08:57:04.810 11877 11877 E ArmVmp : Match on catch block at 0xc3 in for 0xa9
02-25 08:57:04.822 11877 11877 E ArmVmp : Match on catch block at 0xc3 in for 0xa1
02-25 08:57:04.834 11877 11877 E ArmVmp : Match on catch block at 0xc3 in for 0xa9
02-25 08:57:04.840 11877 11877 E ArmVmp : Match on catch block at 0xc3 in for 0xa1
02-25 08:57:04.850 11877 11877 E ArmVmp : Match on catch block at 0xc3 in for 0xa1
02-25 08:57:04.854 11877 11877 E ArmVmp : Match on catch block at 0xc3 in for 0xa5
02-25 08:57:04.866 11877 11877 E ArmVmp : Match on catch block at 0xc3 in for 0xa5
02-25 08:57:04.871 11877 11877 E ArmVmp : Match on catch block at 0xc3 in for 0xa9
02-25 08:57:04.884 11877 11877 E ArmVmp : Match on catch block at 0xc3 in for 0xa9
02-25 08:57:04.889 11877 11877 E ArmVmp : Match on catch block at 0xc3 in for 0xa1
02-25 08:57:04.900 11877 11877 E ArmVmp : Match on catch block at 0xc3 in for 0xa1
02-25 08:57:04.906 11877 11877 E ArmVmp : Match on catch block at 0xc3 in for 0xa5
02-25 08:57:05.337 11877 11877 E ArmVmp : Match on catch block at 0xc3 in for 0xa1
02-25 08:57:05.342 11877 11877 E ArmVmp : Match on catch block at 0xc3 in for 0xa5
02-25 08:57:05.842 11877 11877 E ArmVmp : Match on catch block at 0xc3 in for 0xa5
02-25 08:57:05.847 11877 11877 E ArmVmp : Match on catch block at 0xc3 in for 0xa9
02-25 08:57:06.346 11877 11877 E ArmVmp : Match on catch block at 0xc3 in for 0xa5
02-25 08:57:06.351 11877 11877 E ArmVmp : Match on catch block at 0xc3 in for 0xa9
02-25 08:57:06.419 11877 11877 E ArmVmp : Match on catch block at 0xc3 in for 0xa5
02-25 08:57:06.423 11877 11877 E ArmVmp : Match on catch block at 0xc3 in for 0xa9
02-25 08:57:06.432 11877 11877 E ArmVmp : Match on catch block at 0xc3 in for 0xa1
02-25 08:57:06.439 11877 11877 E ArmVmp : Match on catch block at 0xc3 in for 0xa5
02-25 08:57:06.447 11877 11877 E ArmVmp : Match on catch block at 0xc3 in for 0xa9
02-25 08:57:06.452 11877 11877 E ArmVmp : Match on catch block at 0xc3 in for 0xa1
02-25 08:57:06.462 11877 11877 E ArmVmp : Match on catch block at 0xc3 in for 0xa5
02-25 08:57:06.469 11877 11877 E ArmVmp : Match on catch block at 0xc3 in for 0xa9
02-25 08:57:06.480 11877 11877 E ArmVmp : Match on catch block at 0xc3 in for 0xa1
02-25 08:57:06.490 11877 11877 E ArmVmp : Match on catch block at 0xc3 in for 0xa5
02-25 08:57:06.619 11877 11877 E ArmVmp : Match on catch block at 0xc3 in for 0xa5
02-25 08:57:06.624 11877 11877 E ArmVmp : Match on catch block at 0xc3 in for 0xa9
02-25 08:57:06.632 11877 11877 E ArmVmp : Match on catch block at 0xc3 in for 0xa9
02-25 08:57:06.636 11877 11877 E ArmVmp : Match on catch block at 0xc3 in for 0xa1
02-25 08:57:06.647 11877 11877 E ArmVmp : Match on catch block at 0xc3 in for 0xa1
02-25 08:57:06.653 11877 11877 E ArmVmp : Match on catch block at 0xc3 in for 0xa5
02-25 08:57:06.664 11877 11877 E ArmVmp : Match on catch block at 0xc3 in for 0xa5
02-25 08:57:06.671 11877 11877 E ArmVmp : Match on catch block at 0xc3 in for 0xa9
02-25 08:57:06.849 11877 11877 E ArmVmp : Match on catch block at 0xc3 in for 0xa5
02-25 08:57:06.855 11877 11877 E ArmVmp : Match on catch block at 0xc3 in for 0xa9
02-25 08:57:07.353 11877 11877 E ArmVmp : Match on catch block at 0xc3 in for 0xa9
02-25 08:57:07.357 11877 11877 E ArmVmp : Match on catch block at 0xc3 in for 0xa1
02-25 08:57:07.477 11877 11964 W libEGL : EGLNativeWindowType 0x719b02a010
disconnect failed
02-25 08:57:07.537 11877 11964 W libEGL : EGLNativeWindowType 0x719b57f010
disconnect failed
02-25 08:57:07.579 11877 11877 E ArmVmp : Match on catch block at 0xc3 in for 0xa1
02-25 08:57:07.582 11877 11877 E ArmVmp : Match on catch block at 0xc3 in for 0xa5
02-25 08:57:07.628 11877 11877 E ArmVmp : Match on catch block at 0xc3 in for 0xa1
02-25 08:57:07.633 11877 11877 E ArmVmp : Match on catch block at 0xc3 in for 0xa5
02-25 08:57:07.643 11877 11877 E ArmVmp : Match on catch block at 0xc3 in for 0xa5
02-25 08:57:07.649 11877 11877 E ArmVmp : Match on catch block at 0xc3 in for 0xa9
02-25 08:57:07.655 11877 11877 E SpannableStringBuilder: SPAN_EXCLUSIVE_EXCLUSIVE
spans cannot have a zero length
02-25 08:57:07.669 11877 11877 E ArmVmp : Match on catch block at 0xc3 in for 0xa1
02-25 08:57:07.673 11877 11877 E ArmVmp : Match on catch block at 0xc3 in for 0xa5
02-25 08:57:07.685 11877 11877 E ArmVmp : Match on catch block at 0xc3 in for 0xa5
02-25 08:57:07.690 11877 11877 E ArmVmp : Match on catch block at 0xc3 in for 0xa9
02-25 08:57:07.698 11877 11877 E ArmVmp : Match on catch block at 0xc3 in for 0xa9
02-25 08:57:07.704 11877 11877 E ArmVmp : Match on catch block at 0xc3 in for 0xa1
02-25 08:57:07.711 11877 11877 E ArmVmp : Match on catch block at 0xc3 in for 0xa1
02-25 08:57:07.716 11877 11877 E ArmVmp : Match on catch block at 0xc3 in for 0xa5
02-25 08:57:07.723 11877 11877 E ArmVmp : Match on catch block at 0xc3 in for 0xa5
02-25 08:57:07.727 11877 11877 E ArmVmp : Match on catch block at 0xc3 in for 0xa9
02-25 08:57:07.743 11877 11877 E ArmVmp : Match on catch block at 0xc3 in for 0xa9
02-25 08:57:07.749 11877 11877 E ArmVmp : Match on catch block at 0xc3 in for 0xa1
02-25 08:57:07.758 11877 11877 E ArmVmp : Match on catch block at 0xc3 in for 0xa1
02-25 08:57:07.764 11877 11877 E ArmVmp : Match on catch block at 0xc3 in for 0xa5
02-25 08:57:07.771 11877 11877 E ArmVmp : Match on catch block at 0xc3 in for 0xa5
02-25 08:57:07.776 11877 11877 E ArmVmp : Match on catch block at 0xc3 in for 0xa9
02-25 08:57:07.790 11877 11877 E ArmVmp : Match on catch block at 0xc3 in for 0xa9
02-25 08:57:07.795 11877 11877 E ArmVmp : Match on catch block at 0xc3 in for 0xa1
02-25 08:57:07.814 11877 11877 E ArmVmp : Match on catch block at 0xc3 in for 0xa9
02-25 08:57:07.820 11877 11877 E ArmVmp : Match on catch block at 0xc3 in for 0xa1
02-25 08:57:07.828 11877 11877 E ArmVmp : Match on catch block at 0xc3 in for 0xa1
02-25 08:57:07.834 11877 11877 E ArmVmp : Match on catch block at 0xc3 in for 0xa5
02-25 08:57:07.841 11877 11877 E ArmVmp : Match on catch block at 0xc3 in for 0xa5
02-25 08:57:07.847 11877 11877 E ArmVmp : Match on catch block at 0xc3 in for 0xa9
02-25 08:57:07.861 11877 11877 E ArmVmp : Match on catch block at 0xc3 in for 0xa9
02-25 08:57:07.866 11877 11877 E ArmVmp : Match on catch block at 0xc3 in for 0xa1
02-25 08:57:07.896 11877 11877 E ArmVmp : Match on catch block at 0xc3 in for 0xa1
02-25 08:57:07.902 11877 11877 E ArmVmp : Match on catch block at 0xc3 in for 0xa5
02-25 08:57:07.912 11877 11877 E ArmVmp : Match on catch block at 0xc3 in for 0xa5
02-25 08:57:07.918 11877 11877 E ArmVmp : Match on catch block at 0xc3 in for 0xa9
02-25 08:57:07.925 11877 11877 E ArmVmp : Match on catch block at 0xc3 in for 0xa9
02-25 08:57:07.930 11877 11877 E ArmVmp : Match on catch block at 0xc3 in for 0xa1
02-25 08:57:07.939 11877 11877 E ArmVmp : Match on catch block at 0xc3 in for 0xa1
02-25 08:57:07.947 11877 11877 E ArmVmp : Match on catch block at 0xc3 in for 0xa5
02-25 08:57:07.956 11877 11877 E ArmVmp : Match on catch block at 0xc3 in for 0xa5
02-25 08:57:07.961 11877 11877 E ArmVmp : Match on catch block at 0xc3 in for 0xa9
02-25 08:57:07.973 11877 11877 E ArmVmp : Match on catch block at 0xc3 in for 0xa9
02-25 08:57:07.978 11877 11877 E ArmVmp : Match on catch block at 0xc3 in for 0xa1
02-25 08:57:07.989 11877 11877 E ArmVmp : Match on catch block at 0xc3 in for 0xa1
02-25 08:57:07.995 11877 11877 E ArmVmp : Match on catch block at 0xc3 in for 0xa5
02-25 08:57:08.007 11877 11877 E ArmVmp : Match on catch block at 0xc3 in for 0xa5
02-25 08:57:08.012 11877 11877 E ArmVmp : Match on catch block at 0xc3 in for 0xa9
02-25 08:57:08.023 11877 11877 E ArmVmp : Match on catch block at 0xc3 in for 0xa9
02-25 08:57:08.029 11877 11877 E ArmVmp : Match on catch block at 0xc3 in for 0xa1
02-25 08:57:08.040 11877 11877 E ArmVmp : Match on catch block at 0xc3 in for 0xa1
02-25 08:57:08.045 11877 11877 E ArmVmp : Match on catch block at 0xc3 in for 0xa5
02-25 08:57:08.056 11877 11877 E ArmVmp : Match on catch block at 0xc3 in for 0xa5
02-25 08:57:08.062 11877 11877 E ArmVmp : Match on catch block at 0xc3 in for 0xa9
02-25 08:57:08.073 11877 11877 E ArmVmp : Match on catch block at 0xc3 in for 0xa9
02-25 08:57:08.079 11877 11877 E ArmVmp : Match on catch block at 0xc3 in for 0xa1
02-25 08:57:08.090 11877 11877 E ArmVmp : Match on catch block at 0xc3 in for 0xa1
02-25 08:57:08.096 11877 11877 E ArmVmp : Match on catch block at 0xc3 in for 0xa5
02-25 08:57:08.107 11877 11877 E ArmVmp : Match on catch block at 0xc3 in for 0xa5
02-25 08:57:08.112 11877 11877 E ArmVmp : Match on catch block at 0xc3 in for 0xa9
02-25 08:57:08.124 11877 11877 E ArmVmp : Match on catch block at 0xc3 in for 0xa9
02-25 08:57:08.129 11877 11877 E ArmVmp : Match on catch block at 0xc3 in for 0xa1
02-25 08:57:08.141 11877 11877 E ArmVmp : Match on catch block at 0xc3 in for 0xa1
02-25 08:57:08.146 11877 11877 E ArmVmp : Match on catch block at 0xc3 in for 0xa5
02-25 08:57:08.157 11877 11877 E ArmVmp : Match on catch block at 0xc3 in for 0xa5
02-25 08:57:08.163 11877 11877 E ArmVmp : Match on catch block at 0xc3 in for 0xa9
02-25 08:57:08.174 11877 11877 E ArmVmp : Match on catch block at 0xc3 in for 0xa9
02-25 08:57:08.180 11877 11877 E ArmVmp : Match on catch block at 0xc3 in for 0xa1
02-25 08:57:08.191 11877 11877 E ArmVmp : Match on catch block at 0xc3 in for 0xa1
02-25 08:57:08.197 11877 11877 E ArmVmp : Match on catch block at 0xc3 in for 0xa5
02-25 08:57:08.208 11877 11877 E ArmVmp : Match on catch block at 0xc3 in for 0xa5
02-25 08:57:08.213 11877 11877 E ArmVmp : Match on catch block at 0xc3 in for 0xa9
02-25 08:57:08.224 11877 11877 E ArmVmp : Match on catch block at 0xc3 in for 0xa9
02-25 08:57:08.230 11877 11877 E ArmVmp : Match on catch block at 0xc3 in for 0xa1
02-25 08:57:08.242 11877 11877 E ArmVmp : Match on catch block at 0xc3 in for 0xa1
02-25 08:57:08.247 11877 11877 E ArmVmp : Match on catch block at 0xc3 in for 0xa5
02-25 08:57:08.258 11877 11877 E ArmVmp : Match on catch block at 0xc3 in for 0xa5
02-25 08:57:08.264 11877 11877 E ArmVmp : Match on catch block at 0xc3 in for 0xa9
02-25 08:57:08.275 11877 11877 E ArmVmp : Match on catch block at 0xc3 in for 0xa9
02-25 08:57:08.280 11877 11877 E ArmVmp : Match on catch block at 0xc3 in for 0xa1
02-25 08:57:08.292 11877 11877 E ArmVmp : Match on catch block at 0xc3 in for 0xa1
02-25 08:57:08.298 11877 11877 E ArmVmp : Match on catch block at 0xc3 in for 0xa5
02-25 08:57:08.309 11877 11877 E ArmVmp : Match on catch block at 0xc3 in for 0xa5
02-25 08:57:08.314 11877 11877 E ArmVmp : Match on catch block at 0xc3 in for 0xa9
02-25 08:57:08.325 11877 11877 E ArmVmp : Match on catch block at 0xc3 in for 0xa9
02-25 08:57:08.338 11877 11877 E ArmVmp : Match on catch block at 0xc3 in for 0xa1
02-25 08:57:08.346 11877 11877 E ArmVmp : Match on catch block at 0xc3 in for 0xa1
02-25 08:57:08.353 11877 11877 E ArmVmp : Match on catch block at 0xc3 in for 0xa5
02-25 08:57:08.361 11877 11877 E ArmVmp : Match on catch block at 0xc3 in for 0xa1
02-25 08:57:08.366 11877 11877 E ArmVmp : Match on catch block at 0xc3 in for 0xa5
02-25 08:57:08.376 11877 11877 E ArmVmp : Match on catch block at 0xc3 in for 0xa9
02-25 08:57:08.381 11877 11877 E ArmVmp : Match on catch block at 0xc3 in for 0xa1
02-25 08:57:08.393 11877 11877 E ArmVmp : Match on catch block at 0xc3 in for 0xa5
02-25 08:57:08.398 11877 11877 E ArmVmp : Match on catch block at 0xc3 in for 0xa9
02-25 08:57:08.410 11877 11877 E ArmVmp : Match on catch block at 0xc3 in for 0xa1
02-25 08:57:08.416 11877 11877 E ArmVmp : Match on catch block at 0xc3 in for 0xa5
02-25 08:57:08.427 11877 11877 E ArmVmp : Match on catch block at 0xc3 in for 0xa9
02-25 08:57:08.432 11877 11877 E ArmVmp : Match on catch block at 0xc3 in for 0xa1
02-25 08:57:08.443 11877 11877 E ArmVmp : Match on catch block at 0xc3 in for 0xa5
02-25 08:57:08.453 11877 11877 E ArmVmp : Match on catch block at 0xc3 in for 0xa9
02-25 08:57:08.462 11877 11877 E ArmVmp : Match on catch block at 0xc3 in for 0xa5
02-25 08:57:08.468 11877 11877 E ArmVmp : Match on catch block at 0xc3 in for 0xa9
02-25 08:57:08.485 11877 11877 W InputMethodManager: startInputReason = 3
02-25 08:57:08.506 11877 11877 E ArmVmp : Match on catch block at 0xc3 in for 0xa5
02-25 08:57:08.510 11877 11877 E ArmVmp : Match on catch block at 0xc3 in for 0xa9
02-25 08:57:08.528 11877 11877 E ArmVmp : Match on catch block at 0xc3 in for 0xa1
02-25 08:57:08.533 11877 11877 E ArmVmp : Match on catch block at 0xc3 in for 0xa5
02-25 08:57:08.542 11877 11877 E ArmVmp : Match on catch block at 0xc3 in for 0xa5
02-25 08:57:08.549 11877 11877 E ArmVmp : Match on catch block at 0xc3 in for 0xa9
02-25 08:57:08.555 11877 11877 E SpannableStringBuilder: SPAN_EXCLUSIVE_EXCLUSIVE
spans cannot have a zero length
02-25 08:57:08.558 11877 11877 E ArmVmp : Match on catch block at 0xc3 in for 0xa9
02-25 08:57:08.566 11877 11877 E ArmVmp : Match on catch block at 0xc3 in for 0xa1
02-25 08:57:08.574 11877 11877 E ArmVmp : Match on catch block at 0xc3 in for 0xa5
02-25 08:57:08.580 11877 11877 E ArmVmp : Match on catch block at 0xc3 in for 0xa9
02-25 08:57:08.597 11877 11877 E SpannableStringBuilder: SPAN_EXCLUSIVE_EXCLUSIVE
spans cannot have a zero length
02-25 08:57:08.597 11877 11877 E SpannableStringBuilder: SPAN_EXCLUSIVE_EXCLUSIVE
spans cannot have a zero length
02-25 08:57:08.600 11877 11877 E ArmVmp : Match on catch block at 0xc3 in for 0xa9
02-25 08:57:08.606 11877 11877 E ArmVmp : Match on catch block at 0xc3 in for 0xa1
02-25 08:57:08.615 11877 11877 E ArmVmp : Match on catch block at 0xc3 in for 0xa1
02-25 08:57:08.624 11877 11877 E ArmVmp : Match on catch block at 0xc3 in for 0xa5
02-25 08:57:08.634 11877 11877 E ArmVmp : Match on catch block at 0xc3 in for 0xa5
02-25 08:57:08.641 11877 11877 E ArmVmp : Match on catch block at 0xc3 in for 0xa9
02-25 08:57:08.650 11877 11877 E ArmVmp : Match on catch block at 0xc3 in for 0xa9
02-25 08:57:08.656 11877 11877 E ArmVmp : Match on catch block at 0xc3 in for 0xa1
02-25 08:57:08.692 11877 11877 E ArmVmp : Match on catch block at 0xc3 in for 0xa5
02-25 08:57:08.699 11877 11877 E ArmVmp : Match on catch block at 0xc3 in for 0xa9
02-25 08:57:08.720 11877 11877 E ArmVmp : Match on catch block at 0xc3 in for 0xa1
02-25 08:57:08.725 11877 11877 E ArmVmp : Match on catch block at 0xc3 in for 0xa5
02-25 08:57:08.750 11877 11877 E ArmVmp : Match on catch block at 0xc3 in for 0xa5
02-25 08:57:08.755 11877 11877 E ArmVmp : Match on catch block at 0xc3 in for 0xa9
02-25 08:57:08.765 11877 11877 E ArmVmp : Match on catch block at 0xc3 in for 0xa9
02-25 08:57:08.770 11877 11877 E ArmVmp : Match on catch block at 0xc3 in for 0xa1
02-25 08:57:08.779 11877 11877 E ArmVmp : Match on catch block at 0xc3 in for 0xa1
02-25 08:57:08.784 11877 11877 E ArmVmp : Match on catch block at 0xc3 in for 0xa5
02-25 08:57:08.795 11877 11877 E ArmVmp : Match on catch block at 0xc3 in for 0xa5
02-25 08:57:08.800 11877 11877 E ArmVmp : Match on catch block at 0xc3 in for 0xa9
02-25 08:57:08.812 11877 11877 E ArmVmp : Match on catch block at 0xc3 in for 0xa9
02-25 08:57:08.817 11877 11877 E ArmVmp : Match on catch block at 0xc3 in for 0xa1
02-25 08:57:08.829 11877 11877 E ArmVmp : Match on catch block at 0xc3 in for 0xa1
02-25 08:57:08.833 11877 11877 E ArmVmp : Match on catch block at 0xc3 in for 0xa5
02-25 08:57:08.846 11877 11877 E ArmVmp : Match on catch block at 0xc3 in for 0xa5
02-25 08:57:08.851 11877 11877 E ArmVmp : Match on catch block at 0xc3 in for 0xa9
02-25 08:57:08.863 11877 11877 E ArmVmp : Match on catch block at 0xc3 in for 0xa9
02-25 08:57:08.867 11877 11877 E ArmVmp : Match on catch block at 0xc3 in for 0xa1
02-25 08:57:08.879 11877 11877 E ArmVmp : Match on catch block at 0xc3 in for 0xa1
02-25 08:57:08.883 11877 11877 E ArmVmp : Match on catch block at 0xc3 in for 0xa5
02-25 08:57:08.896 11877 11877 E ArmVmp : Match on catch block at 0xc3 in for 0xa5
02-25 08:57:08.900 11877 11877 E ArmVmp : Match on catch block at 0xc3 in for 0xa9
02-25 08:57:08.913 11877 11877 E ArmVmp : Match on catch block at 0xc3 in for 0xa9
02-25 08:57:08.917 11877 11877 E ArmVmp : Match on catch block at 0xc3 in for 0xa1
02-25 08:57:08.930 11877 11877 E ArmVmp : Match on catch block at 0xc3 in for 0xa1
02-25 08:57:08.939 11877 11877 E ArmVmp : Match on catch block at 0xc3 in for 0xa5
02-25 08:57:08.947 11877 11877 E ArmVmp : Match on catch block at 0xc3 in for 0xa5
02-25 08:57:08.952 11877 11877 E ArmVmp : Match on catch block at 0xc3 in for 0xa9
02-25 08:57:08.971 11877 11877 E ArmVmp : Match on catch block at 0xc3 in for 0xa9
02-25 08:57:08.976 11877 11877 E ArmVmp : Match on catch block at 0xc3 in for 0xa1
02-25 08:57:08.986 11877 11877 E ArmVmp : Match on catch block at 0xc3 in for 0xa1
02-25 08:57:08.991 11877 11877 E ArmVmp : Match on catch block at 0xc3 in for 0xa5
02-25 08:57:09.008 11877 11877 E ArmVmp : Match on catch block at 0xc3 in for 0xa9
02-25 08:57:09.013 11877 11877 E ArmVmp : Match on catch block at 0xc3 in for 0xa1
02-25 08:57:09.020 11877 11877 E ArmVmp : Match on catch block at 0xc3 in for 0xa1
02-25 08:57:09.030 11877 11877 E ArmVmp : Match on catch block at 0xc3 in for 0xa5
02-25 08:57:09.039 11877 11877 E ArmVmp : Match on catch block at 0xc3 in for 0xa9
02-25 08:57:09.044 11877 11877 E ArmVmp : Match on catch block at 0xc3 in for 0xa1
02-25 08:57:09.050 11877 11877 E ArmVmp : Match on catch block at 0xc3 in for 0xa1
02-25 08:57:09.055 11877 11877 E ArmVmp : Match on catch block at 0xc3 in for 0xa5
02-25 08:57:09.065 11877 11877 E ArmVmp : Match on catch block at 0xc3 in for 0xa5
02-25 08:57:09.069 11877 11877 E ArmVmp : Match on catch block at 0xc3 in for 0xa9
02-25 08:57:09.081 11877 11877 E ArmVmp : Match on catch block at 0xc3 in for 0xa9
02-25 08:57:09.086 11877 11877 E ArmVmp : Match on catch block at 0xc3 in for 0xa1
02-25 08:57:09.098 11877 11877 E ArmVmp : Match on catch block at 0xc3 in for 0xa1
02-25 08:57:09.102 11877 11877 E ArmVmp : Match on catch block at 0xc3 in for 0xa5
02-25 08:57:09.115 11877 11877 E ArmVmp : Match on catch block at 0xc3 in for 0xa5
02-25 08:57:09.120 11877 11877 E ArmVmp : Match on catch block at 0xc3 in for 0xa9
02-25 08:57:09.132 11877 11877 E ArmVmp : Match on catch block at 0xc3 in for 0xa9
02-25 08:57:09.137 11877 11877 E ArmVmp : Match on catch block at 0xc3 in for 0xa1
02-25 08:57:09.148 11877 11877 E ArmVmp : Match on catch block at 0xc3 in for 0xa1
02-25 08:57:09.153 11877 11877 E ArmVmp : Match on catch block at 0xc3 in for 0xa5
02-25 08:57:09.165 11877 11877 E ArmVmp : Match on catch block at 0xc3 in for 0xa5
02-25 08:57:09.171 11877 11877 E ArmVmp : Match on catch block at 0xc3 in for 0xa9
02-25 08:57:09.182 11877 11877 E ArmVmp : Match on catch block at 0xc3 in for 0xa9
02-25 08:57:09.186 11877 11877 E ArmVmp : Match on catch block at 0xc3 in for 0xa1
02-25 08:57:09.198 11877 11877 E ArmVmp : Match on catch block at 0xc3 in for 0xa1
02-25 08:57:09.203 11877 11877 E ArmVmp : Match on catch block at 0xc3 in for 0xa5
02-25 08:57:09.215 11877 11877 E ArmVmp : Match on catch block at 0xc3 in for 0xa5
02-25 08:57:09.219 11877 11877 E ArmVmp : Match on catch block at 0xc3 in for 0xa9
02-25 08:57:09.232 11877 11877 E ArmVmp : Match on catch block at 0xc3 in for 0xa9
02-25 08:57:09.236 11877 11877 E ArmVmp : Match on catch block at 0xc3 in for 0xa1
02-25 08:57:09.249 11877 11877 E ArmVmp : Match on catch block at 0xc3 in for 0xa1
02-25 08:57:09.253 11877 11877 E ArmVmp : Match on catch block at 0xc3 in for 0xa5
02-25 08:57:09.266 11877 11877 E ArmVmp : Match on catch block at 0xc3 in for 0xa5
02-25 08:57:09.270 11877 11877 E ArmVmp : Match on catch block at 0xc3 in for 0xa9
02-25 08:57:09.283 11877 11877 E ArmVmp : Match on catch block at 0xc3 in for 0xa9
02-25 08:57:09.287 11877 11877 E ArmVmp : Match on catch block at 0xc3 in for 0xa1
02-25 08:57:09.300 11877 11877 E ArmVmp : Match on catch block at 0xc3 in for 0xa1
02-25 08:57:09.304 11877 11877 E ArmVmp : Match on catch block at 0xc3 in for 0xa5
02-25 08:57:09.316 11877 11877 E ArmVmp : Match on catch block at 0xc3 in for 0xa5
02-25 08:57:09.321 11877 11877 E ArmVmp : Match on catch block at 0xc3 in for 0xa9
02-25 08:57:09.333 11877 11877 E ArmVmp : Match on catch block at 0xc3 in for 0xa9
02-25 08:57:09.338 11877 11877 E ArmVmp : Match on catch block at 0xc3 in for 0xa1
02-25 08:57:09.349 11877 11877 E ArmVmp : Match on catch block at 0xc3 in for 0xa1
02-25 08:57:09.354 11877 11877 E ArmVmp : Match on catch block at 0xc3 in for 0xa5
02-25 08:57:09.366 11877 11877 E ArmVmp : Match on catch block at 0xc3 in for 0xa5
02-25 08:57:09.370 11877 11877 E ArmVmp : Match on catch block at 0xc3 in for 0xa9
02-25 08:57:09.383 11877 11877 E ArmVmp : Match on catch block at 0xc3 in for 0xa9
02-25 08:57:09.387 11877 11877 E ArmVmp : Match on catch block at 0xc3 in for 0xa1
02-25 08:57:09.400 11877 11877 E ArmVmp : Match on catch block at 0xc3 in for 0xa1
02-25 08:57:09.404 11877 11877 E ArmVmp : Match on catch block at 0xc3 in for 0xa5
02-25 08:57:09.417 11877 11877 E ArmVmp : Match on catch block at 0xc3 in for 0xa5
02-25 08:57:09.421 11877 11877 E ArmVmp : Match on catch block at 0xc3 in for 0xa9
02-25 08:57:09.434 11877 11877 E ArmVmp : Match on catch block at 0xc3 in for 0xa9
02-25 08:57:09.438 11877 11877 E ArmVmp : Match on catch block at 0xc3 in for 0xa1
02-25 08:57:09.450 11877 11877 E ArmVmp : Match on catch block at 0xc3 in for 0xa1
02-25 08:57:09.459 11877 11877 E ArmVmp : Match on catch block at 0xc3 in for 0xa5
02-25 08:57:09.467 11877 11877 E ArmVmp : Match on catch block at 0xc3 in for 0xa5
02-25 08:57:09.476 11877 11877 E ArmVmp : Match on catch block at 0xc3 in for 0xa9
02-25 08:57:09.484 11877 11877 E ArmVmp : Match on catch block at 0xc3 in for 0xa9
02-25 08:57:09.488 11877 11877 E ArmVmp : Match on catch block at 0xc3 in for 0xa1
02-25 08:57:09.501 11877 11877 E ArmVmp : Match on catch block at 0xc3 in for 0xa1
02-25 08:57:09.505 11877 11877 E ArmVmp : Match on catch block at 0xc3 in for 0xa5
02-25 08:57:09.517 11877 11877 E ArmVmp : Match on catch block at 0xc3 in for 0xa5
02-25 08:57:09.522 11877 11877 E ArmVmp : Match on catch block at 0xc3 in for 0xa9
02-25 08:57:09.534 11877 11877 E ArmVmp : Match on catch block at 0xc3 in for 0xa9
02-25 08:57:09.538 11877 11877 E ArmVmp : Match on catch block at 0xc3 in for 0xa1
02-25 08:57:09.551 11877 11877 E ArmVmp : Match on catch block at 0xc3 in for 0xa1
02-25 08:57:09.555 11877 11877 E ArmVmp : Match on catch block at 0xc3 in for 0xa5
02-25 08:57:09.568 11877 11877 E ArmVmp : Match on catch block at 0xc3 in for 0xa5
02-25 08:57:09.572 11877 11877 E ArmVmp : Match on catch block at 0xc3 in for 0xa9
02-25 08:57:09.585 11877 11877 E ArmVmp : Match on catch block at 0xc3 in for 0xa9
02-25 08:57:09.589 11877 11877 E ArmVmp : Match on catch block at 0xc3 in for 0xa1
02-25 08:57:09.602 11877 11877 E ArmVmp : Match on catch block at 0xc3 in for 0xa1
02-25 08:57:09.606 11877 11877 E ArmVmp : Match on catch block at 0xc3 in for 0xa5
02-25 08:57:09.618 11877 11877 E ArmVmp : Match on catch block at 0xc3 in for 0xa5
02-25 08:57:09.622 11877 11877 E ArmVmp : Match on catch block at 0xc3 in for 0xa9
02-25 08:57:09.635 11877 11877 E ArmVmp : Match on catch block at 0xc3 in for 0xa9
02-25 08:57:09.639 11877 11877 E ArmVmp : Match on catch block at 0xc3 in for 0xa1
02-25 08:57:09.652 11877 11877 E ArmVmp : Match on catch block at 0xc3 in for 0xa1
02-25 08:57:09.656 11877 11877 E ArmVmp : Match on catch block at 0xc3 in for 0xa5
02-25 08:57:09.669 11877 11877 E ArmVmp : Match on catch block at 0xc3 in for 0xa5
02-25 08:57:09.673 11877 11877 E ArmVmp : Match on catch block at 0xc3 in for 0xa9
02-25 08:57:09.686 11877 11877 E ArmVmp : Match on catch block at 0xc3 in for 0xa9
02-25 08:57:09.691 11877 11877 E ArmVmp : Match on catch block at 0xc3 in for 0xa1
02-25 08:57:09.702 11877 11877 E ArmVmp : Match on catch block at 0xc3 in for 0xa1
02-25 08:57:09.706 11877 11877 E ArmVmp : Match on catch block at 0xc3 in for 0xa5
02-25 08:57:09.719 11877 11877 E ArmVmp : Match on catch block at 0xc3 in for 0xa5
02-25 08:57:09.724 11877 11877 E ArmVmp : Match on catch block at 0xc3 in for 0xa9
02-25 08:57:09.736 11877 11877 E ArmVmp : Match on catch block at 0xc3 in for 0xa9
02-25 08:57:09.741 11877 11877 E ArmVmp : Match on catch block at 0xc3 in for 0xa1
02-25 08:57:09.752 11877 11877 E ArmVmp : Match on catch block at 0xc3 in for 0xa1
02-25 08:57:09.757 11877 11877 E ArmVmp : Match on catch block at 0xc3 in for 0xa5
02-25 08:57:09.769 11877 11877 E ArmVmp : Match on catch block at 0xc3 in for 0xa5
02-25 08:57:09.774 11877 11877 E ArmVmp : Match on catch block at 0xc3 in for 0xa9
02-25 08:57:09.786 11877 11877 E ArmVmp : Match on catch block at 0xc3 in for 0xa9
02-25 08:57:09.790 11877 11877 E ArmVmp : Match on catch block at 0xc3 in for 0xa1
02-25 08:57:09.803 11877 11877 E ArmVmp : Match on catch block at 0xc3 in for 0xa1
02-25 08:57:09.807 11877 11877 E ArmVmp : Match on catch block at 0xc3 in for 0xa5
02-25 08:57:09.820 11877 11877 E ArmVmp : Match on catch block at 0xc3 in for 0xa5
02-25 08:57:09.824 11877 11877 E ArmVmp : Match on catch block at 0xc3 in for 0xa9
02-25 08:57:09.840 11877 11877 E ArmVmp : Match on catch block at 0xc3 in for 0xa1
02-25 08:57:09.844 11877 11877 E ArmVmp : Match on catch block at 0xc3 in for 0xa5
02-25 08:57:09.855 11877 11877 E ArmVmp : Match on catch block at 0xc3 in for 0xa1
02-25 08:57:09.860 11877 11877 E ArmVmp : Match on catch block at 0xc3 in for 0xa5
02-25 08:57:09.903 11877 11877 E ArmVmp : Match on catch block at 0xc3 in for 0xa1
02-25 08:57:09.908 11877 11877 E ArmVmp : Match on catch block at 0xc3 in for 0xa5
02-25 08:57:09.939 11877 11877 E ArmVmp : Match on catch block at 0xc3 in for 0xa5
02-25 08:57:09.943 11877 11877 E ArmVmp : Match on catch block at 0xc3 in for 0xa9
02-25 08:57:09.946 11877 11877 W ActivityThread: handleWindowVisibility: no
activity for token android.os.BinderProxy@64c3baf
02-25 08:57:10.020 11877 11877 E ArmVmp : Match on catch block at 0xc3 in for 0xa5
02-25 08:57:10.024 11877 11877 E ArmVmp : Match on catch block at 0xc3 in for 0xa9
02-25 08:57:10.050 11877 11877 E ArmVmp : Match on catch block at 0xc3 in for 0xa9
02-25 08:57:10.054 11877 11877 E ArmVmp : Match on catch block at 0xc3 in for 0xa1
02-25 08:57:10.057 11877 11877 W ActivityThread: handleWindowVisibility: no
activity for token android.os.BinderProxy@2969c84
02-25 08:57:10.194 11877 11877 E ArmVmp : Match on catch block at 0xc3 in for 0xa9
02-25 08:57:10.200 11877 11877 E ArmVmp : Match on catch block at 0xc3 in for 0xa1
02-25 08:57:10.233 11877 11877 E ArmVmp : Match on catch block at 0xc3 in for 0xa1
02-25 08:57:10.238 11877 11877 E ArmVmp : Match on catch block at 0xc3 in for 0xa5
02-25 08:57:10.258 11877 11877 E ArmVmp : Match on catch block at 0xc3 in for 0xa5
02-25 08:57:10.263 11877 11877 E ArmVmp : Match on catch block at 0xc3 in for 0xa9
02-25 08:57:10.274 11877 11877 E ArmVmp : Match on catch block at 0xc3 in for 0xa9
02-25 08:57:10.280 11877 11877 E ArmVmp : Match on catch block at 0xc3 in for 0xa1
02-25 08:57:10.308 11877 11877 E ArmVmp : Match on catch block at 0xc3 in for 0xa1
02-25 08:57:10.314 11877 11877 E ArmVmp : Match on catch block at 0xc3 in for 0xa5
02-25 08:57:10.320 11877 11877 E ArmVmp : Match on catch block at 0xc3 in for 0xa5
02-25 08:57:10.324 11877 11877 E ArmVmp : Match on catch block at 0xc3 in for 0xa9
02-25 08:57:10.346 11877 11877 E ArmVmp : Match on catch block at 0xc3 in for 0xa5
02-25 08:57:10.351 11877 11877 E ArmVmp : Match on catch block at 0xc3 in for 0xa9
02-25 08:57:10.359 11877 11877 E ArmVmp : Match on catch block at 0xc3 in for 0xa9
02-25 08:57:10.363 11877 11877 E ArmVmp : Match on catch block at 0xc3 in for 0xa1
02-25 08:57:10.374 11877 11877 E ArmVmp : Match on catch block at 0xc3 in for 0xa9
02-25 08:57:10.378 11877 11877 E ArmVmp : Match on catch block at 0xc3 in for 0xa1
02-25 08:57:10.391 11877 11877 E ArmVmp : Match on catch block at 0xc3 in for 0xa1
02-25 08:57:10.395 11877 11877 E ArmVmp : Match on catch block at 0xc3 in for 0xa5
02-25 08:57:10.409 11877 11877 E ArmVmp : Match on catch block at 0xc3 in for 0xa5
02-25 08:57:10.413 11877 11877 E ArmVmp : Match on catch block at 0xc3 in for 0xa9
02-25 08:57:10.424 11877 11877 E ArmVmp : Match on catch block at 0xc3 in for 0xa9
02-25 08:57:10.428 11877 11877 E ArmVmp : Match on catch block at 0xc3 in for 0xa1
02-25 08:57:10.440 11877 11877 E ArmVmp : Match on catch block at 0xc3 in for 0xa1
02-25 08:57:10.444 11877 11877 E ArmVmp : Match on catch block at 0xc3 in for 0xa5
02-25 08:57:10.458 11877 11877 E ArmVmp : Match on catch block at 0xc3 in for 0xa5
02-25 08:57:10.461 11877 11877 E ArmVmp : Match on catch block at 0xc3 in for 0xa9
02-25 08:57:10.474 11877 11877 E ArmVmp : Match on catch block at 0xc3 in for 0xa9
02-25 08:57:10.478 11877 11877 E ArmVmp : Match on catch block at 0xc3 in for 0xa1
02-25 08:57:10.491 11877 11877 E ArmVmp : Match on catch block at 0xc3 in for 0xa1
02-25 08:57:10.494 11877 11877 E ArmVmp : Match on catch block at 0xc3 in for 0xa5
02-25 08:57:10.508 11877 11877 E ArmVmp : Match on catch block at 0xc3 in for 0xa5
02-25 08:57:10.511 11877 11877 E ArmVmp : Match on catch block at 0xc3 in for 0xa9
02-25 08:57:10.525 11877 11877 E ArmVmp : Match on catch block at 0xc3 in for 0xa9
02-25 08:57:10.528 11877 11877 E ArmVmp : Match on catch block at 0xc3 in for 0xa1
02-25 08:57:10.541 11877 11877 E ArmVmp : Match on catch block at 0xc3 in for 0xa1
02-25 08:57:10.545 11877 11877 E ArmVmp : Match on catch block at 0xc3 in for 0xa5
02-25 08:57:10.558 11877 11877 E ArmVmp : Match on catch block at 0xc3 in for 0xa5
02-25 08:57:10.562 11877 11877 E ArmVmp : Match on catch block at 0xc3 in for 0xa9
02-25 08:57:10.575 11877 11877 E ArmVmp : Match on catch block at 0xc3 in for 0xa9
02-25 08:57:10.578 11877 11877 E ArmVmp : Match on catch block at 0xc3 in for 0xa1
02-25 08:57:10.592 11877 11877 E ArmVmp : Match on catch block at 0xc3 in for 0xa1
02-25 08:57:10.595 11877 11877 E ArmVmp : Match on catch block at 0xc3 in for 0xa5
02-25 08:57:10.609 11877 11877 E ArmVmp : Match on catch block at 0xc3 in for 0xa5
02-25 08:57:10.613 11877 11877 E ArmVmp : Match on catch block at 0xc3 in for 0xa9
02-25 08:57:10.625 11877 11877 E ArmVmp : Match on catch block at 0xc3 in for 0xa9
02-25 08:57:10.630 11877 11877 E ArmVmp : Match on catch block at 0xc3 in for 0xa1
02-25 08:57:10.642 11877 11877 E ArmVmp : Match on catch block at 0xc3 in for 0xa5
02-25 08:57:10.646 11877 11877 E ArmVmp : Match on catch block at 0xc3 in for 0xa9
02-25 08:57:10.659 11877 11877 E ArmVmp : Match on catch block at 0xc3 in for 0xa9
02-25 08:57:10.664 11877 11877 E ArmVmp : Match on catch block at 0xc3 in for 0xa1
02-25 08:57:10.676 11877 11877 E ArmVmp : Match on catch block at 0xc3 in for 0xa1
02-25 08:57:10.680 11877 11877 E ArmVmp : Match on catch block at 0xc3 in for 0xa5
02-25 08:57:10.693 11877 11877 E ArmVmp : Match on catch block at 0xc3 in for 0xa5
02-25 08:57:10.698 11877 11877 E ArmVmp : Match on catch block at 0xc3 in for 0xa9
02-25 08:57:10.709 11877 11877 E ArmVmp : Match on catch block at 0xc3 in for 0xa9
02-25 08:57:10.713 11877 11877 E ArmVmp : Match on catch block at 0xc3 in for 0xa1
02-25 08:57:10.726 11877 11877 E ArmVmp : Match on catch block at 0xc3 in for 0xa1
02-25 08:57:10.730 11877 11877 E ArmVmp : Match on catch block at 0xc3 in for 0xa5
02-25 08:57:10.750 11877 11964 W libEGL : EGLNativeWindowType 0x719b542010
disconnect failed
02-25 08:57:10.768 11877 11877 E ArmVmp : Match on catch block at 0xc3 in for 0xa5
02-25 08:57:10.772 11877 11877 E ArmVmp : Match on catch block at 0xc3 in for 0xa9
02-25 08:57:10.824 11877 11877 E ArmVmp : Match on catch block at 0xc3 in for 0xa9
02-25 08:57:10.832 11877 11877 E ArmVmp : Match on catch block at 0xc3 in for 0xa1
02-25 08:57:10.876 11877 11877 W InputMethodManager: startInputReason = 1
02-25 08:57:10.903 11877 11877 E ArmVmp : Match on catch block at 0xc3 in for 0xa1
02-25 08:57:10.908 11877 11877 E ArmVmp : Match on catch block at 0xc3 in for 0xa5
02-25 08:57:10.959 11877 11877 E ArmVmp : Match on catch block at 0xc3 in for 0xa9
