02-24 16:30:41.300 16428 16428 E ArmVmp : Match on catch block at 0xc3 in for 0xa9
02-24 16:30:41.309 16428 16428 E ArmVmp : Match on catch block at 0xc3 in for 0xa1
02-24 16:30:41.314 16428 16428 E ArmVmp : Match on catch block at 0xc3 in for 0xa5
02-24 16:30:41.334 16428 16428 E ArmVmp : Match on catch block at 0xc3 in for 0xa1
02-24 16:30:41.342 16428 16428 E ArmVmp : Match on catch block at 0xc3 in for 0xa5
02-24 16:30:41.359 16428 16428 E ArmVmp : Match on catch block at 0xc3 in for 0xa9
02-24 16:30:41.364 16428 16428 E ArmVmp : Match on catch block at 0xc3 in for 0xa1
02-24 16:30:41.370 16428 16428 E SpannableStringBuilder: SPAN_EXCLUSIVE_EXCLUSIVE
spans cannot have a zero length
02-24 16:30:41.404 16428 16428 E ArmVmp : Match on catch block at 0xc3 in for 0xa1
02-24 16:30:41.411 16428 16428 E ArmVmp : Match on catch block at 0xc3 in for 0xa5
02-24 16:30:41.467 16428 16428 E ArmVmp : Match on catch block at 0xc3 in for 0xa1
02-24 16:30:41.472 16428 16428 E ArmVmp : Match on catch block at 0xc3 in for 0xa5
02-24 16:30:41.488 16428 16428 E ArmVmp : Match on catch block at 0xc3 in for 0xa1
02-24 16:30:41.493 16428 16428 E ArmVmp : Match on catch block at 0xc3 in for 0xa5
02-24 16:30:41.509 16428 16428 E ArmVmp : Match on catch block at 0xc3 in for 0xa5
02-24 16:30:41.515 16428 16428 E ArmVmp : Match on catch block at 0xc3 in for 0xa9
02-24 16:30:41.527 16428 16428 E ArmVmp : Match on catch block at 0xc3 in for 0xa9
02-24 16:30:41.532 16428 16428 E ArmVmp : Match on catch block at 0xc3 in for 0xa1
02-24 16:30:41.937 16428 16428 E ArmVmp : Match on catch block at 0xc3 in for 0xa1
02-24 16:30:41.954 16428 16428 E ArmVmp : Match on catch block at 0xc3 in for 0xa5
02-24 16:30:42.138 16428 16428 E ArmVmp : Match on catch block at 0xc3 in for 0xa9
02-24 16:30:42.146 16428 16428 E ArmVmp : Match on catch block at 0xc3 in for 0xa1
02-24 16:30:42.172 16428 16428 E ArmVmp : Match on catch block at 0xc3 in for 0xa9
02-24 16:30:42.178 16428 16428 E ArmVmp : Match on catch block at 0xc3 in for 0xa1
02-24 16:30:42.198 16428 16428 E ArmVmp : Match on catch block at 0xc3 in for 0xa1
02-24 16:30:42.204 16428 16428 E ArmVmp : Match on catch block at 0xc3 in for 0xa5
02-24 16:30:42.215 16428 16428 E ArmVmp : Match on catch block at 0xc3 in for 0xa5
02-24 16:30:42.221 16428 16428 E ArmVmp : Match on catch block at 0xc3 in for 0xa9
02-24 16:30:42.232 16428 16428 E ArmVmp : Match on catch block at 0xc3 in for 0xa9
02-24 16:30:42.237 16428 16428 E ArmVmp : Match on catch block at 0xc3 in for 0xa1
02-24 16:30:42.253 16428 16428 E ArmVmp : Match on catch block at 0xc3 in for 0xa1
02-24 16:30:42.258 16428 16428 E ArmVmp : Match on catch block at 0xc3 in for 0xa5
02-24 16:30:42.267 16428 16428 E ArmVmp : Match on catch block at 0xc3 in for 0xa5
02-24 16:30:42.273 16428 16428 E ArmVmp : Match on catch block at 0xc3 in for 0xa9
02-24 16:30:42.287 16428 16428 E ArmVmp : Match on catch block at 0xc3 in for 0xa9
02-24 16:30:42.292 16428 16428 E ArmVmp : Match on catch block at 0xc3 in for 0xa1
02-24 16:30:42.300 16428 16428 E ArmVmp : Match on catch block at 0xc3 in for 0xa1
02-24 16:30:42.305 16428 16428 E ArmVmp : Match on catch block at 0xc3 in for 0xa5
02-24 16:30:42.315 16428 16428 E ArmVmp : Match on catch block at 0xc3 in for 0xa5
02-24 16:30:42.319 16428 16428 E ArmVmp : Match on catch block at 0xc3 in for 0xa9
02-24 16:30:42.332 16428 16428 E ArmVmp : Match on catch block at 0xc3 in for 0xa9
02-24 16:30:42.336 16428 16428 E ArmVmp : Match on catch block at 0xc3 in for 0xa1
02-24 16:30:42.807 16428 16428 E ArmVmp : Match on catch block at 0xc3 in for 0xa1
02-24 16:30:42.820 16428 16428 E ArmVmp : Match on catch block at 0xc3 in for 0xa5
02-24 16:30:43.025 16428 16428 E ArmVmp : Match on catch block at 0xc3 in for 0xa5
02-24 16:30:43.035 16428 16428 E ArmVmp : Match on catch block at 0xc3 in for 0xa9
02-24 16:30:43.047 16428 16428 E ArmVmp : Match on catch block at 0xc3 in for 0xa9
02-24 16:30:43.054 16428 16428 E ArmVmp : Match on catch block at 0xc3 in for 0xa1
02-24 16:30:43.073 16428 16428 E ArmVmp : Match on catch block at 0xc3 in for 0xa1
02-24 16:30:43.079 16428 16428 E ArmVmp : Match on catch block at 0xc3 in for 0xa5
02-24 16:30:43.090 16428 16428 E ArmVmp : Match on catch block at 0xc3 in for 0xa5
02-24 16:30:43.096 16428 16428 E ArmVmp : Match on catch block at 0xc3 in for 0xa9
02-24 16:30:43.106 16428 16428 E ArmVmp : Match on catch block at 0xc3 in for 0xa9
02-24 16:30:43.112 16428 16428 E ArmVmp : Match on catch block at 0xc3 in for 0xa1
02-24 16:30:43.122 16428 16428 E ArmVmp : Match on catch block at 0xc3 in for 0xa1
02-24 16:30:43.128 16428 16428 E ArmVmp : Match on catch block at 0xc3 in for 0xa5
02-24 16:30:43.139 16428 16428 E ArmVmp : Match on catch block at 0xc3 in for 0xa5
02-24 16:30:43.144 16428 16428 E ArmVmp : Match on catch block at 0xc3 in for 0xa9
02-24 16:30:43.156 16428 16428 E ArmVmp : Match on catch block at 0xc3 in for 0xa9
02-24 16:30:43.161 16428 16428 E ArmVmp : Match on catch block at 0xc3 in for 0xa1
02-24 16:30:43.173 16428 16428 E ArmVmp : Match on catch block at 0xc3 in for 0xa1
02-24 16:30:43.178 16428 16428 E ArmVmp : Match on catch block at 0xc3 in for 0xa5
02-24 16:30:43.189 16428 16428 E ArmVmp : Match on catch block at 0xc3 in for 0xa5
02-24 16:30:43.194 16428 16428 E ArmVmp : Match on catch block at 0xc3 in for 0xa9
02-24 16:30:43.206 16428 16428 E ArmVmp : Match on catch block at 0xc3 in for 0xa9
02-24 16:30:43.214 16428 16428 E ArmVmp : Match on catch block at 0xc3 in for 0xa1
02-24 16:30:43.222 16428 16428 E ArmVmp : Match on catch block at 0xc3 in for 0xa1
02-24 16:30:43.227 16428 16428 E ArmVmp : Match on catch block at 0xc3 in for 0xa5
02-24 16:30:43.239 16428 16428 E ArmVmp : Match on catch block at 0xc3 in for 0xa5
02-24 16:30:43.245 16428 16428 E ArmVmp : Match on catch block at 0xc3 in for 0xa9
02-24 16:30:43.256 16428 16428 E ArmVmp : Match on catch block at 0xc3 in for 0xa9
02-24 16:30:43.261 16428 16428 E ArmVmp : Match on catch block at 0xc3 in for 0xa1
02-24 16:30:43.273 16428 16428 E ArmVmp : Match on catch block at 0xc3 in for 0xa1
02-24 16:30:43.277 16428 16428 E ArmVmp : Match on catch block at 0xc3 in for 0xa5
02-24 16:30:43.289 16428 16428 E ArmVmp : Match on catch block at 0xc3 in for 0xa5
02-24 16:30:43.293 16428 16428 E ArmVmp : Match on catch block at 0xc3 in for 0xa9
02-24 16:30:43.797 16428 16428 E ArmVmp : Match on catch block at 0xc3 in for 0xa5
02-24 16:30:43.810 16428 16428 E ArmVmp : Match on catch block at 0xc3 in for 0xa9
02-24 16:30:43.925 16428 16428 W HiTouch_PressGestureDetector: Touch pointer move a
lot. The moving distance of X is:93.60248, limit is:60The moving distance of Y
is:24.323364, limit is:60
02-24 16:30:43.930 16428 16428 E ArmVmp : Match on catch block at 0xc3 in for 0xa5
02-24 16:30:43.936 16428 16428 E ArmVmp : Match on catch block at 0xc3 in for 0xa9
02-24 16:30:43.947 16428 16428 E ArmVmp : Match on catch block at 0xc3 in for 0xa9
02-24 16:30:43.954 16428 16428 E ArmVmp : Match on catch block at 0xc3 in for 0xa1
02-24 16:30:43.967 16428 16428 E ArmVmp : Match on catch block at 0xc3 in for 0xa1
02-24 16:30:43.973 16428 16428 E ArmVmp : Match on catch block at 0xc3 in for 0xa5
02-24 16:30:43.984 16428 16428 E ArmVmp : Match on catch block at 0xc3 in for 0xa5
02-24 16:30:43.989 16428 16428 E ArmVmp : Match on catch block at 0xc3 in for 0xa9
02-24 16:30:44.000 16428 16428 E ArmVmp : Match on catch block at 0xc3 in for 0xa9
02-24 16:30:44.006 16428 16428 E ArmVmp : Match on catch block at 0xc3 in for 0xa1
02-24 16:30:44.015 16428 16428 E ArmVmp : Match on catch block at 0xc3 in for 0xa1
02-24 16:30:44.022 16428 16428 E ArmVmp : Match on catch block at 0xc3 in for 0xa5
02-24 16:30:44.072 16428 16428 E ArmVmp : Match on catch block at 0xc3 in for 0xa5
02-24 16:30:44.075 16428 16428 E ArmVmp : Match on catch block at 0xc3 in for 0xa9
02-24 16:30:44.096 16428 16428 E ArmVmp : Match on catch block at 0xc3 in for 0xa1
02-24 16:30:44.099 16428 16428 E ArmVmp : Match on catch block at 0xc3 in for 0xa5
02-24 16:30:44.107 16428 16428 E ArmVmp : Match on catch block at 0xc3 in for 0xa5
02-24 16:30:44.112 16428 16428 E ArmVmp : Match on catch block at 0xc3 in for 0xa9
02-24 16:30:44.119 16428 16428 E ArmVmp : Match on catch block at 0xc3 in for 0xa9
02-24 16:30:44.128 16428 16428 E ArmVmp : Match on catch block at 0xc3 in for 0xa1
02-24 16:30:44.136 16428 16428 E ArmVmp : Match on catch block at 0xc3 in for 0xa1
02-24 16:30:44.141 16428 16428 E ArmVmp : Match on catch block at 0xc3 in for 0xa5
02-24 16:30:44.149 16428 16428 E ArmVmp : Match on catch block at 0xc3 in for 0xa5
02-24 16:30:44.154 16428 16428 E ArmVmp : Match on catch block at 0xc3 in for 0xa9
02-24 16:30:44.163 16428 16428 E ArmVmp : Match on catch block at 0xc3 in for 0xa9
02-24 16:30:44.169 16428 16428 E ArmVmp : Match on catch block at 0xc3 in for 0xa1
02-24 16:30:44.180 16428 16428 E ArmVmp : Match on catch block at 0xc3 in for 0xa1
02-24 16:30:44.185 16428 16428 E ArmVmp : Match on catch block at 0xc3 in for 0xa5
02-24 16:30:44.196 16428 16428 E ArmVmp : Match on catch block at 0xc3 in for 0xa5
02-24 16:30:44.201 16428 16428 E ArmVmp : Match on catch block at 0xc3 in for 0xa9
02-24 16:30:44.213 16428 16428 E ArmVmp : Match on catch block at 0xc3 in for 0xa9
02-24 16:30:44.219 16428 16428 E ArmVmp : Match on catch block at 0xc3 in for 0xa1
02-24 16:30:44.230 16428 16428 E ArmVmp : Match on catch block at 0xc3 in for 0xa1
02-24 16:30:44.235 16428 16428 E ArmVmp : Match on catch block at 0xc3 in for 0xa5
02-24 16:30:44.246 16428 16428 E ArmVmp : Match on catch block at 0xc3 in for 0xa5
02-24 16:30:44.253 16428 16428 E ArmVmp : Match on catch block at 0xc3 in for 0xa9
02-24 16:30:44.264 16428 16428 E ArmVmp : Match on catch block at 0xc3 in for 0xa9
02-24 16:30:44.270 16428 16428 E ArmVmp : Match on catch block at 0xc3 in for 0xa1
02-24 16:30:44.280 16428 16428 E ArmVmp : Match on catch block at 0xc3 in for 0xa1
02-24 16:30:44.286 16428 16428 E ArmVmp : Match on catch block at 0xc3 in for 0xa5
02-24 16:30:44.297 16428 16428 E ArmVmp : Match on catch block at 0xc3 in for 0xa5
02-24 16:30:44.303 16428 16428 E ArmVmp : Match on catch block at 0xc3 in for 0xa9
02-24 16:30:44.325 16428 16428 E ArmVmp : Match on catch block at 0xc3 in for 0xa9
02-24 16:30:44.331 16428 16428 E ArmVmp : Match on catch block at 0xc3 in for 0xa1
02-24 16:30:44.340 16428 16428 E ArmVmp : Match on catch block at 0xc3 in for 0xa1
02-24 16:30:44.344 16428 16428 E ArmVmp : Match on catch block at 0xc3 in for 0xa5
02-24 16:30:44.768 16428 16428 E ArmVmp : Match on catch block at 0xc3 in for 0xa5
02-24 16:30:44.773 16428 16428 E ArmVmp : Match on catch block at 0xc3 in for 0xa9
02-24 16:30:44.975 16428 16428 E SpannableStringBuilder: SPAN_EXCLUSIVE_EXCLUSIVE
spans cannot have a zero length
02-24 16:30:44.979 16428 16428 E SpannableStringBuilder: SPAN_EXCLUSIVE_EXCLUSIVE
spans cannot have a zero length
02-24 16:30:44.992 16428 16428 E ArmVmp : Match on catch block at 0xc3 in for 0xa1
02-24 16:30:45.004 16428 16428 E ArmVmp : Match on catch block at 0xc3 in for 0xa5
02-24 16:30:45.020 16428 16428 E ArmVmp : Match on catch block at 0xc3 in for 0xa5
02-24 16:30:45.027 16428 16428 E ArmVmp : Match on catch block at 0xc3 in for 0xa9
02-24 16:30:45.037 16428 16428 E ArmVmp : Match on catch block at 0xc3 in for 0xa9
02-24 16:30:45.045 16428 16428 E ArmVmp : Match on catch block at 0xc3 in for 0xa1
02-24 16:30:45.050 16428 16428 E SpannableStringBuilder: SPAN_EXCLUSIVE_EXCLUSIVE
spans cannot have a zero length
02-24 16:30:45.053 16428 16428 E ArmVmp : Match on catch block at 0xc3 in for 0xa1
02-24 16:30:45.059 16428 16428 E ArmVmp : Match on catch block at 0xc3 in for 0xa5
02-24 16:30:45.069 16428 16428 E ArmVmp : Match on catch block at 0xc3 in for 0xa5
02-24 16:30:45.074 16428 16428 E ArmVmp : Match on catch block at 0xc3 in for 0xa9
02-24 16:30:45.086 16428 16428 E ArmVmp : Match on catch block at 0xc3 in for 0xa9
02-24 16:30:45.091 16428 16428 E ArmVmp : Match on catch block at 0xc3 in for 0xa1
02-24 16:30:45.103 16428 16428 E ArmVmp : Match on catch block at 0xc3 in for 0xa1
02-24 16:30:45.107 16428 16428 E ArmVmp : Match on catch block at 0xc3 in for 0xa5
02-24 16:30:45.119 16428 16428 E ArmVmp : Match on catch block at 0xc3 in for 0xa5
02-24 16:30:45.124 16428 16428 E ArmVmp : Match on catch block at 0xc3 in for 0xa9
02-24 16:30:45.137 16428 16428 E ArmVmp : Match on catch block at 0xc3 in for 0xa9
02-24 16:30:45.141 16428 16428 E ArmVmp : Match on catch block at 0xc3 in for 0xa1
02-24 16:30:45.154 16428 16428 E ArmVmp : Match on catch block at 0xc3 in for 0xa1
02-24 16:30:45.159 16428 16428 E ArmVmp : Match on catch block at 0xc3 in for 0xa5
02-24 16:30:45.170 16428 16428 E ArmVmp : Match on catch block at 0xc3 in for 0xa5
02-24 16:30:45.174 16428 16428 E ArmVmp : Match on catch block at 0xc3 in for 0xa9
02-24 16:30:45.186 16428 16428 E ArmVmp : Match on catch block at 0xc3 in for 0xa9
02-24 16:30:45.191 16428 16428 E ArmVmp : Match on catch block at 0xc3 in for 0xa1
02-24 16:30:45.530 16428 16428 E ArmVmp : Match on catch block at 0xc3 in for 0xa1
02-24 16:30:45.546 16428 16428 E ArmVmp : Match on catch block at 0xc3 in for 0xa5
02-24 16:30:45.927 16428 16428 E ArmVmp : Match on catch block at 0xc3 in for 0xa5
02-24 16:30:45.934 16428 16428 E ArmVmp : Match on catch block at 0xc3 in for 0xa9
02-24 16:30:45.945 16428 16428 E ArmVmp : Match on catch block at 0xc3 in for 0xa9
02-24 16:30:45.952 16428 16428 E ArmVmp : Match on catch block at 0xc3 in for 0xa1
02-24 16:30:45.972 16428 16428 E ArmVmp : Match on catch block at 0xc3 in for 0xa5
02-24 16:30:45.981 16428 16428 E ArmVmp : Match on catch block at 0xc3 in for 0xa9
02-24 16:30:46.002 16428 16428 E ArmVmp : Match on catch block at 0xc3 in for 0xa5
02-24 16:30:46.010 16428 16428 E ArmVmp : Match on catch block at 0xc3 in for 0xa9
02-24 16:30:46.027 16428 16428 E ArmVmp : Match on catch block at 0xc3 in for 0xa9
02-24 16:30:46.032 16428 16428 E ArmVmp : Match on catch block at 0xc3 in for 0xa1
02-24 16:30:46.044 16428 16428 E ArmVmp : Match on catch block at 0xc3 in for 0xa1
02-24 16:30:46.050 16428 16428 E ArmVmp : Match on catch block at 0xc3 in for 0xa5
02-24 16:30:46.060 16428 16428 E ArmVmp : Match on catch block at 0xc3 in for 0xa5
02-24 16:30:46.065 16428 16428 E ArmVmp : Match on catch block at 0xc3 in for 0xa9
02-24 16:30:46.081 16428 16428 E ArmVmp : Match on catch block at 0xc3 in for 0xa9
02-24 16:30:46.085 16428 16428 E ArmVmp : Match on catch block at 0xc3 in for 0xa1
02-24 16:30:46.093 16428 16428 E ArmVmp : Match on catch block at 0xc3 in for 0xa1
02-24 16:30:46.098 16428 16428 E ArmVmp : Match on catch block at 0xc3 in for 0xa5
02-24 16:30:46.110 16428 16428 E ArmVmp : Match on catch block at 0xc3 in for 0xa5
02-24 16:30:46.114 16428 16428 E ArmVmp : Match on catch block at 0xc3 in for 0xa9
02-24 16:30:46.127 16428 16428 E ArmVmp : Match on catch block at 0xc3 in for 0xa9
02-24 16:30:46.132 16428 16428 E ArmVmp : Match on catch block at 0xc3 in for 0xa1
02-24 16:30:46.144 16428 16428 E ArmVmp : Match on catch block at 0xc3 in for 0xa1
02-24 16:30:46.149 16428 16428 E ArmVmp : Match on catch block at 0xc3 in for 0xa5
02-24 16:30:46.161 16428 16428 E ArmVmp : Match on catch block at 0xc3 in for 0xa5
02-24 16:30:46.166 16428 16428 E ArmVmp : Match on catch block at 0xc3 in for 0xa9
02-24 16:30:46.178 16428 16428 E ArmVmp : Match on catch block at 0xc3 in for 0xa9
02-24 16:30:46.184 16428 16428 E ArmVmp : Match on catch block at 0xc3 in for 0xa1
02-24 16:30:46.296 16428 16428 E ArmVmp : Match on catch block at 0xc3 in for 0xa1
02-24 16:30:46.304 16428 16428 E ArmVmp : Match on catch block at 0xc3 in for 0xa5
02-24 16:30:46.446 16428 16428 E ArmVmp : Match on catch block at 0xc3 in for 0xa5
02-24 16:30:46.454 16428 16428 E ArmVmp : Match on catch block at 0xc3 in for 0xa9
02-24 16:30:46.954 16428 16428 E ArmVmp : Match on catch block at 0xc3 in for 0xa9
02-24 16:30:46.968 16428 16428 E ArmVmp : Match on catch block at 0xc3 in for 0xa1
02-24 16:30:47.355 16428 16428 E ArmVmp : Match on catch block at 0xc3 in for 0xa9
02-24 16:30:47.362 16428 16428 E ArmVmp : Match on catch block at 0xc3 in for 0xa1
02-24 16:30:47.390 16428 16428 W InputMethodManager: startInputReason = 3
02-24 16:30:47.414 16428 16428 E ArmVmp : Match on catch block at 0xc3 in for 0xa1
02-24 16:30:47.420 16428 16428 E ArmVmp : Match on catch block at 0xc3 in for 0xa5
02-24 16:30:47.447 16428 16428 E ArmVmp : Match on catch block at 0xc3 in for 0xa9
02-24 16:30:47.453 16428 16428 E ArmVmp : Match on catch block at 0xc3 in for 0xa1
02-24 16:30:47.460 16428 16428 W IInputConnectionWrapper: getExtractedText on
inactive InputConnection
02-24 16:30:47.463 16428 16428 E ArmVmp : Match on catch block at 0xc3 in for 0xa1
02-24 16:30:47.471 16428 16428 E ArmVmp : Match on catch block at 0xc3 in for 0xa5
02-24 16:30:47.477 16428 16428 W IInputConnectionWrapper: getTextBeforeCursor on
inactive InputConnection
02-24 16:30:47.488 16428 16428 E ArmVmp : Match on catch block at 0xc3 in for 0xa5
02-24 16:30:47.494 16428 16428 E ArmVmp : Match on catch block at 0xc3 in for 0xa9
02-24 16:30:47.505 16428 16428 E ArmVmp : Match on catch block at 0xc3 in for 0xa9
02-24 16:30:47.515 16428 16428 E ArmVmp : Match on catch block at 0xc3 in for 0xa1
02-24 16:30:47.521 16428 16428 E SpannableStringBuilder: SPAN_EXCLUSIVE_EXCLUSIVE
spans cannot have a zero length
02-24 16:30:47.538 16428 16428 E ArmVmp : Match on catch block at 0xc3 in for 0xa1
02-24 16:30:47.544 16428 16428 E ArmVmp : Match on catch block at 0xc3 in for 0xa5
02-24 16:30:47.550 16428 16428 E SpannableStringBuilder: SPAN_EXCLUSIVE_EXCLUSIVE
spans cannot have a zero length
02-24 16:30:47.554 16428 16428 E ArmVmp : Match on catch block at 0xc3 in for 0xa5
02-24 16:30:47.560 16428 16428 E ArmVmp : Match on catch block at 0xc3 in for 0xa9
02-24 16:30:47.567 16428 16428 E SpannableStringBuilder: SPAN_EXCLUSIVE_EXCLUSIVE
spans cannot have a zero length
02-24 16:30:47.571 16428 16428 E ArmVmp : Match on catch block at 0xc3 in for 0xa9
02-24 16:30:47.577 16428 16428 E ArmVmp : Match on catch block at 0xc3 in for 0xa1
02-24 16:30:47.589 16428 16428 E ArmVmp : Match on catch block at 0xc3 in for 0xa1
02-24 16:30:47.593 16428 16428 E ArmVmp : Match on catch block at 0xc3 in for 0xa5
02-24 16:30:47.659 16428 16428 E ArmVmp : Match on catch block at 0xc3 in for 0xa9
02-24 16:30:47.665 16428 16428 E ArmVmp : Match on catch block at 0xc3 in for 0xa1
02-24 16:30:47.675 16428 16428 E ArmVmp : Match on catch block at 0xc3 in for 0xa5
02-24 16:30:47.679 16428 16428 E ArmVmp : Match on catch block at 0xc3 in for 0xa9
02-24 16:30:47.880 16428 16428 E ArmVmp : Match on catch block at 0xc3 in for 0xa9
02-24 16:30:47.885 16428 16428 E ArmVmp : Match on catch block at 0xc3 in for 0xa1
02-24 16:30:47.898 16428 16428 E ArmVmp : Match on catch block at 0xc3 in for 0xa1
02-24 16:30:47.904 16428 16428 E ArmVmp : Match on catch block at 0xc3 in for 0xa5
02-24 16:30:47.918 16428 16428 E ArmVmp : Match on catch block at 0xc3 in for 0xa5
02-24 16:30:47.923 16428 16428 E ArmVmp : Match on catch block at 0xc3 in for 0xa9
02-24 16:30:48.368 16428 16428 E ArmVmp : Match on catch block at 0xc3 in for 0xa1
02-24 16:30:48.374 16428 16428 E ArmVmp : Match on catch block at 0xc3 in for 0xa5
02-24 16:30:48.400 16428 16428 E ArmVmp : Match on catch block at 0xc3 in for 0xa9
02-24 16:30:48.405 16428 16428 E ArmVmp : Match on catch block at 0xc3 in for 0xa1
02-24 16:30:48.420 16428 16428 E ArmVmp : Match on catch block at 0xc3 in for 0xa9
02-24 16:30:48.425 16428 16428 E ArmVmp : Match on catch block at 0xc3 in for 0xa1
02-24 16:30:48.439 16428 16428 E ArmVmp : Match on catch block at 0xc3 in for 0xa9
02-24 16:30:48.443 16428 16428 E ArmVmp : Match on catch block at 0xc3 in for 0xa1
02-24 16:30:48.497 16428 16428 E ArmVmp : Match on catch block at 0xc3 in for 0xa9
02-24 16:30:48.503 16428 16428 E ArmVmp : Match on catch block at 0xc3 in for 0xa1
02-24 16:30:48.515 16428 16428 E ArmVmp : Match on catch block at 0xc3 in for 0xa9
02-24 16:30:48.520 16428 16428 E ArmVmp : Match on catch block at 0xc3 in for 0xa1
02-24 16:30:48.530 16428 16428 E ArmVmp : Match on catch block at 0xc3 in for 0xa9
02-24 16:30:48.536 16428 16428 E ArmVmp : Match on catch block at 0xc3 in for 0xa1
02-24 16:30:48.547 16428 16428 E ArmVmp : Match on catch block at 0xc3 in for 0xa9
02-24 16:30:48.553 16428 16428 E ArmVmp : Match on catch block at 0xc3 in for 0xa1
02-24 16:30:49.081 16428 16428 E ArmVmp : Match on catch block at 0xc3 in for 0xa9
02-24 16:30:49.086 16428 16428 E ArmVmp : Match on catch block at 0xc3 in for 0xa1
02-24 16:30:49.127 16428 16428 E ArmVmp : Match on catch block at 0xc3 in for 0xa9
02-24 16:30:49.131 16428 16428 E ArmVmp : Match on catch block at 0xc3 in for 0xa1
02-24 16:30:49.192 16428 16428 E ArmVmp : Match on catch block at 0xc3 in for 0xa9
02-24 16:30:49.197 16428 16428 E ArmVmp : Match on catch block at 0xc3 in for 0xa1
02-24 16:30:49.304 16428 16428 E ArmVmp : Match on catch block at 0xc3 in for 0xa9
02-24 16:30:49.310 16428 16428 E ArmVmp : Match on catch block at 0xc3 in for 0xa1
02-24 16:30:49.372 16428 16428 E ArmVmp : Match on catch block at 0xc3 in for 0xa5
02-24 16:30:49.378 16428 16428 E ArmVmp : Match on catch block at 0xc3 in for 0xa9
02-24 16:30:49.408 16428 16428 E ArmVmp : Match on catch block at 0xc3 in for 0xa9
02-24 16:30:49.414 16428 16428 E ArmVmp : Match on catch block at 0xc3 in for 0xa1
02-24 16:30:49.603 16428 16428 E ArmVmp : Match on catch block at 0xc3 in for 0xa9
02-24 16:30:49.609 16428 16428 E ArmVmp : Match on catch block at 0xc3 in for 0xa1
02-24 16:30:49.929 16428 16517 W libEGL : EGLNativeWindowType 0x7186c6a010
disconnect failed
02-24 16:30:49.946 16428 16428 W InputEventReceiver: Attempted to finish an input
event but the input event receiver has already been disposed.
02-24 16:30:49.953 16428 16428 E ArmVmp : Match on catch block at 0xc3 in for 0xa1
02-24 16:30:49.963 16428 16428 E ArmVmp : Match on catch block at 0xc3 in for 0xa5
02-24 16:30:49.973 16428 16428 E ArmVmp : Match on catch block at 0xc3 in for 0xa9
02-24 16:30:49.981 16428 16428 E ArmVmp : Match on catch block at 0xc3 in for 0xa1
02-24 16:30:49.992 16428 16428 E ArmVmp : Match on catch block at 0xc3 in for 0xa5
02-24 16:30:50.001 16428 16428 E ArmVmp : Match on catch block at 0xc3 in for 0xa9
02-24 16:30:50.122 16428 16428 E ArmVmp : Match on catch block at 0xc3 in for 0xa5
02-24 16:30:50.128 16428 16428 E ArmVmp : Match on catch block at 0xc3 in for 0xa9
02-24 16:30:50.143 16428 16428 E ArmVmp : Match on catch block at 0xc3 in for 0xa9
02-24 16:30:50.151 16428 16428 E ArmVmp : Match on catch block at 0xc3 in for 0xa1
02-24 16:30:50.160 16428 16428 E ArmVmp : Match on catch block at 0xc3 in for 0xa1
02-24 16:30:50.168 16428 16428 E ArmVmp : Match on catch block at 0xc3 in for 0xa5
02-24 16:30:50.176 16428 16428 E ArmVmp : Match on catch block at 0xc3 in for 0xa5
02-24 16:30:50.181 16428 16428 E ArmVmp : Match on catch block at 0xc3 in for 0xa9
02-24 16:30:50.193 16428 16428 E ArmVmp : Match on catch block at 0xc3 in for 0xa9
02-24 16:30:50.198 16428 16428 E ArmVmp : Match on catch block at 0xc3 in for 0xa1
02-24 16:30:50.208 16428 16428 E ArmVmp : Match on catch block at 0xc3 in for 0xa1
02-24 16:30:50.213 16428 16428 E ArmVmp : Match on catch block at 0xc3 in for 0xa5
02-24 16:30:50.985 16428 16428 E ArmVmp : Match on catch block at 0xc3 in for 0xa5
02-24 16:30:50.996 16428 16428 E ArmVmp : Match on catch block at 0xc3 in for 0xa9
02-24 16:30:51.016 16428 16428 E ArmVmp : Match on catch block at 0xc3 in for 0xa9
02-24 16:30:51.023 16428 16428 E ArmVmp : Match on catch block at 0xc3 in for 0xa1
02-24 16:30:51.031 16428 16428 E ArmVmp : Match on catch block at 0xc3 in for 0xa1
02-24 16:30:51.038 16428 16428 E ArmVmp : Match on catch block at 0xc3 in for 0xa5
02-24 16:30:51.048 16428 16428 E ArmVmp : Match on catch block at 0xc3 in for 0xa5
02-24 16:30:51.055 16428 16428 E ArmVmp : Match on catch block at 0xc3 in for 0xa9
02-24 16:30:51.064 16428 16428 E ArmVmp : Match on catch block at 0xc3 in for 0xa9
02-24 16:30:51.069 16428 16428 E ArmVmp : Match on catch block at 0xc3 in for 0xa1
02-24 16:30:51.081 16428 16428 E ArmVmp : Match on catch block at 0xc3 in for 0xa1
02-24 16:30:51.086 16428 16428 E ArmVmp : Match on catch block at 0xc3 in for 0xa5
02-24 16:30:51.097 16428 16428 E ArmVmp : Match on catch block at 0xc3 in for 0xa5
02-24 16:30:51.102 16428 16428 E ArmVmp : Match on catch block at 0xc3 in for 0xa9
02-24 16:30:51.114 16428 16428 E ArmVmp : Match on catch block at 0xc3 in for 0xa9
02-24 16:30:51.118 16428 16428 E ArmVmp : Match on catch block at 0xc3 in for 0xa1
02-24 16:30:51.131 16428 16428 E ArmVmp : Match on catch block at 0xc3 in for 0xa1
02-24 16:30:51.136 16428 16428 E ArmVmp : Match on catch block at 0xc3 in for 0xa5
02-24 16:30:51.147 16428 16428 E ArmVmp : Match on catch block at 0xc3 in for 0xa5
02-24 16:30:51.153 16428 16428 E ArmVmp : Match on catch block at 0xc3 in for 0xa9
02-24 16:30:51.165 16428 16428 E ArmVmp : Match on catch block at 0xc3 in for 0xa9
02-24 16:30:51.172 16428 16428 E ArmVmp : Match on catch block at 0xc3 in for 0xa1
02-24 16:30:51.181 16428 16428 E ArmVmp : Match on catch block at 0xc3 in for 0xa1
02-24 16:30:51.187 16428 16428 E ArmVmp : Match on catch block at 0xc3 in for 0xa5
02-24 16:30:51.198 16428 16428 E ArmVmp : Match on catch block at 0xc3 in for 0xa5
02-24 16:30:51.204 16428 16428 E ArmVmp : Match on catch block at 0xc3 in for 0xa9
02-24 16:30:51.215 16428 16428 E ArmVmp : Match on catch block at 0xc3 in for 0xa9
02-24 16:30:51.221 16428 16428 E ArmVmp : Match on catch block at 0xc3 in for 0xa1
02-24 16:30:51.231 16428 16428 E ArmVmp : Match on catch block at 0xc3 in for 0xa1
02-24 16:30:51.238 16428 16428 E ArmVmp : Match on catch block at 0xc3 in for 0xa5
02-24 16:30:51.239 16428 16428 W Settings: Setting device_provisioned has moved
from android.provider.Settings.Secure to android.provider.Settings.Global.
02-24 16:30:51.346 16428 16517 W libEGL : EGLNativeWindowType 0x7196e80010
disconnect failed
02-24 16:30:51.406 16428 16428 E ArmVmp : Match on catch block at 0xc3 in for 0xa5
02-24 16:30:51.412 16428 16428 E ArmVmp : Match on catch block at 0xc3 in for 0xa9
02-24 16:30:51.437 16428 16428 E ArmVmp : Match on catch block at 0xc3 in for 0xa1
02-24 16:30:51.442 16428 16428 E ArmVmp : Match on catch block at 0xc3 in for 0xa5
02-24 16:30:51.451 16428 16428 E ArmVmp : Match on catch block at 0xc3 in for 0xa5
02-24 16:30:51.459 16428 16428 E ArmVmp : Match on catch block at 0xc3 in for 0xa9
02-24 16:30:51.468 16428 16428 E ArmVmp : Match on catch block at 0xc3 in for 0xa9
02-24 16:30:51.474 16428 16428 E ArmVmp : Match on catch block at 0xc3 in for 0xa1
02-24 16:30:51.533 16428 16428 E ArmVmp : Match on catch block at 0xc3 in for 0xa9
02-24 16:30:51.537 16428 16428 E ArmVmp : Match on catch block at 0xc3 in for 0xa1
02-24 16:30:51.556 16428 16428 E ArmVmp : Match on catch block at 0xc3 in for 0xa1
02-24 16:30:51.560 16428 16428 E ArmVmp : Match on catch block at 0xc3 in for 0xa5
02-24 16:30:51.571 16428 16428 E ArmVmp : Match on catch block at 0xc3 in for 0xa9
02-24 16:30:51.575 16428 16428 E ArmVmp : Match on catch block at 0xc3 in for 0xa1
02-24 16:30:51.690 16428 16428 E ArmVmp : Match on catch block at 0xc3 in for 0xa5
02-24 16:30:51.695 16428 16428 E ArmVmp : Match on catch block at 0xc3 in for 0xa9
02-24 16:30:51.705 16428 16428 E ArmVmp : Match on catch block at 0xc3 in for 0xa9
02-24 16:30:51.712 16428 16428 E ArmVmp : Match on catch block at 0xc3 in for 0xa1
02-24 16:30:51.936 16428 16428 E ArmVmp : Match on catch block at 0xc3 in for 0xa1
02-24 16:30:51.941 16428 16428 E ArmVmp : Match on catch block at 0xc3 in for 0xa5
02-24 16:30:52.145 16428 16428 E ArmVmp : Match on catch block at 0xc3 in for 0xa1
02-24 16:30:52.152 16428 16428 E ArmVmp : Match on catch block at 0xc3 in for 0xa5
02-24 16:30:52.175 16428 16428 E ArmVmp : Match on catch block at 0xc3 in for 0xa1
02-24 16:30:52.182 16428 16428 E ArmVmp : Match on catch block at 0xc3 in for 0xa5
02-24 16:30:52.198 16428 16428 E ArmVmp : Match on catch block at 0xc3 in for 0xa9
02-24 16:30:52.204 16428 16428 E ArmVmp : Match on catch block at 0xc3 in for 0xa1
02-24 16:30:52.447 16428 16428 E ArmVmp : Match on catch block at 0xc3 in for 0xa5
02-24 16:30:52.464 16428 16428 E ArmVmp : Match on catch block at 0xc3 in for 0xa9
02-24 16:30:52.949 16428 16428 E ArmVmp : Match on catch block at 0xc3 in for 0xa5
02-24 16:30:52.961 16428 16428 E ArmVmp : Match on catch block at 0xc3 in for 0xa9
02-24 16:30:53.432 16428 16428 E ArmVmp : Match on catch block at 0xc3 in for 0xa9
02-24 16:30:53.437 16428 16428 E ArmVmp : Match on catch block at 0xc3 in for 0xa1
02-24 16:30:53.466 16428 16428 E ArmVmp : Match on catch block at 0xc3 in for 0xa1
02-24 16:30:53.471 16428 16428 E ArmVmp : Match on catch block at 0xc3 in for 0xa5
02-24 16:30:53.488 16428 16428 E ArmVmp : Match on catch block at 0xc3 in for 0xa1
02-24 16:30:53.494 16428 16428 E ArmVmp : Match on catch block at 0xc3 in for 0xa5
02-24 16:30:53.534 16428 16428 E ArmVmp : Match on catch block at 0xc3 in for 0xa5
02-24 16:30:53.541 16428 16428 E ArmVmp : Match on catch block at 0xc3 in for 0xa9
02-24 16:30:53.681 16428 16428 E ArmVmp : Match on catch block at 0xc3 in for 0xa5
02-24 16:30:53.685 16428 16428 E ArmVmp : Match on catch block at 0xc3 in for 0xa9
02-24 16:30:53.738 16428 16428 E ArmVmp : Match on catch block at 0xc3 in for 0xa5
02-24 16:30:53.743 16428 16428 E ArmVmp : Match on catch block at 0xc3 in for 0xa9
02-24 16:30:53.753 16428 16428 W InputMethodManager: startInputReason = 1
02-24 16:30:53.794 16428 16428 E ArmVmp : Match on catch block at 0xc3 in for 0xa9
02-24 16:30:53.799 16428 16428 E ArmVmp : Match on catch block at 0xc3 in for 0xa1
02-24 16:30:53.838 16428 16428 E ArmVmp : Match on catch block at 0xc3 in for 0xa5
02-24 16:30:53.844 16428 16428 E ArmVmp : Match on catch block at 0xc3 in for 0xa9
02-24 16:30:53.860 16428 16428 E ArmVmp : Match on catch block at 0xc3 in for 0xa9
02-24 16:30:53.866 16428 16428 E ArmVmp : Match on catch block at 0xc3 in for 0xa1
02-24 16:30:53.878 16428 16428 W StaticLayout: maxLineHeight should not be -1.
maxLines:1 lineCount:1
02-24 16:30:53.907 16428 16517 W libEGL : EGLNativeWindowType 0x7188cde010
disconnect failed
02-24 16:30:53.926 16428 16428 E ArmVmp : Match on catch block at 0xc3 in for 0xa5
02-24 16:30:53.931 16428 16428 E ArmVmp : Match on catch block at 0xc3 in for 0xa9
02-24 16:30:53.945 16428 16428 E ArmVmp : Match on catch block at 0xc3 in for 0xa9
02-24 16:30:53.949 16428 16428 E ArmVmp : Match on catch block at 0xc3 in for 0xa1
02-24 16:30:53.968 16428 16428 E ArmVmp : Match on catch block at 0xc3 in for 0xa1
02-24 16:30:53.972 16428 16428 E ArmVmp : Match on catch block at 0xc3 in for 0xa5
02-24 16:30:53.985 16428 16428 E ArmVmp : Match on catch block at 0xc3 in for 0xa5
02-24 16:30:53.992 16428 16428 E ArmVmp : Match on catch block at 0xc3 in for 0xa9
02-24 16:30:54.001 16428 16428 E ArmVmp : Match on catch block at 0xc3 in for 0xa9
02-24 16:30:54.007 16428 16428 E ArmVmp : Match on catch block at 0xc3 in for 0xa1
02-24 16:30:54.018 16428 16428 E ArmVmp : Match on catch block at 0xc3 in for 0xa1
02-24 16:30:54.022 16428 16428 E ArmVmp : Match on catch block at 0xc3 in for 0xa5
02-24 16:30:54.035 16428 16428 E ArmVmp : Match on catch block at 0xc3 in for 0xa5
02-24 16:30:54.039 16428 16428 E ArmVmp : Match on catch block at 0xc3 in for 0xa9
02-24 16:30:54.051 16428 16428 E ArmVmp : Match on catch block at 0xc3 in for 0xa9
02-24 16:30:54.056 16428 16428 E ArmVmp : Match on catch block at 0xc3 in for 0xa1
02-24 16:30:54.069 16428 16428 E ArmVmp : Match on catch block at 0xc3 in for 0xa1
02-24 16:30:54.075 16428 16428 E ArmVmp : Match on catch block at 0xc3 in for 0xa5
02-24 16:30:54.086 16428 16428 E ArmVmp : Match on catch block at 0xc3 in for 0xa5
02-24 16:30:54.090 16428 16428 E ArmVmp : Match on catch block at 0xc3 in for 0xa9
02-24 16:30:54.563 16428 16428 W InputMethodManager: startInputReason = 1
02-24 16:30:55.384 16428 16517 W libEGL : EGLNativeWindowType 0x7188bab010
disconnect failed
02-24 16:30:55.421 16428 16428 W InputMethodManager: startInputReason = 1
02-24 16:30:55.449 16428 16428 W ActivityThread: handleWindowVisibility: no
activity for token android.os.BinderProxy@a53987e
02-24 16:30:55.739 16428 16428 W InputMethodManager: startInputReason = 1
02-24 16:30:55.906 16428 16517 W libEGL : EGLNativeWindowType 0x7197141010
disconnect failed
02-24 16:30:57.476 16428 16428 W Settings: Setting device_provisioned has moved
from android.provider.Settings.Secure to android.provider.Settings.Global.
02-24 16:30:57.636 16428 16428 W ActivityThread: handleWindowVisibility: no
activity for token android.os.BinderProxy@ab5ba8b
02-24 16:30:57.941 16428 16428 W InputMethodManager: startInputReason = 1
02-24 16:30:58.039 16428 16517 W libEGL : EGLNativeWindowType 0x7195b41010
disconnect failed
02-24 16:30:58.735 16428 16428 W Settings: Setting device_provisioned has moved
from android.provider.Settings.Secure to android.provider.Settings.Global.
02-24 16:30:58.784 16428 16428 W HiTouch_PressGestureDetector: Touch pointer move a
lot. The moving distance of X is:28.923279, limit is:60The moving distance of Y
is:122.09497, limit is:60
02-24 16:31:02.931 16428 16428 W ActivityThread: handleWindowVisibility: no
activity for token android.os.BinderProxy@ea637b3
02-24 16:31:02.953 16428 16428 E ArmVmp : Match on catch block at 0x0a in for 0xe1
02-24 16:31:02.979 16428 16428 E ArmVmp : Match on catch block at 0x0a in for 0xd9
02-24 16:31:03.082 16428 16428 E ArmVmp : Match on catch block at 0x0a in for 0xa9
02-24 16:31:03.096 16428 16428 E ArmVmp : Match on catch block at 0x0a in for 0xd5
02-24 16:31:03.200 16428 16439 E : [ZeroHung]zrhung_get_config: Get config
failed for wp[0x0008]
02-24 16:31:03.338 16428 16428 W InputMethodManager: startInputReason = 1
02-24 16:31:03.516 16428 16517 W libEGL : EGLNativeWindowType 0x7195bd1010
disconnect failed
02-24 16:31:04.772 16428 16428 W Settings: Setting device_provisioned has moved
from android.provider.Settings.Secure to android.provider.Settings.Global.
02-24 16:31:04.939 16428 16428 W ActivityThread: handleWindowVisibility: no
activity for token android.os.BinderProxy@edbe42d
02-24 16:31:04.962 16428 16428 E ArmVmp : Match on catch block at 0x0a in for 0xe5
02-24 16:31:04.980 16428 16428 E ArmVmp : Match on catch block at 0x0a in for 0xd9
02-24 16:31:05.099 16428 16428 E ArmVmp : Match on catch block at 0x0a in for 0xa9
02-24 16:31:05.126 16428 16428 E ArmVmp : Match on catch block at 0x0a in for 0xc9
02-24 16:31:05.359 16428 16428 W InputMethodManager: startInputReason = 1
02-24 16:31:05.513 16428 16517 W libEGL : EGLNativeWindowType 0x7196e8e010
disconnect failed
02-24 16:31:10.750 16428 16428 W Settings: Setting device_provisioned has moved
from android.provider.Settings.Secure to android.provider.Settings.Global.
02-24 16:31:10.858 16428 16428 W HiTouch_PressGestureDetector: Touch pointer move a
lot. The moving distance of X is:26.629944, limit is:60The moving distance of Y
is:74.66974, limit is:60
02-24 16:31:19.320 16428 16428 W HiTouch_PressGestureDetector: Touch pointer move a
lot. The moving distance of X is:16.028564, limit is:60The moving distance of Y
is:65.1142, limit is:60
02-24 16:31:26.741 16428 16428 W HiTouch_PressGestureDetector: Touch pointer move a
lot. The moving distance of X is:15.253174, limit is:60The moving distance of Y
is:66.51904, limit is:60
02-24 16:31:29.059 16428 16428 W HiTouch_PressGestureDetector: Touch pointer move a
lot. The moving distance of X is:14.547913, limit is:60The moving distance of Y
is:77.479126, limit is:60
02-24 16:31:41.298 16428 16428 W HiTouch_PressGestureDetector: Touch pointer move a
lot. The moving distance of X is:13.0, limit is:60The moving distance of Y
is:82.37457, limit is:60
02-24 16:31:45.228 16428 16428 W HiTouch_PressGestureDetector: Touch pointer move a
lot. The moving distance of X is:33.5614, limit is:60The moving distance of Y
is:67.684265, limit is:60
02-24 16:31:49.779 16428 16428 W HiTouch_PressGestureDetector: Touch pointer move a
lot. The moving distance of X is:10.537598, limit is:60The moving distance of Y
is:98.45679, limit is:60
02-24 16:31:57.939 16428 16428 W InputMethodManager: startInputReason = 1
02-24 16:31:59.265 16428 16428 W Settings: Setting device_provisioned has moved
from android.provider.Settings.Secure to android.provider.Settings.Global.
02-24 16:32:00.068 16428 16517 W libEGL : EGLNativeWindowType 0x7196de6010
disconnect failed
02-24 16:32:00.098 16428 16428 W InputMethodManager: startInputReason = 1
02-24 16:32:00.859 16428 16428 W HiTouch_PressGestureDetector: Touch pointer move a
lot. The moving distance of X is:13.930298, limit is:60The moving distance of Y
is:79.65137, limit is:60
02-24 16:32:01.833 16428 16428 W HiTouch_PressGestureDetector: Touch pointer move a
lot. The moving distance of X is:9.7734375, limit is:60The moving distance of Y
is:133.38208, limit is:60
02-24 16:32:02.404 16428 16428 W HiTouch_PressGestureDetector: Touch pointer move a
lot. The moving distance of X is:13.581177, limit is:60The moving distance of Y
is:72.16846, limit is:60
02-24 16:32:13.885 16428 16428 W InputMethodManager: startInputReason = 1
02-24 16:32:16.163 16428 16428 W ActivityThread: handleWindowVisibility: no
activity for token android.os.BinderProxy@fbf580b
02-24 16:32:16.390 16428 16428 E ArmVmp : Match on catch block at 0x0a in for 0xc9
02-24 16:32:16.396 16428 16428 E ArmVmp : Match on catch block at 0x0a in for 0xc9
02-24 16:32:16.656 16428 16428 E ArmVmp : Match on catch block at 0xc3 in for 0xb9
02-24 16:32:16.665 16428 16428 E ArmVmp : Match on catch block at 0xc3 in for 0xb9
02-24 16:32:16.688 16428 16428 E ArmVmp : Match on catch block at 0xc3 in for 0xa5
02-24 16:32:16.692 16428 16428 E ArmVmp : Match on catch block at 0xc3 in for 0xa9
02-24 16:32:16.695 16428 16428 E ArmVmp : Match on catch block at 0xc3 in for 0xa9
02-24 16:32:16.742 16428 16428 W InputMethodManager: startInputReason = 1
02-24 16:32:16.788 16428 16428 E ArmVmp : Match on catch block at 0xc3 in for 0xa5
02-24 16:32:16.793 16428 16428 E ArmVmp : Match on catch block at 0xc3 in for 0xa9
02-24 16:32:16.796 16428 16428 E ArmVmp : Match on catch block at 0xc3 in for 0xa9
02-24 16:32:16.838 16428 16428 E ArmVmp : Match on catch block at 0xc3 in for 0xa1
02-24 16:32:16.846 16428 16428 E ArmVmp : Match on catch block at 0xc3 in for 0xa5
02-24 16:32:16.849 16428 16428 E ArmVmp : Match on catch block at 0xc3 in for 0xa5
02-24 16:32:16.862 16428 16428 E ArmVmp : Match on catch block at 0xc3 in for 0xa9
02-24 16:32:16.867 16428 16428 E ArmVmp : Match on catch block at 0xc3 in for 0xa1
02-24 16:32:16.871 16428 16428 E ArmVmp : Match on catch block at 0xc3 in for 0xa1
02-24 16:32:16.884 16428 16517 W libEGL : EGLNativeWindowType 0x7195b1e010
disconnect failed
02-24 16:32:16.896 16428 16428 E SpannableStringBuilder: SPAN_EXCLUSIVE_EXCLUSIVE
spans cannot have a zero length
02-24 16:32:16.899 16428 16428 E ArmVmp : Match on catch block at 0xc3 in for 0xa5
02-24 16:32:16.903 16428 16428 E ArmVmp : Match on catch block at 0xc3 in for 0xa9
02-24 16:32:16.905 16428 16428 E ArmVmp : Match on catch block at 0xc3 in for 0xa9
02-24 16:32:16.912 16428 16428 E ArmVmp : Match on catch block at 0xc3 in for 0xa1
02-24 16:32:16.917 16428 16428 E ArmVmp : Match on catch block at 0xc3 in for 0xa5
02-24 16:32:16.919 16428 16428 E ArmVmp : Match on catch block at 0xc3 in for 0xa5
02-24 16:32:17.250 16428 16428 E ArmVmp : Match on catch block at 0xc3 in for 0xa9
02-24 16:32:17.256 16428 16428 E ArmVmp : Match on catch block at 0xc3 in for 0xa1
02-24 16:32:17.260 16428 16428 E ArmVmp : Match on catch block at 0xc3 in for 0xa1
02-24 16:32:17.284 16428 16428 E ArmVmp : Match on catch block at 0xc3 in for 0xa5
02-24 16:32:17.290 16428 16428 E ArmVmp : Match on catch block at 0xc3 in for 0xa9
02-24 16:32:17.293 16428 16428 E ArmVmp : Match on catch block at 0xc3 in for 0xa9
02-24 16:32:17.302 16428 16428 E ArmVmp : Match on catch block at 0xc3 in for 0xa1
02-24 16:32:17.308 16428 16428 E ArmVmp : Match on catch block at 0xc3 in for 0xa5
02-24 16:32:17.313 16428 16428 E ArmVmp : Match on catch block at 0xc3 in for 0xa5
02-24 16:32:17.333 16428 16428 E ArmVmp : Match on catch block at 0xc3 in for 0xa9
02-24 16:32:17.339 16428 16428 E ArmVmp : Match on catch block at 0xc3 in for 0xa1
02-24 16:32:17.343 16428 16428 E ArmVmp : Match on catch block at 0xc3 in for 0xa1
02-24 16:32:17.351 16428 16428 E ArmVmp : Match on catch block at 0xc3 in for 0xa5
02-24 16:32:17.357 16428 16428 E ArmVmp : Match on catch block at 0xc3 in for 0xa9
02-24 16:32:17.361 16428 16428 E ArmVmp : Match on catch block at 0xc3 in for 0xa9
02-24 16:32:17.384 16428 16428 E ArmVmp : Match on catch block at 0xc3 in for 0xa1
02-24 16:32:17.390 16428 16428 E ArmVmp : Match on catch block at 0xc3 in for 0xa5
02-24 16:32:17.394 16428 16428 E ArmVmp : Match on catch block at 0xc3 in for 0xa5
02-24 16:32:17.404 16428 16428 E ArmVmp : Match on catch block at 0xc3 in for 0xa9
02-24 16:32:17.409 16428 16428 E ArmVmp : Match on catch block at 0xc3 in for 0xa1
02-24 16:32:17.413 16428 16428 E ArmVmp : Match on catch block at 0xc3 in for 0xa1
02-24 16:32:17.434 16428 16428 E ArmVmp : Match on catch block at 0xc3 in for 0xa5
02-24 16:32:17.440 16428 16428 E ArmVmp : Match on catch block at 0xc3 in for 0xa9
02-24 16:32:17.444 16428 16428 E ArmVmp : Match on catch block at 0xc3 in for 0xa9
02-24 16:32:17.454 16428 16428 E ArmVmp : Match on catch block at 0xc3 in for 0xa1
02-24 16:32:17.459 16428 16428 E ArmVmp : Match on catch block at 0xc3 in for 0xa5
02-24 16:32:17.463 16428 16428 E ArmVmp : Match on catch block at 0xc3 in for 0xa5
02-24 16:32:17.485 16428 16428 E ArmVmp : Match on catch block at 0xc3 in for 0xa9
02-24 16:32:17.490 16428 16428 E ArmVmp : Match on catch block at 0xc3 in for 0xa1
02-24 16:32:17.495 16428 16428 E ArmVmp : Match on catch block at 0xc3 in for 0xa1
02-24 16:32:17.504 16428 16428 E ArmVmp : Match on catch block at 0xc3 in for 0xa5
02-24 16:32:17.510 16428 16428 E ArmVmp : Match on catch block at 0xc3 in for 0xa9
02-24 16:32:17.514 16428 16428 E ArmVmp : Match on catch block at 0xc3 in for 0xa9
02-24 16:32:17.535 16428 16428 E ArmVmp : Match on catch block at 0xc3 in for 0xa1
02-24 16:32:17.541 16428 16428 E ArmVmp : Match on catch block at 0xc3 in for 0xa5
02-24 16:32:17.545 16428 16428 E ArmVmp : Match on catch block at 0xc3 in for 0xa5
02-24 16:32:17.568 16428 16428 E ArmVmp : Match on catch block at 0xc3 in for 0xa9
02-24 16:32:17.574 16428 16428 E ArmVmp : Match on catch block at 0xc3 in for 0xa1
02-24 16:32:17.578 16428 16428 E ArmVmp : Match on catch block at 0xc3 in for 0xa1
02-24 16:32:17.587 16428 16428 E ArmVmp : Match on catch block at 0xc3 in for 0xa5
02-24 16:32:17.592 16428 16428 E ArmVmp : Match on catch block at 0xc3 in for 0xa9
02-24 16:32:17.595 16428 16428 E ArmVmp : Match on catch block at 0xc3 in for 0xa9
02-24 16:32:17.753 16428 16428 E ArmVmp : Match on catch block at 0xc3 in for 0xa1
02-24 16:32:17.759 16428 16428 E ArmVmp : Match on catch block at 0xc3 in for 0xa5
02-24 16:32:17.763 16428 16428 E ArmVmp : Match on catch block at 0xc3 in for 0xa5
02-24 16:32:17.931 16428 16428 W Settings: Setting device_provisioned has moved
from android.provider.Settings.Secure to android.provider.Settings.Global.
02-24 16:32:18.103 16428 16428 E ArmVmp : Match on catch block at 0xc3 in for 0xa1
02-24 16:32:18.107 16428 16428 E ArmVmp : Match on catch block at 0xc3 in for 0xa5
02-24 16:32:18.111 16428 16428 E ArmVmp : Match on catch block at 0xc3 in for 0xa5
02-24 16:32:18.118 16428 16428 E SpannableStringBuilder: SPAN_EXCLUSIVE_EXCLUSIVE
spans cannot have a zero length
02-24 16:32:18.121 16428 16428 E ArmVmp : Match on catch block at 0xc3 in for 0xa9
02-24 16:32:18.130 16428 16428 E ArmVmp : Match on catch block at 0xc3 in for 0xa1
02-24 16:32:18.134 16428 16428 E ArmVmp : Match on catch block at 0xc3 in for 0xa1
02-24 16:32:18.141 16428 16428 E SpannableStringBuilder: SPAN_EXCLUSIVE_EXCLUSIVE
spans cannot have a zero length
02-24 16:32:18.215 16428 16428 E ArmVmp : Match on catch block at 0xc3 in for 0xa5
02-24 16:32:18.219 16428 16428 E ArmVmp : Match on catch block at 0xc3 in for 0xa9
02-24 16:32:18.223 16428 16428 E ArmVmp : Match on catch block at 0xc3 in for 0xa9
02-24 16:32:18.241 16428 16428 E ArmVmp : Match on catch block at 0xc3 in for 0xa1
02-24 16:32:18.246 16428 16428 E ArmVmp : Match on catch block at 0xc3 in for 0xa5
02-24 16:32:18.249 16428 16428 E ArmVmp : Match on catch block at 0xc3 in for 0xa5
02-24 16:32:18.274 16428 16428 E ArmVmp : Match on catch block at 0xc3 in for 0xa9
02-24 16:32:18.281 16428 16428 E ArmVmp : Match on catch block at 0xc3 in for 0xa1
02-24 16:32:18.286 16428 16428 E ArmVmp : Match on catch block at 0xc3 in for 0xa1
02-24 16:32:18.766 16428 16428 E ArmVmp : Match on catch block at 0xc3 in for 0xa5
02-24 16:32:18.778 16428 16428 E ArmVmp : Match on catch block at 0xc3 in for 0xa9
02-24 16:32:18.784 16428 16428 E ArmVmp : Match on catch block at 0xc3 in for 0xa9
02-24 16:32:19.265 16428 16428 E ArmVmp : Match on catch block at 0xc3 in for 0xa1
02-24 16:32:19.272 16428 16428 E ArmVmp : Match on catch block at 0xc3 in for 0xa5
02-24 16:32:19.276 16428 16428 E ArmVmp : Match on catch block at 0xc3 in for 0xa5
02-24 16:32:19.738 16428 16428 E ArmVmp : Match on catch block at 0xc3 in for 0xa9
02-24 16:32:19.744 16428 16428 E ArmVmp : Match on catch block at 0xc3 in for 0xa1
02-24 16:32:19.747 16428 16428 E ArmVmp : Match on catch block at 0xc3 in for 0xa1
02-24 16:32:19.769 16428 16428 E ArmVmp : Match on catch block at 0xc3 in for 0xa1
02-24 16:32:19.773 16428 16428 E ArmVmp : Match on catch block at 0xc3 in for 0xa5
02-24 16:32:19.776 16428 16428 E ArmVmp : Match on catch block at 0xc3 in for 0xa5
02-24 16:32:19.788 16428 16428 E ArmVmp : Match on catch block at 0xc3 in for 0xa9
02-24 16:32:19.793 16428 16428 E ArmVmp : Match on catch block at 0xc3 in for 0xa1
02-24 16:32:19.796 16428 16428 E ArmVmp : Match on catch block at 0xc3 in for 0xa1
02-24 16:32:19.806 16428 16428 E ArmVmp : Match on catch block at 0xc3 in for 0xa5
02-24 16:32:19.812 16428 16428 E ArmVmp : Match on catch block at 0xc3 in for 0xa9
02-24 16:32:19.815 16428 16428 E ArmVmp : Match on catch block at 0xc3 in for 0xa9
02-24 16:32:19.827 16428 16428 E ArmVmp : Match on catch block at 0xc3 in for 0xa1
02-24 16:32:19.832 16428 16428 E ArmVmp : Match on catch block at 0xc3 in for 0xa5
02-24 16:32:19.835 16428 16428 E ArmVmp : Match on catch block at 0xc3 in for 0xa5
02-24 16:32:19.851 16428 16428 E ArmVmp : Match on catch block at 0xc3 in for 0xa9
02-24 16:32:19.857 16428 16428 E ArmVmp : Match on catch block at 0xc3 in for 0xa1
02-24 16:32:19.861 16428 16428 E ArmVmp : Match on catch block at 0xc3 in for 0xa1
02-24 16:32:19.884 16428 16428 E ArmVmp : Match on catch block at 0xc3 in for 0xa5
02-24 16:32:19.890 16428 16428 E ArmVmp : Match on catch block at 0xc3 in for 0xa9
02-24 16:32:19.893 16428 16428 E ArmVmp : Match on catch block at 0xc3 in for 0xa9
02-24 16:32:19.906 16428 16428 E ArmVmp : Match on catch block at 0xc3 in for 0xa1
02-24 16:32:19.911 16428 16428 E ArmVmp : Match on catch block at 0xc3 in for 0xa5
02-24 16:32:19.915 16428 16428 E ArmVmp : Match on catch block at 0xc3 in for 0xa5
02-24 16:32:19.923 16428 16428 E ArmVmp : Match on catch block at 0xc3 in for 0xa9
02-24 16:32:19.929 16428 16428 E ArmVmp : Match on catch block at 0xc3 in for 0xa1
02-24 16:32:19.932 16428 16428 E ArmVmp : Match on catch block at 0xc3 in for 0xa1
02-24 16:32:19.939 16428 16428 E ArmVmp : Match on catch block at 0xc3 in for 0xa5
02-24 16:32:19.944 16428 16428 E ArmVmp : Match on catch block at 0xc3 in for 0xa9
02-24 16:32:19.947 16428 16428 E ArmVmp : Match on catch block at 0xc3 in for 0xa9
02-24 16:32:19.955 16428 16428 E ArmVmp : Match on catch block at 0xc3 in for 0xa1
02-24 16:32:19.961 16428 16428 E ArmVmp : Match on catch block at 0xc3 in for 0xa5
02-24 16:32:19.964 16428 16428 E ArmVmp : Match on catch block at 0xc3 in for 0xa5
02-24 16:32:19.975 16428 16428 E ArmVmp : Match on catch block at 0xc3 in for 0xa9
02-24 16:32:19.980 16428 16428 E ArmVmp : Match on catch block at 0xc3 in for 0xa1
02-24 16:32:19.983 16428 16428 E ArmVmp : Match on catch block at 0xc3 in for 0xa1
02-24 16:32:19.991 16428 16428 E ArmVmp : Match on catch block at 0xc3 in for 0xa5
02-24 16:32:19.996 16428 16428 E ArmVmp : Match on catch block at 0xc3 in for 0xa9
02-24 16:32:19.999 16428 16428 E ArmVmp : Match on catch block at 0xc3 in for 0xa9
02-24 16:32:20.007 16428 16428 E ArmVmp : Match on catch block at 0xc3 in for 0xa1
02-24 16:32:20.012 16428 16428 E ArmVmp : Match on catch block at 0xc3 in for 0xa5
02-24 16:32:20.015 16428 16428 E ArmVmp : Match on catch block at 0xc3 in for 0xa5
02-24 16:32:20.021 16428 16428 E ArmVmp : Match on catch block at 0xc3 in for 0xa9
02-24 16:32:20.027 16428 16428 E ArmVmp : Match on catch block at 0xc3 in for 0xa1
02-24 16:32:20.029 16428 16428 E ArmVmp : Match on catch block at 0xc3 in for 0xa1
02-24 16:32:20.036 16428 16428 E ArmVmp : Match on catch block at 0xc3 in for 0xa5
02-24 16:32:20.040 16428 16428 E ArmVmp : Match on catch block at 0xc3 in for 0xa9
02-24 16:32:20.043 16428 16428 E ArmVmp : Match on catch block at 0xc3 in for 0xa9
02-24 16:32:20.052 16428 16428 E ArmVmp : Match on catch block at 0xc3 in for 0xa1
02-24 16:32:20.058 16428 16428 E ArmVmp : Match on catch block at 0xc3 in for 0xa5
02-24 16:32:20.061 16428 16428 E ArmVmp : Match on catch block at 0xc3 in for 0xa5
02-24 16:32:20.173 16428 16428 E ArmVmp : Match on catch block at 0xc3 in for 0xa9
02-24 16:32:20.180 16428 16428 E ArmVmp : Match on catch block at 0xc3 in for 0xa1
02-24 16:32:20.184 16428 16428 E ArmVmp : Match on catch block at 0xc3 in for 0xa1
02-24 16:32:20.221 16428 16428 E ArmVmp : Match on catch block at 0xc3 in for 0xa5
