is:104.80347, limit is:60
02-24 16:51:30.497 20701 20701 W HiTouch_PressGestureDetector: Touch pointer move a
lot. The moving distance of X is:16.768616, limit is:60The moving distance of Y
is:69.49121, limit is:60
02-24 16:51:31.976 20701 20701 W InputMethodManager: startInputReason = 1
02-24 16:51:32.095 20701 20787 W libEGL : EGLNativeWindowType 0x7194961010
disconnect failed
02-24 16:51:33.468 20701 20701 W HiTouch_PressGestureDetector: Touch pointer move a
lot. The moving distance of X is:1.0, limit is:60The moving distance of Y
is:82.768555, limit is:60
02-24 16:51:33.973 20701 20701 W HiTouch_PressGestureDetector: Touch pointer move a
lot. The moving distance of X is:3.0, limit is:60The moving distance of Y
is:68.34241, limit is:60
02-24 16:51:34.929 20701 20701 W HiTouch_PressGestureDetector: Touch pointer move a
lot. The moving distance of X is:26.757263, limit is:60The moving distance of Y
is:110.43494, limit is:60
02-24 16:51:35.091 20701 20701 W StaticLayout: maxLineHeight should not be -1.
maxLines:1 lineCount:1
02-24 16:51:35.754 20701 20701 W ActivityThread: handleWindowVisibility: no
activity for token android.os.BinderProxy@ad911cf
02-24 16:51:35.955 20701 20711 E : [ZeroHung]zrhung_get_config: Get config
failed for wp[0x0008]
02-24 16:51:35.978 20701 20701 E ArmVmp : Match on catch block at 0x0a in for 0xc5
02-24 16:51:35.983 20701 20701 E ArmVmp : Match on catch block at 0x0a in for 0xc5
02-24 16:51:36.054 20701 20701 W StaticLayout: maxLineHeight should not be -1.
maxLines:1 lineCount:1
02-24 16:51:36.073 20701 20701 W StaticLayout: maxLineHeight should not be -1.
maxLines:1 lineCount:1
02-24 16:51:36.091 20701 20701 W StaticLayout: maxLineHeight should not be -1.
maxLines:1 lineCount:1
02-24 16:51:36.092 20701 20701 W StaticLayout: maxLineHeight should not be -1.
maxLines:1 lineCount:1
02-24 16:51:36.095 20701 20701 W StaticLayout: maxLineHeight should not be -1.
maxLines:1 lineCount:1
02-24 16:51:36.097 20701 20701 W StaticLayout: maxLineHeight should not be -1.
maxLines:1 lineCount:1
02-24 16:51:36.227 20701 20711 E : [ZeroHung]zrhung_get_config: Get config
failed for wp[0x0008]
02-24 16:51:36.302 20701 20701 E ArmVmp : Match on catch block at 0xc3 in for 0xb1
02-24 16:51:36.311 20701 20701 E ArmVmp : Match on catch block at 0xc3 in for 0xb1
02-24 16:51:36.319 20701 20701 E ArmVmp : Match on catch block at 0xc3 in for 0xa9
02-24 16:51:36.322 20701 20701 E ArmVmp : Match on catch block at 0xc3 in for 0xa1
02-24 16:51:36.324 20701 20701 E ArmVmp : Match on catch block at 0xc3 in for 0xa1
02-24 16:51:36.403 20701 20701 E ArmVmp : Match on catch block at 0xc3 in for 0xa9
02-24 16:51:36.407 20701 20701 E ArmVmp : Match on catch block at 0xc3 in for 0xa1
02-24 16:51:36.411 20701 20701 E ArmVmp : Match on catch block at 0xc3 in for 0xa1
02-24 16:51:36.453 20701 20701 E ArmVmp : Match on catch block at 0xc3 in for 0xa9
02-24 16:51:36.458 20701 20701 E ArmVmp : Match on catch block at 0xc3 in for 0xa1
02-24 16:51:36.461 20701 20701 E ArmVmp : Match on catch block at 0xc3 in for 0xa1
02-24 16:51:36.506 20701 20701 W StaticLayout: maxLineHeight should not be -1.
maxLines:1 lineCount:1
02-24 16:51:36.507 20701 20701 W StaticLayout: maxLineHeight should not be -1.
maxLines:1 lineCount:1
02-24 16:51:36.513 20701 20701 E ArmVmp : Match on catch block at 0xc3 in for 0xa5
02-24 16:51:36.518 20701 20701 E ArmVmp : Match on catch block at 0xc3 in for 0xa9
02-24 16:51:36.520 20701 20701 E ArmVmp : Match on catch block at 0xc3 in for 0xa9
02-24 16:51:36.536 20701 20701 W InputMethodManager: startInputReason = 1
02-24 16:51:36.552 20701 20701 E ArmVmp : Match on catch block at 0xc3 in for 0xa5
02-24 16:51:36.557 20701 20701 E ArmVmp : Match on catch block at 0xc3 in for 0xa9
02-24 16:51:36.598 20701 20701 E ArmVmp : Match on catch block at 0xc3 in for 0xa9
02-24 16:51:36.603 20701 20701 E ArmVmp : Match on catch block at 0xc3 in for 0xa1
02-24 16:51:36.605 20701 20701 E ArmVmp : Match on catch block at 0xc3 in for 0xa1
02-24 16:51:36.632 20701 20701 E ArmVmp : Match on catch block at 0xc3 in for 0xa5
02-24 16:51:36.637 20701 20701 E ArmVmp : Match on catch block at 0xc3 in for 0xa9
02-24 16:51:36.639 20701 20701 E ArmVmp : Match on catch block at 0xc3 in for 0xa9
02-24 16:51:36.669 20701 20787 W libEGL : EGLNativeWindowType 0x719b8d1010
disconnect failed
02-24 16:51:36.681 20701 20701 W StaticLayout: maxLineHeight should not be -1.
maxLines:1 lineCount:1
02-24 16:51:36.685 20701 20701 W StaticLayout: maxLineHeight should not be -1.
maxLines:1 lineCount:1
02-24 16:51:36.690 20701 20701 E ArmVmp : Match on catch block at 0xc3 in for 0xa1
02-24 16:51:36.695 20701 20701 E ArmVmp : Match on catch block at 0xc3 in for 0xa5
02-24 16:51:36.698 20701 20701 E ArmVmp : Match on catch block at 0xc3 in for 0xa5
02-24 16:51:36.711 20701 20701 W StaticLayout: maxLineHeight should not be -1.
maxLines:1 lineCount:1
02-24 16:51:36.714 20701 20701 W StaticLayout: maxLineHeight should not be -1.
maxLines:1 lineCount:1
02-24 16:51:36.721 20701 20701 E ArmVmp : Match on catch block at 0xc3 in for 0xa9
02-24 16:51:36.726 20701 20701 E ArmVmp : Match on catch block at 0xc3 in for 0xa1
02-24 16:51:36.730 20701 20701 E ArmVmp : Match on catch block at 0xc3 in for 0xa1
02-24 16:51:36.748 20701 20701 W StaticLayout: maxLineHeight should not be -1.
maxLines:1 lineCount:1
02-24 16:51:36.750 20701 20701 W StaticLayout: maxLineHeight should not be -1.
maxLines:1 lineCount:1
02-24 16:51:36.759 20701 20701 E ArmVmp : Match on catch block at 0xc3 in for 0xa9
02-24 16:51:36.764 20701 20701 E ArmVmp : Match on catch block at 0xc3 in for 0xa1
02-24 16:51:36.767 20701 20701 E ArmVmp : Match on catch block at 0xc3 in for 0xa1
02-24 16:51:36.780 20701 20701 W StaticLayout: maxLineHeight should not be -1.
maxLines:1 lineCount:1
02-24 16:51:36.786 20701 20701 E SpannableStringBuilder: SPAN_EXCLUSIVE_EXCLUSIVE
spans cannot have a zero length
02-24 16:51:36.788 20701 20701 E ArmVmp : Match on catch block at 0xc3 in for 0xa9
02-24 16:51:36.793 20701 20701 E ArmVmp : Match on catch block at 0xc3 in for 0xa1
02-24 16:51:36.796 20701 20701 E ArmVmp : Match on catch block at 0xc3 in for 0xa1
02-24 16:51:36.817 20701 20701 E ArmVmp : Match on catch block at 0xc3 in for 0xa5
02-24 16:51:36.822 20701 20701 E ArmVmp : Match on catch block at 0xc3 in for 0xa9
02-24 16:51:36.825 20701 20701 E ArmVmp : Match on catch block at 0xc3 in for 0xa9
02-24 16:51:36.845 20701 20701 E ArmVmp : Match on catch block at 0xc3 in for 0xa1
02-24 16:51:36.849 20701 20701 E ArmVmp : Match on catch block at 0xc3 in for 0xa5
02-24 16:51:36.852 20701 20701 E ArmVmp : Match on catch block at 0xc3 in for 0xa5
02-24 16:51:36.862 20701 20701 E ArmVmp : Match on catch block at 0xc3 in for 0xa1
02-24 16:51:36.867 20701 20701 E ArmVmp : Match on catch block at 0xc3 in for 0xa5
02-24 16:51:36.871 20701 20701 E ArmVmp : Match on catch block at 0xc3 in for 0xa5
02-24 16:51:36.886 20701 20701 E ArmVmp : Match on catch block at 0xc3 in for 0xa5
02-24 16:51:36.889 20701 20701 E ArmVmp : Match on catch block at 0xc3 in for 0xa9
02-24 16:51:36.892 20701 20701 E ArmVmp : Match on catch block at 0xc3 in for 0xa9
02-24 16:51:36.902 20701 20701 W StaticLayout: maxLineHeight should not be -1.
maxLines:1 lineCount:1
02-24 16:51:36.909 20701 20701 E ArmVmp : Match on catch block at 0xc3 in for 0xa5
02-24 16:51:36.914 20701 20701 E ArmVmp : Match on catch block at 0xc3 in for 0xa9
02-24 16:51:36.916 20701 20701 E ArmVmp : Match on catch block at 0xc3 in for 0xa9
02-24 16:51:36.934 20701 20701 E ArmVmp : Match on catch block at 0xc3 in for 0xa1
02-24 16:51:36.939 20701 20701 E ArmVmp : Match on catch block at 0xc3 in for 0xa5
02-24 16:51:36.942 20701 20701 E ArmVmp : Match on catch block at 0xc3 in for 0xa5
02-24 16:51:36.963 20701 20701 E ArmVmp : Match on catch block at 0xc3 in for 0xa9
02-24 16:51:36.967 20701 20701 E ArmVmp : Match on catch block at 0xc3 in for 0xa1
02-24 16:51:36.970 20701 20701 E ArmVmp : Match on catch block at 0xc3 in for 0xa1
02-24 16:51:36.980 20701 20701 E ArmVmp : Match on catch block at 0xc3 in for 0xa5
02-24 16:51:36.984 20701 20701 E ArmVmp : Match on catch block at 0xc3 in for 0xa9
02-24 16:51:36.987 20701 20701 E ArmVmp : Match on catch block at 0xc3 in for 0xa9
02-24 16:51:36.996 20701 20701 E ArmVmp : Match on catch block at 0xc3 in for 0xa1
02-24 16:51:37.001 20701 20701 E ArmVmp : Match on catch block at 0xc3 in for 0xa5
02-24 16:51:37.013 20701 20701 E ArmVmp : Match on catch block at 0xc3 in for 0xa5
02-24 16:51:37.017 20701 20701 E ArmVmp : Match on catch block at 0xc3 in for 0xa9
02-24 16:51:37.020 20701 20701 E ArmVmp : Match on catch block at 0xc3 in for 0xa9
02-24 16:51:37.030 20701 20701 E ArmVmp : Match on catch block at 0xc3 in for 0xa1
02-24 16:51:37.034 20701 20701 E ArmVmp : Match on catch block at 0xc3 in for 0xa5
02-24 16:51:37.037 20701 20701 E ArmVmp : Match on catch block at 0xc3 in for 0xa5
02-24 16:51:37.047 20701 20701 E ArmVmp : Match on catch block at 0xc3 in for 0xa9
02-24 16:51:37.051 20701 20701 E ArmVmp : Match on catch block at 0xc3 in for 0xa1
02-24 16:51:37.054 20701 20701 E ArmVmp : Match on catch block at 0xc3 in for 0xa1
02-24 16:51:37.064 20701 20701 E ArmVmp : Match on catch block at 0xc3 in for 0xa5
02-24 16:51:37.068 20701 20701 E ArmVmp : Match on catch block at 0xc3 in for 0xa9
02-24 16:51:37.071 20701 20701 E ArmVmp : Match on catch block at 0xc3 in for 0xa9
02-24 16:51:37.080 20701 20701 E ArmVmp : Match on catch block at 0xc3 in for 0xa1
02-24 16:51:37.085 20701 20701 E ArmVmp : Match on catch block at 0xc3 in for 0xa5
02-24 16:51:37.088 20701 20701 E ArmVmp : Match on catch block at 0xc3 in for 0xa5
02-24 16:51:37.097 20701 20701 E ArmVmp : Match on catch block at 0xc3 in for 0xa9
02-24 16:51:37.101 20701 20701 E ArmVmp : Match on catch block at 0xc3 in for 0xa1
02-24 16:51:37.104 20701 20701 E ArmVmp : Match on catch block at 0xc3 in for 0xa1
02-24 16:51:37.114 20701 20701 E ArmVmp : Match on catch block at 0xc3 in for 0xa5
02-24 16:51:37.118 20701 20701 E ArmVmp : Match on catch block at 0xc3 in for 0xa9
02-24 16:51:37.121 20701 20701 E ArmVmp : Match on catch block at 0xc3 in for 0xa9
02-24 16:51:37.131 20701 20701 E ArmVmp : Match on catch block at 0xc3 in for 0xa1
02-24 16:51:37.135 20701 20701 E ArmVmp : Match on catch block at 0xc3 in for 0xa5
02-24 16:51:37.138 20701 20701 E ArmVmp : Match on catch block at 0xc3 in for 0xa5
02-24 16:51:37.148 20701 20701 E ArmVmp : Match on catch block at 0xc3 in for 0xa9
02-24 16:51:37.152 20701 20701 E ArmVmp : Match on catch block at 0xc3 in for 0xa1
02-24 16:51:37.155 20701 20701 E ArmVmp : Match on catch block at 0xc3 in for 0xa1
02-24 16:51:37.545 20701 20701 W StaticLayout: maxLineHeight should not be -1.
maxLines:1 lineCount:1
02-24 16:51:37.548 20701 20701 W StaticLayout: maxLineHeight should not be -1.
maxLines:1 lineCount:1
02-24 16:51:37.555 20701 20701 E ArmVmp : Match on catch block at 0xc3 in for 0xa9
02-24 16:51:37.562 20701 20701 E ArmVmp : Match on catch block at 0xc3 in for 0xa1
02-24 16:51:37.568 20701 20701 E ArmVmp : Match on catch block at 0xc3 in for 0xa1
02-24 16:51:37.578 20701 20701 E ArmVmp : Match on catch block at 0xc3 in for 0xa5
02-24 16:51:37.584 20701 20701 E ArmVmp : Match on catch block at 0xc3 in for 0xa9
02-24 16:51:37.587 20701 20701 E ArmVmp : Match on catch block at 0xc3 in for 0xa9
02-24 16:51:38.096 20701 20701 E ArmVmp : Match on catch block at 0xc3 in for 0xa1
02-24 16:51:38.112 20701 20701 E ArmVmp : Match on catch block at 0xc3 in for 0xa5
02-24 16:51:38.121 20701 20701 E ArmVmp : Match on catch block at 0xc3 in for 0xa5
02-24 16:51:38.600 20701 20701 E ArmVmp : Match on catch block at 0xc3 in for 0xa9
02-24 16:51:38.615 20701 20701 E ArmVmp : Match on catch block at 0xc3 in for 0xa1
02-24 16:51:38.623 20701 20701 E ArmVmp : Match on catch block at 0xc3 in for 0xa1
02-24 16:51:38.715 20701 20701 W Settings: Setting device_provisioned has moved
from android.provider.Settings.Secure to android.provider.Settings.Global.
02-24 16:51:38.811 20701 20701 E ArmVmp : Match on catch block at 0xc3 in for 0xa5
02-24 16:51:38.817 20701 20701 E ArmVmp : Match on catch block at 0xc3 in for 0xa9
02-24 16:51:38.821 20701 20701 E ArmVmp : Match on catch block at 0xc3 in for 0xa9
02-24 16:51:38.854 20701 20701 E ArmVmp : Match on catch block at 0xc3 in for 0xa1
02-24 16:51:38.859 20701 20701 E ArmVmp : Match on catch block at 0xc3 in for 0xa5
02-24 16:51:38.862 20701 20701 E ArmVmp : Match on catch block at 0xc3 in for 0xa5
02-24 16:51:38.887 20701 20701 E ArmVmp : Match on catch block at 0xc3 in for 0xa9
02-24 16:51:38.891 20701 20701 E ArmVmp : Match on catch block at 0xc3 in for 0xa1
02-24 16:51:38.893 20701 20701 E ArmVmp : Match on catch block at 0xc3 in for 0xa1
02-24 16:51:38.903 20701 20701 W ActivityThread: handleWindowVisibility: no
activity for token android.os.BinderProxy@4b2e441
02-24 16:51:38.987 20701 20701 E ArmVmp : Match on catch block at 0xc3 in for 0xa1
02-24 16:51:38.992 20701 20701 E ArmVmp : Match on catch block at 0xc3 in for 0xa5
02-24 16:51:38.995 20701 20701 E ArmVmp : Match on catch block at 0xc3 in for 0xa5
02-24 16:51:39.053 20701 20701 E ArmVmp : Match on catch block at 0xc3 in for 0xa5
02-24 16:51:39.057 20701 20701 E ArmVmp : Match on catch block at 0xc3 in for 0xa9
02-24 16:51:39.060 20701 20701 E ArmVmp : Match on catch block at 0xc3 in for 0xa9
02-24 16:51:39.076 20701 20701 E ArmVmp : Match on catch block at 0xc3 in for 0xa1
02-24 16:51:39.081 20701 20701 E ArmVmp : Match on catch block at 0xc3 in for 0xa5
02-24 16:51:39.084 20701 20701 E ArmVmp : Match on catch block at 0xc3 in for 0xa5
02-24 16:51:39.107 20701 20701 E ArmVmp : Match on catch block at 0xc3 in for 0xa9
02-24 16:51:39.112 20701 20701 E ArmVmp : Match on catch block at 0xc3 in for 0xa1
02-24 16:51:39.115 20701 20701 E ArmVmp : Match on catch block at 0xc3 in for 0xa1
02-24 16:51:39.123 20701 20701 E ArmVmp : Match on catch block at 0xc3 in for 0xa5
02-24 16:51:39.128 20701 20701 E ArmVmp : Match on catch block at 0xc3 in for 0xa9
02-24 16:51:39.131 20701 20701 E ArmVmp : Match on catch block at 0xc3 in for 0xa9
02-24 16:51:39.146 20701 20701 E ArmVmp : Match on catch block at 0xc3 in for 0xa1
02-24 16:51:39.149 20701 20701 E ArmVmp : Match on catch block at 0xc3 in for 0xa5
02-24 16:51:39.152 20701 20701 E ArmVmp : Match on catch block at 0xc3 in for 0xa5
02-24 16:51:39.165 20701 20701 E ArmVmp : Match on catch block at 0xc3 in for 0xa9
02-24 16:51:39.170 20701 20701 E ArmVmp : Match on catch block at 0xc3 in for 0xa1
02-24 16:51:39.172 20701 20701 E ArmVmp : Match on catch block at 0xc3 in for 0xa1
02-24 16:51:39.186 20701 20701 E ArmVmp : Match on catch block at 0xc3 in for 0xa5
02-24 16:51:39.190 20701 20701 E ArmVmp : Match on catch block at 0xc3 in for 0xa9
02-24 16:51:39.193 20701 20701 E ArmVmp : Match on catch block at 0xc3 in for 0xa9
02-24 16:51:39.206 20701 20701 E ArmVmp : Match on catch block at 0xc3 in for 0xa1
02-24 16:51:39.210 20701 20701 E ArmVmp : Match on catch block at 0xc3 in for 0xa5
02-24 16:51:39.214 20701 20701 E ArmVmp : Match on catch block at 0xc3 in for 0xa5
02-24 16:51:39.229 20701 20701 E ArmVmp : Match on catch block at 0xc3 in for 0xa9
02-24 16:51:39.233 20701 20701 E ArmVmp : Match on catch block at 0xc3 in for 0xa1
02-24 16:51:39.235 20701 20701 E ArmVmp : Match on catch block at 0xc3 in for 0xa1
02-24 16:51:39.246 20701 20701 E ArmVmp : Match on catch block at 0xc3 in for 0xa5
02-24 16:51:39.250 20701 20701 E ArmVmp : Match on catch block at 0xc3 in for 0xa9
02-24 16:51:39.253 20701 20701 E ArmVmp : Match on catch block at 0xc3 in for 0xa9
02-24 16:51:39.263 20701 20701 E ArmVmp : Match on catch block at 0xc3 in for 0xa1
02-24 16:51:39.267 20701 20701 E ArmVmp : Match on catch block at 0xc3 in for 0xa5
02-24 16:51:39.270 20701 20701 E ArmVmp : Match on catch block at 0xc3 in for 0xa5
02-24 16:51:39.280 20701 20701 E ArmVmp : Match on catch block at 0xc3 in for 0xa9
02-24 16:51:39.284 20701 20701 E ArmVmp : Match on catch block at 0xc3 in for 0xa1
02-24 16:51:39.286 20701 20701 E ArmVmp : Match on catch block at 0xc3 in for 0xa1
02-24 16:51:39.296 20701 20701 E ArmVmp : Match on catch block at 0xc3 in for 0xa5
02-24 16:51:39.300 20701 20701 E ArmVmp : Match on catch block at 0xc3 in for 0xa9
02-24 16:51:39.303 20701 20701 E ArmVmp : Match on catch block at 0xc3 in for 0xa9
02-24 16:51:39.313 20701 20701 E ArmVmp : Match on catch block at 0xc3 in for 0xa1
02-24 16:51:39.317 20701 20701 E ArmVmp : Match on catch block at 0xc3 in for 0xa5
02-24 16:51:39.320 20701 20701 E ArmVmp : Match on catch block at 0xc3 in for 0xa5
02-24 16:51:39.330 20701 20701 E ArmVmp : Match on catch block at 0xc3 in for 0xa9
02-24 16:51:39.334 20701 20701 E ArmVmp : Match on catch block at 0xc3 in for 0xa1
02-24 16:51:39.336 20701 20701 E ArmVmp : Match on catch block at 0xc3 in for 0xa1
02-24 16:51:39.346 20701 20701 E ArmVmp : Match on catch block at 0xc3 in for 0xa5
02-24 16:51:39.350 20701 20701 E ArmVmp : Match on catch block at 0xc3 in for 0xa9
02-24 16:51:39.353 20701 20701 E ArmVmp : Match on catch block at 0xc3 in for 0xa9
02-24 16:51:39.363 20701 20701 E ArmVmp : Match on catch block at 0xc3 in for 0xa1
02-24 16:51:39.367 20701 20701 E ArmVmp : Match on catch block at 0xc3 in for 0xa5
02-24 16:51:39.370 20701 20701 E ArmVmp : Match on catch block at 0xc3 in for 0xa5
02-24 16:51:39.380 20701 20701 E ArmVmp : Match on catch block at 0xc3 in for 0xa9
02-24 16:51:39.384 20701 20701 E ArmVmp : Match on catch block at 0xc3 in for 0xa1
02-24 16:51:39.386 20701 20701 E ArmVmp : Match on catch block at 0xc3 in for 0xa1
02-24 16:51:39.397 20701 20701 E ArmVmp : Match on catch block at 0xc3 in for 0xa5
02-24 16:51:39.401 20701 20701 E ArmVmp : Match on catch block at 0xc3 in for 0xa9
02-24 16:51:39.403 20701 20701 E ArmVmp : Match on catch block at 0xc3 in for 0xa9
02-24 16:51:39.414 20701 20701 E ArmVmp : Match on catch block at 0xc3 in for 0xa1
02-24 16:51:39.418 20701 20701 E ArmVmp : Match on catch block at 0xc3 in for 0xa5
02-24 16:51:39.420 20701 20701 E ArmVmp : Match on catch block at 0xc3 in for 0xa5
02-24 16:51:39.430 20701 20701 E ArmVmp : Match on catch block at 0xc3 in for 0xa9
02-24 16:51:39.434 20701 20701 E ArmVmp : Match on catch block at 0xc3 in for 0xa1
02-24 16:51:39.437 20701 20701 E ArmVmp : Match on catch block at 0xc3 in for 0xa1
02-24 16:51:40.155 20701 20701 W Settings: Setting device_provisioned has moved
from android.provider.Settings.Secure to android.provider.Settings.Global.
02-24 16:51:40.311 20701 20701 W ActivityThread: handleWindowVisibility: no
activity for token android.os.BinderProxy@6143de
02-24 16:51:40.530 20701 20701 E ArmVmp : Match on catch block at 0x0a in for 0xc9
02-24 16:51:40.535 20701 20701 E ArmVmp : Match on catch block at 0x0a in for 0xc9
02-24 16:51:40.648 20701 20701 E ArmVmp : Match on catch block at 0xc3 in for 0xb9
02-24 16:51:40.650 20701 20701 E ArmVmp : Match on catch block at 0xc3 in for 0xb9
02-24 16:51:40.667 20701 20701 E ArmVmp : Match on catch block at 0xc3 in for 0xa9
02-24 16:51:40.670 20701 20701 E ArmVmp : Match on catch block at 0xc3 in for 0xa1
02-24 16:51:40.721 20701 20701 E ArmVmp : Match on catch block at 0xc3 in for 0xa1
02-24 16:51:40.725 20701 20701 E ArmVmp : Match on catch block at 0xc3 in for 0xa5
02-24 16:51:40.734 20701 20701 W InputMethodManager: startInputReason = 1
02-24 16:51:40.753 20701 20701 E ArmVmp : Match on catch block at 0xc3 in for 0xa1
02-24 16:51:40.757 20701 20701 E ArmVmp : Match on catch block at 0xc3 in for 0xa5
02-24 16:51:40.778 20701 20701 E ArmVmp : Match on catch block at 0xc3 in for 0xa1
02-24 16:51:40.781 20701 20701 E ArmVmp : Match on catch block at 0xc3 in for 0xa5
02-24 16:51:40.792 20701 20787 W libEGL : EGLNativeWindowType 0x7197948010
disconnect failed
02-24 16:51:40.803 20701 20701 E ArmVmp : Match on catch block at 0xc3 in for 0xa5
02-24 16:51:40.807 20701 20701 E ArmVmp : Match on catch block at 0xc3 in for 0xa9
02-24 16:51:40.810 20701 20701 E ArmVmp : Match on catch block at 0xc3 in for 0xa9
02-24 16:51:40.812 20701 20787 W libEGL : EGLNativeWindowType 0x719b8e4010
disconnect failed
02-24 16:51:40.821 20701 20701 E SpannableStringBuilder: SPAN_EXCLUSIVE_EXCLUSIVE
spans cannot have a zero length
02-24 16:51:40.824 20701 20701 E ArmVmp : Match on catch block at 0xc3 in for 0xa1
02-24 16:51:40.827 20701 20701 E ArmVmp : Match on catch block at 0xc3 in for 0xa5
02-24 16:51:40.845 20701 20701 E ArmVmp : Match on catch block at 0xc3 in for 0xa1
02-24 16:51:40.848 20701 20701 E ArmVmp : Match on catch block at 0xc3 in for 0xa5
02-24 16:51:40.859 20701 20701 E ArmVmp : Match on catch block at 0xc3 in for 0xa9
02-24 16:51:40.862 20701 20701 E ArmVmp : Match on catch block at 0xc3 in for 0xa1
02-24 16:51:40.865 20701 20701 E ArmVmp : Match on catch block at 0xc3 in for 0xa1
02-24 16:51:40.869 20701 20701 E ArmVmp : Match on catch block at 0xc3 in for 0xa5
02-24 16:51:40.872 20701 20701 E ArmVmp : Match on catch block at 0xc3 in for 0xa9
02-24 16:51:41.246 20701 20701 E ArmVmp : Match on catch block at 0xc3 in for 0xa9
02-24 16:51:41.250 20701 20701 E ArmVmp : Match on catch block at 0xc3 in for 0xa1
02-24 16:51:41.388 20701 20701 W Settings: Setting device_provisioned has moved
from android.provider.Settings.Secure to android.provider.Settings.Global.
02-24 16:51:41.397 20701 20701 E ArmVmp : Match on catch block at 0xc3 in for 0xa9
02-24 16:51:41.402 20701 20701 E ArmVmp : Match on catch block at 0xc3 in for 0xa1
02-24 16:51:41.414 20701 20701 E ArmVmp : Match on catch block at 0xc3 in for 0xa5
02-24 16:51:41.419 20701 20701 E ArmVmp : Match on catch block at 0xc3 in for 0xa9
02-24 16:51:41.432 20701 20701 E ArmVmp : Match on catch block at 0xc3 in for 0xa1
02-24 16:51:41.437 20701 20701 E ArmVmp : Match on catch block at 0xc3 in for 0xa5
02-24 16:51:41.450 20701 20701 E ArmVmp : Match on catch block at 0xc3 in for 0xa9
02-24 16:51:41.455 20701 20701 E ArmVmp : Match on catch block at 0xc3 in for 0xa1
02-24 16:51:41.497 20701 20701 E ArmVmp : Match on catch block at 0xc3 in for 0xa5
02-24 16:51:41.500 20701 20701 E ArmVmp : Match on catch block at 0xc3 in for 0xa9
02-24 16:51:41.511 20701 20787 W libEGL : EGLNativeWindowType 0x7190de7010
disconnect failed
02-24 16:51:41.533 20701 20701 E ArmVmp : Match on catch block at 0xc3 in for 0xa9
02-24 16:51:41.537 20701 20701 E ArmVmp : Match on catch block at 0xc3 in for 0xa1
02-24 16:51:41.540 20701 20701 W ActivityThread: handleWindowVisibility: no
activity for token android.os.BinderProxy@9343e4
02-24 16:51:41.654 20701 20701 W ResourceType: Bad XML block: header size 18254 or
total size 169478669 is larger than data size 380
02-24 16:51:41.658 20701 20701 W ResourceType: Bad XML block: header size 18254 or
total size 169478669 is larger than data size 633
02-24 16:51:41.669 20701 20701 W ResourceType: Bad XML block: header size 18254 or
total size 169478669 is larger than data size 677
02-24 16:51:41.673 20701 20701 W ResourceType: Bad XML block: header size 18254 or
total size 169478669 is larger than data size 248
02-24 16:51:41.681 20701 20701 W ResourceType: Bad XML block: header size 18254 or
total size 169478669 is larger than data size 571
02-24 16:51:41.689 20701 20701 W ResourceType: Bad XML block: header size 18254 or
total size 169478669 is larger than data size 333
02-24 16:51:41.693 20701 20701 W ResourceType: Bad XML block: header size 18254 or
total size 169478669 is larger than data size 650
02-24 16:51:41.698 20701 20701 W ResourceType: Bad XML block: header size 18254 or
total size 169478669 is larger than data size 1150
02-24 16:51:41.702 20701 20701 W ResourceType: Bad XML block: header size 18254 or
total size 169478669 is larger than data size 491
02-24 16:51:41.706 20701 20701 W ResourceType: Bad XML block: header size 18254 or
total size 169478669 is larger than data size 1150
02-24 16:51:41.709 20701 20701 W ResourceType: Bad XML block: header size 18254 or
total size 169478669 is larger than data size 659
02-24 16:51:41.714 20701 20701 W ResourceType: Bad XML block: header size 18254 or
total size 169478669 is larger than data size 593
02-24 16:51:41.725 20701 20701 W ResourceType: Bad XML block: header size 18254 or
total size 169478669 is larger than data size 1171
02-24 16:51:41.729 20701 20701 W ResourceType: Bad XML block: header size 18254 or
total size 169478669 is larger than data size 510
02-24 16:51:41.741 20701 20701 W ResourceType: Bad XML block: header size 18254 or
total size 169478669 is larger than data size 853
02-24 16:51:41.799 20701 20701 W ResourceType: Bad XML block: header size 18254 or
total size 169478669 is larger than data size 650
02-24 16:51:41.816 20701 20701 E ArmVmp : Match on catch block at 0xc3 in for 0xa1
02-24 16:51:41.820 20701 20701 E ArmVmp : Match on catch block at 0xc3 in for 0xa5
02-24 16:51:41.848 20701 20701 W StaticLayout: maxLineHeight should not be -1.
maxLines:1 lineCount:1
02-24 16:51:41.861 20701 20701 W View : requestLayout() improperly called by
android.widget.Space{348adb5 I.ED..... ......I. 36,108-48,120 #7f0b00ba
app:id/action_tile_spacing} during layout: running second layout pass
02-24 16:51:41.861 20701 20701 W View : requestLayout() improperly called by
android.widget.Space{9dd4c4a I.ED..... ......I. 36,108-48,120 #7f0b00ba
app:id/action_tile_spacing} during layout: running second layout pass
02-24 16:51:41.861 20701 20701 W View : requestLayout() improperly called by
android.widget.Space{bb437bb I.ED..... ......I. 36,108-48,120 #7f0b00ba
app:id/action_tile_spacing} during layout: running second layout pass
02-24 16:51:41.861 20701 20701 W View : requestLayout() improperly called by
android.widget.Space{a58e4d8 I.ED..... ......I. 36,108-48,120 #7f0b00ba
app:id/action_tile_spacing} during layout: running second layout pass
02-24 16:51:41.862 20701 20701 W StaticLayout: maxLineHeight should not be -1.
maxLines:1 lineCount:1
02-24 16:51:41.874 20701 20701 E ArmVmp : Match on catch block at 0xc3 in for 0xa5
02-24 16:51:41.877 20701 20701 E ArmVmp : Match on catch block at 0xc3 in for 0xa9
02-24 16:51:41.895 20701 20701 W InputMethodManager: startInputReason = 1
02-24 16:51:41.908 20701 20701 E ArmVmp : Match on catch block at 0xc3 in for 0xa9
02-24 16:51:41.911 20701 20701 E ArmVmp : Match on catch block at 0xc3 in for 0xa1
02-24 16:51:41.979 20701 20701 E ArmVmp : Match on catch block at 0xc3 in for 0xa1
02-24 16:51:41.984 20701 20701 E ArmVmp : Match on catch block at 0xc3 in for 0xa5
02-24 16:51:42.007 20701 20701 E ArmVmp : Match on catch block at 0xc3 in for 0xa5
02-24 16:51:42.011 20701 20701 E ArmVmp : Match on catch block at 0xc3 in for 0xa9
02-24 16:51:42.033 20701 20701 E ArmVmp : Match on catch block at 0xc3 in for 0xa9
02-24 16:51:42.037 20701 20701 E ArmVmp : Match on catch block at 0xc3 in for 0xa1
02-24 16:51:42.090 20701 20787 W libEGL : EGLNativeWindowType 0x7196ff0010
disconnect failed
02-24 16:51:42.851 20701 20701 W Settings: Setting device_provisioned has moved
from android.provider.Settings.Secure to android.provider.Settings.Global.
02-24 16:51:45.260 20701 20787 W libEGL : EGLNativeWindowType 0x7192914010
disconnect failed
02-24 16:51:45.290 20701 20701 W BottomSheetBehavior: BottomSheetBehavior now
supports multiple callbacks. `setBottomSheetCallback()` removes all existing
callbacks, including ones set internally by library authors, which may result in
unintended behavior. This may change in the future. Please use
`addBottomSheetCallback()` and `removeBottomSheetCallback()` instead to set your
own callbacks.
02-24 16:51:45.297 20701 20701 W InputMethodManager: startInputReason = 1
02-24 16:51:46.011 20701 20701 W Settings: Setting device_provisioned has moved
from android.provider.Settings.Secure to android.provider.Settings.Global.
02-24 16:51:46.091 20701 20701 W InputMethodManager: startInputReason = 4
02-24 16:51:46.316 20701 20701 W StaticLayout: maxLineHeight should not be -1.
maxLines:1 lineCount:1
02-24 16:51:47.139 20701 20787 W libEGL : EGLNativeWindowType 0x7192e1a010
disconnect failed
02-24 16:51:47.179 20701 20701 E SpannableStringBuilder: SPAN_EXCLUSIVE_EXCLUSIVE
spans cannot have a zero length
02-24 16:51:47.190 20701 20701 E SpannableStringBuilder: SPAN_EXCLUSIVE_EXCLUSIVE
spans cannot have a zero length
02-24 16:51:47.639 20701 20701 E SpannableStringBuilder: SPAN_EXCLUSIVE_EXCLUSIVE
spans cannot have a zero length
02-24 16:51:47.909 20701 20701 E SpannableStringBuilder: SPAN_EXCLUSIVE_EXCLUSIVE
spans cannot have a zero length
02-24 16:51:49.582 20701 20701 E SpannableStringBuilder: SPAN_EXCLUSIVE_EXCLUSIVE
spans cannot have a zero length
02-24 16:51:49.582 20701 20701 E SpannableStringBuilder: SPAN_EXCLUSIVE_EXCLUSIVE
spans cannot have a zero length
02-24 16:51:50.431 20701 20787 W libEGL : EGLNativeWindowType 0x7193c54010
disconnect failed
02-24 16:51:50.463 20701 20701 W InputMethodManager: startInputReason = 1
02-24 16:51:50.596 20701 20701 W StaticLayout: maxLineHeight should not be -1.
maxLines:1 lineCount:1
02-24 16:51:51.070 20701 20701 W ResourceType: Bad XML block: header size 18254 or
total size 169478669 is larger than data size 650
02-24 16:51:51.096 20701 20701 W ResourceType: Bad XML block: header size 18254 or
total size 169478669 is larger than data size 650
02-24 16:51:51.125 20701 20711 E : [ZeroHung]zrhung_get_config: Get config
failed for wp[0x0008]
02-24 16:51:51.352 20701 20701 W ResourceType: Bad XML block: header size 18254 or
total size 169478669 is larger than data size 650
02-24 16:51:51.412 20701 20783 E SQLiteDatabase: Error inserting UNIQUE constraint
failed: collection_versions.collection_name (Sqlite code 1555
SQLITE_CONSTRAINT_PRIMARYKEY), (OS error - 88:Socket operation on non-socket)
02-24 16:51:51.420 20701 20701 W ResourceType: Bad XML block: header size 18254 or
total size 169478669 is larger than data size 650
02-24 16:51:51.432 20701 20701 W ResourceType: Bad XML block: header size 18254 or
total size 169478669 is larger than data size 650
02-24 16:51:53.076 20701 20701 E ArmVmp : Match on catch block at 0x0a in for 0xc5
02-24 16:51:53.082 20701 20701 E ArmVmp : Match on catch block at 0x0a in for 0xc1
02-24 16:51:53.125 20701 20701 E ArmVmp : Match on catch block at 0xc3 in for 0xa9
02-24 16:51:53.130 20701 20701 E ArmVmp : Match on catch block at 0xc3 in for 0xa1
02-24 16:51:53.151 20701 20787 W libEGL : EGLNativeWindowType 0x718fa5c010
disconnect failed
02-24 16:51:53.165 20701 20701 E ArmVmp : Match on catch block at 0xc3 in for 0xa9
02-24 16:51:53.169 20701 20701 E ArmVmp : Match on catch block at 0xc3 in for 0xa1
02-24 16:51:53.208 20701 20701 E ArmVmp : Match on catch block at 0xc3 in for 0xa1
02-24 16:51:53.213 20701 20701 E ArmVmp : Match on catch block at 0xc3 in for 0xa5
02-24 16:51:53.552 20701 20701 E ArmVmp : Match on catch block at 0xc3 in for 0xa9
02-24 16:51:53.557 20701 20701 E ArmVmp : Match on catch block at 0xc3 in for 0xa1
02-24 16:51:53.573 20701 20701 E ArmVmp : Match on catch block at 0xc3 in for 0xa5
02-24 16:51:53.578 20701 20701 E ArmVmp : Match on catch block at 0xc3 in for 0xa9
02-24 16:51:53.594 20701 20701 E ArmVmp : Match on catch block at 0xc3 in for 0xa1
02-24 16:51:53.598 20701 20701 E ArmVmp : Match on catch block at 0xc3 in for 0xa5
02-24 16:51:53.674 20701 20701 W InputMethodManager: startInputReason = 1
02-24 16:51:53.697 20701 20701 E ArmVmp : Match on catch block at 0xc3 in for 0xa5
02-24 16:51:53.700 20701 20701 E ArmVmp : Match on catch block at 0xc3 in for 0xa9
02-24 16:51:53.714 20701 20787 W libEGL : EGLNativeWindowType 0x71994a2010
disconnect failed
02-24 16:51:53.729 20701 20701 E ArmVmp : Match on catch block at 0xc3 in for 0xa1
02-24 16:51:53.732 20701 20701 E ArmVmp : Match on catch block at 0xc3 in for 0xa5
02-24 16:51:53.764 20701 20701 E SpannableStringBuilder: SPAN_EXCLUSIVE_EXCLUSIVE
spans cannot have a zero length
02-24 16:51:53.904 20701 20701 E ArmVmp : Match on catch block at 0xc3 in for 0xa5
02-24 16:51:53.909 20701 20701 E ArmVmp : Match on catch block at 0xc3 in for 0xa9
02-24 16:51:53.921 20701 20701 E ArmVmp : Match on catch block at 0xc3 in for 0xa9
02-24 16:51:53.924 20701 20701 E ArmVmp : Match on catch block at 0xc3 in for 0xa1
02-24 16:51:53.937 20701 20701 E ArmVmp : Match on catch block at 0xc3 in for 0xa9
02-24 16:51:53.941 20701 20701 E ArmVmp : Match on catch block at 0xc3 in for 0xa1
02-24 16:51:53.955 20701 20701 E ArmVmp : Match on catch block at 0xc3 in for 0xa5
02-24 16:51:53.958 20701 20701 E ArmVmp : Match on catch block at 0xc3 in for 0xa9
02-24 16:51:53.972 20701 20701 E ArmVmp : Match on catch block at 0xc3 in for 0xa1
02-24 16:51:53.975 20701 20701 E ArmVmp : Match on catch block at 0xc3 in for 0xa5
02-24 16:51:53.988 20701 20701 E ArmVmp : Match on catch block at 0xc3 in for 0xa9
02-24 16:51:53.992 20701 20701 E ArmVmp : Match on catch block at 0xc3 in for 0xa1
02-24 16:51:54.005 20701 20701 E ArmVmp : Match on catch block at 0xc3 in for 0xa9
02-24 16:51:54.008 20701 20701 E ArmVmp : Match on catch block at 0xc3 in for 0xa1
02-24 16:51:54.023 20701 20701 E ArmVmp : Match on catch block at 0xc3 in for 0xa9
02-24 16:51:54.026 20701 20701 E ArmVmp : Match on catch block at 0xc3 in for 0xa1
02-24 16:51:54.049 20701 20701 E ArmVmp : Match on catch block at 0xc3 in for 0xa1
02-24 16:51:54.053 20701 20701 E ArmVmp : Match on catch block at 0xc3 in for 0xa5
02-24 16:51:54.084 20701 20701 E ArmVmp : Match on catch block at 0xc3 in for 0xa5
02-24 16:51:54.088 20701 20701 E ArmVmp : Match on catch block at 0xc3 in for 0xa9
02-24 16:51:54.129 20701 20701 W StaticLayout: maxLineHeight should not be -1.
maxLines:1 lineCount:1
02-24 16:51:54.212 20701 20701 E ArmVmp : Match on catch block at 0xc3 in for 0xa9
02-24 16:51:54.215 20701 20701 E ArmVmp : Match on catch block at 0xc3 in for 0xa1
02-24 16:51:54.274 20701 20701 E ArmVmp : Match on catch block at 0xc3 in for 0xa9
02-24 16:51:54.278 20701 20701 E ArmVmp : Match on catch block at 0xc3 in for 0xa1
02-24 16:51:54.285 20701 20701 W InputMethodManager: startInputReason = 1
02-24 16:51:54.315 20701 20701 E ArmVmp : Match on catch block at 0xc3 in for 0xa1
02-24 16:51:54.319 20701 20701 E ArmVmp : Match on catch block at 0xc3 in for 0xa5
02-24 16:51:54.351 20701 20701 W StaticLayout: maxLineHeight should not be -1.
maxLines:1 lineCount:1
02-24 16:51:54.445 20701 20787 W libEGL : EGLNativeWindowType 0x719f4a0010
disconnect failed
02-24 16:51:54.457 20701 20701 E ArmVmp : Match on catch block at 0xc3 in for 0xa5
02-24 16:51:54.460 20701 20701 E ArmVmp : Match on catch block at 0xc3 in for 0xa9
02-24 16:51:56.035 20701 20701 W InputMethodManager: startInputReason = 1
02-24 16:51:57.096 20701 20787 W libEGL : EGLNativeWindowType 0x7196f7c010
disconnect failed
02-24 16:51:57.133 20701 20701 W InputMethodManager: startInputReason = 1
02-24 16:51:57.171 20701 20701 W ActivityThread: handleWindowVisibility: no
activity for token android.os.BinderProxy@3c8cae5
02-24 16:51:57.455 20701 20701 W InputMethodManager: startInputReason = 1
02-24 16:51:57.548 20701 20701 W StaticLayout: maxLineHeight should not be -1.
maxLines:1 lineCount:1
02-24 16:51:57.607 20701 20787 W libEGL : EGLNativeWindowType 0x719ad31010
disconnect failed
02-24 16:51:58.884 20701 20701 W Settings: Setting device_provisioned has moved
from android.provider.Settings.Secure to android.provider.Settings.Global.
02-24 16:51:58.970 20701 20701 W ActivityThread: handleWindowVisibility: no
activity for token android.os.BinderProxy@57291fb
02-24 16:51:58.977 20701 20701 E ArmVmp : Match on catch block at 0x0a in for 0xf5
02-24 16:51:58.999 20701 20701 E ArmVmp : Match on catch block at 0x22 in for 0xb5
02-24 16:51:59.145 20701 20701 E ArmVmp : Match on catch block at 0x0a in for 0xb9
02-24 16:51:59.185 20701 20711 E : [ZeroHung]zrhung_get_config: Get config
failed for wp[0x0008]
02-24 16:51:59.213 20701 20701 E ArmVmp : Match on catch block at 0x0a in for 0xd1
02-24 16:51:59.261 20701 20701 E ArmVmp : Match on catch block at 0xc3 in for 0xb5
02-24 16:51:59.267 20701 20701 E ArmVmp : Match on catch block at 0xc3 in for 0xb5
02-24 16:51:59.279 20701 20701 E ArmVmp : Match on catch block at 0xc3 in for 0xb5
02-24 16:51:59.283 20701 20701 W InputMethodManager: startInputReason = 1
02-24 16:51:59.288 20701 20701 E ArmVmp : Match on catch block at 0xc3 in for 0xa5
02-24 16:51:59.292 20701 20701 E ArmVmp : Match on catch block at 0xc3 in for 0xa9
02-24 16:51:59.294 20701 20701 E ArmVmp : Match on catch block at 0xc3 in for 0xa1
02-24 16:51:59.296 20701 20701 E ArmVmp : Match on catch block at 0xc3 in for 0xa5
02-24 16:51:59.298 20701 20701 E ArmVmp : Match on catch block at 0xc3 in for 0xa9
02-24 16:51:59.299 20701 20701 E ArmVmp : Match on catch block at 0xc3 in for 0xa1
02-24 16:51:59.363 20701 20701 E ArmVmp : Match on catch block at 0xc3 in for 0xa5
02-24 16:51:59.372 20701 20701 E ArmVmp : Match on catch block at 0xc3 in for 0xa9
02-24 16:51:59.375 20701 20701 E ArmVmp : Match on catch block at 0xc3 in for 0xa1
02-24 16:51:59.378 20701 20701 E ArmVmp : Match on catch block at 0xc3 in for 0xa5
02-24 16:51:59.380 20701 20701 E ArmVmp : Match on catch block at 0xc3 in for 0xa9
02-24 16:51:59.382 20701 20701 E ArmVmp : Match on catch block at 0xc3 in for 0xa1
02-24 16:51:59.397 20701 20701 E ArmVmp : Match on catch block at 0xc3 in for 0xa5
02-24 16:51:59.403 20701 20701 E ArmVmp : Match on catch block at 0xc3 in for 0xa9
02-24 16:51:59.405 20701 20701 E ArmVmp : Match on catch block at 0xc3 in for 0xa1
02-24 16:51:59.409 20701 20701 E ArmVmp : Match on catch block at 0xc3 in for 0xa5
02-24 16:51:59.412 20701 20701 E ArmVmp : Match on catch block at 0xc3 in for 0xa9
02-24 16:51:59.414 20701 20701 E ArmVmp : Match on catch block at 0xc3 in for 0xa1
02-24 16:51:59.430 20701 20701 E ArmVmp : Match on catch block at 0xc3 in for 0xa5
02-24 16:51:59.436 20701 20701 E ArmVmp : Match on catch block at 0xc3 in for 0xa9
02-24 16:51:59.440 20701 20701 E ArmVmp : Match on catch block at 0xc3 in for 0xa1
02-24 16:51:59.443 20701 20701 E ArmVmp : Match on catch block at 0xc3 in for 0xa5
02-24 16:51:59.445 20701 20701 E ArmVmp : Match on catch block at 0xc3 in for 0xa9
02-24 16:51:59.448 20701 20701 E ArmVmp : Match on catch block at 0xc3 in for 0xa1
02-24 16:51:59.462 20701 20701 E ArmVmp : Match on catch block at 0xc3 in for 0xa5
02-24 16:51:59.466 20701 20701 E ArmVmp : Match on catch block at 0xc3 in for 0xa9
02-24 16:51:59.468 20701 20701 E ArmVmp : Match on catch block at 0xc3 in for 0xa1
02-24 16:51:59.470 20701 20701 E ArmVmp : Match on catch block at 0xc3 in for 0xa5
02-24 16:51:59.473 20701 20701 E ArmVmp : Match on catch block at 0xc3 in for 0xa9
02-24 16:51:59.475 20701 20701 E ArmVmp : Match on catch block at 0xc3 in for 0xa1
02-24 16:51:59.492 20701 20787 W libEGL : EGLNativeWindowType 0x7197113010
disconnect failed
02-24 16:51:59.498 20701 20709 W System : A resource failed to call destroy.
02-24 16:51:59.498 20701 20709 W System : A resource failed to call destroy.
02-24 16:51:59.506 20701 20701 E ArmVmp : Match on catch block at 0xc3 in for 0xa5
02-24 16:51:59.509 20701 20701 E ArmVmp : Match on catch block at 0xc3 in for 0xa9
02-24 16:51:59.511 20701 20701 E ArmVmp : Match on catch block at 0xc3 in for 0xa1
02-24 16:51:59.513 20701 20701 E ArmVmp : Match on catch block at 0xc3 in for 0xa5
02-24 16:51:59.514 20701 20701 E ArmVmp : Match on catch block at 0xc3 in for 0xa9
02-24 16:51:59.516 20701 20701 E ArmVmp : Match on catch block at 0xc3 in for 0xa1
02-24 16:51:59.529 20701 20701 E ArmVmp : Match on catch block at 0xc3 in for 0xa5
02-24 16:51:59.533 20701 20701 E ArmVmp : Match on catch block at 0xc3 in for 0xa9
02-24 16:51:59.535 20701 20701 E ArmVmp : Match on catch block at 0xc3 in for 0xa1
02-24 16:51:59.537 20701 20701 E ArmVmp : Match on catch block at 0xc3 in for 0xa5
02-24 16:51:59.538 20701 20701 E ArmVmp : Match on catch block at 0xc3 in for 0xa9
02-24 16:51:59.540 20701 20701 E ArmVmp : Match on catch block at 0xc3 in for 0xa1
02-24 16:51:59.548 20701 20701 E ArmVmp : Match on catch block at 0xc3 in for 0xa5
02-24 16:51:59.552 20701 20701 E ArmVmp : Match on catch block at 0xc3 in for 0xa9
02-24 16:51:59.554 20701 20701 E ArmVmp : Match on catch block at 0xc3 in for 0xa1
02-24 16:51:59.555 20701 20701 E ArmVmp : Match on catch block at 0xc3 in for 0xa5
02-24 16:51:59.557 20701 20701 E ArmVmp : Match on catch block at 0xc3 in for 0xa9
02-24 16:51:59.558 20701 20701 E ArmVmp : Match on catch block at 0xc3 in for 0xa1
02-24 16:52:00.969 20701 20701 W Settings: Setting device_provisioned has moved
from android.provider.Settings.Secure to android.provider.Settings.Global.
02-24 16:52:01.021 20701 20701 W HiTouch_PressGestureDetector: Touch pointer move a
lot. The moving distance of X is:37.59453, limit is:60The moving distance of Y
is:135.27734, limit is:60
02-24 16:52:01.036 20701 20701 E ArmVmp : Match on catch block at 0xc3 in for 0xa1
02-24 16:52:01.043 20701 20701 E ArmVmp : Match on catch block at 0xc3 in for 0xa5
02-24 16:52:01.046 20701 20701 E ArmVmp : Match on catch block at 0xc3 in for 0xa9
02-24 16:52:01.048 20701 20701 E ArmVmp : Match on catch block at 0xc3 in for 0xa1
02-24 16:52:01.051 20701 20701 E ArmVmp : Match on catch block at 0xc3 in for 0xa5
02-24 16:52:01.053 20701 20701 E ArmVmp : Match on catch block at 0xc3 in for 0xa9
02-24 16:52:01.093 20701 20701 E ArmVmp : Match on catch block at 0xc3 in for 0xa9
02-24 16:52:01.099 20701 20701 E ArmVmp : Match on catch block at 0xc3 in for 0xa1
02-24 16:52:01.101 20701 20701 E ArmVmp : Match on catch block at 0xc3 in for 0xa5
02-24 16:52:01.103 20701 20701 E ArmVmp : Match on catch block at 0xc3 in for 0xa9
02-24 16:52:01.106 20701 20701 E ArmVmp : Match on catch block at 0xc3 in for 0xa1
02-24 16:52:01.109 20701 20701 E ArmVmp : Match on catch block at 0xc3 in for 0xa5
02-24 16:52:01.111 20701 20701 E ArmVmp : Match on catch block at 0xc3 in for 0xa9
02-24 16:52:01.142 20701 20701 E ArmVmp : Match on catch block at 0xc3 in for 0xa9
02-24 16:52:01.148 20701 20701 E ArmVmp : Match on catch block at 0xc3 in for 0xa1
02-24 16:52:01.150 20701 20701 E ArmVmp : Match on catch block at 0xc3 in for 0xa5
02-24 16:52:01.152 20701 20701 E ArmVmp : Match on catch block at 0xc3 in for 0xa9
02-24 16:52:01.156 20701 20701 E ArmVmp : Match on catch block at 0xc3 in for 0xa1
02-24 16:52:01.158 20701 20701 E ArmVmp : Match on catch block at 0xc3 in for 0xa5
02-24 16:52:01.161 20701 20701 E ArmVmp : Match on catch block at 0xc3 in for 0xa9
02-24 16:52:01.194 20701 20701 E ArmVmp : Match on catch block at 0xc3 in for 0xa5
02-24 16:52:01.200 20701 20701 E ArmVmp : Match on catch block at 0xc3 in for 0xa9
02-24 16:52:01.202 20701 20701 E ArmVmp : Match on catch block at 0xc3 in for 0xa1
02-24 16:52:01.205 20701 20701 E ArmVmp : Match on catch block at 0xc3 in for 0xa5
02-24 16:52:01.209 20701 20701 E ArmVmp : Match on catch block at 0xc3 in for 0xa9
02-24 16:52:01.211 20701 20701 E ArmVmp : Match on catch block at 0xc3 in for 0xa1
02-24 16:52:01.214 20701 20701 E ArmVmp : Match on catch block at 0xc3 in for 0xa5
02-24 16:52:01.237 20701 20701 E ArmVmp : Match on catch block at 0xc3 in for 0xa5
02-24 16:52:01.244 20701 20701 E ArmVmp : Match on catch block at 0xc3 in for 0xa9
02-24 16:52:01.245 20701 20701 E ArmVmp : Match on catch block at 0xc3 in for 0xa1
02-24 16:52:01.247 20701 20701 E ArmVmp : Match on catch block at 0xc3 in for 0xa5
02-24 16:52:01.250 20701 20701 E ArmVmp : Match on catch block at 0xc3 in for 0xa9
02-24 16:52:01.251 20701 20701 E ArmVmp : Match on catch block at 0xc3 in for 0xa1
02-24 16:52:01.253 20701 20701 E ArmVmp : Match on catch block at 0xc3 in for 0xa5
02-24 16:52:01.276 20701 20701 E ArmVmp : Match on catch block at 0xc3 in for 0xa5
02-24 16:52:01.281 20701 20701 E ArmVmp : Match on catch block at 0xc3 in for 0xa9
02-24 16:52:01.283 20701 20701 E ArmVmp : Match on catch block at 0xc3 in for 0xa1
02-24 16:52:01.285 20701 20701 E ArmVmp : Match on catch block at 0xc3 in for 0xa5
02-24 16:52:01.288 20701 20701 E ArmVmp : Match on catch block at 0xc3 in for 0xa9
02-24 16:52:01.289 20701 20701 E ArmVmp : Match on catch block at 0xc3 in for 0xa1
02-24 16:52:01.291 20701 20701 E ArmVmp : Match on catch block at 0xc3 in for 0xa5
02-24 16:52:01.314 20701 20701 E ArmVmp : Match on catch block at 0xc3 in for 0xa5
02-24 16:52:01.320 20701 20701 E ArmVmp : Match on catch block at 0xc3 in for 0xa9
02-24 16:52:01.323 20701 20701 E ArmVmp : Match on catch block at 0xc3 in for 0xa1
02-24 16:52:01.326 20701 20701 E ArmVmp : Match on catch block at 0xc3 in for 0xa5
02-24 16:52:01.328 20701 20701 E ArmVmp : Match on catch block at 0xc3 in for 0xa9
02-24 16:52:01.329 20701 20701 E ArmVmp : Match on catch block at 0xc3 in for 0xa1
02-24 16:52:01.331 20701 20701 E ArmVmp : Match on catch block at 0xc3 in for 0xa5
02-24 16:52:01.354 20701 20701 E ArmVmp : Match on catch block at 0xc3 in for 0xa5
02-24 16:52:01.360 20701 20701 E ArmVmp : Match on catch block at 0xc3 in for 0xa9
02-24 16:52:01.363 20701 20701 E ArmVmp : Match on catch block at 0xc3 in for 0xa1
02-24 16:52:01.365 20701 20701 E ArmVmp : Match on catch block at 0xc3 in for 0xa5
02-24 16:52:01.366 20701 20701 E ArmVmp : Match on catch block at 0xc3 in for 0xa9
02-24 16:52:01.368 20701 20701 E ArmVmp : Match on catch block at 0xc3 in for 0xa1
02-24 16:52:01.370 20701 20701 E ArmVmp : Match on catch block at 0xc3 in for 0xa5
02-24 16:52:06.380 20701 20701 E ArmVmp : Match on catch block at 0xc3 in for 0xa9
02-24 16:52:06.386 20701 20701 E ArmVmp : Match on catch block at 0xc3 in for 0xa1
02-24 16:52:06.388 20701 20701 E ArmVmp : Match on catch block at 0xc3 in for 0xa5
02-24 16:52:06.390 20701 20701 E ArmVmp : Match on catch block at 0xc3 in for 0xa9
02-24 16:52:06.392 20701 20701 E ArmVmp : Match on catch block at 0xc3 in for 0xa1
02-24 16:52:06.395 20701 20701 E ArmVmp : Match on catch block at 0xc3 in for 0xa5
02-24 16:52:06.397 20701 20701 E ArmVmp : Match on catch block at 0xc3 in for 0xa9
02-24 16:52:06.482 20701 20701 E ArmVmp : Match on catch block at 0xc3 in for 0xa1
02-24 16:52:06.488 20701 20701 E ArmVmp : Match on catch block at 0xc3 in for 0xa5
02-24 16:52:06.490 20701 20701 E ArmVmp : Match on catch block at 0xc3 in for 0xa9
02-24 16:52:06.493 20701 20701 E ArmVmp : Match on catch block at 0xc3 in for 0xa1
02-24 16:52:06.495 20701 20701 E ArmVmp : Match on catch block at 0xc3 in for 0xa5
02-24 16:52:06.498 20701 20701 E ArmVmp : Match on catch block at 0xc3 in for 0xa9
02-24 16:52:06.500 20701 20701 E ArmVmp : Match on catch block at 0xc3 in for 0xa1
02-24 16:52:06.542 20701 20701 W InputMethodManager: startInputReason = 1
02-24 16:52:06.720 20701 20787 W libEGL : EGLNativeWindowType 0x719ec46010
disconnect failed
02-24 16:52:06.729 20701 20701 E ArmVmp : Match on catch block at 0xc3 in for 0xa1
02-24 16:52:06.733 20701 20701 E ArmVmp : Match on catch block at 0xc3 in for 0xa5
02-24 16:52:06.735 20701 20701 E ArmVmp : Match on catch block at 0xc3 in for 0xa9
02-24 16:52:06.737 20701 20701 E ArmVmp : Match on catch block at 0xc3 in for 0xa1
02-24 16:52:06.738 20701 20701 E ArmVmp : Match on catch block at 0xc3 in for 0xa5
02-24 16:52:06.740 20701 20701 E ArmVmp : Match on catch block at 0xc3 in for 0xa9
02-24 16:52:06.741 20701 20701 E ArmVmp : Match on catch block at 0xc3 in for 0xa1
02-24 16:52:10.941 20701 20701 W ActivityThread: handleWindowVisibility: no
activity for token android.os.BinderProxy@972e6dd
02-24 16:52:11.358 20701 20701 W InputMethodManager: startInputReason = 1
02-24 16:52:11.552 20701 20787 W libEGL : EGLNativeWindowType 0x719b89f010
disconnect failed
02-24 16:52:12.330 20701 20701 W Settings: Setting device_provisioned has moved
from android.provider.Settings.Secure to android.provider.Settings.Global.
02-24 16:52:12.371 20701 20701 W HiTouch_PressGestureDetector: Touch pointer move a
lot. The moving distance of X is:4.0, limit is:60The moving distance of Y
is:112.19495, limit is:60
02-24 16:52:13.009 20701 20701 W HiTouch_PressGestureDetector: Touch pointer move a
lot. The moving distance of X is:11.0199585, limit is:60The moving distance of Y
is:109.173035, limit is:60
02-24 16:52:13.085 20701 20701 W StaticLayout: maxLineHeight should not be -1.
maxLines:2 lineCount:2
02-24 16:52:13.085 20701 20701 W StaticLayout: maxLineHeight should not be -1.
maxLines:2 lineCount:2
02-24 16:52:13.716 20701 20701 W HiTouch_PressGestureDetector: Touch pointer move a
lot. The moving distance of X is:15.828796, limit is:60The moving distance of Y
is:72.36316, limit is:60
02-24 16:52:14.422 20701 20701 W HiTouch_PressGestureDetector: Touch pointer move a
lot. The moving distance of X is:17.0484, limit is:60The moving distance of Y
is:83.33893, limit is:60
02-24 16:52:15.227 20701 20701 W ActivityThread: handleWindowVisibility: no
activity for token android.os.BinderProxy@75268f2
02-24 16:52:15.613 20701 20701 W StaticLayout: maxLineHeight should not be -1.
maxLines:2 lineCount:2
02-24 16:52:15.613 20701 20701 W StaticLayout: maxLineHeight should not be -1.
maxLines:2 lineCount:2
02-24 16:52:16.557 20701 20701 W Settings: Setting device_provisioned has moved
from android.provider.Settings.Secure to android.provider.Settings.Global.
02-24 16:52:16.679 20701 20701 W ActivityThread: handleWindowVisibility: no
activity for token android.os.BinderProxy@e0c4f40
02-24 16:52:16.772 20701 20701 W InputMethodManager: startInputReason = 1
02-24 16:52:16.826 20701 20787 W libEGL : EGLNativeWindowType 0x7193d15010
disconnect failed
02-24 16:52:20.200 20701 20701 W Settings: Setting device_provisioned has moved
from android.provider.Settings.Secure to android.provider.Settings.Global.
02-24 16:52:20.229 20701 20701 W HiTouch_PressGestureDetector: Touch pointer move a
lot. The moving distance of X is:7.498352, limit is:60The moving distance of Y
is:91.73297, limit is:60
02-24 16:52:20.319 20701 20787 W libEGL : EGLNativeWindowType 0x7197098010
disconnect failed
02-24 16:52:20.768 20701 20701 W InputMethodManager: startInputReason = 1
