02-24 16:47:32.729 20701 20701 W Settings: Setting device_provisioned has moved
from android.provider.Settings.Secure to android.provider.Settings.Global.
02-24 16:47:32.845 20701 20701 W HiTouch_PressGestureDetector: Touch pointer move a
lot. The moving distance of X is:26.164978, limit is:60The moving distance of Y
is:61.524048, limit is:60
02-24 16:47:35.447 20701 20701 W HiTouch_PressGestureDetector: Touch pointer move a
lot. The moving distance of X is:6.8062744, limit is:60The moving distance of Y
is:80.83765, limit is:60
02-24 16:47:45.840 20701 20701 W HiTouch_PressGestureDetector: Touch pointer move a
lot. The moving distance of X is:63.60492, limit is:60The moving distance of Y
is:1.0, limit is:60
02-24 16:47:50.086 20701 20787 W libEGL : EGLNativeWindowType 0x719b25d010
disconnect failed
02-24 16:47:50.120 20701 20701 W InputMethodManager: startInputReason = 1
02-24 16:47:52.725 20701 20701 W InputMethodManager: startInputReason = 4
02-24 16:47:52.824 20701 20701 W InputMethodManager: startInputReason = 1
02-24 16:48:10.522 20701 20701 W Settings: Setting device_provisioned has moved
from android.provider.Settings.Secure to android.provider.Settings.Global.
02-24 16:48:10.623 20701 20701 W HiTouch_PressGestureDetector: Touch pointer move a
lot. The moving distance of X is:61.5636, limit is:60The moving distance of Y
is:10.687744, limit is:60
02-24 16:48:16.735 20701 20701 W HiTouch_PressGestureDetector: Touch pointer move a
lot. The moving distance of X is:41.73819, limit is:60The moving distance of Y
is:67.47644, limit is:60
02-24 16:48:30.049 20701 20787 W libEGL : EGLNativeWindowType 0x719fb83010
disconnect failed
02-24 16:48:30.079 20701 20701 W InputMethodManager: startInputReason = 1
02-24 16:48:31.829 20701 20701 W HiTouch_PressGestureDetector: Touch pointer move a
lot. The moving distance of X is:5.6870728, limit is:60The moving distance of Y
is:76.122314, limit is:60
02-24 16:48:34.227 20701 20701 W InputMethodManager: startInputReason = 1
02-24 16:48:35.805 20701 20701 W Settings: Setting device_provisioned has moved
from android.provider.Settings.Secure to android.provider.Settings.Global.
02-24 16:48:35.903 20701 20787 W libEGL : EGLNativeWindowType 0x7196f35010
disconnect failed
02-24 16:48:35.926 20701 20701 W InputMethodManager: startInputReason = 1
02-24 16:48:38.815 20701 20701 W HiTouch_PressGestureDetector: Touch pointer move a
lot. The moving distance of X is:1.0, limit is:60The moving distance of Y
is:76.29468, limit is:60
02-24 16:48:40.426 20701 20701 W HiTouch_PressGestureDetector: Touch pointer move a
lot. The moving distance of X is:2.9803467, limit is:60The moving distance of Y
is:151.46973, limit is:60
02-24 16:48:42.758 20701 20701 E com.whatsapp: Invalid ID 0x00000001.
02-24 16:48:42.827 20701 20701 W InputMethodManager: startInputReason = 1
02-24 16:48:42.948 20701 20787 W libEGL : EGLNativeWindowType 0x71979fe010
disconnect failed
02-24 16:48:45.721 20701 20701 W InputMethodManager: startInputReason = 1
02-24 16:48:45.780 20701 20701 W StaticLayout: maxLineHeight should not be -1.
maxLines:1 lineCount:1
02-24 16:48:45.866 20701 20787 W libEGL : EGLNativeWindowType 0x719b65e010
disconnect failed
02-24 16:48:50.242 20701 20701 W com.whatsapp: Accessing hidden method
Landroid/view/View;->setTransitionVisibility(I)V (dark greylist, linking)
02-24 16:48:50.251 20701 20701 W StaticLayout: maxLineHeight should not be -1.
maxLines:1 lineCount:1
02-24 16:48:50.252 20701 20701 W StaticLayout: maxLineHeight should not be -1.
maxLines:1 lineCount:1
02-24 16:48:50.629 20701 20701 W ActivityThread: handleWindowVisibility: no
activity for token android.os.BinderProxy@c668488
02-24 16:48:50.804 20701 20701 W BottomSheetBehavior: BottomSheetBehavior now
supports multiple callbacks. `setBottomSheetCallback()` removes all existing
callbacks, including ones set internally by library authors, which may result in
unintended behavior. This may change in the future. Please use
`addBottomSheetCallback()` and `removeBottomSheetCallback()` instead to set your
own callbacks.
02-24 16:48:50.804 20701 20701 W BottomSheetBehavior: BottomSheetBehavior now
supports multiple callbacks. `setBottomSheetCallback()` removes all existing
callbacks, including ones set internally by library authors, which may result in
unintended behavior. This may change in the future. Please use
`addBottomSheetCallback()` and `removeBottomSheetCallback()` instead to set your
own callbacks.
02-24 16:48:50.844 20701 20701 W BottomSheetBehavior: BottomSheetBehavior now
supports multiple callbacks. `setBottomSheetCallback()` removes all existing
callbacks, including ones set internally by library authors, which may result in
unintended behavior. This may change in the future. Please use
`addBottomSheetCallback()` and `removeBottomSheetCallback()` instead to set your
own callbacks.
02-24 16:48:50.845 20701 20701 W BottomSheetBehavior: BottomSheetBehavior now
supports multiple callbacks. `setBottomSheetCallback()` removes all existing
callbacks, including ones set internally by library authors, which may result in
unintended behavior. This may change in the future. Please use
`addBottomSheetCallback()` and `removeBottomSheetCallback()` instead to set your
own callbacks.
02-24 16:48:50.862 20701 20701 E RecyclerView: No adapter attached; skipping layout
02-24 16:48:50.865 20701 20701 W InputMethodManager: startInputReason = 1
02-24 16:48:51.039 20701 20701 E RecyclerView: No adapter attached; skipping layout
02-24 16:48:51.052 20701 20701 W StaticLayout: maxLineHeight should not be -1.
maxLines:1 lineCount:1
02-24 16:48:51.053 20701 20701 W StaticLayout: maxLineHeight should not be -1.
maxLines:1 lineCount:1
02-24 16:48:51.065 20701 20701 W StaticLayout: maxLineHeight should not be -1.
maxLines:1 lineCount:1
02-24 16:48:51.067 20701 20701 W StaticLayout: maxLineHeight should not be -1.
maxLines:3 lineCount:3
02-24 16:48:51.068 20701 20701 W StaticLayout: maxLineHeight should not be -1.
maxLines:1 lineCount:1
02-24 16:48:51.323 20701 20701 W Settings: Setting device_provisioned has moved
from android.provider.Settings.Secure to android.provider.Settings.Global.
02-24 16:48:51.374 20701 20701 W HiTouch_PressGestureDetector: Touch pointer move a
lot. The moving distance of X is:20.963379, limit is:60The moving distance of Y
is:104.63397, limit is:60
02-24 16:48:51.779 20701 20711 E : [ZeroHung]zrhung_get_config: Get config
failed for wp[0x0008]
02-24 16:48:51.780 20701 20701 W InputMethodManager: startInputReason = 1
02-24 16:48:51.802 20701 20701 W StaticLayout: maxLineHeight should not be -1.
maxLines:1 lineCount:1
02-24 16:48:51.803 20701 20701 W StaticLayout: maxLineHeight should not be -1.
maxLines:1 lineCount:1
02-24 16:48:51.830 20701 20701 W StaticLayout: maxLineHeight should not be -1.
maxLines:1 lineCount:1
02-24 16:48:51.833 20701 20701 W StaticLayout: maxLineHeight should not be -1.
maxLines:3 lineCount:3
02-24 16:48:51.834 20701 20701 W StaticLayout: maxLineHeight should not be -1.
maxLines:1 lineCount:1
02-24 16:48:51.901 20701 20787 W libEGL : EGLNativeWindowType 0x719afff010
disconnect failed
02-24 16:48:52.854 20701 20701 W StaticLayout: maxLineHeight should not be -1.
maxLines:1 lineCount:1
02-24 16:48:52.857 20701 20701 W StaticLayout: maxLineHeight should not be -1.
maxLines:1 lineCount:1
02-24 16:48:54.375 20701 20701 W ActivityThread: handleWindowVisibility: no
activity for token android.os.BinderProxy@2bf7d2
02-24 16:48:54.897 20701 20701 E ArmVmp : Match on catch block at 0x0a in for 0xc9
02-24 16:48:54.905 20701 20701 E ArmVmp : Match on catch block at 0x0a in for 0xc1
02-24 16:48:55.131 20701 20711 E : [ZeroHung]zrhung_get_config: Get config
failed for wp[0x0008]
02-24 16:48:55.243 20701 20701 E ArmVmp : Match on catch block at 0xc3 in for 0xb5
02-24 16:48:55.260 20701 20701 E ArmVmp : Match on catch block at 0xc3 in for 0xb1
02-24 16:48:55.263 20701 20701 E ArmVmp : Match on catch block at 0xc3 in for 0xb1
02-24 16:48:55.279 20701 20701 E ArmVmp : Match on catch block at 0xc3 in for 0xa5
02-24 16:48:55.282 20701 20701 E ArmVmp : Match on catch block at 0xc3 in for 0xa1
02-24 16:48:55.284 20701 20701 E ArmVmp : Match on catch block at 0xc3 in for 0xa1
02-24 16:48:55.354 20701 20701 E ArmVmp : Match on catch block at 0xc3 in for 0xa9
02-24 16:48:55.359 20701 20701 E ArmVmp : Match on catch block at 0xc3 in for 0xa1
02-24 16:48:55.362 20701 20701 E ArmVmp : Match on catch block at 0xc3 in for 0xa1
02-24 16:48:55.396 20701 20701 E ArmVmp : Match on catch block at 0xc3 in for 0xa1
02-24 16:48:55.400 20701 20701 E ArmVmp : Match on catch block at 0xc3 in for 0xa5
02-24 16:48:55.402 20701 20701 E ArmVmp : Match on catch block at 0xc3 in for 0xa5
02-24 16:48:55.442 20701 20701 E ArmVmp : Match on catch block at 0xc3 in for 0xa9
02-24 16:48:55.446 20701 20701 E ArmVmp : Match on catch block at 0xc3 in for 0xa1
02-24 16:48:55.448 20701 20701 E ArmVmp : Match on catch block at 0xc3 in for 0xa1
02-24 16:48:55.458 20701 20701 W InputMethodManager: startInputReason = 1
02-24 16:48:55.476 20701 20701 E ArmVmp : Match on catch block at 0xc3 in for 0xa9
02-24 16:48:55.481 20701 20701 E ArmVmp : Match on catch block at 0xc3 in for 0xa1
02-24 16:48:55.485 20701 20701 E ArmVmp : Match on catch block at 0xc3 in for 0xa1
02-24 16:48:55.504 20701 20701 E ArmVmp : Match on catch block at 0xc3 in for 0xa9
02-24 16:48:55.508 20701 20701 E ArmVmp : Match on catch block at 0xc3 in for 0xa1
02-24 16:48:55.511 20701 20701 E ArmVmp : Match on catch block at 0xc3 in for 0xa1
02-24 16:48:55.531 20701 20701 E ArmVmp : Match on catch block at 0xc3 in for 0xa9
02-24 16:48:55.536 20701 20701 E ArmVmp : Match on catch block at 0xc3 in for 0xa1
02-24 16:48:55.540 20701 20701 E ArmVmp : Match on catch block at 0xc3 in for 0xa1
02-24 16:48:55.556 20701 20787 W libEGL : EGLNativeWindowType 0x719b8dd010
disconnect failed
02-24 16:48:55.573 20701 20701 E ArmVmp : Match on catch block at 0xc3 in for 0xa5
02-24 16:48:55.577 20701 20701 E ArmVmp : Match on catch block at 0xc3 in for 0xa9
02-24 16:48:55.580 20701 20701 E ArmVmp : Match on catch block at 0xc3 in for 0xa9
02-24 16:48:55.598 20701 20701 E ArmVmp : Match on catch block at 0xc3 in for 0xa5
02-24 16:48:55.603 20701 20701 E ArmVmp : Match on catch block at 0xc3 in for 0xa9
02-24 16:48:55.605 20701 20701 E ArmVmp : Match on catch block at 0xc3 in for 0xa9
02-24 16:48:55.625 20701 20701 E SpannableStringBuilder: SPAN_EXCLUSIVE_EXCLUSIVE
spans cannot have a zero length
02-24 16:48:55.628 20701 20701 E ArmVmp : Match on catch block at 0xc3 in for 0xa1
02-24 16:48:55.631 20701 20701 E ArmVmp : Match on catch block at 0xc3 in for 0xa5
02-24 16:48:55.634 20701 20701 E ArmVmp : Match on catch block at 0xc3 in for 0xa5
02-24 16:48:55.641 20701 20701 E ArmVmp : Match on catch block at 0xc3 in for 0xa9
02-24 16:48:55.645 20701 20701 E ArmVmp : Match on catch block at 0xc3 in for 0xa1
02-24 16:48:55.647 20701 20701 E ArmVmp : Match on catch block at 0xc3 in for 0xa1
02-24 16:48:55.658 20701 20701 E ArmVmp : Match on catch block at 0xc3 in for 0xa5
02-24 16:48:55.663 20701 20701 E ArmVmp : Match on catch block at 0xc3 in for 0xa9
02-24 16:48:55.666 20701 20701 E ArmVmp : Match on catch block at 0xc3 in for 0xa9
02-24 16:48:55.675 20701 20701 E ArmVmp : Match on catch block at 0xc3 in for 0xa1
02-24 16:48:55.679 20701 20701 E ArmVmp : Match on catch block at 0xc3 in for 0xa5
02-24 16:48:55.683 20701 20701 E ArmVmp : Match on catch block at 0xc3 in for 0xa5
02-24 16:48:55.691 20701 20701 E ArmVmp : Match on catch block at 0xc3 in for 0xa9
02-24 16:48:55.695 20701 20701 E ArmVmp : Match on catch block at 0xc3 in for 0xa1
02-24 16:48:55.698 20701 20701 E ArmVmp : Match on catch block at 0xc3 in for 0xa1
02-24 16:48:55.708 20701 20701 E ArmVmp : Match on catch block at 0xc3 in for 0xa5
02-24 16:48:55.712 20701 20701 E ArmVmp : Match on catch block at 0xc3 in for 0xa9
02-24 16:48:55.715 20701 20701 E ArmVmp : Match on catch block at 0xc3 in for 0xa9
02-24 16:48:55.725 20701 20701 E ArmVmp : Match on catch block at 0xc3 in for 0xa1
02-24 16:48:55.729 20701 20701 E ArmVmp : Match on catch block at 0xc3 in for 0xa5
02-24 16:48:55.732 20701 20701 E ArmVmp : Match on catch block at 0xc3 in for 0xa5
02-24 16:48:55.742 20701 20701 E ArmVmp : Match on catch block at 0xc3 in for 0xa9
02-24 16:48:55.746 20701 20701 E ArmVmp : Match on catch block at 0xc3 in for 0xa1
02-24 16:48:55.749 20701 20701 E ArmVmp : Match on catch block at 0xc3 in for 0xa1
02-24 16:48:55.759 20701 20701 E ArmVmp : Match on catch block at 0xc3 in for 0xa5
02-24 16:48:55.763 20701 20701 E ArmVmp : Match on catch block at 0xc3 in for 0xa9
02-24 16:48:55.766 20701 20701 E ArmVmp : Match on catch block at 0xc3 in for 0xa9
02-24 16:48:55.775 20701 20701 E ArmVmp : Match on catch block at 0xc3 in for 0xa5
02-24 16:48:55.780 20701 20701 E ArmVmp : Match on catch block at 0xc3 in for 0xa9
02-24 16:48:55.783 20701 20701 E ArmVmp : Match on catch block at 0xc3 in for 0xa9
02-24 16:48:55.795 20701 20701 E ArmVmp : Match on catch block at 0xc3 in for 0xa1
02-24 16:48:55.799 20701 20701 E ArmVmp : Match on catch block at 0xc3 in for 0xa5
02-24 16:48:55.802 20701 20701 E ArmVmp : Match on catch block at 0xc3 in for 0xa5
02-24 16:48:55.818 20701 20701 E ArmVmp : Match on catch block at 0xc3 in for 0xa1
02-24 16:48:55.822 20701 20701 E ArmVmp : Match on catch block at 0xc3 in for 0xa5
02-24 16:48:55.847 20701 20701 E ArmVmp : Match on catch block at 0xc3 in for 0xa5
02-24 16:48:55.851 20701 20701 E ArmVmp : Match on catch block at 0xc3 in for 0xa9
02-24 16:48:55.854 20701 20701 E ArmVmp : Match on catch block at 0xc3 in for 0xa9
02-24 16:48:55.865 20701 20701 E ArmVmp : Match on catch block at 0xc3 in for 0xa1
02-24 16:48:55.870 20701 20701 E ArmVmp : Match on catch block at 0xc3 in for 0xa5
02-24 16:48:55.873 20701 20701 E ArmVmp : Match on catch block at 0xc3 in for 0xa5
02-24 16:48:55.883 20701 20701 E ArmVmp : Match on catch block at 0xc3 in for 0xa9
02-24 16:48:55.887 20701 20701 E ArmVmp : Match on catch block at 0xc3 in for 0xa1
02-24 16:48:55.890 20701 20701 E ArmVmp : Match on catch block at 0xc3 in for 0xa1
02-24 16:48:55.897 20701 20701 E ArmVmp : Match on catch block at 0xc3 in for 0xa5
02-24 16:48:55.902 20701 20701 E ArmVmp : Match on catch block at 0xc3 in for 0xa9
02-24 16:48:55.905 20701 20701 E ArmVmp : Match on catch block at 0xc3 in for 0xa9
02-24 16:48:55.912 20701 20701 E ArmVmp : Match on catch block at 0xc3 in for 0xa1
02-24 16:48:55.916 20701 20701 E ArmVmp : Match on catch block at 0xc3 in for 0xa5
02-24 16:48:55.919 20701 20701 E ArmVmp : Match on catch block at 0xc3 in for 0xa5
02-24 16:48:55.926 20701 20701 E ArmVmp : Match on catch block at 0xc3 in for 0xa9
02-24 16:48:55.931 20701 20701 E ArmVmp : Match on catch block at 0xc3 in for 0xa1
02-24 16:48:55.934 20701 20701 E ArmVmp : Match on catch block at 0xc3 in for 0xa1
02-24 16:48:55.943 20701 20701 E ArmVmp : Match on catch block at 0xc3 in for 0xa5
02-24 16:48:55.947 20701 20701 E ArmVmp : Match on catch block at 0xc3 in for 0xa9
02-24 16:48:55.950 20701 20701 E ArmVmp : Match on catch block at 0xc3 in for 0xa9
02-24 16:48:55.960 20701 20701 E ArmVmp : Match on catch block at 0xc3 in for 0xa1
02-24 16:48:55.964 20701 20701 E ArmVmp : Match on catch block at 0xc3 in for 0xa5
02-24 16:48:55.967 20701 20701 E ArmVmp : Match on catch block at 0xc3 in for 0xa5
02-24 16:48:55.977 20701 20701 E ArmVmp : Match on catch block at 0xc3 in for 0xa9
02-24 16:48:55.981 20701 20701 E ArmVmp : Match on catch block at 0xc3 in for 0xa1
02-24 16:48:55.984 20701 20701 E ArmVmp : Match on catch block at 0xc3 in for 0xa1
02-24 16:48:55.993 20701 20701 E ArmVmp : Match on catch block at 0xc3 in for 0xa5
02-24 16:48:55.997 20701 20701 E ArmVmp : Match on catch block at 0xc3 in for 0xa9
02-24 16:48:56.000 20701 20701 E ArmVmp : Match on catch block at 0xc3 in for 0xa9
02-24 16:48:56.010 20701 20701 E ArmVmp : Match on catch block at 0xc3 in for 0xa1
02-24 16:48:56.014 20701 20701 E ArmVmp : Match on catch block at 0xc3 in for 0xa5
02-24 16:48:56.017 20701 20701 E ArmVmp : Match on catch block at 0xc3 in for 0xa5
02-24 16:48:56.027 20701 20701 E ArmVmp : Match on catch block at 0xc3 in for 0xa9
02-24 16:48:56.031 20701 20701 E ArmVmp : Match on catch block at 0xc3 in for 0xa1
02-24 16:48:56.034 20701 20701 E ArmVmp : Match on catch block at 0xc3 in for 0xa1
02-24 16:48:56.044 20701 20701 E ArmVmp : Match on catch block at 0xc3 in for 0xa5
02-24 16:48:56.047 20701 20701 E ArmVmp : Match on catch block at 0xc3 in for 0xa9
02-24 16:48:56.050 20701 20701 E ArmVmp : Match on catch block at 0xc3 in for 0xa9
02-24 16:48:56.060 20701 20701 E ArmVmp : Match on catch block at 0xc3 in for 0xa1
02-24 16:48:56.064 20701 20701 E ArmVmp : Match on catch block at 0xc3 in for 0xa5
02-24 16:48:56.067 20701 20701 E ArmVmp : Match on catch block at 0xc3 in for 0xa5
02-24 16:48:56.078 20701 20701 E ArmVmp : Match on catch block at 0xc3 in for 0xa9
02-24 16:48:56.082 20701 20701 E ArmVmp : Match on catch block at 0xc3 in for 0xa1
02-24 16:48:56.085 20701 20701 E ArmVmp : Match on catch block at 0xc3 in for 0xa1
02-24 16:48:56.488 20701 20701 E ArmVmp : Match on catch block at 0xc3 in for 0xa5
02-24 16:48:56.499 20701 20701 E ArmVmp : Match on catch block at 0xc3 in for 0xa9
02-24 16:48:56.504 20701 20701 E ArmVmp : Match on catch block at 0xc3 in for 0xa9
02-24 16:48:56.992 20701 20701 E ArmVmp : Match on catch block at 0xc3 in for 0xa1
02-24 16:48:57.006 20701 20701 E ArmVmp : Match on catch block at 0xc3 in for 0xa5
02-24 16:48:57.015 20701 20701 E ArmVmp : Match on catch block at 0xc3 in for 0xa5
02-24 16:48:57.141 20701 20701 E ArmVmp : Match on catch block at 0xc3 in for 0xa9
02-24 16:48:57.158 20701 20701 E ArmVmp : Match on catch block at 0xc3 in for 0xa1
02-24 16:48:57.164 20701 20701 E ArmVmp : Match on catch block at 0xc3 in for 0xa1
02-24 16:48:57.175 20701 20701 E ArmVmp : Match on catch block at 0xc3 in for 0xa5
02-24 16:48:57.184 20701 20701 E ArmVmp : Match on catch block at 0xc3 in for 0xa9
02-24 16:48:57.189 20701 20701 E ArmVmp : Match on catch block at 0xc3 in for 0xa9
02-24 16:48:57.201 20701 20701 E ArmVmp : Match on catch block at 0xc3 in for 0xa1
02-24 16:48:57.209 20701 20701 E ArmVmp : Match on catch block at 0xc3 in for 0xa5
02-24 16:48:57.215 20701 20701 E ArmVmp : Match on catch block at 0xc3 in for 0xa5
02-24 16:48:57.227 20701 20701 E ArmVmp : Match on catch block at 0xc3 in for 0xa9
02-24 16:48:57.235 20701 20701 E ArmVmp : Match on catch block at 0xc3 in for 0xa1
02-24 16:48:57.241 20701 20701 E ArmVmp : Match on catch block at 0xc3 in for 0xa1
02-24 16:48:57.253 20701 20701 E ArmVmp : Match on catch block at 0xc3 in for 0xa5
02-24 16:48:57.261 20701 20701 E ArmVmp : Match on catch block at 0xc3 in for 0xa9
02-24 16:48:57.265 20701 20701 E ArmVmp : Match on catch block at 0xc3 in for 0xa9
02-24 16:48:57.277 20701 20701 E ArmVmp : Match on catch block at 0xc3 in for 0xa1
02-24 16:48:57.287 20701 20701 E ArmVmp : Match on catch block at 0xc3 in for 0xa5
02-24 16:48:57.293 20701 20701 E ArmVmp : Match on catch block at 0xc3 in for 0xa5
02-24 16:48:57.304 20701 20701 E ArmVmp : Match on catch block at 0xc3 in for 0xa9
02-24 16:48:57.310 20701 20701 E ArmVmp : Match on catch block at 0xc3 in for 0xa1
02-24 16:48:57.315 20701 20701 E ArmVmp : Match on catch block at 0xc3 in for 0xa1
02-24 16:48:57.326 20701 20701 E ArmVmp : Match on catch block at 0xc3 in for 0xa5
02-24 16:48:57.331 20701 20701 E ArmVmp : Match on catch block at 0xc3 in for 0xa9
02-24 16:48:57.334 20701 20701 E ArmVmp : Match on catch block at 0xc3 in for 0xa9
02-24 16:48:57.341 20701 20701 E ArmVmp : Match on catch block at 0xc3 in for 0xa1
02-24 16:48:57.346 20701 20701 E ArmVmp : Match on catch block at 0xc3 in for 0xa5
02-24 16:48:57.349 20701 20701 E ArmVmp : Match on catch block at 0xc3 in for 0xa5
02-24 16:48:57.359 20701 20701 E ArmVmp : Match on catch block at 0xc3 in for 0xa9
02-24 16:48:57.365 20701 20701 E ArmVmp : Match on catch block at 0xc3 in for 0xa1
02-24 16:48:57.368 20701 20701 E ArmVmp : Match on catch block at 0xc3 in for 0xa1
02-24 16:48:57.376 20701 20701 E ArmVmp : Match on catch block at 0xc3 in for 0xa5
02-24 16:48:57.382 20701 20701 E ArmVmp : Match on catch block at 0xc3 in for 0xa9
02-24 16:48:57.385 20701 20701 E ArmVmp : Match on catch block at 0xc3 in for 0xa9
02-24 16:48:57.394 20701 20701 E ArmVmp : Match on catch block at 0xc3 in for 0xa1
02-24 16:48:57.399 20701 20701 E ArmVmp : Match on catch block at 0xc3 in for 0xa5
02-24 16:48:57.401 20701 20701 E ArmVmp : Match on catch block at 0xc3 in for 0xa5
02-24 16:48:57.489 20701 20701 E ArmVmp : Match on catch block at 0xc3 in for 0xa9
02-24 16:48:57.494 20701 20701 E ArmVmp : Match on catch block at 0xc3 in for 0xa1
02-24 16:48:57.498 20701 20701 E ArmVmp : Match on catch block at 0xc3 in for 0xa1
02-24 16:48:57.998 20701 20701 E ArmVmp : Match on catch block at 0xc3 in for 0xa1
02-24 16:48:58.010 20701 20701 E ArmVmp : Match on catch block at 0xc3 in for 0xa5
02-24 16:48:58.020 20701 20701 E ArmVmp : Match on catch block at 0xc3 in for 0xa5
02-24 16:48:58.486 20701 20701 E ArmVmp : Match on catch block at 0xc3 in for 0xa9
02-24 16:48:58.500 20701 20701 E ArmVmp : Match on catch block at 0xc3 in for 0xa1
02-24 16:48:58.510 20701 20701 E ArmVmp : Match on catch block at 0xc3 in for 0xa1
02-24 16:48:58.990 20701 20701 E ArmVmp : Match on catch block at 0xc3 in for 0xa5
02-24 16:48:59.004 20701 20701 E ArmVmp : Match on catch block at 0xc3 in for 0xa9
02-24 16:48:59.013 20701 20701 E ArmVmp : Match on catch block at 0xc3 in for 0xa9
02-24 16:48:59.492 20701 20701 E ArmVmp : Match on catch block at 0xc3 in for 0xa1
02-24 16:48:59.504 20701 20701 E ArmVmp : Match on catch block at 0xc3 in for 0xa5
02-24 16:48:59.513 20701 20701 E ArmVmp : Match on catch block at 0xc3 in for 0xa5
02-24 16:48:59.950 20701 20701 W Settings: Setting device_provisioned has moved
from android.provider.Settings.Secure to android.provider.Settings.Global.
02-24 16:48:59.992 20701 20701 E ArmVmp : Match on catch block at 0xc3 in for 0xa1
02-24 16:48:59.999 20701 20701 E ArmVmp : Match on catch block at 0xc3 in for 0xa5
02-24 16:49:00.003 20701 20701 E ArmVmp : Match on catch block at 0xc3 in for 0xa5
02-24 16:49:00.073 20701 20701 E ArmVmp : Match on catch block at 0xc3 in for 0xa5
02-24 16:49:00.077 20701 20701 E ArmVmp : Match on catch block at 0xc3 in for 0xa9
02-24 16:49:00.080 20701 20701 E ArmVmp : Match on catch block at 0xc3 in for 0xa9
02-24 16:49:00.091 20701 20701 E ArmVmp : Match on catch block at 0xc3 in for 0xa1
02-24 16:49:00.095 20701 20701 E ArmVmp : Match on catch block at 0xc3 in for 0xa5
02-24 16:49:00.099 20701 20701 E ArmVmp : Match on catch block at 0xc3 in for 0xa5
02-24 16:49:00.105 20701 20701 E SpannableStringBuilder: SPAN_EXCLUSIVE_EXCLUSIVE
spans cannot have a zero length
02-24 16:49:00.107 20701 20701 E SpannableStringBuilder: SPAN_EXCLUSIVE_EXCLUSIVE
spans cannot have a zero length
02-24 16:49:00.187 20701 20701 E ArmVmp : Match on catch block at 0xc3 in for 0xa1
02-24 16:49:00.193 20701 20701 E ArmVmp : Match on catch block at 0xc3 in for 0xa5
02-24 16:49:00.196 20701 20701 E ArmVmp : Match on catch block at 0xc3 in for 0xa5
02-24 16:49:00.211 20701 20701 E ArmVmp : Match on catch block at 0xc3 in for 0xa9
02-24 16:49:00.216 20701 20701 E ArmVmp : Match on catch block at 0xc3 in for 0xa1
02-24 16:49:00.220 20701 20701 E ArmVmp : Match on catch block at 0xc3 in for 0xa1
02-24 16:49:00.493 20701 20701 E ArmVmp : Match on catch block at 0xc3 in for 0xa5
02-24 16:49:00.499 20701 20701 E ArmVmp : Match on catch block at 0xc3 in for 0xa9
02-24 16:49:00.502 20701 20701 E ArmVmp : Match on catch block at 0xc3 in for 0xa9
02-24 16:49:00.989 20701 20701 E ArmVmp : Match on catch block at 0xc3 in for 0xa1
02-24 16:49:01.003 20701 20701 E ArmVmp : Match on catch block at 0xc3 in for 0xa5
02-24 16:49:01.009 20701 20701 E ArmVmp : Match on catch block at 0xc3 in for 0xa5
02-24 16:49:01.492 20701 20701 E ArmVmp : Match on catch block at 0xc3 in for 0xa9
02-24 16:49:01.504 20701 20701 E ArmVmp : Match on catch block at 0xc3 in for 0xa1
02-24 16:49:01.511 20701 20701 E ArmVmp : Match on catch block at 0xc3 in for 0xa1
02-24 16:49:01.773 20701 20701 E ArmVmp : Match on catch block at 0xc3 in for 0xa5
02-24 16:49:01.784 20701 20701 E ArmVmp : Match on catch block at 0xc3 in for 0xa9
02-24 16:49:01.792 20701 20701 E ArmVmp : Match on catch block at 0xc3 in for 0xa9
02-24 16:49:01.806 20701 20701 E ArmVmp : Match on catch block at 0xc3 in for 0xa1
02-24 16:49:01.815 20701 20701 E ArmVmp : Match on catch block at 0xc3 in for 0xa5
02-24 16:49:01.822 20701 20701 E ArmVmp : Match on catch block at 0xc3 in for 0xa5
02-24 16:49:01.836 20701 20701 E ArmVmp : Match on catch block at 0xc3 in for 0xa9
02-24 16:49:01.842 20701 20701 E ArmVmp : Match on catch block at 0xc3 in for 0xa1
02-24 16:49:01.845 20701 20701 E ArmVmp : Match on catch block at 0xc3 in for 0xa1
02-24 16:49:01.854 20701 20701 E ArmVmp : Match on catch block at 0xc3 in for 0xa5
02-24 16:49:01.860 20701 20701 E ArmVmp : Match on catch block at 0xc3 in for 0xa9
02-24 16:49:01.863 20701 20701 E ArmVmp : Match on catch block at 0xc3 in for 0xa9
02-24 16:49:01.873 20701 20701 E ArmVmp : Match on catch block at 0xc3 in for 0xa1
02-24 16:49:01.880 20701 20701 E ArmVmp : Match on catch block at 0xc3 in for 0xa5
02-24 16:49:01.884 20701 20701 E ArmVmp : Match on catch block at 0xc3 in for 0xa5
02-24 16:49:01.892 20701 20701 E ArmVmp : Match on catch block at 0xc3 in for 0xa9
02-24 16:49:01.897 20701 20701 E ArmVmp : Match on catch block at 0xc3 in for 0xa1
02-24 16:49:01.900 20701 20701 E ArmVmp : Match on catch block at 0xc3 in for 0xa1
02-24 16:49:01.908 20701 20701 E ArmVmp : Match on catch block at 0xc3 in for 0xa5
02-24 16:49:01.913 20701 20701 E ArmVmp : Match on catch block at 0xc3 in for 0xa9
02-24 16:49:01.919 20701 20701 E ArmVmp : Match on catch block at 0xc3 in for 0xa9
02-24 16:49:01.927 20701 20701 E ArmVmp : Match on catch block at 0xc3 in for 0xa1
02-24 16:49:01.932 20701 20701 E ArmVmp : Match on catch block at 0xc3 in for 0xa5
02-24 16:49:01.935 20701 20701 E ArmVmp : Match on catch block at 0xc3 in for 0xa5
02-24 16:49:01.943 20701 20701 E ArmVmp : Match on catch block at 0xc3 in for 0xa9
02-24 16:49:01.948 20701 20701 E ArmVmp : Match on catch block at 0xc3 in for 0xa1
02-24 16:49:01.951 20701 20701 E ArmVmp : Match on catch block at 0xc3 in for 0xa1
02-24 16:49:01.993 20701 20701 E ArmVmp : Match on catch block at 0xc3 in for 0xa5
02-24 16:49:01.997 20701 20701 E ArmVmp : Match on catch block at 0xc3 in for 0xa9
02-24 16:49:01.999 20701 20701 E ArmVmp : Match on catch block at 0xc3 in for 0xa9
02-24 16:49:02.012 20701 20701 E ArmVmp : Match on catch block at 0xc3 in for 0xa1
02-24 16:49:02.016 20701 20701 E ArmVmp : Match on catch block at 0xc3 in for 0xa5
02-24 16:49:02.019 20701 20701 E ArmVmp : Match on catch block at 0xc3 in for 0xa5
02-24 16:49:02.028 20701 20701 E ArmVmp : Match on catch block at 0xc3 in for 0xa9
02-24 16:49:02.034 20701 20701 E ArmVmp : Match on catch block at 0xc3 in for 0xa1
02-24 16:49:02.039 20701 20701 E ArmVmp : Match on catch block at 0xc3 in for 0xa1
02-24 16:49:02.529 20701 20701 E ArmVmp : Match on catch block at 0xc3 in for 0xa1
02-24 16:49:02.536 20701 20701 E ArmVmp : Match on catch block at 0xc3 in for 0xa5
02-24 16:49:02.542 20701 20701 E ArmVmp : Match on catch block at 0xc3 in for 0xa5
02-24 16:49:02.550 20701 20701 W HiTouch_PressGestureDetector: Touch pointer move a
lot. The moving distance of X is:31.24585, limit is:60The moving distance of Y
is:94.7793, limit is:60
02-24 16:49:02.581 20701 20701 E ArmVmp : Match on catch block at 0xc3 in for 0xa5
02-24 16:49:02.586 20701 20701 E ArmVmp : Match on catch block at 0xc3 in for 0xa9
02-24 16:49:02.590 20701 20701 E ArmVmp : Match on catch block at 0xc3 in for 0xa9
02-24 16:49:02.621 20701 20701 E ArmVmp : Match on catch block at 0xc3 in for 0xa1
02-24 16:49:02.626 20701 20701 E ArmVmp : Match on catch block at 0xc3 in for 0xa5
02-24 16:49:02.675 20701 20701 E ArmVmp : Match on catch block at 0xc3 in for 0xa5
02-24 16:49:02.680 20701 20701 E ArmVmp : Match on catch block at 0xc3 in for 0xa9
02-24 16:49:02.689 20701 20701 E ArmVmp : Match on catch block at 0xc3 in for 0xa9
02-24 16:49:02.694 20701 20701 E ArmVmp : Match on catch block at 0xc3 in for 0xa1
02-24 16:49:02.703 20701 20701 E ArmVmp : Match on catch block at 0xc3 in for 0xa1
02-24 16:49:02.707 20701 20701 E ArmVmp : Match on catch block at 0xc3 in for 0xa5
02-24 16:49:02.721 20701 20701 E ArmVmp : Match on catch block at 0xc3 in for 0xa1
02-24 16:49:02.725 20701 20701 E ArmVmp : Match on catch block at 0xc3 in for 0xa5
02-24 16:49:02.739 20701 20701 E ArmVmp : Match on catch block at 0xc3 in for 0xa1
02-24 16:49:02.743 20701 20701 E ArmVmp : Match on catch block at 0xc3 in for 0xa5
02-24 16:49:02.779 20701 20701 E ArmVmp : Match on catch block at 0xc3 in for 0xa9
02-24 16:49:02.783 20701 20701 E ArmVmp : Match on catch block at 0xc3 in for 0xa1
02-24 16:49:02.795 20701 20701 E ArmVmp : Match on catch block at 0xc3 in for 0xa1
02-24 16:49:02.799 20701 20701 E ArmVmp : Match on catch block at 0xc3 in for 0xa5
02-24 16:49:02.812 20701 20701 E ArmVmp : Match on catch block at 0xc3 in for 0xa5
02-24 16:49:02.817 20701 20701 E ArmVmp : Match on catch block at 0xc3 in for 0xa9
02-24 16:49:02.862 20701 20701 E ArmVmp : Match on catch block at 0xc3 in for 0xa1
02-24 16:49:02.868 20701 20701 E ArmVmp : Match on catch block at 0xc3 in for 0xa5
02-24 16:49:03.066 20701 20701 E ArmVmp : Match on catch block at 0xc3 in for 0xa5
02-24 16:49:03.075 20701 20701 E ArmVmp : Match on catch block at 0xc3 in for 0xa9
02-24 16:49:03.270 20701 20701 E ArmVmp : Match on catch block at 0xc3 in for 0xa9
02-24 16:49:03.284 20701 20701 E ArmVmp : Match on catch block at 0xc3 in for 0xa1
02-24 16:49:03.300 20701 20701 E ArmVmp : Match on catch block at 0xc3 in for 0xa1
02-24 16:49:03.312 20701 20701 E ArmVmp : Match on catch block at 0xc3 in for 0xa5
02-24 16:49:03.332 20701 20701 E ArmVmp : Match on catch block at 0xc3 in for 0xa5
02-24 16:49:03.342 20701 20701 E ArmVmp : Match on catch block at 0xc3 in for 0xa9
02-24 16:49:03.356 20701 20701 E ArmVmp : Match on catch block at 0xc3 in for 0xa9
02-24 16:49:03.366 20701 20701 E ArmVmp : Match on catch block at 0xc3 in for 0xa1
02-24 16:49:03.377 20701 20701 E ArmVmp : Match on catch block at 0xc3 in for 0xa1
02-24 16:49:03.386 20701 20701 E ArmVmp : Match on catch block at 0xc3 in for 0xa5
02-24 16:49:03.398 20701 20701 E ArmVmp : Match on catch block at 0xc3 in for 0xa5
02-24 16:49:03.406 20701 20701 E ArmVmp : Match on catch block at 0xc3 in for 0xa9
02-24 16:49:03.419 20701 20701 E ArmVmp : Match on catch block at 0xc3 in for 0xa9
02-24 16:49:03.427 20701 20701 E ArmVmp : Match on catch block at 0xc3 in for 0xa1
02-24 16:49:03.439 20701 20701 E ArmVmp : Match on catch block at 0xc3 in for 0xa1
02-24 16:49:03.449 20701 20701 E ArmVmp : Match on catch block at 0xc3 in for 0xa5
02-24 16:49:03.459 20701 20701 E ArmVmp : Match on catch block at 0xc3 in for 0xa5
02-24 16:49:03.469 20701 20701 E ArmVmp : Match on catch block at 0xc3 in for 0xa9
02-24 16:49:03.481 20701 20701 E ArmVmp : Match on catch block at 0xc3 in for 0xa9
02-24 16:49:03.489 20701 20701 E ArmVmp : Match on catch block at 0xc3 in for 0xa1
02-24 16:49:03.498 20701 20701 E ArmVmp : Match on catch block at 0xc3 in for 0xa1
02-24 16:49:03.504 20701 20701 E ArmVmp : Match on catch block at 0xc3 in for 0xa5
02-24 16:49:03.512 20701 20701 E ArmVmp : Match on catch block at 0xc3 in for 0xa5
02-24 16:49:03.518 20701 20701 E ArmVmp : Match on catch block at 0xc3 in for 0xa9
02-24 16:49:03.526 20701 20701 E ArmVmp : Match on catch block at 0xc3 in for 0xa9
02-24 16:49:03.530 20701 20701 E ArmVmp : Match on catch block at 0xc3 in for 0xa1
02-24 16:49:03.567 20701 20701 E ArmVmp : Match on catch block at 0xc3 in for 0xa1
02-24 16:49:03.572 20701 20701 E ArmVmp : Match on catch block at 0xc3 in for 0xa5
02-24 16:49:03.720 20701 20701 E ArmVmp : Match on catch block at 0xc3 in for 0xa5
02-24 16:49:03.728 20701 20701 E ArmVmp : Match on catch block at 0xc3 in for 0xa9
02-24 16:49:03.785 20701 20701 E ArmVmp : Match on catch block at 0xc3 in for 0xa1
02-24 16:49:03.788 20701 20701 E ArmVmp : Match on catch block at 0xc3 in for 0xa5
02-24 16:49:03.792 20701 20701 W ActivityThread: handleWindowVisibility: no
activity for token android.os.BinderProxy@7a2cb86
02-24 16:49:03.924 20701 20701 E RecyclerView: No adapter attached; skipping layout
02-24 16:49:03.941 20701 20787 W libEGL : EGLNativeWindowType 0x719b9d1010
disconnect failed
02-24 16:49:04.029 20701 20701 E ArmVmp : Match on catch block at 0xc3 in for 0xa5
02-24 16:49:04.033 20701 20701 E ArmVmp : Match on catch block at 0xc3 in for 0xa9
02-24 16:49:04.049 20701 20701 W InputMethodManager: startInputReason = 1
02-24 16:49:04.123 20701 20787 W libEGL : EGLNativeWindowType 0x719a951010
disconnect failed
02-24 16:49:04.135 20701 20701 E ArmVmp : Match on catch block at 0xc3 in for 0xa5
02-24 16:49:04.139 20701 20701 E ArmVmp : Match on catch block at 0xc3 in for 0xa9
02-24 16:49:05.617 20701 20701 W Settings: Setting device_provisioned has moved
from android.provider.Settings.Secure to android.provider.Settings.Global.
02-24 16:49:08.880 20701 20701 W Settings: Setting device_provisioned has moved
from android.provider.Settings.Secure to android.provider.Settings.Global.
02-24 16:49:09.086 20701 20787 W libEGL : EGLNativeWindowType 0x719cdd3010
disconnect failed
02-24 16:49:10.153 20701 20787 W libEGL : EGLNativeWindowType 0x719b9d2010
disconnect failed
02-24 16:49:17.115 20701 20701 W InputMethodManager: startInputReason = 1
02-24 16:49:17.788 20701 20760 E SQLiteDatabase: Error inserting UNIQUE constraint
failed: collection_versions.collection_name (Sqlite code 1555
SQLITE_CONSTRAINT_PRIMARYKEY), (OS error - 11:Try again)
02-24 16:49:18.217 20701 20874 E SQLiteDatabase: Error inserting UNIQUE constraint
failed: collection_versions.collection_name (Sqlite code 1555
SQLITE_CONSTRAINT_PRIMARYKEY), (OS error - 11:Try again)
02-24 16:49:19.481 20701 20701 W HiTouch_PressGestureDetector: Touch pointer move a
lot. The moving distance of X is:23.109253, limit is:60The moving distance of Y
is:103.10303, limit is:60
02-24 16:49:19.934 20701 20701 W HiTouch_PressGestureDetector: Touch pointer move a
lot. The moving distance of X is:23.289856, limit is:60The moving distance of Y
is:95.41742, limit is:60
02-24 16:49:21.729 20701 20701 W ActivityThread: handleWindowVisibility: no
activity for token android.os.BinderProxy@3611d14
02-24 16:49:21.947 20701 20701 E ArmVmp : Match on catch block at 0x0a in for 0xc5
02-24 16:49:21.951 20701 20701 E ArmVmp : Match on catch block at 0x0a in for 0xc1
02-24 16:49:22.044 20701 20701 E ArmVmp : Match on catch block at 0xc3 in for 0xb5
02-24 16:49:22.047 20701 20701 E ArmVmp : Match on catch block at 0xc3 in for 0xb5
02-24 16:49:22.067 20701 20701 E ArmVmp : Match on catch block at 0xc3 in for 0xa9
02-24 16:49:22.071 20701 20701 E ArmVmp : Match on catch block at 0xc3 in for 0xa1
02-24 16:49:22.127 20701 20701 E ArmVmp : Match on catch block at 0xc3 in for 0xa1
02-24 16:49:22.131 20701 20701 E ArmVmp : Match on catch block at 0xc3 in for 0xa5
02-24 16:49:22.139 20701 20701 W InputMethodManager: startInputReason = 1
02-24 16:49:22.158 20701 20701 E ArmVmp : Match on catch block at 0xc3 in for 0xa1
02-24 16:49:22.162 20701 20701 E ArmVmp : Match on catch block at 0xc3 in for 0xa5
02-24 16:49:22.192 20701 20701 E ArmVmp : Match on catch block at 0xc3 in for 0xa1
02-24 16:49:22.196 20701 20701 E ArmVmp : Match on catch block at 0xc3 in for 0xa5
02-24 16:49:22.203 20701 20701 E ArmVmp : Match on catch block at 0xc3 in for 0xa5
02-24 16:49:22.206 20701 20701 E ArmVmp : Match on catch block at 0xc3 in for 0xa9
02-24 16:49:22.217 20701 20787 W libEGL : EGLNativeWindowType 0x719b9d2010
disconnect failed
02-24 16:49:22.231 20701 20701 E SpannableStringBuilder: SPAN_EXCLUSIVE_EXCLUSIVE
spans cannot have a zero length
02-24 16:49:22.234 20701 20701 E ArmVmp : Match on catch block at 0xc3 in for 0xa9
02-24 16:49:22.238 20701 20701 E ArmVmp : Match on catch block at 0xc3 in for 0xa1
02-24 16:49:22.243 20701 20701 E ArmVmp : Match on catch block at 0xc3 in for 0xa1
02-24 16:49:22.246 20701 20701 E ArmVmp : Match on catch block at 0xc3 in for 0xa5
02-24 16:49:22.253 20701 20701 E ArmVmp : Match on catch block at 0xc3 in for 0xa9
02-24 16:49:22.256 20701 20701 E ArmVmp : Match on catch block at 0xc3 in for 0xa1
02-24 16:49:22.656 20701 20701 E ArmVmp : Match on catch block at 0xc3 in for 0xa1
02-24 16:49:22.660 20701 20701 E ArmVmp : Match on catch block at 0xc3 in for 0xa5
02-24 16:49:22.792 20701 20701 E ArmVmp : Match on catch block at 0xc3 in for 0xa5
02-24 16:49:22.797 20701 20701 E ArmVmp : Match on catch block at 0xc3 in for 0xa9
02-24 16:49:22.808 20701 20701 E ArmVmp : Match on catch block at 0xc3 in for 0xa9
02-24 16:49:22.812 20701 20701 E ArmVmp : Match on catch block at 0xc3 in for 0xa1
02-24 16:49:22.825 20701 20701 E ArmVmp : Match on catch block at 0xc3 in for 0xa1
02-24 16:49:22.829 20701 20701 E ArmVmp : Match on catch block at 0xc3 in for 0xa5
02-24 16:49:22.841 20701 20701 E ArmVmp : Match on catch block at 0xc3 in for 0xa5
02-24 16:49:22.845 20701 20701 E ArmVmp : Match on catch block at 0xc3 in for 0xa9
02-24 16:49:22.859 20701 20701 E ArmVmp : Match on catch block at 0xc3 in for 0xa9
02-24 16:49:22.864 20701 20701 E ArmVmp : Match on catch block at 0xc3 in for 0xa1
02-24 16:49:22.875 20701 20701 E ArmVmp : Match on catch block at 0xc3 in for 0xa1
02-24 16:49:22.879 20701 20701 E ArmVmp : Match on catch block at 0xc3 in for 0xa5
02-24 16:49:22.886 20701 20701 W Settings: Setting device_provisioned has moved
from android.provider.Settings.Secure to android.provider.Settings.Global.
02-24 16:49:22.891 20701 20701 E ArmVmp : Match on catch block at 0xc3 in for 0xa1
02-24 16:49:22.895 20701 20701 E ArmVmp : Match on catch block at 0xc3 in for 0xa5
02-24 16:49:22.909 20701 20701 E ArmVmp : Match on catch block at 0xc3 in for 0xa9
02-24 16:49:22.914 20701 20701 E ArmVmp : Match on catch block at 0xc3 in for 0xa1
02-24 16:49:22.926 20701 20701 E ArmVmp : Match on catch block at 0xc3 in for 0xa5
02-24 16:49:22.931 20701 20701 E ArmVmp : Match on catch block at 0xc3 in for 0xa9
02-24 16:49:22.943 20701 20701 E ArmVmp : Match on catch block at 0xc3 in for 0xa1
02-24 16:49:22.947 20701 20701 E ArmVmp : Match on catch block at 0xc3 in for 0xa5
02-24 16:49:22.959 20701 20701 E ArmVmp : Match on catch block at 0xc3 in for 0xa1
02-24 16:49:22.962 20701 20701 E ArmVmp : Match on catch block at 0xc3 in for 0xa5
02-24 16:49:22.998 20701 20701 E ArmVmp : Match on catch block at 0xc3 in for 0xa9
02-24 16:49:23.001 20701 20701 E ArmVmp : Match on catch block at 0xc3 in for 0xa1
02-24 16:49:23.021 20701 20787 W libEGL : EGLNativeWindowType 0x719b7b6010
disconnect failed
02-24 16:49:23.046 20701 20701 E ArmVmp : Match on catch block at 0xc3 in for 0xa1
02-24 16:49:23.050 20701 20701 E ArmVmp : Match on catch block at 0xc3 in for 0xa5
02-24 16:49:23.054 20701 20701 W ActivityThread: handleWindowVisibility: no
activity for token android.os.BinderProxy@2842bae
02-24 16:49:23.195 20701 20701 W ResourceType: Bad XML block: header size 18254 or
total size 169478669 is larger than data size 380
02-24 16:49:23.199 20701 20701 W ResourceType: Bad XML block: header size 18254 or
total size 169478669 is larger than data size 633
02-24 16:49:23.215 20701 20701 W ResourceType: Bad XML block: header size 18254 or
total size 169478669 is larger than data size 677
02-24 16:49:23.219 20701 20701 W ResourceType: Bad XML block: header size 18254 or
total size 169478669 is larger than data size 248
02-24 16:49:23.230 20701 20701 W ResourceType: Bad XML block: header size 18254 or
total size 169478669 is larger than data size 571
02-24 16:49:23.239 20701 20701 W ResourceType: Bad XML block: header size 18254 or
total size 169478669 is larger than data size 333
02-24 16:49:23.243 20701 20701 W ResourceType: Bad XML block: header size 18254 or
total size 169478669 is larger than data size 650
02-24 16:49:23.249 20701 20701 W ResourceType: Bad XML block: header size 18254 or
total size 169478669 is larger than data size 1150
02-24 16:49:23.253 20701 20701 W ResourceType: Bad XML block: header size 18254 or
total size 169478669 is larger than data size 491
02-24 16:49:23.257 20701 20701 W ResourceType: Bad XML block: header size 18254 or
total size 169478669 is larger than data size 1150
02-24 16:49:23.262 20701 20701 W ResourceType: Bad XML block: header size 18254 or
total size 169478669 is larger than data size 659
02-24 16:49:23.266 20701 20701 W ResourceType: Bad XML block: header size 18254 or
total size 169478669 is larger than data size 593
02-24 16:49:23.281 20701 20701 W ResourceType: Bad XML block: header size 18254 or
total size 169478669 is larger than data size 1171
02-24 16:49:23.285 20701 20701 W ResourceType: Bad XML block: header size 18254 or
total size 169478669 is larger than data size 510
02-24 16:49:23.326 20701 20701 W ResourceType: Bad XML block: header size 18254 or
total size 169478669 is larger than data size 853
02-24 16:49:23.392 20701 20711 E : [ZeroHung]zrhung_get_config: Get config
failed for wp[0x0008]
02-24 16:49:23.402 20701 20701 W ResourceType: Bad XML block: header size 18254 or
total size 169478669 is larger than data size 650
02-24 16:49:23.421 20701 20701 E ArmVmp : Match on catch block at 0xc3 in for 0xa5
02-24 16:49:23.425 20701 20701 E ArmVmp : Match on catch block at 0xc3 in for 0xa9
02-24 16:49:23.479 20701 20701 W View : requestLayout() improperly called by
android.widget.Space{50a49b9 I.ED..... ......I. 36,108-48,120 #7f0b00ba
app:id/action_tile_spacing} during layout: running second layout pass
02-24 16:49:23.479 20701 20701 W View : requestLayout() improperly called by
android.widget.Space{5edf1fe I.ED..... ......I. 36,108-48,120 #7f0b00ba
app:id/action_tile_spacing} during layout: running second layout pass
02-24 16:49:23.479 20701 20701 W View : requestLayout() improperly called by
android.widget.Space{e7f9d5f I.ED..... ......I. 36,108-48,120 #7f0b00ba
app:id/action_tile_spacing} during layout: running second layout pass
02-24 16:49:23.499 20701 20701 E ArmVmp : Match on catch block at 0xc3 in for 0xa5
02-24 16:49:23.502 20701 20701 E ArmVmp : Match on catch block at 0xc3 in for 0xa9
02-24 16:49:23.529 20701 20701 E ArmVmp : Match on catch block at 0xc3 in for 0xa9
02-24 16:49:23.533 20701 20701 E ArmVmp : Match on catch block at 0xc3 in for 0xa1
02-24 16:49:23.539 20701 20701 W InputMethodManager: startInputReason = 1
02-24 16:49:23.545 20701 20701 E ArmVmp : Match on catch block at 0xc3 in for 0xa1
02-24 16:49:23.549 20701 20701 E ArmVmp : Match on catch block at 0xc3 in for 0xa5
02-24 16:49:23.602 20701 20701 E ArmVmp : Match on catch block at 0xc3 in for 0xa5
02-24 16:49:23.605 20701 20701 E ArmVmp : Match on catch block at 0xc3 in for 0xa9
02-24 16:49:23.715 20701 20701 E ArmVmp : Match on catch block at 0xc3 in for 0xa9
02-24 16:49:23.718 20701 20701 E ArmVmp : Match on catch block at 0xc3 in for 0xa1
02-24 16:49:23.756 20701 20701 E ArmVmp : Match on catch block at 0xc3 in for 0xa9
02-24 16:49:23.759 20701 20701 E ArmVmp : Match on catch block at 0xc3 in for 0xa1
02-24 16:49:23.801 20701 20701 E ArmVmp : Match on catch block at 0xc3 in for 0xa5
02-24 16:49:23.804 20701 20701 E ArmVmp : Match on catch block at 0xc3 in for 0xa9
02-24 16:49:23.822 20701 20701 E ArmVmp : Match on catch block at 0xc3 in for 0xa1
02-24 16:49:23.825 20701 20701 E ArmVmp : Match on catch block at 0xc3 in for 0xa5
02-24 16:49:23.847 20701 20787 W libEGL : EGLNativeWindowType 0x719b8ce010
disconnect failed
02-24 16:49:25.091 20701 20701 W ResourceType: Bad XML block: header size 18254 or
total size 169478669 is larger than data size 650
02-24 16:49:29.219 20701 20701 W Settings: Setting device_provisioned has moved
from android.provider.Settings.Secure to android.provider.Settings.Global.
02-24 16:49:29.378 20701 20787 W libEGL : EGLNativeWindowType 0x719715c010
disconnect failed
02-24 16:49:29.401 20701 20701 W ActivityThread: handleWindowVisibility: no
activity for token android.os.BinderProxy@8a4f7e8
02-24 16:49:29.517 20701 20701 W InputMethodManager: startInputReason = 1
02-24 16:49:31.450 20701 20701 W Settings: Setting device_provisioned has moved
from android.provider.Settings.Secure to android.provider.Settings.Global.
02-24 16:49:31.485 20701 20701 W HiTouch_PressGestureDetector: Touch pointer move a
lot. The moving distance of X is:7.519409, limit is:60The moving distance of Y
is:87.82373, limit is:60
02-24 16:49:31.610 20701 20787 W libEGL : EGLNativeWindowType 0x71970d0010
disconnect failed
02-24 16:49:32.076 20701 20701 W InputMethodManager: startInputReason = 1
02-24 16:49:32.088 20701 20787 W libEGL : EGLNativeWindowType 0x719abe0010
disconnect failed
02-24 16:49:32.443 20701 20701 W HiTouch_PressGestureDetector: Touch pointer move a
lot. The moving distance of X is:1.9191895, limit is:60The moving distance of Y
is:76.374146, limit is:60
02-24 16:49:33.434 20701 20701 W HiTouch_PressGestureDetector: Touch pointer move a
lot. The moving distance of X is:19.424744, limit is:60The moving distance of Y
is:109.49353, limit is:60
02-24 16:49:35.868 20701 20701 W HiTouch_PressGestureDetector: Touch pointer move a
lot. The moving distance of X is:3.87323, limit is:60The moving distance of Y
is:71.09802, limit is:60
02-24 16:49:39.278 20701 20701 W HiTouch_PressGestureDetector: Touch pointer move a
lot. The moving distance of X is:13.571838, limit is:60The moving distance of Y
is:63.24054, limit is:60
02-24 16:49:41.829 20701 20701 W HiTouch_PressGestureDetector: Touch pointer move a
lot. The moving distance of X is:11.396912, limit is:60The moving distance of Y
is:69.58771, limit is:60
02-24 16:49:42.418 20701 20701 W ActivityThread: handleWindowVisibility: no
activity for token android.os.BinderProxy@96c71f3
02-24 16:49:42.516 20701 20701 W MediaStore: IllegalArgumentException when
getDataColumn
02-24 16:49:42.580 20701 20701 W MediaStore: IllegalArgumentException when
getDataColumn
02-24 16:49:42.759 20701 20701 W InputMethodManager: startInputReason = 1
02-24 16:49:42.841 20701 20787 W libEGL : EGLNativeWindowType 0x719ae48010
disconnect failed
02-24 16:49:47.107 20701 20701 W Settings: Setting device_provisioned has moved
from android.provider.Settings.Secure to android.provider.Settings.Global.
02-24 16:49:47.313 20701 20701 W InputMethodManager: startInputReason = 1
02-24 16:49:47.439 20701 20787 W libEGL : EGLNativeWindowType 0x719ae22010
disconnect failed
02-24 16:49:47.806 20701 20701 W HiTouch_PressGestureDetector: Touch pointer move a
lot. The moving distance of X is:2.3463135, limit is:60The moving distance of Y
is:78.321655, limit is:60
02-24 16:49:49.184 20701 20701 E ArmVmp : Match on catch block at 0x0a in for 0xc9
02-24 16:49:49.235 20701 20701 E ArmVmp : Match on catch block at 0xc3 in for 0xa1
02-24 16:49:49.240 20701 20701 E ArmVmp : Match on catch block at 0xc3 in for 0xa5
02-24 16:49:49.257 20701 20787 W libEGL : EGLNativeWindowType 0x7196ff1010
disconnect failed
02-24 16:49:49.267 20701 20701 E ArmVmp : Match on catch block at 0xc3 in for 0xa1
02-24 16:49:49.271 20701 20701 E ArmVmp : Match on catch block at 0xc3 in for 0xa5
02-24 16:49:49.307 20701 20701 E ArmVmp : Match on catch block at 0xc3 in for 0xa1
02-24 16:49:49.313 20701 20701 E ArmVmp : Match on catch block at 0xc3 in for 0xa5
02-24 16:49:49.639 20701 20701 E ArmVmp : Match on catch block at 0xc3 in for 0xa5
02-24 16:49:49.643 20701 20701 E ArmVmp : Match on catch block at 0xc3 in for 0xa9
02-24 16:49:49.661 20701 20701 E ArmVmp : Match on catch block at 0xc3 in for 0xa1
02-24 16:49:49.665 20701 20701 E ArmVmp : Match on catch block at 0xc3 in for 0xa5
02-24 16:49:49.681 20701 20701 E ArmVmp : Match on catch block at 0xc3 in for 0xa5
02-24 16:49:49.686 20701 20701 E ArmVmp : Match on catch block at 0xc3 in for 0xa9
02-24 16:49:49.756 20701 20701 E ArmVmp : Match on catch block at 0xc3 in for 0xa1
02-24 16:49:49.760 20701 20701 E ArmVmp : Match on catch block at 0xc3 in for 0xa5
02-24 16:49:49.768 20701 20701 W InputMethodManager: startInputReason = 1
02-24 16:49:49.780 20701 20701 E ArmVmp : Match on catch block at 0xc3 in for 0xa9
02-24 16:49:49.783 20701 20701 E ArmVmp : Match on catch block at 0xc3 in for 0xa1
02-24 16:49:49.793 20701 20787 W libEGL : EGLNativeWindowType 0x7194257010
disconnect failed
02-24 16:49:49.803 20701 20701 E ArmVmp : Match on catch block at 0xc3 in for 0xa5
02-24 16:49:49.807 20701 20701 E ArmVmp : Match on catch block at 0xc3 in for 0xa9
02-24 16:49:49.813 20701 20701 E SpannableStringBuilder: SPAN_EXCLUSIVE_EXCLUSIVE
spans cannot have a zero length
02-24 16:49:49.980 20701 20701 E ArmVmp : Match on catch block at 0xc3 in for 0xa9
02-24 16:49:49.984 20701 20701 E ArmVmp : Match on catch block at 0xc3 in for 0xa1
02-24 16:49:49.989 20701 20701 E SpannableStringBuilder: SPAN_EXCLUSIVE_EXCLUSIVE
spans cannot have a zero length
02-24 16:49:50.021 20701 20701 E ArmVmp : Match on catch block at 0xc3 in for 0xa5
02-24 16:49:50.024 20701 20701 E ArmVmp : Match on catch block at 0xc3 in for 0xa9
02-24 16:49:50.036 20701 20701 E ArmVmp : Match on catch block at 0xc3 in for 0xa5
02-24 16:49:50.040 20701 20701 E ArmVmp : Match on catch block at 0xc3 in for 0xa9
02-24 16:49:50.046 20701 20701 E ArmVmp : Match on catch block at 0xc3 in for 0xa9
02-24 16:49:50.050 20701 20701 E ArmVmp : Match on catch block at 0xc3 in for 0xa1
02-24 16:49:50.059 20701 20701 E ArmVmp : Match on catch block at 0xc3 in for 0xa1
02-24 16:49:50.063 20701 20701 E ArmVmp : Match on catch block at 0xc3 in for 0xa5
02-24 16:49:50.075 20701 20701 E ArmVmp : Match on catch block at 0xc3 in for 0xa5
