02-29 21:14:36.605 28698 28698 E ArmVmp : Match on catch block at 0xc3 in for 0x709e959025
02-29 21:14:36.616 28698 28698 E ArmVmp : Match on catch block at 0xc3 in for 0x709e959025
02-29 21:14:36.621 28698 28698 E ArmVmp : Match on catch block at 0xc3 in for 0x709e959025
02-29 21:14:36.633 28698 28698 E ArmVmp : Match on catch block at 0xc3 in for 0x709e959025
02-29 21:14:36.637 28698 28698 E ArmVmp : Match on catch block at 0xc3 in for 0x709e959025
02-29 21:14:36.650 28698 28698 E ArmVmp : Match on catch block at 0xc3 in for 0x709e959025
02-29 21:14:36.655 28698 28698 E ArmVmp : Match on catch block at 0xc3 in for 0x709e959025
02-29 21:14:36.666 28698 28698 E ArmVmp : Match on catch block at 0xc3 in for 0x709e959025
02-29 21:14:36.672 28698 28698 E ArmVmp : Match on catch block at 0xc3 in for 0x709e959025
02-29 21:14:36.683 28698 28698 E ArmVmp : Match on catch block at 0xc3 in for 0x709e959025
02-29 21:14:36.688 28698 28698 E ArmVmp : Match on catch block at 0xc3 in for 0x709e959025
02-29 21:14:36.767 28698 28698 E ArmVmp : Match on catch block at 0xc3 in for 0x709e959025
02-29 21:14:36.772 28698 28698 E ArmVmp : Match on catch block at 0xc3 in for 0x709e959025
02-29 21:14:37.033 28698 28698 E ArmVmp : Match on catch block at 0xc3 in for 0x709e959025
02-29 21:14:37.039 28698 28698 E ArmVmp : Match on catch block at 0xc3 in for 0x709e959025
02-29 21:14:37.300 28698 28698 E ArmVmp : Match on catch block at 0xc3 in for 0x709e959025
02-29 21:14:37.305 28698 28698 E ArmVmp : Match on catch block at 0xc3 in for 0x709e959025
02-29 21:14:37.634 28698 28698 E ArmVmp : Match on catch block at 0xc3 in for 0x709e959025
02-29 21:14:37.642 28698 28698 E ArmVmp : Match on catch block at 0xc3 in for 0x709e959025
02-29 21:14:37.802 28698 28698 E ArmVmp : Match on catch block at 0xc3 in for 0x709e959025
02-29 21:14:37.807 28698 28698 E ArmVmp : Match on catch block at 0xc3 in for 0x709e959025
02-29 21:14:38.067 28698 28698 E ArmVmp : Match on catch block at 0xc3 in for 0x709e959025
02-29 21:14:38.072 28698 28698 E ArmVmp : Match on catch block at 0xc3 in for 0x709e959025
02-29 21:14:38.317 28698 28698 E ArmVmp : Match on catch block at 0xc3 in for 0x709e959025
02-29 21:14:38.322 28698 28698 E ArmVmp : Match on catch block at 0xc3 in for 0x709e959025
02-29 21:14:38.835 28698 28698 E ArmVmp : Match on catch block at 0xc3 in for 0x709e959025
02-29 21:14:38.840 28698 28698 E ArmVmp : Match on catch block at 0xc3 in for 0x709e959025
02-29 21:14:39.287 28698 28698 E ArmVmp : Match on catch block at 0xc3 in for 0x709e959025
02-29 21:14:39.295 28698 28698 E ArmVmp : Match on catch block at 0xc3 in for 0x709e959025
02-29 21:14:39.466 28698 28698 E ArmVmp : Match on catch block at 0xc3 in for 0x709e959025
02-29 21:14:39.472 28698 28698 E ArmVmp : Match on catch block at 0xc3 in for 0x709e959025
02-29 21:14:39.850 28698 28698 E ArmVmp : Match on catch block at 0xc3 in for 0x709e959025
02-29 21:14:39.855 28698 28698 E ArmVmp : Match on catch block at 0xc3 in for 0x709e959025
02-29 21:14:40.200 28698 28698 E ArmVmp : Match on catch block at 0xc3 in for 0x709e959025
02-29 21:14:40.205 28698 28698 E ArmVmp : Match on catch block at 0xc3 in for 0x709e959025
02-29 21:14:40.668 28698 28698 E ArmVmp : Match on catch block at 0xc3 in for 0x709e959025
02-29 21:14:40.673 28698 28698 E ArmVmp : Match on catch block at 0xc3 in for 0x709e959025
02-29 21:14:41.135 28698 28698 E ArmVmp : Match on catch block at 0xc3 in for 0x709e959025
02-29 21:14:41.140 28698 28698 E ArmVmp : Match on catch block at 0xc3 in for 0x709e959025
02-29 21:14:41.152 28698 28698 E ArmVmp : Match on catch block at 0xc3 in for 0x709e959025
02-29 21:14:41.157 28698 28698 E ArmVmp : Match on catch block at 0xc3 in for 0x709e959025
02-29 21:14:41.167 28698 28698 E ArmVmp : Match on catch block at 0xc3 in for 0x709e959025
02-29 21:14:41.171 28698 28698 E ArmVmp : Match on catch block at 0xc3 in for 0x709e959025
02-29 21:14:41.184 28698 28698 E ArmVmp : Match on catch block at 0xc3 in for 0x709e959025
02-29 21:14:41.190 28698 28698 E ArmVmp : Match on catch block at 0xc3 in for 0x709e959025
02-29 21:14:41.201 28698 28698 E ArmVmp : Match on catch block at 0xc3 in for 0x709e959025
02-29 21:14:41.204 28698 28698 E ArmVmp : Match on catch block at 0xc3 in for 0x709e959025
02-29 21:14:41.217 28698 28698 E ArmVmp : Match on catch block at 0xc3 in for 0x709e959025
02-29 21:14:41.222 28698 28698 E ArmVmp : Match on catch block at 0xc3 in for 0x709e959025
02-29 21:14:41.234 28698 28698 E ArmVmp : Match on catch block at 0xc3 in for 0x709e959025
02-29 21:14:41.240 28698 28698 E ArmVmp : Match on catch block at 0xc3 in for 0x709e959025
02-29 21:14:41.251 28698 28698 E ArmVmp : Match on catch block at 0xc3 in for 0x709e959025
02-29 21:14:41.255 28698 28698 E ArmVmp : Match on catch block at 0xc3 in for 0x709e959025
02-29 21:14:41.267 28698 28698 E ArmVmp : Match on catch block at 0xc3 in for 0x709e959025
02-29 21:14:41.272 28698 28698 E ArmVmp : Match on catch block at 0xc3 in for 0x709e959025
02-29 21:14:41.284 28698 28698 E ArmVmp : Match on catch block at 0xc3 in for 0x709e959025
02-29 21:14:41.289 28698 28698 E ArmVmp : Match on catch block at 0xc3 in for 0x709e959025
02-29 21:14:41.301 28698 28698 E ArmVmp : Match on catch block at 0xc3 in for 0x709e959025
02-29 21:14:41.305 28698 28698 E ArmVmp : Match on catch block at 0xc3 in for 0x709e959025
02-29 21:14:41.317 28698 28698 E ArmVmp : Match on catch block at 0xc3 in for 0x709e959025
02-29 21:14:41.322 28698 28698 E ArmVmp : Match on catch block at 0xc3 in for 0x709e959025
02-29 21:14:41.334 28698 28698 E ArmVmp : Match on catch block at 0xc3 in for 0x709e959025
02-29 21:14:41.338 28698 28698 E ArmVmp : Match on catch block at 0xc3 in for 0x709e959025
02-29 21:14:41.350 28698 28698 E ArmVmp : Match on catch block at 0xc3 in for 0x709e959025
02-29 21:14:41.355 28698 28698 E ArmVmp : Match on catch block at 0xc3 in for 0x709e959025
02-29 21:14:41.368 28698 28698 E ArmVmp : Match on catch block at 0xc3 in for 0x709e959025
02-29 21:14:41.372 28698 28698 E ArmVmp : Match on catch block at 0xc3 in for 0x709e959025
02-29 21:14:41.384 28698 28698 E ArmVmp : Match on catch block at 0xc3 in for 0x709e959025
02-29 21:14:41.389 28698 28698 E ArmVmp : Match on catch block at 0xc3 in for 0x709e959025
02-29 21:14:41.400 28698 28698 E ArmVmp : Match on catch block at 0xc3 in for 0x709e959025
02-29 21:14:41.405 28698 28698 E ArmVmp : Match on catch block at 0xc3 in for 0x709e959025
02-29 21:14:41.417 28698 28698 E ArmVmp : Match on catch block at 0xc3 in for 0x709e959025
02-29 21:14:41.422 28698 28698 E ArmVmp : Match on catch block at 0xc3 in for 0x709e959025
02-29 21:14:41.434 28698 28698 E ArmVmp : Match on catch block at 0xc3 in for 0x709e959025
02-29 21:14:41.437 28698 28698 E ArmVmp : Match on catch block at 0xc3 in for 0x709e959025
02-29 21:14:41.450 28698 28698 E ArmVmp : Match on catch block at 0xc3 in for 0x709e959025
02-29 21:14:41.454 28698 28698 E ArmVmp : Match on catch block at 0xc3 in for 0x709e959025
02-29 21:14:41.467 28698 28698 E ArmVmp : Match on catch block at 0xc3 in for 0x709e959025
02-29 21:14:41.472 28698 28698 E ArmVmp : Match on catch block at 0xc3 in for 0x709e959025
02-29 21:14:41.484 28698 28698 E ArmVmp : Match on catch block at 0xc3 in for 0x709e959025
02-29 21:14:41.489 28698 28698 E ArmVmp : Match on catch block at 0xc3 in for 0x709e959025
02-29 21:14:41.501 28698 28698 E ArmVmp : Match on catch block at 0xc3 in for 0x709e959025
02-29 21:14:41.506 28698 28698 E ArmVmp : Match on catch block at 0xc3 in for 0x709e959025
02-29 21:14:41.517 28698 28698 E ArmVmp : Match on catch block at 0xc3 in for 0x709e959025
02-29 21:14:41.522 28698 28698 E ArmVmp : Match on catch block at 0xc3 in for 0x709e959025
02-29 21:14:41.534 28698 28698 E ArmVmp : Match on catch block at 0xc3 in for 0x709e959025
02-29 21:14:41.538 28698 28698 E ArmVmp : Match on catch block at 0xc3 in for 0x709e959025
02-29 21:14:41.550 28698 28698 E ArmVmp : Match on catch block at 0xc3 in for 0x709e959025
02-29 21:14:41.553 28698 28698 E ArmVmp : Match on catch block at 0xc3 in for 0x709e959025
02-29 21:14:41.702 28698 28698 E ArmVmp : Match on catch block at 0xc3 in for 0x709e959025
02-29 21:14:41.707 28698 28698 E ArmVmp : Match on catch block at 0xc3 in for 0x709e959025
02-29 21:14:42.051 28698 28698 E ArmVmp : Match on catch block at 0xc3 in for 0x709e959025
02-29 21:14:42.056 28698 28698 E ArmVmp : Match on catch block at 0xc3 in for 0x709e959025
02-29 21:14:42.312 28698 28698 E ArmVmp : Match on catch block at 0xc3 in for 0x709e959025
02-29 21:14:42.318 28698 28698 E ArmVmp : Match on catch block at 0xc3 in for 0x709e959025
02-29 21:14:42.327 28698 28698 E ArmVmp : Match on catch block at 0xc3 in for 0x709e959025
02-29 21:14:42.330 28698 28698 E ArmVmp : Match on catch block at 0xc3 in for 0x709e959025
02-29 21:14:42.567 28698 28698 E ArmVmp : Match on catch block at 0xc3 in for 0x709e959025
02-29 21:14:42.571 28698 28698 E ArmVmp : Match on catch block at 0xc3 in for 0x709e959025
02-29 21:14:42.918 28698 28698 E ArmVmp : Match on catch block at 0xc3 in for 0x709e959025
02-29 21:14:42.922 28698 28698 E ArmVmp : Match on catch block at 0xc3 in for 0x709e959025
02-29 21:14:42.934 28698 28698 E ArmVmp : Match on catch block at 0xc3 in for 0x709e959025
02-29 21:14:42.937 28698 28698 E ArmVmp : Match on catch block at 0xc3 in for 0x709e959025
02-29 21:14:42.951 28698 28698 E ArmVmp : Match on catch block at 0xc3 in for 0x709e959025
02-29 21:14:42.955 28698 28698 E ArmVmp : Match on catch block at 0xc3 in for 0x709e959025
02-29 21:14:42.968 28698 28698 E ArmVmp : Match on catch block at 0xc3 in for 0x709e959025
02-29 21:14:42.973 28698 28698 E ArmVmp : Match on catch block at 0xc3 in for 0x709e959025
02-29 21:14:42.984 28698 28698 E ArmVmp : Match on catch block at 0xc3 in for 0x709e959025
02-29 21:14:42.989 28698 28698 E ArmVmp : Match on catch block at 0xc3 in for 0x709e959025
02-29 21:14:43.001 28698 28698 E ArmVmp : Match on catch block at 0xc3 in for 0x709e959025
02-29 21:14:43.007 28698 28698 E ArmVmp : Match on catch block at 0xc3 in for 0x709e959025
02-29 21:14:43.018 28698 28698 E ArmVmp : Match on catch block at 0xc3 in for 0x709e959025
02-29 21:14:43.023 28698 28698 E ArmVmp : Match on catch block at 0xc3 in for 0x709e959025
02-29 21:14:43.034 28698 28698 E ArmVmp : Match on catch block at 0xc3 in for 0x709e959025
02-29 21:14:43.039 28698 28698 E ArmVmp : Match on catch block at 0xc3 in for 0x709e959025
02-29 21:14:43.051 28698 28698 E ArmVmp : Match on catch block at 0xc3 in for 0x709e959025
02-29 21:14:43.056 28698 28698 E ArmVmp : Match on catch block at 0xc3 in for 0x709e959025
02-29 21:14:43.068 28698 28698 E ArmVmp : Match on catch block at 0xc3 in for 0x709e959025
02-29 21:14:43.072 28698 28698 E ArmVmp : Match on catch block at 0xc3 in for 0x709e959025
02-29 21:14:43.084 28698 28698 E ArmVmp : Match on catch block at 0xc3 in for 0x709e959025
02-29 21:14:43.088 28698 28698 E ArmVmp : Match on catch block at 0xc3 in for 0x709e959025
02-29 21:14:43.101 28698 28698 E ArmVmp : Match on catch block at 0xc3 in for 0x709e959025
02-29 21:14:43.106 28698 28698 E ArmVmp : Match on catch block at 0xc3 in for 0x709e959025
02-29 21:14:43.118 28698 28698 E ArmVmp : Match on catch block at 0xc3 in for 0x709e959025
02-29 21:14:43.122 28698 28698 E ArmVmp : Match on catch block at 0xc3 in for 0x709e959025
02-29 21:14:43.134 28698 28698 E ArmVmp : Match on catch block at 0xc3 in for 0x709e959025
02-29 21:14:43.139 28698 28698 E ArmVmp : Match on catch block at 0xc3 in for 0x709e959025
02-29 21:14:43.151 28698 28698 E ArmVmp : Match on catch block at 0xc3 in for 0x709e959025
02-29 21:14:43.157 28698 28698 E ArmVmp : Match on catch block at 0xc3 in for 0x709e959025
02-29 21:14:43.168 28698 28698 E ArmVmp : Match on catch block at 0xc3 in for 0x709e959025
02-29 21:14:43.172 28698 28698 E ArmVmp : Match on catch block at 0xc3 in for 0x709e959025
02-29 21:14:43.185 28698 28698 E ArmVmp : Match on catch block at 0xc3 in for 0x709e959025
02-29 21:14:43.190 28698 28698 E ArmVmp : Match on catch block at 0xc3 in for 0x709e959025
02-29 21:14:43.201 28698 28698 E ArmVmp : Match on catch block at 0xc3 in for 0x709e959025
02-29 21:14:43.205 28698 28698 E ArmVmp : Match on catch block at 0xc3 in for 0x709e959025
02-29 21:14:43.218 28698 28698 E ArmVmp : Match on catch block at 0xc3 in for 0x709e959025
02-29 21:14:43.222 28698 28698 E ArmVmp : Match on catch block at 0xc3 in for 0x709e959025
02-29 21:14:43.234 28698 28698 E ArmVmp : Match on catch block at 0xc3 in for 0x709e959025
02-29 21:14:43.239 28698 28698 E ArmVmp : Match on catch block at 0xc3 in for 0x709e959025
02-29 21:14:43.251 28698 28698 E ArmVmp : Match on catch block at 0xc3 in for 0x709e959025
02-29 21:14:43.257 28698 28698 E ArmVmp : Match on catch block at 0xc3 in for 0x709e959025
02-29 21:14:43.267 28698 28698 E ArmVmp : Match on catch block at 0xc3 in for 0x709e959025
02-29 21:14:43.271 28698 28698 E ArmVmp : Match on catch block at 0xc3 in for 0x709e959025
02-29 21:14:43.285 28698 28698 E ArmVmp : Match on catch block at 0xc3 in for 0x709e959025
02-29 21:14:43.290 28698 28698 E ArmVmp : Match on catch block at 0xc3 in for 0x709e959025
02-29 21:14:43.301 28698 28698 E ArmVmp : Match on catch block at 0xc3 in for 0x709e959025
02-29 21:14:43.307 28698 28698 E ArmVmp : Match on catch block at 0xc3 in for 0x709e959025
02-29 21:14:43.317 28698 28698 E ArmVmp : Match on catch block at 0xc3 in for 0x709e959025
02-29 21:14:43.322 28698 28698 E ArmVmp : Match on catch block at 0xc3 in for 0x709e959025
02-29 21:14:43.418 28698 28698 E ArmVmp : Match on catch block at 0xc3 in for 0x709e959025
02-29 21:14:43.422 28698 28698 E ArmVmp : Match on catch block at 0xc3 in for 0x709e959025
02-29 21:14:43.802 28698 28698 E ArmVmp : Match on catch block at 0xc3 in for 0x709e959025
02-29 21:14:43.806 28698 28698 E ArmVmp : Match on catch block at 0xc3 in for 0x709e959025
02-29 21:14:43.832 28698 28698 E ArmVmp : Match on catch block at 0xc3 in for 0x709e959025
02-29 21:14:43.837 28698 28698 E ArmVmp : Match on catch block at 0xc3 in for 0x709e959025
02-29 21:14:43.855 28698 28698 E ArmVmp : Match on catch block at 0xc3 in for 0x709e959025
02-29 21:14:43.860 28698 28698 E ArmVmp : Match on catch block at 0xc3 in for 0x709e959025
02-29 21:14:43.868 28698 28698 E ArmVmp : Match on catch block at 0xc3 in for 0x709e959025
02-29 21:14:43.873 28698 28698 E ArmVmp : Match on catch block at 0xc3 in for 0x709e959025
02-29 21:14:43.884 28698 28698 E ArmVmp : Match on catch block at 0xc3 in for 0x709e959025
02-29 21:14:43.888 28698 28698 E ArmVmp : Match on catch block at 0xc3 in for 0x709e959025
02-29 21:14:43.917 28698 28698 E ArmVmp : Match on catch block at 0xc3 in for 0x709e959025
02-29 21:14:43.921 28698 28698 E ArmVmp : Match on catch block at 0xc3 in for 0x709e959025
02-29 21:14:43.931 28698 28698 E ArmVmp : Match on catch block at 0xc3 in for 0x709e959025
02-29 21:14:43.934 28698 28698 E ArmVmp : Match on catch block at 0xc3 in for 0x709e959025
02-29 21:14:43.945 28698 28698 E ArmVmp : Match on catch block at 0xc3 in for 0x709e959025
02-29 21:14:43.948 28698 28698 E ArmVmp : Match on catch block at 0xc3 in for 0x709e959025
02-29 21:14:43.955 28698 28698 E ArmVmp : Match on catch block at 0xc3 in for 0x709e959025
02-29 21:14:43.959 28698 28698 E ArmVmp : Match on catch block at 0xc3 in for 0x709e959025
02-29 21:14:43.968 28698 28698 E ArmVmp : Match on catch block at 0xc3 in for 0x709e959025
02-29 21:14:43.973 28698 28698 E ArmVmp : Match on catch block at 0xc3 in for 0x709e959025
02-29 21:14:43.985 28698 28698 E ArmVmp : Match on catch block at 0xc3 in for 0x709e959025
02-29 21:14:43.991 28698 28698 E ArmVmp : Match on catch block at 0xc3 in for 0x709e959025
02-29 21:14:44.001 28698 28698 E ArmVmp : Match on catch block at 0xc3 in for 0x709e959025
02-29 21:14:44.006 28698 28698 E ArmVmp : Match on catch block at 0xc3 in for 0x709e959025
02-29 21:14:44.019 28698 28698 E ArmVmp : Match on catch block at 0xc3 in for 0x709e959025
02-29 21:14:44.024 28698 28698 E ArmVmp : Match on catch block at 0xc3 in for 0x709e959025
02-29 21:14:44.103 28698 28698 E ArmVmp : Match on catch block at 0xc3 in for 0x709e959025
02-29 21:14:44.107 28698 28698 E ArmVmp : Match on catch block at 0xc3 in for 0x709e959025
02-29 21:14:44.114 28698 11073 W MediaPlayer: Use of stream types is deprecated for operations other than volume control
02-29 21:14:44.114 28698 11073 W MediaPlayer: See the documentation of setAudioStreamType() for what to use instead with android.media.AudioAttributes to qualify your playback use case
02-29 21:14:44.117 28698 28698 E ArmVmp : Match on catch block at 0xc3 in for 0x709e959025
02-29 21:14:44.121 28698 28698 E ArmVmp : Match on catch block at 0xc3 in for 0x709e959025
02-29 21:14:44.216 28698 28698 W AidlConversion: aidl2legacy_AudioChannelLayout_audio_channel_mask_t: no legacy output audio_channel_mask_t found for AudioChannelLayout{layoutMask: 16}
02-29 21:14:44.334 28698 28698 E ArmVmp : Match on catch block at 0xc3 in for 0x709e959025
02-29 21:14:44.340 28698 28698 E ArmVmp : Match on catch block at 0xc3 in for 0x709e959025
02-29 21:14:44.790 28698 28698 E ArmVmp : Match on catch block at 0xc3 in for 0x709e959025
02-29 21:14:44.794 28698 28698 E ArmVmp : Match on catch block at 0xc3 in for 0x709e959025
02-29 21:14:44.810 28698 28698 E ArmVmp : Match on catch block at 0xc3 in for 0x709e959025
02-29 21:14:44.813 28698 28698 E ArmVmp : Match on catch block at 0xc3 in for 0x709e959025
02-29 21:14:44.834 28698 28698 E ArmVmp : Match on catch block at 0xc3 in for 0x709e959025
02-29 21:14:44.840 28698 28698 E ArmVmp : Match on catch block at 0xc3 in for 0x709e959025
02-29 21:14:45.003 28698 28698 E ArmVmp : Match on catch block at 0xc3 in for 0x709e959025
02-29 21:14:45.008 28698 28698 E ArmVmp : Match on catch block at 0xc3 in for 0x709e959025
02-29 21:14:45.024 28698 28698 E ArmVmp : Match on catch block at 0xc3 in for 0x709e959025
02-29 21:14:45.028 28698 28698 E ArmVmp : Match on catch block at 0xc3 in for 0x709e959025
02-29 21:14:45.074 28698 28698 E ArmVmp : Match on catch block at 0xc3 in for 0x709e959025
02-29 21:14:45.079 28698 28698 E ArmVmp : Match on catch block at 0xc3 in for 0x709e959025
02-29 21:14:45.151 28698 28698 E ArmVmp : Match on catch block at 0xc3 in for 0x709e959025
02-29 21:14:45.154 28698 28698 E ArmVmp : Match on catch block at 0xc3 in for 0x709e959025
02-29 21:14:45.354 28698 28698 E ArmVmp : Match on catch block at 0xc3 in for 0x709e959025
02-29 21:14:45.361 28698 28698 E ArmVmp : Match on catch block at 0xc3 in for 0x709e959025
02-29 21:14:45.445 28698 28698 E ArmVmp : Match on catch block at 0xc3 in for 0x709e959025
02-29 21:14:45.463 28698 28698 E ArmVmp : Match on catch block at 0xc3 in for 0x709e959025
02-29 21:14:45.480 28698 28698 E ArmVmp : Match on catch block at 0xc3 in for 0x709e959025
02-29 21:14:45.483 28698 28698 E ArmVmp : Match on catch block at 0xc3 in for 0x709e959025
02-29 21:14:45.875 28698 28698 E ArmVmp : Match on catch block at 0xc3 in for 0x709e959025
02-29 21:14:45.880 28698 28698 E ArmVmp : Match on catch block at 0xc3 in for 0x709e959025
02-29 21:14:48.564 28698 28698 E ArmVmp : Match on catch block at 0x38 in for 0x709e95902d
02-29 21:14:48.564 28698 28698 W System.err: java.lang.NumberFormatException: For input string: ""
02-29 21:14:48.573 28698 28698 W System.err: at java.lang.Integer.parseInt(Integer.java:807)
02-29 21:14:48.573 28698 28698 W System.err: at java.lang.Integer.parseInt(Integer.java:915)
02-29 21:14:48.573 28698 28698 W System.err: at mbmodsd.mbmodsw.home.HomeActivity.mbcRe(Native Method)
02-29 21:14:48.573 28698 28698 W System.err: at com.mbwhatsapp.HomeActivity.onPause(Unknown Source:9)
02-29 21:14:48.573 28698 28698 W System.err: at android.app.Activity.performPause(Activity.java:8505)
02-29 21:14:48.574 28698 28698 W System.err: at android.app.Instrumentation.callActivityOnPause(Instrumentation.java:1585)
02-29 21:14:48.574 28698 28698 W System.err: at android.app.ActivityThread.performPauseActivityIfNeeded(ActivityThread.java:5182)
02-29 21:14:48.574 28698 28698 W System.err: at android.app.ActivityThread.performPauseActivity(ActivityThread.java:5143)
02-29 21:14:48.574 28698 28698 W System.err: at android.app.ActivityThread.handlePauseActivity(ActivityThread.java:5095)
02-29 21:14:48.574 28698 28698 W System.err: at android.app.servertransaction.PauseActivityItem.execute(PauseActivityItem.java:47)
02-29 21:14:48.574 28698 28698 W System.err: at android.app.servertransaction.ActivityTransactionItem.execute(ActivityTransactionIt em.java:45)
02-29 21:14:48.574 28698 28698 W System.err: at android.app.servertransaction.TransactionExecutor.executeLifecycleState(Transaction Executor.java:178)
02-29 21:14:48.574 28698 28698 W System.err: at android.app.servertransaction.TransactionExecutor.execute(TransactionExecutor.java: 99)
02-29 21:14:48.574 28698 28698 W System.err: at android.app.ActivityThread$H.handleMessage(ActivityThread.java:2393)
02-29 21:14:48.574 28698 28698 W System.err: at android.os.Handler.dispatchMessage(Handler.java:106)
02-29 21:14:48.574 28698 28698 W System.err: at android.os.Looper.loopOnce(Looper.java:201)
02-29 21:14:48.574 28698 28698 W System.err: at android.os.Looper.loop(Looper.java:288)
02-29 21:14:48.574 28698 28698 W System.err: at android.app.ActivityThread.main(ActivityThread.java:8061)
02-29 21:14:48.574 28698 28698 W System.err: at java.lang.reflect.Method.invoke(Native Method)
02-29 21:14:48.575 28698 28698 W System.err: at com.android.internal.os.RuntimeInit$MethodAndArgsCaller.run(RuntimeInit.java:703)
02-29 21:14:48.575 28698 28698 W System.err: at com.android.internal.os.ZygoteInit.main(ZygoteInit.java:911)
02-29 21:15:41.490 28698 28698 E ArmVmp : Match on catch block at 0x0a in for 0x709e959035
02-29 21:15:41.495 28698 28698 E ArmVmp : Match on catch block at 0x0a in for 0x709e959035
02-29 21:15:41.742 28698 28698 E ArmVmp : Match on catch block at 0xc3 in for 0x709e959021
02-29 21:15:41.749 28698 28698 E ArmVmp : Match on catch block at 0xc3 in for 0x709e959021
02-29 21:15:41.783 28698 3583 W Parcel : Expecting binder but got null!
02-29 21:15:41.838 28698 28698 E ArmVmp : Match on catch block at 0xc3 in for 0x709e959025
02-29 21:15:41.846 28698 28698 E ArmVmp : Match on catch block at 0xc3 in for 0x709e959025
02-29 21:15:41.876 28698 28698 E ArmVmp : Match on catch block at 0xc3 in for 0x709e959025
02-29 21:15:41.880 28698 28698 E ArmVmp : Match on catch block at 0xc3 in for 0x709e959025
02-29 21:15:41.903 28698 28698 E ArmVmp : Match on catch block at 0xc3 in for 0x709e959025
02-29 21:15:41.908 28698 28698 E ArmVmp : Match on catch block at 0xc3 in for 0x709e959025
02-29 21:15:41.923 28698 28698 E ArmVmp : Match on catch block at 0xc3 in for 0x709e959025
02-29 21:15:41.929 28698 28698 E ArmVmp : Match on catch block at 0xc3 in for 0x709e959025
02-29 21:15:41.939 28698 28698 E ArmVmp : Match on catch block at 0xc3 in for 0x709e959025
02-29 21:15:41.943 28698 28698 E ArmVmp : Match on catch block at 0xc3 in for 0x709e959025
02-29 21:15:41.976 28698 28698 E ArmVmp : Match on catch block at 0xc3 in for 0x709e959025
02-29 21:15:41.982 28698 28698 E ArmVmp : Match on catch block at 0xc3 in for 0x709e959025
02-29 21:15:42.002 28698 28698 E ArmVmp : Match on catch block at 0xc3 in for 0x709e959025
02-29 21:15:42.006 28698 28698 E ArmVmp : Match on catch block at 0xc3 in for 0x709e959025
02-29 21:15:42.018 28698 28698 E ArmVmp : Match on catch block at 0xc3 in for 0x709e959025
02-29 21:15:42.023 28698 28698 E ArmVmp : Match on catch block at 0xc3 in for 0x709e959025
02-29 21:15:42.029 28698 28698 E ArmVmp : Match on catch block at 0xc3 in for 0x709e959025
02-29 21:15:42.035 28698 28698 E ArmVmp : Match on catch block at 0xc3 in for 0x709e959025
02-29 21:15:42.045 28698 28698 E ArmVmp : Match on catch block at 0xc3 in for 0x709e959025
02-29 21:15:42.051 28698 28698 E ArmVmp : Match on catch block at 0xc3 in for 0x709e959025
02-29 21:15:42.062 28698 28698 E ArmVmp : Match on catch block at 0xc3 in for 0x709e959025
02-29 21:15:42.066 28698 28698 E ArmVmp : Match on catch block at 0xc3 in for 0x709e959025
02-29 21:15:42.076 28698 28698 E ArmVmp : Match on catch block at 0xc3 in for 0x709e959025
02-29 21:15:42.080 28698 28698 E ArmVmp : Match on catch block at 0xc3 in for 0x709e959025
02-29 21:15:42.093 28698 28698 E ArmVmp : Match on catch block at 0xc3 in for 0x709e959025
02-29 21:15:42.096 28698 28698 E ArmVmp : Match on catch block at 0xc3 in for 0x709e959025
02-29 21:15:42.109 28698 28698 E ArmVmp : Match on catch block at 0xc3 in for 0x709e959025
02-29 21:15:42.113 28698 28698 E ArmVmp : Match on catch block at 0xc3 in for 0x709e959025
02-29 21:15:42.126 28698 28698 E ArmVmp : Match on catch block at 0xc3 in for 0x709e959025
02-29 21:15:42.131 28698 28698 E ArmVmp : Match on catch block at 0xc3 in for 0x709e959025
02-29 21:15:42.143 28698 28698 E ArmVmp : Match on catch block at 0xc3 in for 0x709e959025
02-29 21:15:42.146 28698 28698 E ArmVmp : Match on catch block at 0xc3 in for 0x709e959025
02-29 21:15:42.159 28698 28698 E ArmVmp : Match on catch block at 0xc3 in for 0x709e959025
02-29 21:15:42.163 28698 28698 E ArmVmp : Match on catch block at 0xc3 in for 0x709e959025
02-29 21:15:42.176 28698 28698 E ArmVmp : Match on catch block at 0xc3 in for 0x709e959025
02-29 21:15:42.179 28698 28698 E ArmVmp : Match on catch block at 0xc3 in for 0x709e959025
02-29 21:15:42.193 28698 28698 E ArmVmp : Match on catch block at 0xc3 in for 0x709e959025
02-29 21:15:42.196 28698 28698 E ArmVmp : Match on catch block at 0xc3 in for 0x709e959025
02-29 21:15:42.345 28698 28698 E ArmVmp : Match on catch block at 0xc3 in for 0x709e959025
02-29 21:15:42.350 28698 28698 E ArmVmp : Match on catch block at 0xc3 in for 0x709e959025
02-29 21:15:42.361 28698 28698 E ArmVmp : Match on catch block at 0xc3 in for 0x709e959025
02-29 21:15:42.366 28698 28698 E ArmVmp : Match on catch block at 0xc3 in for 0x709e959025
02-29 21:15:42.377 28698 28698 E ArmVmp : Match on catch block at 0xc3 in for 0x709e959025
02-29 21:15:42.383 28698 28698 E ArmVmp : Match on catch block at 0xc3 in for 0x709e959025
02-29 21:15:42.393 28698 28698 E ArmVmp : Match on catch block at 0xc3 in for 0x709e959025
02-29 21:15:42.399 28698 28698 E ArmVmp : Match on catch block at 0xc3 in for 0x709e959025
02-29 21:15:42.410 28698 28698 E ArmVmp : Match on catch block at 0xc3 in for 0x709e959025
02-29 21:15:42.415 28698 28698 E ArmVmp : Match on catch block at 0xc3 in for 0x709e959025
02-29 21:15:42.427 28698 28698 E ArmVmp : Match on catch block at 0xc3 in for 0x709e959025
02-29 21:15:42.432 28698 28698 E ArmVmp : Match on catch block at 0xc3 in for 0x709e959025
02-29 21:15:42.443 28698 28698 E ArmVmp : Match on catch block at 0xc3 in for 0x709e959025
02-29 21:15:42.449 28698 28698 E ArmVmp : Match on catch block at 0xc3 in for 0x709e959025
02-29 21:15:42.460 28698 28698 E ArmVmp : Match on catch block at 0xc3 in for 0x709e959025
02-29 21:15:42.464 28698 28698 E ArmVmp : Match on catch block at 0xc3 in for 0x709e959025
02-29 21:15:42.477 28698 28698 E ArmVmp : Match on catch block at 0xc3 in for 0x709e959025
02-29 21:15:42.481 28698 28698 E ArmVmp : Match on catch block at 0xc3 in for 0x709e959025
02-29 21:15:42.494 28698 28698 E ArmVmp : Match on catch block at 0xc3 in for 0x709e959025
02-29 21:15:42.498 28698 28698 E ArmVmp : Match on catch block at 0xc3 in for 0x709e959025
02-29 21:15:42.511 28698 28698 E ArmVmp : Match on catch block at 0xc3 in for 0x709e959025
02-29 21:15:42.517 28698 28698 E ArmVmp : Match on catch block at 0xc3 in for 0x709e959025
02-29 21:15:42.527 28698 28698 E ArmVmp : Match on catch block at 0xc3 in for 0x709e959025
02-29 21:15:42.532 28698 28698 E ArmVmp : Match on catch block at 0xc3 in for 0x709e959025
02-29 21:15:42.543 28698 28698 E ArmVmp : Match on catch block at 0xc3 in for 0x709e959025
02-29 21:15:42.547 28698 28698 E ArmVmp : Match on catch block at 0xc3 in for 0x709e959025
02-29 21:15:42.560 28698 28698 E ArmVmp : Match on catch block at 0xc3 in for 0x709e959025
02-29 21:15:42.564 28698 28698 E ArmVmp : Match on catch block at 0xc3 in for 0x709e959025
02-29 21:15:42.577 28698 28698 E ArmVmp : Match on catch block at 0xc3 in for 0x709e959025
02-29 21:15:42.581 28698 28698 E ArmVmp : Match on catch block at 0xc3 in for 0x709e959025
02-29 21:15:42.593 28698 28698 E ArmVmp : Match on catch block at 0xc3 in for 0x709e959025
02-29 21:15:42.597 28698 28698 E ArmVmp : Match on catch block at 0xc3 in for 0x709e959025
02-29 21:15:42.610 28698 28698 E ArmVmp : Match on catch block at 0xc3 in for 0x709e959025
02-29 21:15:42.616 28698 28698 E ArmVmp : Match on catch block at 0xc3 in for 0x709e959025
02-29 21:15:42.627 28698 28698 E ArmVmp : Match on catch block at 0xc3 in for 0x709e959025
02-29 21:15:42.632 28698 28698 E ArmVmp : Match on catch block at 0xc3 in for 0x709e959025
02-29 21:15:42.643 28698 28698 E ArmVmp : Match on catch block at 0xc3 in for 0x709e959025
02-29 21:15:42.648 28698 28698 E ArmVmp : Match on catch block at 0xc3 in for 0x709e959025
02-29 21:15:42.978 28698 28698 E ArmVmp : Match on catch block at 0xc3 in for 0x709e959025
02-29 21:15:42.983 28698 28698 E ArmVmp : Match on catch block at 0xc3 in for 0x709e959025
02-29 21:15:43.249 28698 28698 E ArmVmp : Match on catch block at 0xc3 in for 0x709e959025
02-29 21:15:43.253 28698 28698 E ArmVmp : Match on catch block at 0xc3 in for 0x709e959025
02-29 21:15:43.280 28698 3583 E FrameEvents: updateAcquireFence: Did not find frame.
02-29 21:15:43.406 28698 28698 E ArmVmp : Match on catch block at 0xc3 in for 0x709e959025
02-29 21:15:43.419 28698 28698 E ArmVmp : Match on catch block at 0xc3 in for 0x709e959025
02-29 21:15:43.453 28698 3583 W Parcel : Expecting binder but got null!
02-29 21:15:43.455 28698 28698 E ArmVmp : Match on catch block at 0xc3 in for 0x709e959025
02-29 21:15:43.458 28698 28698 E ArmVmp : Match on catch block at 0xc3 in for 0x709e959025
02-29 21:15:43.467 28698 28698 E ArmVmp : Match on catch block at 0xc3 in for 0x709e959025
02-29 21:15:43.476 28698 28698 E ArmVmp : Match on catch block at 0xc3 in for 0x709e959025
02-29 21:15:43.488 28698 28698 E ArmVmp : Match on catch block at 0xc3 in for 0x709e959025
02-29 21:15:43.494 28698 28698 E ArmVmp : Match on catch block at 0xc3 in for 0x709e959025
02-29 21:15:43.521 28698 28698 E ArmVmp : Match on catch block at 0xc3 in for 0x709e959025
02-29 21:15:43.527 28698 28698 E ArmVmp : Match on catch block at 0xc3 in for 0x709e959025
02-29 21:15:43.539 28698 28698 E ArmVmp : Match on catch block at 0xc3 in for 0x709e959025
02-29 21:15:43.543 28698 28698 E ArmVmp : Match on catch block at 0xc3 in for 0x709e959025
02-29 21:15:43.551 28698 28698 E ArmVmp : Match on catch block at 0xc3 in for 0x709e959025
02-29 21:15:43.555 28698 28698 E ArmVmp : Match on catch block at 0xc3 in for 0x709e959025
02-29 21:15:43.563 28698 28698 E ArmVmp : Match on catch block at 0xc3 in for 0x709e959025
02-29 21:15:43.567 28698 28698 E ArmVmp : Match on catch block at 0xc3 in for 0x709e959025
02-29 21:15:43.577 28698 28698 E ArmVmp : Match on catch block at 0xc3 in for 0x709e959025
02-29 21:15:43.582 28698 28698 E ArmVmp : Match on catch block at 0xc3 in for 0x709e959025
02-29 21:15:43.593 28698 28698 E ArmVmp : Match on catch block at 0xc3 in for 0x709e959025
02-29 21:15:43.597 28698 28698 E ArmVmp : Match on catch block at 0xc3 in for 0x709e959025
02-29 21:15:43.610 28698 28698 E ArmVmp : Match on catch block at 0xc3 in for 0x709e959025
02-29 21:15:43.614 28698 28698 E ArmVmp : Match on catch block at 0xc3 in for 0x709e959025
02-29 21:15:43.627 28698 28698 E ArmVmp : Match on catch block at 0xc3 in for 0x709e959025
02-29 21:15:43.632 28698 28698 E ArmVmp : Match on catch block at 0xc3 in for 0x709e959025
02-29 21:15:43.643 28698 28698 E ArmVmp : Match on catch block at 0xc3 in for 0x709e959025
02-29 21:15:43.647 28698 28698 E ArmVmp : Match on catch block at 0xc3 in for 0x709e959025
02-29 21:15:43.660 28698 28698 E ArmVmp : Match on catch block at 0xc3 in for 0x709e959025
02-29 21:15:43.663 28698 28698 E ArmVmp : Match on catch block at 0xc3 in for 0x709e959025
02-29 21:15:43.676 28698 28698 E ArmVmp : Match on catch block at 0xc3 in for 0x709e959025
02-29 21:15:43.680 28698 28698 E ArmVmp : Match on catch block at 0xc3 in for 0x709e959025
02-29 21:15:43.693 28698 28698 E ArmVmp : Match on catch block at 0xc3 in for 0x709e959025
02-29 21:15:43.697 28698 28698 E ArmVmp : Match on catch block at 0xc3 in for 0x709e959025
02-29 21:15:43.710 28698 28698 E ArmVmp : Match on catch block at 0xc3 in for 0x709e959025
02-29 21:15:43.715 28698 28698 E ArmVmp : Match on catch block at 0xc3 in for 0x709e959025
02-29 21:15:43.727 28698 28698 E ArmVmp : Match on catch block at 0xc3 in for 0x709e959025
02-29 21:15:43.732 28698 28698 E ArmVmp : Match on catch block at 0xc3 in for 0x709e959025
02-29 21:15:43.743 28698 28698 E ArmVmp : Match on catch block at 0xc3 in for 0x709e959025
02-29 21:15:43.748 28698 28698 E ArmVmp : Match on catch block at 0xc3 in for 0x709e959025
02-29 21:15:43.760 28698 28698 E ArmVmp : Match on catch block at 0xc3 in for 0x709e959025
02-29 21:15:43.765 28698 28698 E ArmVmp : Match on catch block at 0xc3 in for 0x709e959025
02-29 21:15:46.963 28698 28698 E ArmVmp : Match on catch block at 0xc3 in for 0x709e959025
02-29 21:15:46.968 28698 28698 E ArmVmp : Match on catch block at 0xc3 in for 0x709e959025
02-29 21:15:46.979 28698 28698 E ArmVmp : Match on catch block at 0xc3 in for 0x709e959025
02-29 21:15:46.985 28698 28698 E ArmVmp : Match on catch block at 0xc3 in for 0x709e959025
02-29 21:15:47.319 28698 28698 E ArmVmp : Match on catch block at 0xc3 in for 0x709e959025
02-29 21:15:47.325 28698 28698 E ArmVmp : Match on catch block at 0xc3 in for 0x709e959025
02-29 21:15:47.373 28698 28698 E ArmVmp : Match on catch block at 0xc3 in for 0x709e959025
02-29 21:15:47.378 28698 28698 E ArmVmp : Match on catch block at 0xc3 in for 0x709e959025
02-29 21:15:47.401 28698 28698 E ArmVmp : Match on catch block at 0xc3 in for 0x709e959025
02-29 21:15:47.404 28698 28698 E ArmVmp : Match on catch block at 0xc3 in for 0x709e959025
02-29 21:15:47.410 28698 28698 E ArmVmp : Match on catch block at 0xc3 in for 0x709e959025
02-29 21:15:47.414 28698 28698 E ArmVmp : Match on catch block at 0xc3 in for 0x709e959025
02-29 21:15:47.428 28698 28698 E ArmVmp : Match on catch block at 0xc3 in for 0x709e959025
02-29 21:15:47.433 28698 28698 E ArmVmp : Match on catch block at 0xc3 in for 0x709e959025
02-29 21:15:47.444 28698 28698 E ArmVmp : Match on catch block at 0xc3 in for 0x709e959025
02-29 21:15:47.448 28698 28698 E ArmVmp : Match on catch block at 0xc3 in for 0x709e959025
02-29 21:15:47.461 28698 28698 E ArmVmp : Match on catch block at 0xc3 in for 0x709e959025
02-29 21:15:47.466 28698 28698 E ArmVmp : Match on catch block at 0xc3 in for 0x709e959025
02-29 21:15:47.478 28698 28698 E ArmVmp : Match on catch block at 0xc3 in for 0x709e959025
02-29 21:15:47.483 28698 28698 E ArmVmp : Match on catch block at 0xc3 in for 0x709e959025
02-29 21:15:47.494 28698 28698 E ArmVmp : Match on catch block at 0xc3 in for 0x709e959025
02-29 21:15:47.499 28698 28698 E ArmVmp : Match on catch block at 0xc3 in for 0x709e959025
02-29 21:15:47.894 28698 28698 E ArmVmp : Match on catch block at 0xc3 in for 0x709e959025
02-29 21:15:47.899 28698 28698 E ArmVmp : Match on catch block at 0xc3 in for 0x709e959025
02-29 21:15:48.395 28698 28698 E ArmVmp : Match on catch block at 0xc3 in for 0x709e959025
02-29 21:15:48.399 28698 28698 E ArmVmp : Match on catch block at 0xc3 in for 0x709e959025
02-29 21:15:48.895 28698 28698 E ArmVmp : Match on catch block at 0xc3 in for 0x709e959025
02-29 21:15:48.901 28698 28698 E ArmVmp : Match on catch block at 0xc3 in for 0x709e959025
02-29 21:15:48.981 28698 28698 E ArmVmp : Match on catch block at 0xc3 in for 0x709e959025
02-29 21:15:48.986 28698 28698 E ArmVmp : Match on catch block at 0xc3 in for 0x709e959025
02-29 21:15:48.995 28698 28698 E ArmVmp : Match on catch block at 0xc3 in for 0x709e959025
02-29 21:15:49.001 28698 28698 E ArmVmp : Match on catch block at 0xc3 in for 0x709e959025
02-29 21:15:49.012 28698 28698 E ArmVmp : Match on catch block at 0xc3 in for 0x709e959025
02-29 21:15:49.017 28698 28698 E ArmVmp : Match on catch block at 0xc3 in for 0x709e959025
02-29 21:15:49.029 28698 28698 E ArmVmp : Match on catch block at 0xc3 in for 0x709e959025
02-29 21:15:49.033 28698 28698 E ArmVmp : Match on catch block at 0xc3 in for 0x709e959025
02-29 21:15:49.046 28698 28698 E ArmVmp : Match on catch block at 0xc3 in for 0x709e959025
02-29 21:15:49.051 28698 28698 E ArmVmp : Match on catch block at 0xc3 in for 0x709e959025
02-29 21:15:49.062 28698 28698 E ArmVmp : Match on catch block at 0xc3 in for 0x709e959025
02-29 21:15:49.067 28698 28698 E ArmVmp : Match on catch block at 0xc3 in for 0x709e959025
02-29 21:15:49.078 28698 28698 E ArmVmp : Match on catch block at 0xc3 in for 0x709e959025
02-29 21:15:49.083 28698 28698 E ArmVmp : Match on catch block at 0xc3 in for 0x709e959025
02-29 21:15:49.111 28698 28698 E ArmVmp : Match on catch block at 0xc3 in for 0x709e959025
02-29 21:15:49.114 28698 28698 E ArmVmp : Match on catch block at 0xc3 in for 0x709e959025
02-29 21:15:49.129 28698 3583 E FrameEvents: updateAcquireFence: Did not find frame.
02-29 21:15:49.133 28698 3583 E FrameEvents: updateAcquireFence: Did not find frame.
02-29 21:15:49.137 28698 3583 E FrameEvents: updateAcquireFence: Did not find frame.
02-29 21:15:49.153 28698 28698 E ArmVmp : Match on catch block at 0xc3 in for 0x709e959025
02-29 21:15:49.157 28698 28698 E ArmVmp : Match on catch block at 0xc3 in for 0x709e959025
02-29 21:15:49.207 28698 28698 E ArmVmp : Match on catch block at 0xc3 in for 0x709e959025
02-29 21:15:49.211 28698 28698 E ArmVmp : Match on catch block at 0xc3 in for 0x709e959025
02-29 21:15:49.240 28698 28698 E ArmVmp : Match on catch block at 0xc3 in for 0x709e959025
02-29 21:15:49.244 28698 28698 E ArmVmp : Match on catch block at 0xc3 in for 0x709e959025
02-29 21:15:49.269 28698 28698 E ArmVmp : Match on catch block at 0xc3 in for 0x709e959025
02-29 21:15:49.272 28698 28698 E ArmVmp : Match on catch block at 0xc3 in for 0x709e959025
02-29 21:15:49.296 28698 3583 W Parcel : Expecting binder but got null!
02-29 21:15:49.298 28698 28698 E ArmVmp : Match on catch block at 0xc3 in for 0x709e959025
02-29 21:15:49.301 28698 28698 E ArmVmp : Match on catch block at 0xc3 in for 0x709e959025
02-29 21:15:49.309 28698 28698 E ArmVmp : Match on catch block at 0xc3 in for 0x709e959025
02-29 21:15:49.314 28698 28698 E ArmVmp : Match on catch block at 0xc3 in for 0x709e959025
02-29 21:15:49.319 28698 28698 E ArmVmp : Match on catch block at 0xc3 in for 0x709e959025
02-29 21:15:49.323 28698 28698 E ArmVmp : Match on catch block at 0xc3 in for 0x709e959025
02-29 21:15:49.337 28698 28698 E ArmVmp : Match on catch block at 0xc3 in for 0x709e959025
02-29 21:15:49.340 28698 28698 E ArmVmp : Match on catch block at 0xc3 in for 0x709e959025
02-29 21:15:49.356 28698 28698 E ArmVmp : Match on catch block at 0xc3 in for 0x709e959025
02-29 21:15:49.359 28698 28698 E ArmVmp : Match on catch block at 0xc3 in for 0x709e959025
02-29 21:16:12.699 28698 28698 E ArmVmp : Match on catch block at 0xc3 in for 0x709e959025
02-29 21:16:12.705 28698 28698 E ArmVmp : Match on catch block at 0xc3 in for 0x709e959025
02-29 21:16:12.716 28698 28698 E ArmVmp : Match on catch block at 0xc3 in for 0x709e959025
02-29 21:16:12.722 28698 28698 E ArmVmp : Match on catch block at 0xc3 in for 0x709e959025
02-29 21:16:13.024 28698 28698 E ArmVmp : Match on catch block at 0xc3 in for 0x709e959025
02-29 21:16:13.029 28698 28698 E ArmVmp : Match on catch block at 0xc3 in for 0x709e959025
02-29 21:16:13.037 28698 28698 E ArmVmp : Match on catch block at 0xc3 in for 0x709e959025
02-29 21:16:13.044 28698 28698 E ArmVmp : Match on catch block at 0xc3 in for 0x709e959025
02-29 21:16:13.119 28698 28698 E ArmVmp : Match on catch block at 0xc3 in for 0x709e959025
02-29 21:16:13.125 28698 28698 E ArmVmp : Match on catch block at 0xc3 in for 0x709e959025
02-29 21:16:13.156 28698 28698 E ArmVmp : Match on catch block at 0xc3 in for 0x709e959025
02-29 21:16:13.162 28698 28698 E ArmVmp : Match on catch block at 0xc3 in for 0x709e959025
02-29 21:16:13.190 28698 28698 E ArmVmp : Match on catch block at 0xc3 in for 0x709e959025
02-29 21:16:13.195 28698 28698 E ArmVmp : Match on catch block at 0xc3 in for 0x709e959025
02-29 21:16:13.215 28698 28698 E ArmVmp : Match on catch block at 0xc3 in for 0x709e959025
02-29 21:16:13.221 28698 28698 E ArmVmp : Match on catch block at 0xc3 in for 0x709e959025
02-29 21:16:13.232 28698 28698 E ArmVmp : Match on catch block at 0xc3 in for 0x709e959025
02-29 21:16:13.238 28698 28698 E ArmVmp : Match on catch block at 0xc3 in for 0x709e959025
02-29 21:16:13.248 28698 28698 E ArmVmp : Match on catch block at 0xc3 in for 0x709e959025
02-29 21:16:13.253 28698 28698 E ArmVmp : Match on catch block at 0xc3 in for 0x709e959025
02-29 21:16:13.265 28698 28698 E ArmVmp : Match on catch block at 0xc3 in for 0x709e959025
02-29 21:16:13.272 28698 28698 E ArmVmp : Match on catch block at 0xc3 in for 0x709e959025
02-29 21:16:13.281 28698 28698 E ArmVmp : Match on catch block at 0xc3 in for 0x709e959025
02-29 21:16:13.286 28698 28698 E ArmVmp : Match on catch block at 0xc3 in for 0x709e959025
02-29 21:16:13.299 28698 28698 E ArmVmp : Match on catch block at 0xc3 in for 0x709e959025
02-29 21:16:13.304 28698 28698 E ArmVmp : Match on catch block at 0xc3 in for 0x709e959025
02-29 21:16:13.493 28698 28698 E ArmVmp : Match on catch block at 0xc3 in for 0x709e959025
02-29 21:16:13.497 28698 28698 E ArmVmp : Match on catch block at 0xc3 in for 0x709e959025
02-29 21:16:13.505 28698 28698 W OnBackInvokedCallback: OnBackInvokedCallback is not enabled for the application.
02-29 21:16:13.505 28698 28698 W OnBackInvokedCallback: Set 'android:enableOnBackInvokedCallback="true"' in the application manifest.
02-29 21:16:13.507 28698 28698 E ArmVmp : Match on catch block at 0xc3 in for 0x709e959025
02-29 21:16:13.514 28698 28698 E ArmVmp : Match on catch block at 0xc3 in for 0x709e959025
02-29 21:16:13.542 28698 28698 E ArmVmp : Match on catch block at 0xc3 in for 0x709e959025
02-29 21:16:13.546 28698 28698 E ArmVmp : Match on catch block at 0xc3 in for 0x709e959025
02-29 21:16:13.555 28698 28698 E ArmVmp : Match on catch block at 0xc3 in for 0x709e959025
02-29 21:16:13.558 28698 28698 E ArmVmp : Match on catch block at 0xc3 in for 0x709e959025
02-29 21:16:13.682 28698 28698 E ArmVmp : Match on catch block at 0xc3 in for 0x709e959025
02-29 21:16:13.687 28698 28698 E ArmVmp : Match on catch block at 0xc3 in for 0x709e959025
02-29 21:16:14.182 28698 28698 E ArmVmp : Match on catch block at 0xc3 in for 0x709e959025
02-29 21:16:14.186 28698 28698 E ArmVmp : Match on catch block at 0xc3 in for 0x709e959025
02-29 21:16:14.389 28698 28698 E ArmVmp : Match on catch block at 0xc3 in for 0x709e959025
02-29 21:16:14.392 28698 28698 E ArmVmp : Match on catch block at 0xc3 in for 0x709e959025
02-29 21:16:14.407 28698 28698 E ArmVmp : Match on catch block at 0xc3 in for 0x709e959025
02-29 21:16:14.411 28698 28698 E ArmVmp : Match on catch block at 0xc3 in for 0x709e959025
02-29 21:16:14.416 28698 28698 E ArmVmp : Match on catch block at 0xc3 in for 0x709e959025
02-29 21:16:14.419 28698 28698 E ArmVmp : Match on catch block at 0xc3 in for 0x709e959025
02-29 21:16:14.432 28698 28698 E ArmVmp : Match on catch block at 0xc3 in for 0x709e959025
02-29 21:16:14.438 28698 28698 E ArmVmp : Match on catch block at 0xc3 in for 0x709e959025
02-29 21:16:14.450 28698 28698 E ArmVmp : Match on catch block at 0xc3 in for 0x709e959025
02-29 21:16:14.454 28698 28698 E ArmVmp : Match on catch block at 0xc3 in for 0x709e959025
02-29 21:16:14.466 28698 28698 E ArmVmp : Match on catch block at 0xc3 in for 0x709e959025
02-29 21:16:14.470 28698 28698 E ArmVmp : Match on catch block at 0xc3 in for 0x709e959025
02-29 21:16:14.482 28698 28698 E ArmVmp : Match on catch block at 0xc3 in for 0x709e959025
02-29 21:16:14.487 28698 28698 E ArmVmp : Match on catch block at 0xc3 in for 0x709e959025
02-29 21:16:14.501 28698 28698 E ArmVmp : Match on catch block at 0xc3 in for 0x709e959025
02-29 21:16:14.505 28698 28698 E ArmVmp : Match on catch block at 0xc3 in for 0x709e959025
02-29 21:16:14.515 28698 28698 E ArmVmp : Match on catch block at 0xc3 in for 0x709e959025
02-29 21:16:14.520 28698 28698 E ArmVmp : Match on catch block at 0xc3 in for 0x709e959025
02-29 21:16:14.532 28698 28698 E ArmVmp : Match on catch block at 0xc3 in for 0x709e959025
02-29 21:16:14.537 28698 28698 E ArmVmp : Match on catch block at 0xc3 in for 0x709e959025
02-29 21:16:14.549 28698 28698 E ArmVmp : Match on catch block at 0xc3 in for 0x709e959025
02-29 21:16:14.553 28698 28698 E ArmVmp : Match on catch block at 0xc3 in for 0x709e959025
02-29 21:16:14.565 28698 28698 E ArmVmp : Match on catch block at 0xc3 in for 0x709e959025
02-29 21:16:14.569 28698 28698 E ArmVmp : Match on catch block at 0xc3 in for 0x709e959025
02-29 21:16:14.582 28698 28698 E ArmVmp : Match on catch block at 0xc3 in for 0x709e959025
02-29 21:16:14.587 28698 28698 E ArmVmp : Match on catch block at 0xc3 in for 0x709e959025
02-29 21:16:14.815 28698 28698 E ArmVmp : Match on catch block at 0xc3 in for 0x709e959025
02-29 21:16:14.819 28698 28698 E ArmVmp : Match on catch block at 0xc3 in for 0x709e959025
02-29 21:16:15.067 28698 28698 E ArmVmp : Match on catch block at 0xc3 in for 0x709e959025
02-29 21:16:15.071 28698 28698 E ArmVmp : Match on catch block at 0xc3 in for 0x709e959025
02-29 21:16:15.093 28698 28698 E ArmVmp : Match on catch block at 0xc3 in for 0x709e959025
02-29 21:16:15.100 28698 28698 E ArmVmp : Match on catch block at 0xc3 in for 0x709e959025
02-29 21:16:15.137 28698 28698 E ArmVmp : Match on catch block at 0xc3 in for 0x709e959025
02-29 21:16:15.144 28698 28698 E ArmVmp : Match on catch block at 0xc3 in for 0x709e959025
02-29 21:16:15.166 28698 28698 E ArmVmp : Match on catch block at 0xc3 in for 0x709e959025
02-29 21:16:15.175 28698 28698 E ArmVmp : Match on catch block at 0xc3 in for 0x709e959025
02-29 21:16:15.193 28698 28698 E ArmVmp : Match on catch block at 0xc3 in for 0x709e959025
02-29 21:16:15.197 28698 28698 E ArmVmp : Match on catch block at 0xc3 in for 0x709e959025
02-29 21:16:15.215 28698 28698 E ArmVmp : Match on catch block at 0xc3 in for 0x709e959025
02-29 21:16:15.219 28698 28698 E ArmVmp : Match on catch block at 0xc3 in for 0x709e959025
02-29 21:16:15.234 28698 28698 E ArmVmp : Match on catch block at 0xc3 in for 0x709e959025
02-29 21:16:15.240 28698 28698 E ArmVmp : Match on catch block at 0xc3 in for 0x709e959025
02-29 21:16:15.249 28698 28698 E ArmVmp : Match on catch block at 0xc3 in for 0x709e959025
02-29 21:16:15.254 28698 28698 E ArmVmp : Match on catch block at 0xc3 in for 0x709e959025
02-29 21:16:15.266 28698 28698 E ArmVmp : Match on catch block at 0xc3 in for 0x709e959025
02-29 21:16:15.272 28698 28698 E ArmVmp : Match on catch block at 0xc3 in for 0x709e959025
02-29 21:16:15.283 28698 28698 E ArmVmp : Match on catch block at 0xc3 in for 0x709e959025
02-29 21:16:15.288 28698 28698 E ArmVmp : Match on catch block at 0xc3 in for 0x709e959025
02-29 21:16:15.485 28698 28698 E ArmVmp : Match on catch block at 0xc3 in for 0x709e959025
02-29 21:16:15.489 28698 28698 E ArmVmp : Match on catch block at 0xc3 in for 0x709e959025
02-29 21:16:15.500 28698 28698 E ArmVmp : Match on catch block at 0xc3 in for 0x709e959025
02-29 21:16:15.504 28698 28698 E ArmVmp : Match on catch block at 0xc3 in for 0x709e959025
02-29 21:16:15.599 28698 28698 E ArmVmp : Match on catch block at 0xc3 in for 0x709e959025
02-29 21:16:15.605 28698 28698 E ArmVmp : Match on catch block at 0xc3 in for 0x709e959025
02-29 21:16:16.099 28698 28698 E ArmVmp : Match on catch block at 0xc3 in for 0x709e959025
02-29 21:16:16.104 28698 28698 E ArmVmp : Match on catch block at 0xc3 in for 0x709e959025
02-29 21:16:16.600 28698 28698 E ArmVmp : Match on catch block at 0xc3 in for 0x709e959025
02-29 21:16:16.604 28698 28698 E ArmVmp : Match on catch block at 0xc3 in for 0x709e959025
02-29 21:16:16.751 28698 28698 E ArmVmp : Match on catch block at 0xc3 in for 0x709e959025
02-29 21:16:16.756 28698 28698 E ArmVmp : Match on catch block at 0xc3 in for 0x709e959025
02-29 21:16:16.773 28698 28698 E ArmVmp : Match on catch block at 0xc3 in for 0x709e959025
02-29 21:16:16.777 28698 28698 E ArmVmp : Match on catch block at 0xc3 in for 0x709e959025
02-29 21:16:16.783 28698 28698 E ArmVmp : Match on catch block at 0xc3 in for 0x709e959025
02-29 21:16:16.788 28698 28698 E ArmVmp : Match on catch block at 0xc3 in for 0x709e959025
02-29 21:16:16.799 28698 28698 E ArmVmp : Match on catch block at 0xc3 in for 0x709e959025
02-29 21:16:16.804 28698 28698 E ArmVmp : Match on catch block at 0xc3 in for 0x709e959025
02-29 21:16:16.816 28698 28698 E ArmVmp : Match on catch block at 0xc3 in for 0x709e959025
02-29 21:16:16.822 28698 28698 E ArmVmp : Match on catch block at 0xc3 in for 0x709e959025
02-29 21:16:16.833 28698 28698 E ArmVmp : Match on catch block at 0xc3 in for 0x709e959025
02-29 21:16:16.840 28698 28698 E ArmVmp : Match on catch block at 0xc3 in for 0x709e959025
02-29 21:16:16.850 28698 28698 E ArmVmp : Match on catch block at 0xc3 in for 0x709e959025
02-29 21:16:16.858 28698 28698 E ArmVmp : Match on catch block at 0xc3 in for 0x709e959025
02-29 21:16:16.868 28698 28698 E ArmVmp : Match on catch block at 0xc3 in for 0x709e959025
02-29 21:16:16.875 28698 28698 E ArmVmp : Match on catch block at 0xc3 in for 0x709e959025
02-29 21:16:16.883 28698 28698 E ArmVmp : Match on catch block at 0xc3 in for 0x709e959025
02-29 21:16:16.888 28698 28698 E ArmVmp : Match on catch block at 0xc3 in for 0x709e959025
02-29 21:16:16.899 28698 28698 E ArmVmp : Match on catch block at 0xc3 in for 0x709e959025
