02-29 17:05:57.125 22800 22800 E ArmVmp : Match on catch block at 0xc3 in for 0x709e959025
02-29 17:05:57.619 22800 22800 E ArmVmp : Match on catch block at 0xc3 in for 0x709e959025
02-29 17:05:57.624 22800 22800 E ArmVmp : Match on catch block at 0xc3 in for 0x709e959025
02-29 17:05:58.119 22800 22800 E ArmVmp : Match on catch block at 0xc3 in for 0x709e959025
02-29 17:05:58.125 22800 22800 E ArmVmp : Match on catch block at 0xc3 in for 0x709e959025
02-29 17:05:58.619 22800 22800 E ArmVmp : Match on catch block at 0xc3 in for 0x709e959025
02-29 17:05:58.624 22800 22800 E ArmVmp : Match on catch block at 0xc3 in for 0x709e959025
02-29 17:05:59.136 22800 22800 E ArmVmp : Match on catch block at 0xc3 in for 0x709e959025
02-29 17:05:59.141 22800 22800 E ArmVmp : Match on catch block at 0xc3 in for 0x709e959025
02-29 17:05:59.636 22800 22800 E ArmVmp : Match on catch block at 0xc3 in for 0x709e959025
02-29 17:05:59.643 22800 22800 E ArmVmp : Match on catch block at 0xc3 in for 0x709e959025
02-29 17:06:00.135 22800 22800 E ArmVmp : Match on catch block at 0xc3 in for 0x709e959025
02-29 17:06:00.141 22800 22800 E ArmVmp : Match on catch block at 0xc3 in for 0x709e959025
02-29 17:06:00.636 22800 22800 E ArmVmp : Match on catch block at 0xc3 in for 0x709e959025
02-29 17:06:00.646 22800 22800 E ArmVmp : Match on catch block at 0xc3 in for 0x709e959025
02-29 17:06:00.669 22800 22800 E ArmVmp : Match on catch block at 0xc3 in for 0x709e959025
02-29 17:06:00.677 22800 22800 E ArmVmp : Match on catch block at 0xc3 in for 0x709e959025
02-29 17:06:00.685 22800 22800 E ArmVmp : Match on catch block at 0xc3 in for 0x709e959025
02-29 17:06:00.691 22800 22800 E ArmVmp : Match on catch block at 0xc3 in for 0x709e959025
02-29 17:06:00.702 22800 22800 E ArmVmp : Match on catch block at 0xc3 in for 0x709e959025
02-29 17:06:00.713 22800 22800 E ArmVmp : Match on catch block at 0xc3 in for 0x709e959025
02-29 17:06:00.722 22800 22800 E ArmVmp : Match on catch block at 0xc3 in for 0x709e959025
02-29 17:06:00.729 22800 22800 E ArmVmp : Match on catch block at 0xc3 in for 0x709e959025
02-29 17:06:00.737 22800 22800 E ArmVmp : Match on catch block at 0xc3 in for 0x709e959025
02-29 17:06:00.742 22800 22800 E ArmVmp : Match on catch block at 0xc3 in for 0x709e959025
02-29 17:06:00.752 22800 22800 E ArmVmp : Match on catch block at 0xc3 in for 0x709e959025
02-29 17:06:00.756 22800 22800 E ArmVmp : Match on catch block at 0xc3 in for 0x709e959025
02-29 17:06:00.768 22800 22800 E ArmVmp : Match on catch block at 0xc3 in for 0x709e959025
02-29 17:06:00.774 22800 22800 E ArmVmp : Match on catch block at 0xc3 in for 0x709e959025
02-29 17:06:03.011 22800 27113 W 3ib : java.util.concurrent.ExecutionException: java.io.IOException: disconnected
02-29 17:06:03.011 22800 27113 W 3ib : at X.3hG.get(Unknown Source:16)
02-29 17:06:03.011 22800 27113 W 3ib : at com.mbwhatsapp.jobqueue.job.SendE2EMessageJob.A06(Unknown Source:3989)
02-29 17:06:03.011 22800 27113 W 3ib : at X.3e7.run(Unknown Source:1006)
02-29 17:06:03.011 22800 27113 W 3ib : at java.util.concurrent.ThreadPoolExecutor.runWorker(ThreadPoolExecutor.java:1145)
02-29 17:06:03.011 22800 27113 W 3ib : at java.util.concurrent.ThreadPoolExecutor$Worker.run(ThreadPoolExecutor.java:644)
02-29 17:06:03.011 22800 27113 W 3ib : at X.3e7.run(Unknown Source:1130)
02-29 17:06:03.011 22800 27113 W 3ib : at java.lang.Thread.run(Thread.java:1012)
02-29 17:06:03.011 22800 27113 W 3ib : Caused by: java.io.IOException: disconnected
02-29 17:06:03.011 22800 27113 W 3ib : at X.002.A0F(Unknown Source:2)
02-29 17:06:03.011 22800 27113 W 3ib : at X.103.handleMessage(Unknown Source:399)
02-29 17:06:03.011 22800 27113 W 3ib : at android.os.Handler.dispatchMessage(Handler.java:106)
02-29 17:06:03.011 22800 27113 W 3ib : at android.os.Looper.loopOnce(Looper.java:201)
02-29 17:06:03.011 22800 27113 W 3ib : at android.os.Looper.loop(Looper.java:288)
02-29 17:06:03.011 22800 27113 W 3ib : at android.os.HandlerThread.run(HandlerThread.java:67)
02-29 17:06:05.905 22800 22800 W OnBackInvokedCallback: OnBackInvokedCallback is not enabled for the application.
02-29 17:06:05.905 22800 22800 W OnBackInvokedCallback: Set 'android:enableOnBackInvokedCallback="true"' in the application manifest.
02-29 17:06:05.925 22800 22800 E ArmVmp : Match on catch block at 0xc3 in for 0x709e959025
02-29 17:06:05.929 22800 22800 E ArmVmp : Match on catch block at 0xc3 in for 0x709e959025
02-29 17:06:05.936 22800 22800 E ArmVmp : Match on catch block at 0xc3 in for 0x709e959025
02-29 17:06:05.943 22800 22800 E ArmVmp : Match on catch block at 0xc3 in for 0x709e959025
02-29 17:06:05.953 22800 22800 E ArmVmp : Match on catch block at 0xc3 in for 0x709e959025
02-29 17:06:05.959 22800 22800 E ArmVmp : Match on catch block at 0xc3 in for 0x709e959025
02-29 17:06:05.969 22800 22800 E ArmVmp : Match on catch block at 0xc3 in for 0x709e959025
02-29 17:06:05.973 22800 22800 E ArmVmp : Match on catch block at 0xc3 in for 0x709e959025
02-29 17:06:05.987 22800 22800 E ArmVmp : Match on catch block at 0xc3 in for 0x709e959025
02-29 17:06:05.992 22800 22800 E ArmVmp : Match on catch block at 0xc3 in for 0x709e959025
02-29 17:06:06.003 22800 22800 E ArmVmp : Match on catch block at 0xc3 in for 0x709e959025
02-29 17:06:06.007 22800 22800 E ArmVmp : Match on catch block at 0xc3 in for 0x709e959025
02-29 17:06:06.020 22800 22800 E ArmVmp : Match on catch block at 0xc3 in for 0x709e959025
02-29 17:06:06.024 22800 22800 E ArmVmp : Match on catch block at 0xc3 in for 0x709e959025
02-29 17:06:06.420 22800 22800 E ArmVmp : Match on catch block at 0xc3 in for 0x709e959025
02-29 17:06:06.423 22800 22800 E ArmVmp : Match on catch block at 0xc3 in for 0x709e959025
02-29 17:06:06.919 22800 22800 E ArmVmp : Match on catch block at 0xc3 in for 0x709e959025
02-29 17:06:06.923 22800 22800 E ArmVmp : Match on catch block at 0xc3 in for 0x709e959025
02-29 17:06:07.420 22800 22800 E ArmVmp : Match on catch block at 0xc3 in for 0x709e959025
02-29 17:06:07.424 22800 22800 E ArmVmp : Match on catch block at 0xc3 in for 0x709e959025
02-29 17:06:07.920 22800 22800 E ArmVmp : Match on catch block at 0xc3 in for 0x709e959025
02-29 17:06:07.924 22800 22800 E ArmVmp : Match on catch block at 0xc3 in for 0x709e959025
02-29 17:06:08.419 22800 22800 E ArmVmp : Match on catch block at 0xc3 in for 0x709e959025
02-29 17:06:08.424 22800 22800 E ArmVmp : Match on catch block at 0xc3 in for 0x709e959025
02-29 17:06:08.920 22800 22800 E ArmVmp : Match on catch block at 0xc3 in for 0x709e959025
02-29 17:06:08.924 22800 22800 E ArmVmp : Match on catch block at 0xc3 in for 0x709e959025
02-29 17:06:09.324 22800 22800 E ArmVmp : Match on catch block at 0xc3 in for 0x709e959025
02-29 17:06:09.329 22800 22800 E ArmVmp : Match on catch block at 0xc3 in for 0x709e959025
02-29 17:06:09.341 22800 22800 E ArmVmp : Match on catch block at 0xc3 in for 0x709e959025
02-29 17:06:09.347 22800 22800 E ArmVmp : Match on catch block at 0xc3 in for 0x709e959025
02-29 17:06:09.364 22800 22800 E ArmVmp : Match on catch block at 0xc3 in for 0x709e959025
02-29 17:06:09.368 22800 22800 E ArmVmp : Match on catch block at 0xc3 in for 0x709e959025
02-29 17:06:09.419 22800 22800 E ArmVmp : Match on catch block at 0xc3 in for 0x709e959025
02-29 17:06:09.423 22800 22800 E ArmVmp : Match on catch block at 0xc3 in for 0x709e959025
02-29 17:06:09.937 22800 22800 E ArmVmp : Match on catch block at 0xc3 in for 0x709e959025
02-29 17:06:09.941 22800 22800 E ArmVmp : Match on catch block at 0xc3 in for 0x709e959025
02-29 17:06:10.436 22800 22800 E ArmVmp : Match on catch block at 0xc3 in for 0x709e959025
02-29 17:06:10.444 22800 22800 E ArmVmp : Match on catch block at 0xc3 in for 0x709e959025
02-29 17:06:10.939 22800 22800 E ArmVmp : Match on catch block at 0xc3 in for 0x709e959025
02-29 17:06:10.949 22800 22800 E ArmVmp : Match on catch block at 0xc3 in for 0x709e959025
02-29 17:06:10.986 22800 22800 E ArmVmp : Match on catch block at 0xc3 in for 0x709e959025
02-29 17:06:10.989 22800 22800 E ArmVmp : Match on catch block at 0xc3 in for 0x709e959025
02-29 17:06:11.003 22800 22800 E ArmVmp : Match on catch block at 0xc3 in for 0x709e959025
02-29 17:06:11.015 22800 22800 E ArmVmp : Match on catch block at 0xc3 in for 0x709e959025
02-29 17:06:11.024 22800 22800 E ArmVmp : Match on catch block at 0xc3 in for 0x709e959025
02-29 17:06:11.036 22800 22800 E ArmVmp : Match on catch block at 0xc3 in for 0x709e959025
02-29 17:06:11.054 22800 22800 E ArmVmp : Match on catch block at 0xc3 in for 0x709e959025
02-29 17:06:11.064 22800 22800 E ArmVmp : Match on catch block at 0xc3 in for 0x709e959025
02-29 17:06:11.075 22800 22800 E ArmVmp : Match on catch block at 0xc3 in for 0x709e959025
02-29 17:06:11.081 22800 22800 E ArmVmp : Match on catch block at 0xc3 in for 0x709e959025
02-29 17:06:11.087 22800 22800 E ArmVmp : Match on catch block at 0xc3 in for 0x709e959025
02-29 17:06:11.093 22800 22800 E ArmVmp : Match on catch block at 0xc3 in for 0x709e959025
02-29 17:06:11.103 22800 22800 E ArmVmp : Match on catch block at 0xc3 in for 0x709e959025
02-29 17:06:11.107 22800 22800 E ArmVmp : Match on catch block at 0xc3 in for 0x709e959025
02-29 17:06:11.120 22800 22800 E ArmVmp : Match on catch block at 0xc3 in for 0x709e959025
02-29 17:06:11.127 22800 22800 E ArmVmp : Match on catch block at 0xc3 in for 0x709e959025
02-29 17:06:11.136 22800 22800 E ArmVmp : Match on catch block at 0xc3 in for 0x709e959025
02-29 17:06:11.141 22800 22800 E ArmVmp : Match on catch block at 0xc3 in for 0x709e959025
02-29 17:06:11.153 22800 22800 E ArmVmp : Match on catch block at 0xc3 in for 0x709e959025
02-29 17:06:11.158 22800 22800 E ArmVmp : Match on catch block at 0xc3 in for 0x709e959025
02-29 17:06:11.172 22800 22800 E ArmVmp : Match on catch block at 0xc3 in for 0x709e959025
02-29 17:06:11.179 22800 22800 E ArmVmp : Match on catch block at 0xc3 in for 0x709e959025
02-29 17:06:11.187 22800 22800 E ArmVmp : Match on catch block at 0xc3 in for 0x709e959025
02-29 17:06:11.195 22800 22800 E ArmVmp : Match on catch block at 0xc3 in for 0x709e959025
02-29 17:06:11.203 22800 22800 E ArmVmp : Match on catch block at 0xc3 in for 0x709e959025
02-29 17:06:11.207 22800 22800 E ArmVmp : Match on catch block at 0xc3 in for 0x709e959025
02-29 17:06:11.220 22800 22800 E ArmVmp : Match on catch block at 0xc3 in for 0x709e959025
02-29 17:06:11.227 22800 22800 E ArmVmp : Match on catch block at 0xc3 in for 0x709e959025
02-29 17:06:11.237 22800 22800 E ArmVmp : Match on catch block at 0xc3 in for 0x709e959025
02-29 17:06:11.241 22800 22800 E ArmVmp : Match on catch block at 0xc3 in for 0x709e959025
02-29 17:06:11.343 22800 22800 E ArmVmp : Match on catch block at 0xc3 in for 0x709e959025
02-29 17:06:11.347 22800 22800 E ArmVmp : Match on catch block at 0xc3 in for 0x709e959025
02-29 17:06:11.359 22800 22800 E ArmVmp : Match on catch block at 0xc3 in for 0x709e959025
02-29 17:06:11.366 22800 22800 E ArmVmp : Match on catch block at 0xc3 in for 0x709e959025
02-29 17:06:11.380 22800 22800 E ArmVmp : Match on catch block at 0xc3 in for 0x709e959025
02-29 17:06:11.384 22800 22800 E ArmVmp : Match on catch block at 0xc3 in for 0x709e959025
02-29 17:06:11.388 22800 22800 E ArmVmp : Match on catch block at 0xc3 in for 0x709e959025
02-29 17:06:11.394 22800 22800 E ArmVmp : Match on catch block at 0xc3 in for 0x709e959025
02-29 17:06:11.405 22800 22800 E ArmVmp : Match on catch block at 0xc3 in for 0x709e959025
02-29 17:06:11.416 22800 22800 E ArmVmp : Match on catch block at 0xc3 in for 0x709e959025
02-29 17:06:11.424 22800 22800 E ArmVmp : Match on catch block at 0xc3 in for 0x709e959025
02-29 17:06:11.430 22800 22800 E ArmVmp : Match on catch block at 0xc3 in for 0x709e959025
02-29 17:06:11.437 22800 22800 E ArmVmp : Match on catch block at 0xc3 in for 0x709e959025
02-29 17:06:11.440 22800 22800 E ArmVmp : Match on catch block at 0xc3 in for 0x709e959025
02-29 17:06:11.671 22800 22800 E ArmVmp : Match on catch block at 0xc3 in for 0x709e959025
02-29 17:06:11.674 22800 22800 E ArmVmp : Match on catch block at 0xc3 in for 0x709e959025
02-29 17:06:11.687 22800 22800 E ArmVmp : Match on catch block at 0xc3 in for 0x709e959025
02-29 17:06:11.690 22800 22800 E ArmVmp : Match on catch block at 0xc3 in for 0x709e959025
02-29 17:06:11.792 22800 22800 E ArmVmp : Match on catch block at 0xc3 in for 0x709e959025
02-29 17:06:11.798 22800 22800 E ArmVmp : Match on catch block at 0xc3 in for 0x709e959025
02-29 17:06:12.106 22800 22800 E ArmVmp : Match on catch block at 0xc3 in for 0x709e959025
02-29 17:06:12.119 22800 22800 E ArmVmp : Match on catch block at 0xc3 in for 0x709e959025
02-29 17:06:12.163 22800 22800 E ArmVmp : Match on catch block at 0xc3 in for 0x709e959025
02-29 17:06:12.171 22800 22800 E ArmVmp : Match on catch block at 0xc3 in for 0x709e959025
02-29 17:06:12.215 22800 22800 E ArmVmp : Match on catch block at 0xc3 in for 0x709e959025
02-29 17:06:12.218 22800 22800 E ArmVmp : Match on catch block at 0xc3 in for 0x709e959025
02-29 17:06:12.245 22800 22800 E ArmVmp : Match on catch block at 0xc3 in for 0x709e959025
02-29 17:06:12.250 22800 22800 E ArmVmp : Match on catch block at 0xc3 in for 0x709e959025
02-29 17:06:12.667 22800 22800 E ArmVmp : Match on catch block at 0xc3 in for 0x709e959025
02-29 17:06:12.672 22800 22800 E ArmVmp : Match on catch block at 0xc3 in for 0x709e959025
02-29 17:08:20.755 22800 22800 E ArmVmp : Match on catch block at 0x38 in for 0x709e95902d
02-29 17:08:20.755 22800 22800 W System.err: java.lang.NumberFormatException: For input string: ""
02-29 17:08:20.756 22800 22800 W System.err: at java.lang.Integer.parseInt(Integer.java:807)
02-29 17:08:20.756 22800 22800 W System.err: at java.lang.Integer.parseInt(Integer.java:915)
02-29 17:08:20.756 22800 22800 W System.err: at mbmodsd.mbmodsw.home.HomeActivity.mbcRe(Native Method)
02-29 17:08:20.757 22800 22800 W System.err: at com.mbwhatsapp.HomeActivity.onPause(Unknown Source:9)
02-29 17:08:20.757 22800 22800 W System.err: at android.app.Activity.performPause(Activity.java:8505)
02-29 17:08:20.757 22800 22800 W System.err: at android.app.Instrumentation.callActivityOnPause(Instrumentation.java:1585)
02-29 17:08:20.757 22800 22800 W System.err: at android.app.ActivityThread.performPauseActivityIfNeeded(ActivityThread.java:5182)
02-29 17:08:20.757 22800 22800 W System.err: at android.app.ActivityThread.performPauseActivity(ActivityThread.java:5143)
02-29 17:08:20.758 22800 22800 W System.err: at android.app.ActivityThread.handlePauseActivity(ActivityThread.java:5095)
02-29 17:08:20.758 22800 22800 W System.err: at android.app.servertransaction.PauseActivityItem.execute(PauseActivityItem.java:47)
02-29 17:08:20.758 22800 22800 W System.err: at android.app.servertransaction.ActivityTransactionItem.execute(ActivityTransactionIt em.java:45)
02-29 17:08:20.758 22800 22800 W System.err: at android.app.servertransaction.TransactionExecutor.executeLifecycleState(Transaction Executor.java:178)
02-29 17:08:20.758 22800 22800 W System.err: at android.app.servertransaction.TransactionExecutor.execute(TransactionExecutor.java: 99)
02-29 17:08:20.758 22800 22800 W System.err: at android.app.ActivityThread$H.handleMessage(ActivityThread.java:2393)
02-29 17:08:20.759 22800 22800 W System.err: at android.os.Handler.dispatchMessage(Handler.java:106)
02-29 17:08:20.759 22800 22800 W System.err: at android.os.Looper.loopOnce(Looper.java:201)
02-29 17:08:20.759 22800 22800 W System.err: at android.os.Looper.loop(Looper.java:288)
02-29 17:08:20.759 22800 22800 W System.err: at android.app.ActivityThread.main(ActivityThread.java:8061)
02-29 17:08:20.759 22800 22800 W System.err: at java.lang.reflect.Method.invoke(Native Method)
02-29 17:08:20.759 22800 22800 W System.err: at com.android.internal.os.RuntimeInit$MethodAndArgsCaller.run(RuntimeInit.java:703)
02-29 17:08:20.759 22800 22800 W System.err: at com.android.internal.os.ZygoteInit.main(ZygoteInit.java:911)
02-29 17:08:20.883 22800 25063 W Parcel : Expecting binder but got null!
02-29 17:08:20.934 22800 22800 W BottomSheetBehavior: BottomSheetBehavior now supports multiple callbacks. `setBottomSheetCallback()` removes all existing callbacks, including ones set internally by library authors, which may result in unintended behavior. This may change in the future. Please use `addBottomSheetCallback()` and `removeBottomSheetCallback()` instead to set your own callbacks.
02-29 17:08:20.934 22800 22800 W BottomSheetBehavior: BottomSheetBehavior now supports multiple callbacks. `setBottomSheetCallback()` removes all existing callbacks, including ones set internally by library authors, which may result in unintended behavior. This may change in the future. Please use `addBottomSheetCallback()` and `removeBottomSheetCallback()` instead to set your own callbacks.
02-29 17:08:21.023 22800 22800 W BottomSheetBehavior: BottomSheetBehavior now supports multiple callbacks. `setBottomSheetCallback()` removes all existing callbacks, including ones set internally by library authors, which may result in unintended behavior. This may change in the future. Please use `addBottomSheetCallback()` and `removeBottomSheetCallback()` instead to set your own callbacks.
02-29 17:08:21.023 22800 22800 W BottomSheetBehavior: BottomSheetBehavior now supports multiple callbacks. `setBottomSheetCallback()` removes all existing callbacks, including ones set internally by library authors, which may result in unintended behavior. This may change in the future. Please use `addBottomSheetCallback()` and `removeBottomSheetCallback()` instead to set your own callbacks.
02-29 17:08:21.038 22800 22800 W BottomSheetBehavior: BottomSheetBehavior now supports multiple callbacks. `setBottomSheetCallback()` removes all existing callbacks, including ones set internally by library authors, which may result in unintended behavior. This may change in the future. Please use `addBottomSheetCallback()` and `removeBottomSheetCallback()` instead to set your own callbacks.
02-29 17:08:21.038 22800 22800 W BottomSheetBehavior: BottomSheetBehavior now supports multiple callbacks. `setBottomSheetCallback()` removes all existing callbacks, including ones set internally by library authors, which may result in unintended behavior. This may change in the future. Please use `addBottomSheetCallback()` and `removeBottomSheetCallback()` instead to set your own callbacks.
02-29 17:08:21.058 22800 22800 E RecyclerView: No adapter attached; skipping layout
02-29 17:08:21.058 22800 22800 E RecyclerView: No adapter attached; skipping layout
02-29 17:08:21.147 22800 3684 W ColorUtils: expected specified color aspects (0:0:0:0)
02-29 17:08:21.166 22800 3684 W Codec2Client: query -- param skipped: index = 1107298332.
02-29 17:08:21.166 22800 3684 W CCodec : This behavior is subject to change. It is recommended that app developers double check whether the requested max input size is in reasonable range.
02-29 17:08:21.169 22800 3684 W Codec2Client: query -- param skipped: index = 1342179345.
02-29 17:08:21.169 22800 3684 W Codec2Client: query -- param skipped: index = 2415921170.
02-29 17:08:21.169 22800 3684 W Codec2Client: query -- param skipped: index = 1610614798.
02-29 17:08:21.171 22800 3684 W Codec2Client: query -- param skipped: index = 2684356609.
02-29 17:08:21.225 22800 27688 W Codec2-OutputBufferQueue: receiving stale buffer: generation 23347210 , diff 1 : slot 2
02-29 17:08:21.230 22800 27688 W Codec2-OutputBufferQueue: receiving stale buffer: generation 23347210 , diff 1 : slot 4
02-29 17:08:21.244 22800 22800 W RenderThread: type=1400 audit(0.0:13977): avc: denied { getattr } for name="/" dev="dmabuf" ino=1 scontext=u:r:untrusted_app:s0:c212,c256,c512,c768 tcontext=u:object_r:unlabeled:s0 tclass=filesystem permissive=0 app=com.mbwhatsapp
02-29 17:08:21.272 22800 22800 W RenderThread: type=1400 audit(0.0:13979): avc: denied { getattr } for name="/" dev="dmabuf" ino=1 scontext=u:r:untrusted_app:s0:c212,c256,c512,c768 tcontext=u:object_r:unlabeled:s0 tclass=filesystem permissive=0 app=com.mbwhatsapp
02-29 17:08:21.297 22800 3683 W Codec2-OutputBufferQueue: outputBuffer -- buffers from old generation to 23347210 , diff: 1 , slot: 2
02-29 17:08:21.337 22800 3683 W Codec2-OutputBufferQueue: outputBuffer -- buffers from old generation to 23347210 , diff: 1 , slot: 4
02-29 17:08:22.266 22800 3683 W Codec2Client: query -- param skipped: index = 1342179345.
02-29 17:08:22.266 22800 3683 W Codec2Client: query -- param skipped: index = 2415921170.
02-29 17:08:22.266 22800 3683 W Codec2Client: query -- param skipped: index = 1610614798.
02-29 17:08:22.295 22800 22800 W BottomSheetBehavior: BottomSheetBehavior now supports multiple callbacks. `setBottomSheetCallback()` removes all existing callbacks, including ones set internally by library authors, which may result in unintended behavior. This may change in the future. Please use `addBottomSheetCallback()` and `removeBottomSheetCallback()` instead to set your own callbacks.
02-29 17:08:22.295 22800 22800 W BottomSheetBehavior: BottomSheetBehavior now supports multiple callbacks. `setBottomSheetCallback()` removes all existing callbacks, including ones set internally by library authors, which may result in unintended behavior. This may change in the future. Please use `addBottomSheetCallback()` and `removeBottomSheetCallback()` instead to set your own callbacks.
02-29 17:08:22.303 22800 22800 E RecyclerView: No adapter attached; skipping layout
02-29 17:08:22.319 22800 3709 W ColorUtils: expected specified color aspects (0:0:0:0)
02-29 17:08:22.332 22800 3709 W Codec2Client: query -- param skipped: index = 1107298332.
02-29 17:08:22.333 22800 3709 W CCodec : This behavior is subject to change. It is recommended that app developers double check whether the requested max input size is in reasonable range.
02-29 17:08:22.335 22800 3709 W Codec2Client: query -- param skipped: index = 1342179345.
02-29 17:08:22.335 22800 3709 W Codec2Client: query -- param skipped: index = 2415921170.
02-29 17:08:22.336 22800 3709 W Codec2Client: query -- param skipped: index = 1610614798.
02-29 17:08:22.336 22800 3709 W Codec2Client: query -- param skipped: index = 2684356609.
02-29 17:08:22.415 22800 3714 W Codec2Client: query -- param skipped: index = 1107298332.
02-29 17:08:22.415 22800 3714 W CCodec : This behavior is subject to change. It is recommended that app developers double check whether the requested max input size is in reasonable range.
02-29 17:08:22.425 22800 3714 W Codec2Client: query -- param skipped: index = 1342179345.
02-29 17:08:22.425 22800 3714 W Codec2Client: query -- param skipped: index = 2415921170.
02-29 17:08:22.425 22800 3714 W Codec2Client: query -- param skipped: index = 1610614798.
02-29 17:08:22.440 22800 22800 W RenderThread: type=1400 audit(0.0:13996): avc: denied { getattr } for name="/" dev="dmabuf" ino=1 scontext=u:r:untrusted_app:s0:c212,c256,c512,c768 tcontext=u:object_r:unlabeled:s0 tclass=filesystem permissive=0 app=com.mbwhatsapp
02-29 17:08:22.624 22800 22817 W AidlConversion: aidl2legacy_AudioChannelLayout_audio_channel_mask_t: no legacy output audio_channel_mask_t found for AudioChannelLayout{layoutMask: 16}
02-29 17:08:22.639 22800 22817 W AidlConversion: aidl2legacy_AudioChannelLayout_audio_channel_mask_t: no legacy output audio_channel_mask_t found for AudioChannelLayout{layoutMask: 16}
02-29 17:08:22.783 22800 3708 W Codec2Client: query -- param skipped: index = 1342179345.
02-29 17:08:22.783 22800 3708 W Codec2Client: query -- param skipped: index = 2415921170.
02-29 17:08:22.783 22800 3708 W Codec2Client: query -- param skipped: index = 1610614798.
02-29 17:08:22.790 22800 3714 W Codec2Client: query -- param skipped: index = 1342179345.
02-29 17:08:22.790 22800 3714 W Codec2Client: query -- param skipped: index = 2415921170.
02-29 17:08:22.790 22800 3714 W Codec2Client: query -- param skipped: index = 1610614798.
02-29 17:08:22.795 22800 22800 W BottomSheetBehavior: BottomSheetBehavior now supports multiple callbacks. `setBottomSheetCallback()` removes all existing callbacks, including ones set internally by library authors, which may result in unintended behavior. This may change in the future. Please use `addBottomSheetCallback()` and `removeBottomSheetCallback()` instead to set your own callbacks.
02-29 17:08:22.795 22800 22800 W BottomSheetBehavior: BottomSheetBehavior now supports multiple callbacks. `setBottomSheetCallback()` removes all existing callbacks, including ones set internally by library authors, which may result in unintended behavior. This may change in the future. Please use `addBottomSheetCallback()` and `removeBottomSheetCallback()` instead to set your own callbacks.
02-29 17:08:23.347 22800 22800 W BottomSheetBehavior: BottomSheetBehavior now supports multiple callbacks. `setBottomSheetCallback()` removes all existing callbacks, including ones set internally by library authors, which may result in unintended behavior. This may change in the future. Please use `addBottomSheetCallback()` and `removeBottomSheetCallback()` instead to set your own callbacks.
02-29 17:08:23.347 22800 22800 W BottomSheetBehavior: BottomSheetBehavior now supports multiple callbacks. `setBottomSheetCallback()` removes all existing callbacks, including ones set internally by library authors, which may result in unintended behavior. This may change in the future. Please use `addBottomSheetCallback()` and `removeBottomSheetCallback()` instead to set your own callbacks.
02-29 17:08:23.352 22800 22800 E RecyclerView: No adapter attached; skipping layout
02-29 17:08:26.195 22800 22800 E RecyclerView: No adapter attached; skipping layout
02-29 17:08:26.216 22800 3733 W ColorUtils: expected specified color aspects (0:0:0:0)
02-29 17:08:26.225 22800 3733 W Codec2Client: query -- param skipped: index = 1107298332.
02-29 17:08:26.225 22800 3733 W CCodec : This behavior is subject to change. It is recommended that app developers double check whether the requested max input size is in reasonable range.
02-29 17:08:26.228 22800 3733 W Codec2Client: query -- param skipped: index = 1342179345.
02-29 17:08:26.228 22800 3733 W Codec2Client: query -- param skipped: index = 2415921170.
02-29 17:08:26.228 22800 3733 W Codec2Client: query -- param skipped: index = 1610614798.
02-29 17:08:26.229 22800 3733 W Codec2Client: query -- param skipped: index = 2684356609.
02-29 17:08:26.272 22800 3738 W Codec2Client: query -- param skipped: index = 1107298332.
02-29 17:08:26.272 22800 3738 W CCodec : This behavior is subject to change. It is recommended that app developers double check whether the requested max input size is in reasonable range.
02-29 17:08:26.273 22800 3738 W Codec2Client: query -- param skipped: index = 1342179345.
02-29 17:08:26.273 22800 3738 W Codec2Client: query -- param skipped: index = 2415921170.
02-29 17:08:26.273 22800 3738 W Codec2Client: query -- param skipped: index = 1610614798.
02-29 17:08:26.288 22800 22800 W RenderThread: type=1400 audit(0.0:13999): avc: denied { getattr } for name="/" dev="dmabuf" ino=1 scontext=u:r:untrusted_app:s0:c212,c256,c512,c768 tcontext=u:object_r:unlabeled:s0 tclass=filesystem permissive=0 app=com.mbwhatsapp
02-29 17:08:26.316 22800 23438 W AidlConversion: aidl2legacy_AudioChannelLayout_audio_channel_mask_t: no legacy output audio_channel_mask_t found for AudioChannelLayout{layoutMask: 16}
02-29 17:08:26.371 22800 3681 W AudioTrack: getTimestamp_l(1835): retrograde timestamp time corrected, 42473413384620 < 42473537773543
02-29 17:08:26.428 22800 22800 W RenderThread: type=1400 audit(0.0:14000): avc: denied { getattr } for name="/" dev="dmabuf" ino=1 scontext=u:r:untrusted_app:s0:c212,c256,c512,c768 tcontext=u:object_r:unlabeled:s0 tclass=filesystem permissive=0 app=com.mbwhatsapp
02-29 17:08:26.512 22800 22800 W RenderThread: type=1400 audit(0.0:14001): avc: denied { getattr } for name="/" dev="dmabuf" ino=1 scontext=u:r:untrusted_app:s0:c212,c256,c512,c768 tcontext=u:object_r:unlabeled:s0 tclass=filesystem permissive=0 app=com.mbwhatsapp
02-29 17:08:26.612 22800 22800 W RenderThread: type=1400 audit(0.0:14002): avc: denied { getattr } for name="/" dev="dmabuf" ino=1 scontext=u:r:untrusted_app:s0:c212,c256,c512,c768 tcontext=u:object_r:unlabeled:s0 tclass=filesystem permissive=0 app=com.mbwhatsapp
02-29 17:08:26.680 22800 22800 W RenderThread: type=1400 audit(0.0:14003): avc: denied { getattr } for name="/" dev="dmabuf" ino=1 scontext=u:r:untrusted_app:s0:c212,c256,c512,c768 tcontext=u:object_r:unlabeled:s0 tclass=filesystem permissive=0 app=com.mbwhatsapp
02-29 17:08:26.732 22800 22800 W RenderThread: type=1400 audit(0.0:14004): avc: denied { getattr } for name="/" dev="dmabuf" ino=1 scontext=u:r:untrusted_app:s0:c212,c256,c512,c768 tcontext=u:object_r:unlabeled:s0 tclass=filesystem permissive=0 app=com.mbwhatsapp
02-29 17:08:26.916 22800 3732 W Codec2Client: query -- param skipped: index = 1342179345.
02-29 17:08:26.916 22800 3732 W Codec2Client: query -- param skipped: index = 2415921170.
02-29 17:08:26.916 22800 3732 W Codec2Client: query -- param skipped: index = 1610614798.
02-29 17:08:26.922 22800 22800 W BottomSheetBehavior: BottomSheetBehavior now supports multiple callbacks. `setBottomSheetCallback()` removes all existing callbacks, including ones set internally by library authors, which may result in unintended behavior. This may change in the future. Please use `addBottomSheetCallback()` and `removeBottomSheetCallback()` instead to set your own callbacks.
02-29 17:08:26.922 22800 22800 W BottomSheetBehavior: BottomSheetBehavior now supports multiple callbacks. `setBottomSheetCallback()` removes all existing callbacks, including ones set internally by library authors, which may result in unintended behavior. This may change in the future. Please use `addBottomSheetCallback()` and `removeBottomSheetCallback()` instead to set your own callbacks.
02-29 17:08:26.923 22800 3738 W Codec2Client: query -- param skipped: index = 1342179345.
02-29 17:08:26.923 22800 3738 W Codec2Client: query -- param skipped: index = 2415921170.
02-29 17:08:26.923 22800 3738 W Codec2Client: query -- param skipped: index = 1610614798.
02-29 17:08:31.596 22800 22800 W BottomSheetBehavior: BottomSheetBehavior now supports multiple callbacks. `setBottomSheetCallback()` removes all existing callbacks, including ones set internally by library authors, which may result in unintended behavior. This may change in the future. Please use `addBottomSheetCallback()` and `removeBottomSheetCallback()` instead to set your own callbacks.
02-29 17:08:31.597 22800 22800 W BottomSheetBehavior: BottomSheetBehavior now supports multiple callbacks. `setBottomSheetCallback()` removes all existing callbacks, including ones set internally by library authors, which may result in unintended behavior. This may change in the future. Please use `addBottomSheetCallback()` and `removeBottomSheetCallback()` instead to set your own callbacks.
02-29 17:08:31.615 22800 22800 E RecyclerView: No adapter attached; skipping layout
02-29 17:08:35.560 22800 22800 W BottomSheetBehavior: BottomSheetBehavior now supports multiple callbacks. `setBottomSheetCallback()` removes all existing callbacks, including ones set internally by library authors, which may result in unintended behavior. This may change in the future. Please use `addBottomSheetCallback()` and `removeBottomSheetCallback()` instead to set your own callbacks.
02-29 17:08:35.561 22800 22800 W BottomSheetBehavior: BottomSheetBehavior now supports multiple callbacks. `setBottomSheetCallback()` removes all existing callbacks, including ones set internally by library authors, which may result in unintended behavior. This may change in the future. Please use `addBottomSheetCallback()` and `removeBottomSheetCallback()` instead to set your own callbacks.
02-29 17:08:35.610 22800 22800 E RecyclerView: No adapter attached; skipping layout
02-29 17:08:36.277 22800 22800 W BottomSheetBehavior: BottomSheetBehavior now supports multiple callbacks. `setBottomSheetCallback()` removes all existing callbacks, including ones set internally by library authors, which may result in unintended behavior. This may change in the future. Please use `addBottomSheetCallback()` and `removeBottomSheetCallback()` instead to set your own callbacks.
02-29 17:08:36.277 22800 22800 W BottomSheetBehavior: BottomSheetBehavior now supports multiple callbacks. `setBottomSheetCallback()` removes all existing callbacks, including ones set internally by library authors, which may result in unintended behavior. This may change in the future. Please use `addBottomSheetCallback()` and `removeBottomSheetCallback()` instead to set your own callbacks.
02-29 17:08:36.294 22800 22800 E RecyclerView: No adapter attached; skipping layout
02-29 17:08:41.021 22800 22800 E ArmVmp : Match on catch block at 0x38 in for 0x709e95902d
02-29 17:08:41.021 22800 22800 W System.err: java.lang.NumberFormatException: For input string: ""
02-29 17:08:41.021 22800 22800 W System.err: at java.lang.Integer.parseInt(Integer.java:807)
02-29 17:08:41.022 22800 22800 W System.err: at java.lang.Integer.parseInt(Integer.java:915)
02-29 17:08:41.022 22800 22800 W System.err: at mbmodsd.mbmodsw.home.HomeActivity.mbcRe(Native Method)
02-29 17:08:41.022 22800 22800 W System.err: at com.mbwhatsapp.HomeActivity.onPause(Unknown Source:9)
02-29 17:08:41.022 22800 22800 W System.err: at android.app.Activity.performPause(Activity.java:8505)
02-29 17:08:41.022 22800 22800 W System.err: at android.app.Instrumentation.callActivityOnPause(Instrumentation.java:1585)
02-29 17:08:41.022 22800 22800 W System.err: at android.app.ActivityThread.performPauseActivityIfNeeded(ActivityThread.java:5182)
02-29 17:08:41.022 22800 22800 W System.err: at android.app.ActivityThread.performPauseActivity(ActivityThread.java:5143)
02-29 17:08:41.022 22800 22800 W System.err: at android.app.ActivityThread.handlePauseActivity(ActivityThread.java:5095)
02-29 17:08:41.022 22800 22800 W System.err: at android.app.servertransaction.PauseActivityItem.execute(PauseActivityItem.java:47)
02-29 17:08:41.022 22800 22800 W System.err: at android.app.servertransaction.ActivityTransactionItem.execute(ActivityTransactionIt em.java:45)
02-29 17:08:41.023 22800 22800 W System.err: at android.app.servertransaction.TransactionExecutor.executeLifecycleState(Transaction Executor.java:178)
02-29 17:08:41.023 22800 22800 W System.err: at android.app.servertransaction.TransactionExecutor.execute(TransactionExecutor.java: 99)
02-29 17:08:41.023 22800 22800 W System.err: at android.app.ActivityThread$H.handleMessage(ActivityThread.java:2393)
02-29 17:08:41.023 22800 22800 W System.err: at android.os.Handler.dispatchMessage(Handler.java:106)
02-29 17:08:41.023 22800 22800 W System.err: at android.os.Looper.loopOnce(Looper.java:201)
02-29 17:08:41.023 22800 22800 W System.err: at android.os.Looper.loop(Looper.java:288)
02-29 17:08:41.023 22800 22800 W System.err: at android.app.ActivityThread.main(ActivityThread.java:8061)
02-29 17:08:41.023 22800 22800 W System.err: at java.lang.reflect.Method.invoke(Native Method)
02-29 17:08:41.023 22800 22800 W System.err: at com.android.internal.os.RuntimeInit$MethodAndArgsCaller.run(RuntimeInit.java:703)
02-29 17:08:41.023 22800 22800 W System.err: at com.android.internal.os.ZygoteInit.main(ZygoteInit.java:911)
02-29 17:08:41.067 22800 22958 E SQLiteDatabase: Error inserting transferred=0 media_job_uuid=d2d792ec-35bd-489a-80b6-179ef85f0d3b transcoded=0 gif_attribution=0 first_scan_length=0 direct_path=/v/t62.7161- 24/30799512_1676911172841499_7727859773429858852_n.enc?ccb=11- 4&oh=01_AdS77cQ7_9AJs9N71yqp2FBgIg28PZ5EHu72ocpLXH5l9w&oe=66073DF7&_nc_sid=5e03e0 thumbnail_height_width_ratio=1.7777778 is_animated_sticker=0 file_hash=p3ZcOyUoJ/HP8C8JAa+Wyb1ZYGcYeC9fq3T7gkJr9L8= file_path=null file_size=0 partial_media_hash=null face_x=0 face_y=0 height=656 trim_to=0 media_key_timestamp=1709163730000 message_url=https://mmg.whatsapp.net/v/t62.7161- 24/30799512_1676911172841499_7727859773429858852_n.enc?ccb=11- 4&oh=01_AdS77cQ7_9AJs9N71yqp2FBgIg28PZ5EHu72ocpLXH5l9w&oe=66073DF7&_nc_sid=5e03e0&m ms3=true media_caption=null trim_from=0 mime_type=video/mp4 partial_media_enc_hash=null width=368 original_file_hash=null has_streaming_sidecar=1 autotransfer_retry_enabled=0 media_upload_handle=null message_row_id=7126 multicast_id=null enc_file_hash=ncGv+tXq9N1hT6GkUHrPaDpHRjsS+j5G6erodsfVEO8= mute_video=0 page_count=0 first_scan_sidecar=null suspicious_content=0 file_length=1531118 media_name=null media_duration=30 chat_row_id=3 media_key=[B@59ead57
02-29 17:08:41.067 22800 22958 E SQLiteDatabase: android.database.sqlite.SQLiteConstraintException: UNIQUE constraint failed: message_media.message_row_id (code 1555 SQLITE_CONSTRAINT_PRIMARYKEY)
02-29 17:08:41.067 22800 22958 E SQLiteDatabase: at android.database.sqlite.SQLiteConnection.nativeExecuteForLastInsertedRowId(Native Method)
02-29 17:08:41.067 22800 22958 E SQLiteDatabase: at android.database.sqlite.SQLiteConnection.executeForLastInsertedRowId(SQLiteConnecti on.java:961)
02-29 17:08:41.067 22800 22958 E SQLiteDatabase: at android.database.sqlite.SQLiteSession.executeForLastInsertedRowId(SQLiteSession.jav a:790)
02-29 17:08:41.067 22800 22958 E SQLiteDatabase: at android.database.sqlite.SQLiteStatement.executeInsert(SQLiteStatement.java:89)
02-29 17:08:41.067 22800 22958 E SQLiteDatabase: at android.database.sqlite.SQLiteDatabase.insertWithOnConflict(SQLiteDatabase.java:186 8)
02-29 17:08:41.067 22800 22958 E SQLiteDatabase: at android.database.sqlite.SQLiteDatabase.insert(SQLiteDatabase.java:1737)
02-29 17:08:41.067 22800 22958 E SQLiteDatabase: at X.2tm.A08(Unknown Source:6)
02-29 17:08:41.067 22800 22958 E SQLiteDatabase: at X.35Y.A07(Unknown Source:212)
02-29 17:08:41.067 22800 22958 E SQLiteDatabase: at X.3QF.A14(Unknown Source:470)
02-29 17:08:41.067 22800 22958 E SQLiteDatabase: at X.3gU.run(Unknown Source:982)
02-29 17:08:41.067 22800 22958 E SQLiteDatabase: at android.os.Handler.handleCallback(Handler.java:942)
02-29 17:08:41.067 22800 22958 E SQLiteDatabase: at android.os.Handler.dispatchMessage(Handler.java:99)
02-29 17:08:41.067 22800 22958 E SQLiteDatabase: at X.0zq.dispatchMessage(Unknown Source:4)
02-29 17:08:41.067 22800 22958 E SQLiteDatabase: at android.os.Looper.loopOnce(Looper.java:201)
02-29 17:08:41.067 22800 22958 E SQLiteDatabase: at android.os.Looper.loop(Looper.java:288)
02-29 17:08:41.067 22800 22958 E SQLiteDatabase: at android.os.HandlerThread.run(HandlerThread.java:67)
02-29 17:08:41.106 22800 22958 E SQLiteDatabase: Error inserting transferred=0 media_job_uuid=d2d792ec-35bd-489a-80b6-179ef85f0d3b transcoded=0 gif_attribution=0 first_scan_length=0 direct_path=/v/t62.7161- 24/30799512_1676911172841499_7727859773429858852_n.enc?ccb=11- 4&oh=01_AdS77cQ7_9AJs9N71yqp2FBgIg28PZ5EHu72ocpLXH5l9w&oe=66073DF7&_nc_sid=5e03e0 thumbnail_height_width_ratio=1.7777778 is_animated_sticker=0 file_hash=p3ZcOyUoJ/HP8C8JAa+Wyb1ZYGcYeC9fq3T7gkJr9L8= file_path=null file_size=0 partial_media_hash=null face_x=0 face_y=0 height=656 trim_to=0 media_key_timestamp=1709163730000 message_url=https://mmg.whatsapp.net/v/t62.7161- 24/30799512_1676911172841499_7727859773429858852_n.enc?ccb=11- 4&oh=01_AdS77cQ7_9AJs9N71yqp2FBgIg28PZ5EHu72ocpLXH5l9w&oe=66073DF7&_nc_sid=5e03e0&m ms3=true media_caption=null trim_from=0 mime_type=video/mp4 partial_media_enc_hash=null width=368 original_file_hash=null has_streaming_sidecar=1 autotransfer_retry_enabled=0 media_upload_handle=null message_row_id=7126 multicast_id=null enc_file_hash=ncGv+tXq9N1hT6GkUHrPaDpHRjsS+j5G6erodsfVEO8= mute_video=0 page_count=0 first_scan_sidecar=null suspicious_content=0 file_length=1531118 media_name=null media_duration=30 chat_row_id=3 media_key=[B@59ead57
02-29 17:08:41.106 22800 22958 E SQLiteDatabase: android.database.sqlite.SQLiteConstraintException: UNIQUE constraint failed: message_media.message_row_id (code 1555 SQLITE_CONSTRAINT_PRIMARYKEY)
02-29 17:08:41.106 22800 22958 E SQLiteDatabase: at android.database.sqlite.SQLiteConnection.nativeExecuteForLastInsertedRowId(Native Method)
02-29 17:08:41.106 22800 22958 E SQLiteDatabase: at android.database.sqlite.SQLiteConnection.executeForLastInsertedRowId(SQLiteConnecti on.java:961)
02-29 17:08:41.106 22800 22958 E SQLiteDatabase: at android.database.sqlite.SQLiteSession.executeForLastInsertedRowId(SQLiteSession.jav a:790)
02-29 17:08:41.106 22800 22958 E SQLiteDatabase: at android.database.sqlite.SQLiteStatement.executeInsert(SQLiteStatement.java:89)
02-29 17:08:41.106 22800 22958 E SQLiteDatabase: at android.database.sqlite.SQLiteDatabase.insertWithOnConflict(SQLiteDatabase.java:186 8)
02-29 17:08:41.106 22800 22958 E SQLiteDatabase: at android.database.sqlite.SQLiteDatabase.insert(SQLiteDatabase.java:1737)
02-29 17:08:41.106 22800 22958 E SQLiteDatabase: at X.2tm.A08(Unknown Source:6)
02-29 17:08:41.106 22800 22958 E SQLiteDatabase: at X.35Y.A07(Unknown Source:212)
02-29 17:08:41.106 22800 22958 E SQLiteDatabase: at X.3QF.A14(Unknown Source:470)
02-29 17:08:41.106 22800 22958 E SQLiteDatabase: at X.3gU.run(Unknown Source:982)
02-29 17:08:41.106 22800 22958 E SQLiteDatabase: at android.os.Handler.handleCallback(Handler.java:942)
02-29 17:08:41.106 22800 22958 E SQLiteDatabase: at android.os.Handler.dispatchMessage(Handler.java:99)
02-29 17:08:41.106 22800 22958 E SQLiteDatabase: at X.0zq.dispatchMessage(Unknown Source:4)
02-29 17:08:41.106 22800 22958 E SQLiteDatabase: at android.os.Looper.loopOnce(Looper.java:201)
02-29 17:08:41.106 22800 22958 E SQLiteDatabase: at android.os.Looper.loop(Looper.java:288)
02-29 17:08:41.106 22800 22958 E SQLiteDatabase: at android.os.HandlerThread.run(HandlerThread.java:67)
02-29 17:09:29.398 22800 22800 E ArmVmp : Match on catch block at 0x0a in for 0x709e959035
02-29 17:09:29.402 22800 22800 E ArmVmp : Match on catch block at 0x0a in for 0x709e959035
02-29 17:09:29.582 22800 22800 E ArmVmp : Match on catch block at 0xc3 in for 0x709e959021
02-29 17:09:29.585 22800 22800 E ArmVmp : Match on catch block at 0xc3 in for 0x709e959021
02-29 17:09:29.587 22800 22800 E ArmVmp : Match on catch block at 0xc3 in for 0x709e959021
02-29 17:09:29.613 22800 25063 W Parcel : Expecting binder but got null!
02-29 17:09:29.636 22800 22800 E ArmVmp : Match on catch block at 0xc3 in for 0x709e959025
02-29 17:09:29.638 22800 22800 E ArmVmp : Match on catch block at 0xc3 in for 0x709e959025
02-29 17:09:29.640 22800 22800 E ArmVmp : Match on catch block at 0xc3 in for 0x709e959025
02-29 17:09:29.657 22800 22800 E ArmVmp : Match on catch block at 0xc3 in for 0x709e959025
02-29 17:09:29.661 22800 22800 E ArmVmp : Match on catch block at 0xc3 in for 0x709e959025
02-29 17:09:29.663 22800 22800 E ArmVmp : Match on catch block at 0xc3 in for 0x709e959025
02-29 17:09:29.674 22800 22800 E ArmVmp : Match on catch block at 0xc3 in for 0x709e959025
02-29 17:09:29.677 22800 22800 E ArmVmp : Match on catch block at 0xc3 in for 0x709e959025
02-29 17:09:29.679 22800 22800 E ArmVmp : Match on catch block at 0xc3 in for 0x709e959025
02-29 17:09:29.688 22800 22800 E ArmVmp : Match on catch block at 0xc3 in for 0x709e959025
02-29 17:09:29.691 22800 22800 E ArmVmp : Match on catch block at 0xc3 in for 0x709e959025
02-29 17:09:29.693 22800 22800 E ArmVmp : Match on catch block at 0xc3 in for 0x709e959025
02-29 17:09:29.702 22800 22800 E ArmVmp : Match on catch block at 0xc3 in for 0x709e959025
02-29 17:09:29.706 22800 22800 E ArmVmp : Match on catch block at 0xc3 in for 0x709e959025
02-29 17:09:29.708 22800 22800 E ArmVmp : Match on catch block at 0xc3 in for 0x709e959025
02-29 17:09:29.717 22800 22800 E ArmVmp : Match on catch block at 0xc3 in for 0x709e959025
02-29 17:09:29.719 22800 22800 E ArmVmp : Match on catch block at 0xc3 in for 0x709e959025
02-29 17:09:29.722 22800 22800 E ArmVmp : Match on catch block at 0xc3 in for 0x709e959025
02-29 17:09:29.734 22800 22800 E ArmVmp : Match on catch block at 0xc3 in for 0x709e959025
02-29 17:09:29.736 22800 22800 E ArmVmp : Match on catch block at 0xc3 in for 0x709e959025
02-29 17:09:29.739 22800 22800 E ArmVmp : Match on catch block at 0xc3 in for 0x709e959025
02-29 17:09:29.750 22800 22800 E ArmVmp : Match on catch block at 0xc3 in for 0x709e959025
02-29 17:09:29.753 22800 22800 E ArmVmp : Match on catch block at 0xc3 in for 0x709e959025
02-29 17:09:29.755 22800 22800 E ArmVmp : Match on catch block at 0xc3 in for 0x709e959025
02-29 17:09:29.766 22800 22800 E ArmVmp : Match on catch block at 0xc3 in for 0x709e959025
02-29 17:09:29.769 22800 22800 E ArmVmp : Match on catch block at 0xc3 in for 0x709e959025
02-29 17:09:29.771 22800 22800 E ArmVmp : Match on catch block at 0xc3 in for 0x709e959025
02-29 17:09:29.796 22800 22800 E ArmVmp : Match on catch block at 0xc3 in for 0x709e959025
02-29 17:09:29.798 22800 22800 E ArmVmp : Match on catch block at 0xc3 in for 0x709e959025
02-29 17:09:29.802 22800 22800 E ArmVmp : Match on catch block at 0xc3 in for 0x709e959025
02-29 17:09:29.817 22800 22800 E ArmVmp : Match on catch block at 0xc3 in for 0x709e959025
02-29 17:09:29.820 22800 22800 E ArmVmp : Match on catch block at 0xc3 in for 0x709e959025
02-29 17:09:29.823 22800 22800 E ArmVmp : Match on catch block at 0xc3 in for 0x709e959025
02-29 17:09:29.833 22800 22800 E ArmVmp : Match on catch block at 0xc3 in for 0x709e959025
02-29 17:09:29.836 22800 22800 E ArmVmp : Match on catch block at 0xc3 in for 0x709e959025
02-29 17:09:29.838 22800 22800 E ArmVmp : Match on catch block at 0xc3 in for 0x709e959025
02-29 17:09:29.851 22800 22800 E ArmVmp : Match on catch block at 0xc3 in for 0x709e959025
02-29 17:09:29.854 22800 22800 E ArmVmp : Match on catch block at 0xc3 in for 0x709e959025
02-29 17:09:29.856 22800 22800 E ArmVmp : Match on catch block at 0xc3 in for 0x709e959025
02-29 17:09:29.868 22800 22800 E ArmVmp : Match on catch block at 0xc3 in for 0x709e959025
02-29 17:09:29.871 22800 22800 E ArmVmp : Match on catch block at 0xc3 in for 0x709e959025
02-29 17:09:29.873 22800 22800 E ArmVmp : Match on catch block at 0xc3 in for 0x709e959025
02-29 17:09:29.883 22800 22800 E ArmVmp : Match on catch block at 0xc3 in for 0x709e959025
02-29 17:09:29.886 22800 22800 E ArmVmp : Match on catch block at 0xc3 in for 0x709e959025
02-29 17:09:29.889 22800 22800 E ArmVmp : Match on catch block at 0xc3 in for 0x709e959025
02-29 17:09:29.900 22800 22800 E ArmVmp : Match on catch block at 0xc3 in for 0x709e959025
02-29 17:09:29.902 22800 22800 E ArmVmp : Match on catch block at 0xc3 in for 0x709e959025
02-29 17:09:29.905 22800 22800 E ArmVmp : Match on catch block at 0xc3 in for 0x709e959025
02-29 17:09:29.916 22800 22800 E ArmVmp : Match on catch block at 0xc3 in for 0x709e959025
02-29 17:09:29.921 22800 22800 E ArmVmp : Match on catch block at 0xc3 in for 0x709e959025
02-29 17:09:29.924 22800 22800 E ArmVmp : Match on catch block at 0xc3 in for 0x709e959025
02-29 17:09:29.933 22800 22800 E ArmVmp : Match on catch block at 0xc3 in for 0x709e959025
02-29 17:09:29.936 22800 22800 E ArmVmp : Match on catch block at 0xc3 in for 0x709e959025
02-29 17:09:29.938 22800 22800 E ArmVmp : Match on catch block at 0xc3 in for 0x709e959025
02-29 17:09:29.950 22800 22800 E ArmVmp : Match on catch block at 0xc3 in for 0x709e959025
02-29 17:09:29.953 22800 22800 E ArmVmp : Match on catch block at 0xc3 in for 0x709e959025
02-29 17:09:29.955 22800 22800 E ArmVmp : Match on catch block at 0xc3 in for 0x709e959025
02-29 17:09:29.966 22800 22800 E ArmVmp : Match on catch block at 0xc3 in for 0x709e959025
02-29 17:09:29.969 22800 22800 E ArmVmp : Match on catch block at 0xc3 in for 0x709e959025
02-29 17:09:29.971 22800 22800 E ArmVmp : Match on catch block at 0xc3 in for 0x709e959025
02-29 17:09:30.250 22800 22800 E ArmVmp : Match on catch block at 0xc3 in for 0x709e959025
02-29 17:09:30.255 22800 22800 E ArmVmp : Match on catch block at 0xc3 in for 0x709e959025
02-29 17:09:30.258 22800 22800 E ArmVmp : Match on catch block at 0xc3 in for 0x709e959025
02-29 17:09:30.267 22800 22800 E ArmVmp : Match on catch block at 0xc3 in for 0x709e959025
02-29 17:09:30.271 22800 22800 E ArmVmp : Match on catch block at 0xc3 in for 0x709e959025
02-29 17:09:30.274 22800 22800 E ArmVmp : Match on catch block at 0xc3 in for 0x709e959025
02-29 17:09:30.285 22800 22800 E ArmVmp : Match on catch block at 0xc3 in for 0x709e959025
02-29 17:09:30.288 22800 22800 E ArmVmp : Match on catch block at 0xc3 in for 0x709e959025
02-29 17:09:30.291 22800 22800 E ArmVmp : Match on catch block at 0xc3 in for 0x709e959025
02-29 17:09:30.300 22800 22800 E ArmVmp : Match on catch block at 0xc3 in for 0x709e959025
02-29 17:09:30.305 22800 22800 E ArmVmp : Match on catch block at 0xc3 in for 0x709e959025
02-29 17:09:30.307 22800 22800 E ArmVmp : Match on catch block at 0xc3 in for 0x709e959025
02-29 17:09:30.317 22800 22800 E ArmVmp : Match on catch block at 0xc3 in for 0x709e959025
02-29 17:09:30.321 22800 22800 E ArmVmp : Match on catch block at 0xc3 in for 0x709e959025
02-29 17:09:30.325 22800 22800 E ArmVmp : Match on catch block at 0xc3 in for 0x709e959025
02-29 17:09:30.333 22800 22800 E ArmVmp : Match on catch block at 0xc3 in for 0x709e959025
02-29 17:09:30.337 22800 22800 E ArmVmp : Match on catch block at 0xc3 in for 0x709e959025
02-29 17:09:30.340 22800 22800 E ArmVmp : Match on catch block at 0xc3 in for 0x709e959025
02-29 17:09:30.350 22800 22800 E ArmVmp : Match on catch block at 0xc3 in for 0x709e959025
02-29 17:09:30.354 22800 22800 E ArmVmp : Match on catch block at 0xc3 in for 0x709e959025
02-29 17:09:30.357 22800 22800 E ArmVmp : Match on catch block at 0xc3 in for 0x709e959025
02-29 17:09:30.367 22800 22800 E ArmVmp : Match on catch block at 0xc3 in for 0x709e959025
02-29 17:09:30.371 22800 22800 E ArmVmp : Match on catch block at 0xc3 in for 0x709e959025
02-29 17:09:30.373 22800 22800 E ArmVmp : Match on catch block at 0xc3 in for 0x709e959025
