02-29 16:44:23.173 22800 22958 E SQLiteDatabase: Error inserting transferred=1 media_job_uuid=a523deb9-5ece-445e-8ff5-5cff3d925522 transcoded=0 gif_attribution=0 first_scan_length=5546 direct_path=/o1/v/t62.7118-24/f1/m233/up-oil-image-096f8916- 14f1-49e2-b5de-8cbcaa15da7b?ccb=9- 4&oh=01_AdTlGkmE9tEHBOlzlRhYr7Gn9IzuQt9gogfA46eO4Kr6Gg&oe=66083CC9&_nc_sid=000000 thumbnail_height_width_ratio=1.0666667 is_animated_sticker=0 file_hash=y2gI0uYysx15ZMLXSyk2VFVGwHOUpX7mopW7b6kXMz4= file_path=Media/.Statuses/be6c5232b55c4e1baec5a0d607664a34.jpg file_size=53683 partial_media_hash=t7KZUqQHQU6GMdfpGaiXLyuYJDQ1A7Z6ZXUaiArCfxI= face_x=0 face_y=0 height=763 trim_to=0 media_key_timestamp=1709233941000 message_url=https://mmg.whatsapp.net/o1/v/t62.7118-24/f1/m233/up-oil-image- 096f8916-14f1-49e2-b5de-8cbcaa15da7b?ccb=9- 4&oh=01_AdTlGkmE9tEHBOlzlRhYr7Gn9IzuQt9gogfA46eO4Kr6Gg&oe=66083CC9&_nc_sid=000000&m ms3=true media_caption=null trim_from=0 mime_type=image/jpeg partial_media_enc_hash=null width=720 original_file_hash=null has_streaming_sidecar=1 autotransfer_retry_enabled=1 media_upload_handle=null message_row_id=7336 multicast_id=null enc_file_hash=pgE8+3DpekauDHU1qsWx9xWNC0Iac7ANmr8fNgkFrlU= mute_video=0 page_count=0 first_scan_sidecar=[B@a3498c2 suspicious_content=0 file_length=53683 media_name=null media_duration=0 chat_row_id=3 media_key=[B@6fc56d3
02-29 16:44:23.173 22800 22958 E SQLiteDatabase: android.database.sqlite.SQLiteConstraintException: UNIQUE constraint failed: message_media.message_row_id (code 1555 SQLITE_CONSTRAINT_PRIMARYKEY)
02-29 16:44:23.173 22800 22958 E SQLiteDatabase: at android.database.sqlite.SQLiteConnection.nativeExecuteForLastInsertedRowId(Native Method)
02-29 16:44:23.173 22800 22958 E SQLiteDatabase: at android.database.sqlite.SQLiteConnection.executeForLastInsertedRowId(SQLiteConnecti on.java:961)
02-29 16:44:23.173 22800 22958 E SQLiteDatabase: at android.database.sqlite.SQLiteSession.executeForLastInsertedRowId(SQLiteSession.jav a:790)
02-29 16:44:23.173 22800 22958 E SQLiteDatabase: at android.database.sqlite.SQLiteStatement.executeInsert(SQLiteStatement.java:89)
02-29 16:44:23.173 22800 22958 E SQLiteDatabase: at android.database.sqlite.SQLiteDatabase.insertWithOnConflict(SQLiteDatabase.java:186 8)
02-29 16:44:23.173 22800 22958 E SQLiteDatabase: at android.database.sqlite.SQLiteDatabase.insert(SQLiteDatabase.java:1737)
02-29 16:44:23.173 22800 22958 E SQLiteDatabase: at X.2tm.A08(Unknown Source:6)
02-29 16:44:23.173 22800 22958 E SQLiteDatabase: at X.35Y.A07(Unknown Source:212)
02-29 16:44:23.173 22800 22958 E SQLiteDatabase: at X.3QF.A14(Unknown Source:470)
02-29 16:44:23.173 22800 22958 E SQLiteDatabase: at X.3gU.run(Unknown Source:982)
02-29 16:44:23.173 22800 22958 E SQLiteDatabase: at android.os.Handler.handleCallback(Handler.java:942)
02-29 16:44:23.173 22800 22958 E SQLiteDatabase: at android.os.Handler.dispatchMessage(Handler.java:99)
02-29 16:44:23.173 22800 22958 E SQLiteDatabase: at X.0zq.dispatchMessage(Unknown Source:4)
02-29 16:44:23.173 22800 22958 E SQLiteDatabase: at android.os.Looper.loopOnce(Looper.java:201)
02-29 16:44:23.173 22800 22958 E SQLiteDatabase: at android.os.Looper.loop(Looper.java:288)
02-29 16:44:23.173 22800 22958 E SQLiteDatabase: at android.os.HandlerThread.run(HandlerThread.java:67)
02-29 16:44:27.219 22800 25063 W Parcel : Expecting binder but got null!
02-29 16:44:44.263 22800 22800 W BottomSheetBehavior: BottomSheetBehavior now supports multiple callbacks. `setBottomSheetCallback()` removes all existing callbacks, including ones set internally by library authors, which may result in unintended behavior. This may change in the future. Please use `addBottomSheetCallback()` and `removeBottomSheetCallback()` instead to set your own callbacks.
02-29 16:44:44.263 22800 22800 W BottomSheetBehavior: BottomSheetBehavior now supports multiple callbacks. `setBottomSheetCallback()` removes all existing callbacks, including ones set internally by library authors, which may result in unintended behavior. This may change in the future. Please use `addBottomSheetCallback()` and `removeBottomSheetCallback()` instead to set your own callbacks.
02-29 16:44:44.276 22800 22800 E RecyclerView: No adapter attached; skipping layout
02-29 16:44:45.381 22800 22958 E SQLiteDatabase: Error inserting transferred=1 media_job_uuid=c7966e0e-a778-4a4a-a811-8c9bcf1eaa03 transcoded=0 gif_attribution=0 first_scan_length=139128 direct_path=/v/t62.7118- 24/30615514_1573418290177637_4619816637865961660_n.enc?ccb=11- 4&oh=01_AdSTbT77Y3DMu80GWcIOSJHaz_- GwYXkJ2TRSq7QXAILBA&oe=660867D2&_nc_sid=5e03e0&_nc_hot=1709238196 thumbnail_height_width_ratio=0.75 is_animated_sticker=0 file_hash=g4Xh1/OEzo2QW5gbpaA4jGJ76730uuURq3uXmVdt0EI= file_path=Media/.Statuses/7d8e8a5508dc430f89bd34798d9ff42c.jpg file_size=2363130 partial_media_hash=fUYjxu0XnCPvJ0S3FMCb7PkNFRGmDq8GWVV8czUmSEY= face_x=0 face_y=0 height=3000 trim_to=0 media_key_timestamp=1709235593000 message_url=https://mmg.whatsapp.net/v/t62.7118- 24/30615514_1573418290177637_4619816637865961660_n.enc?ccb=11- 4&oh=01_AdSTbT77Y3DMu80GWcIOSJHaz_- GwYXkJ2TRSq7QXAILBA&oe=660867D2&_nc_sid=5e03e0&mms3=true media_caption=null trim_from=0 mime_type=image/jpeg partial_media_enc_hash=null width=4000 original_file_hash=null has_streaming_sidecar=1 autotransfer_retry_enabled=1 media_upload_handle=null message_row_id=7337 multicast_id=null enc_file_hash=ASRMNojijOt5FoZjI0iNh31RJaBEyEe9coUyVRfAyCY= mute_video=0 page_count=0 first_scan_sidecar=[B@60ff2ad suspicious_content=0 file_length=2363130 media_name=null media_duration=0 chat_row_id=3 media_key=[B@f8939e2
02-29 16:44:45.381 22800 22958 E SQLiteDatabase: android.database.sqlite.SQLiteConstraintException: UNIQUE constraint failed: message_media.message_row_id (code 1555 SQLITE_CONSTRAINT_PRIMARYKEY)
02-29 16:44:45.381 22800 22958 E SQLiteDatabase: at android.database.sqlite.SQLiteConnection.nativeExecuteForLastInsertedRowId(Native Method)
02-29 16:44:45.381 22800 22958 E SQLiteDatabase: at android.database.sqlite.SQLiteConnection.executeForLastInsertedRowId(SQLiteConnecti on.java:961)
02-29 16:44:45.381 22800 22958 E SQLiteDatabase: at android.database.sqlite.SQLiteSession.executeForLastInsertedRowId(SQLiteSession.jav a:790)
02-29 16:44:45.381 22800 22958 E SQLiteDatabase: at android.database.sqlite.SQLiteStatement.executeInsert(SQLiteStatement.java:89)
02-29 16:44:45.381 22800 22958 E SQLiteDatabase: at android.database.sqlite.SQLiteDatabase.insertWithOnConflict(SQLiteDatabase.java:186 8)
02-29 16:44:45.381 22800 22958 E SQLiteDatabase: at android.database.sqlite.SQLiteDatabase.insert(SQLiteDatabase.java:1737)
02-29 16:44:45.381 22800 22958 E SQLiteDatabase: at X.2tm.A08(Unknown Source:6)
02-29 16:44:45.381 22800 22958 E SQLiteDatabase: at X.35Y.A07(Unknown Source:212)
02-29 16:44:45.381 22800 22958 E SQLiteDatabase: at X.3QF.A14(Unknown Source:470)
02-29 16:44:45.381 22800 22958 E SQLiteDatabase: at X.3gU.run(Unknown Source:982)
02-29 16:44:45.381 22800 22958 E SQLiteDatabase: at android.os.Handler.handleCallback(Handler.java:942)
02-29 16:44:45.381 22800 22958 E SQLiteDatabase: at android.os.Handler.dispatchMessage(Handler.java:99)
02-29 16:44:45.381 22800 22958 E SQLiteDatabase: at X.0zq.dispatchMessage(Unknown Source:4)
02-29 16:44:45.381 22800 22958 E SQLiteDatabase: at android.os.Looper.loopOnce(Looper.java:201)
02-29 16:44:45.381 22800 22958 E SQLiteDatabase: at android.os.Looper.loop(Looper.java:288)
02-29 16:44:45.381 22800 22958 E SQLiteDatabase: at android.os.HandlerThread.run(HandlerThread.java:67)
02-29 16:44:48.527 22800 22800 E RecyclerView: No adapter attached; skipping layout
02-29 16:44:49.835 22800 22800 W BottomSheetBehavior: BottomSheetBehavior now supports multiple callbacks. `setBottomSheetCallback()` removes all existing callbacks, including ones set internally by library authors, which may result in unintended behavior. This may change in the future. Please use `addBottomSheetCallback()` and `removeBottomSheetCallback()` instead to set your own callbacks.
02-29 16:44:49.835 22800 22800 W BottomSheetBehavior: BottomSheetBehavior now supports multiple callbacks. `setBottomSheetCallback()` removes all existing callbacks, including ones set internally by library authors, which may result in unintended behavior. This may change in the future. Please use `addBottomSheetCallback()` and `removeBottomSheetCallback()` instead to set your own callbacks.
02-29 16:44:49.855 22800 22800 W BottomSheetBehavior: BottomSheetBehavior now supports multiple callbacks. `setBottomSheetCallback()` removes all existing callbacks, including ones set internally by library authors, which may result in unintended behavior. This may change in the future. Please use `addBottomSheetCallback()` and `removeBottomSheetCallback()` instead to set your own callbacks.
02-29 16:44:49.855 22800 22800 W BottomSheetBehavior: BottomSheetBehavior now supports multiple callbacks. `setBottomSheetCallback()` removes all existing callbacks, including ones set internally by library authors, which may result in unintended behavior. This may change in the future. Please use `addBottomSheetCallback()` and `removeBottomSheetCallback()` instead to set your own callbacks.
02-29 16:44:50.447 22800 22958 E SQLiteDatabase: Error inserting transferred=0 media_job_uuid=9c493db4-4bff-421a-9454-50123dfee1cd transcoded=0 gif_attribution=0 first_scan_length=0 direct_path=/v/t62.7161- 24/33504588_417980320637150_432697476683094825_n.enc?ccb=11- 4&oh=01_AdRbhearOprWmJjTcDM8qrk-l5uygx3Lv-2zWstd2vRwxg&oe=660826AF&_nc_sid=5e03e0 thumbnail_height_width_ratio=1.7777778 is_animated_sticker=0 file_hash=oEWrONUREvTwKNc9F0TO4VBOBCNlCG/37tM3HDo11cQ= file_path=null file_size=0 partial_media_hash=null face_x=0 face_y=0 height=656 trim_to=0 media_key_timestamp=1709231389000 message_url=https://mmg.whatsapp.net/v/t62.7161- 24/33504588_417980320637150_432697476683094825_n.enc?ccb=11- 4&oh=01_AdRbhearOprWmJjTcDM8qrk-l5uygx3Lv- 2zWstd2vRwxg&oe=660826AF&_nc_sid=5e03e0&mms3=true media_caption=null trim_from=0 mime_type=video/mp4 partial_media_enc_hash=null width=368 original_file_hash=null has_streaming_sidecar=1 autotransfer_retry_enabled=1 media_upload_handle=null message_row_id=7335 multicast_id=null enc_file_hash=2E4/FgKSwzY9TqI2q9LpEAuqRIXq41lJLcvLCRW6lM8= mute_video=0 page_count=0 first_scan_sidecar=null suspicious_content=0 file_length=3809945 media_name=null media_duration=30 chat_row_id=3 media_key=[B@7cf14d3
02-29 16:44:50.447 22800 22958 E SQLiteDatabase: android.database.sqlite.SQLiteConstraintException: UNIQUE constraint failed: message_media.message_row_id (code 1555 SQLITE_CONSTRAINT_PRIMARYKEY)
02-29 16:44:50.447 22800 22958 E SQLiteDatabase: at android.database.sqlite.SQLiteConnection.nativeExecuteForLastInsertedRowId(Native Method)
02-29 16:44:50.447 22800 22958 E SQLiteDatabase: at android.database.sqlite.SQLiteConnection.executeForLastInsertedRowId(SQLiteConnecti on.java:961)
02-29 16:44:50.447 22800 22958 E SQLiteDatabase: at android.database.sqlite.SQLiteSession.executeForLastInsertedRowId(SQLiteSession.jav a:790)
02-29 16:44:50.447 22800 22958 E SQLiteDatabase: at android.database.sqlite.SQLiteStatement.executeInsert(SQLiteStatement.java:89)
02-29 16:44:50.447 22800 22958 E SQLiteDatabase: at android.database.sqlite.SQLiteDatabase.insertWithOnConflict(SQLiteDatabase.java:186 8)
02-29 16:44:50.447 22800 22958 E SQLiteDatabase: at android.database.sqlite.SQLiteDatabase.insert(SQLiteDatabase.java:1737)
02-29 16:44:50.447 22800 22958 E SQLiteDatabase: at X.2tm.A08(Unknown Source:6)
02-29 16:44:50.447 22800 22958 E SQLiteDatabase: at X.35Y.A07(Unknown Source:212)
02-29 16:44:50.447 22800 22958 E SQLiteDatabase: at X.3QF.A14(Unknown Source:470)
02-29 16:44:50.447 22800 22958 E SQLiteDatabase: at X.3gU.run(Unknown Source:982)
02-29 16:44:50.447 22800 22958 E SQLiteDatabase: at android.os.Handler.handleCallback(Handler.java:942)
02-29 16:44:50.447 22800 22958 E SQLiteDatabase: at android.os.Handler.dispatchMessage(Handler.java:99)
02-29 16:44:50.447 22800 22958 E SQLiteDatabase: at X.0zq.dispatchMessage(Unknown Source:4)
02-29 16:44:50.447 22800 22958 E SQLiteDatabase: at android.os.Looper.loopOnce(Looper.java:201)
02-29 16:44:50.447 22800 22958 E SQLiteDatabase: at android.os.Looper.loop(Looper.java:288)
02-29 16:44:50.447 22800 22958 E SQLiteDatabase: at android.os.HandlerThread.run(HandlerThread.java:67)
02-29 16:44:50.759 22800 22958 E SQLiteDatabase: Error inserting transferred=0 media_job_uuid=6cdfc535-5da0-4505-95b5-0de20848c6c5 transcoded=0 gif_attribution=0 first_scan_length=0 direct_path=/v/t62.7161- 24/35871899_1734584050365936_5584917190522783353_n.enc?ccb=11- 4&oh=01_AdTbJXHidnRW0yOVyAARNCWIWUCY8PBhIkjKO_yU60aOOQ&oe=6607240D&_nc_sid=5e03e0 thumbnail_height_width_ratio=1.7777778 is_animated_sticker=0 file_hash=hsvgtf3PBDrP5lSyi8otAsw44+1wuvlkua5G1zyZXHM= file_path=null file_size=0 partial_media_hash=null face_x=0 face_y=0 height=656 trim_to=0 media_key_timestamp=1709160815000 message_url=https://mmg.whatsapp.net/v/t62.7161- 24/35871899_1734584050365936_5584917190522783353_n.enc?ccb=11- 4&oh=01_AdTbJXHidnRW0yOVyAARNCWIWUCY8PBhIkjKO_yU60aOOQ&oe=6607240D&_nc_sid=5e03e0&m ms3=true media_caption=null trim_from=0 mime_type=video/mp4 partial_media_enc_hash=null width=368 original_file_hash=null has_streaming_sidecar=1 autotransfer_retry_enabled=1 media_upload_handle=null message_row_id=7120 multicast_id=null enc_file_hash=TckrbXV0xXz4ZkMxa/8quSWmBXU1HiiGII7artDHrY4= mute_video=0 page_count=0 first_scan_sidecar=null suspicious_content=0 file_length=3613036 media_name=null media_duration=30 chat_row_id=3 media_key=[B@267f4a3
02-29 16:44:50.759 22800 22958 E SQLiteDatabase: android.database.sqlite.SQLiteConstraintException: UNIQUE constraint failed: message_media.message_row_id (code 1555 SQLITE_CONSTRAINT_PRIMARYKEY)
02-29 16:44:50.759 22800 22958 E SQLiteDatabase: at android.database.sqlite.SQLiteConnection.nativeExecuteForLastInsertedRowId(Native Method)
02-29 16:44:50.759 22800 22958 E SQLiteDatabase: at android.database.sqlite.SQLiteConnection.executeForLastInsertedRowId(SQLiteConnecti on.java:961)
02-29 16:44:50.759 22800 22958 E SQLiteDatabase: at android.database.sqlite.SQLiteSession.executeForLastInsertedRowId(SQLiteSession.jav a:790)
02-29 16:44:50.759 22800 22958 E SQLiteDatabase: at android.database.sqlite.SQLiteStatement.executeInsert(SQLiteStatement.java:89)
02-29 16:44:50.759 22800 22958 E SQLiteDatabase: at android.database.sqlite.SQLiteDatabase.insertWithOnConflict(SQLiteDatabase.java:186 8)
02-29 16:44:50.759 22800 22958 E SQLiteDatabase: at android.database.sqlite.SQLiteDatabase.insert(SQLiteDatabase.java:1737)
02-29 16:44:50.759 22800 22958 E SQLiteDatabase: at X.2tm.A08(Unknown Source:6)
02-29 16:44:50.759 22800 22958 E SQLiteDatabase: at X.35Y.A07(Unknown Source:212)
02-29 16:44:50.759 22800 22958 E SQLiteDatabase: at X.3QF.A14(Unknown Source:470)
02-29 16:44:50.759 22800 22958 E SQLiteDatabase: at X.3gU.run(Unknown Source:982)
02-29 16:44:50.759 22800 22958 E SQLiteDatabase: at android.os.Handler.handleCallback(Handler.java:942)
02-29 16:44:50.759 22800 22958 E SQLiteDatabase: at android.os.Handler.dispatchMessage(Handler.java:99)
02-29 16:44:50.759 22800 22958 E SQLiteDatabase: at X.0zq.dispatchMessage(Unknown Source:4)
02-29 16:44:50.759 22800 22958 E SQLiteDatabase: at android.os.Looper.loopOnce(Looper.java:201)
02-29 16:44:50.759 22800 22958 E SQLiteDatabase: at android.os.Looper.loop(Looper.java:288)
02-29 16:44:50.759 22800 22958 E SQLiteDatabase: at android.os.HandlerThread.run(HandlerThread.java:67)
02-29 16:44:55.313 22800 22800 E ArmVmp : Match on catch block at 0x38 in for 0x709e95902d
02-29 16:44:55.313 22800 22800 W System.err: java.lang.NumberFormatException: For input string: ""
02-29 16:44:55.314 22800 22800 W System.err: at java.lang.Integer.parseInt(Integer.java:807)
02-29 16:44:55.314 22800 22800 W System.err: at java.lang.Integer.parseInt(Integer.java:915)
02-29 16:44:55.314 22800 22800 W System.err: at mbmodsd.mbmodsw.home.HomeActivity.mbcRe(Native Method)
02-29 16:44:55.314 22800 22800 W System.err: at com.mbwhatsapp.HomeActivity.onPause(Unknown Source:9)
02-29 16:44:55.314 22800 22800 W System.err: at android.app.Activity.performPause(Activity.java:8505)
02-29 16:44:55.314 22800 22800 W System.err: at android.app.Instrumentation.callActivityOnPause(Instrumentation.java:1585)
02-29 16:44:55.314 22800 22800 W System.err: at android.app.ActivityThread.performPauseActivityIfNeeded(ActivityThread.java:5182)
02-29 16:44:55.314 22800 22800 W System.err: at android.app.ActivityThread.performPauseActivity(ActivityThread.java:5143)
02-29 16:44:55.314 22800 22800 W System.err: at android.app.ActivityThread.handlePauseActivity(ActivityThread.java:5095)
02-29 16:44:55.315 22800 22800 W System.err: at android.app.servertransaction.PauseActivityItem.execute(PauseActivityItem.java:47)
02-29 16:44:55.315 22800 22800 W System.err: at android.app.servertransaction.ActivityTransactionItem.execute(ActivityTransactionIt em.java:45)
02-29 16:44:55.315 22800 22800 W System.err: at android.app.servertransaction.TransactionExecutor.executeLifecycleState(Transaction Executor.java:178)
02-29 16:44:55.315 22800 22800 W System.err: at android.app.servertransaction.TransactionExecutor.execute(TransactionExecutor.java: 99)
02-29 16:44:55.315 22800 22800 W System.err: at android.app.ActivityThread$H.handleMessage(ActivityThread.java:2393)
02-29 16:44:55.315 22800 22800 W System.err: at android.os.Handler.dispatchMessage(Handler.java:106)
02-29 16:44:55.315 22800 22800 W System.err: at android.os.Looper.loopOnce(Looper.java:201)
02-29 16:44:55.315 22800 22800 W System.err: at android.os.Looper.loop(Looper.java:288)
02-29 16:44:55.315 22800 22800 W System.err: at android.app.ActivityThread.main(ActivityThread.java:8061)
02-29 16:44:55.315 22800 22800 W System.err: at java.lang.reflect.Method.invoke(Native Method)
02-29 16:44:55.315 22800 22800 W System.err: at com.android.internal.os.RuntimeInit$MethodAndArgsCaller.run(RuntimeInit.java:703)
02-29 16:44:55.315 22800 22800 W System.err: at com.android.internal.os.ZygoteInit.main(ZygoteInit.java:911)
02-29 16:44:55.407 22800 25063 W Parcel : Expecting binder but got null!
02-29 16:44:55.439 22800 22800 W BottomSheetBehavior: BottomSheetBehavior now supports multiple callbacks. `setBottomSheetCallback()` removes all existing callbacks, including ones set internally by library authors, which may result in unintended behavior. This may change in the future. Please use `addBottomSheetCallback()` and `removeBottomSheetCallback()` instead to set your own callbacks.
02-29 16:44:55.439 22800 22800 W BottomSheetBehavior: BottomSheetBehavior now supports multiple callbacks. `setBottomSheetCallback()` removes all existing callbacks, including ones set internally by library authors, which may result in unintended behavior. This may change in the future. Please use `addBottomSheetCallback()` and `removeBottomSheetCallback()` instead to set your own callbacks.
02-29 16:44:55.479 22800 22800 W BottomSheetBehavior: BottomSheetBehavior now supports multiple callbacks. `setBottomSheetCallback()` removes all existing callbacks, including ones set internally by library authors, which may result in unintended behavior. This may change in the future. Please use `addBottomSheetCallback()` and `removeBottomSheetCallback()` instead to set your own callbacks.
02-29 16:44:55.480 22800 22800 W BottomSheetBehavior: BottomSheetBehavior now supports multiple callbacks. `setBottomSheetCallback()` removes all existing callbacks, including ones set internally by library authors, which may result in unintended behavior. This may change in the future. Please use `addBottomSheetCallback()` and `removeBottomSheetCallback()` instead to set your own callbacks.
02-29 16:44:55.496 22800 22800 E RecyclerView: No adapter attached; skipping layout
02-29 16:44:55.511 22800 29066 W ColorUtils: expected specified color aspects (0:0:0:0)
02-29 16:44:55.525 22800 29066 W Codec2Client: query -- param skipped: index = 1107298332.
02-29 16:44:55.525 22800 29066 W CCodec : This behavior is subject to change. It is recommended that app developers double check whether the requested max input size is in reasonable range.
02-29 16:44:55.528 22800 29066 W Codec2Client: query -- param skipped: index = 1342179345.
02-29 16:44:55.528 22800 29066 W Codec2Client: query -- param skipped: index = 2415921170.
02-29 16:44:55.528 22800 29066 W Codec2Client: query -- param skipped: index = 1610614798.
02-29 16:44:55.528 22800 29066 W Codec2Client: query -- param skipped: index = 2684356609.
02-29 16:44:55.600 22800 29072 W Codec2Client: query -- param skipped: index = 1107298332.
02-29 16:44:55.600 22800 29072 W CCodec : This behavior is subject to change. It is recommended that app developers double check whether the requested max input size is in reasonable range.
02-29 16:44:55.602 22800 29072 W Codec2Client: query -- param skipped: index = 1342179345.
02-29 16:44:55.603 22800 29072 W Codec2Client: query -- param skipped: index = 2415921170.
02-29 16:44:55.603 22800 29072 W Codec2Client: query -- param skipped: index = 1610614798.
02-29 16:44:55.646 22800 22800 W RenderThread: type=1400 audit(0.0:13464): avc: denied { getattr } for name="/" dev="dmabuf" ino=1 scontext=u:r:untrusted_app:s0:c212,c256,c512,c768 tcontext=u:object_r:unlabeled:s0 tclass=filesystem permissive=0 app=com.mbwhatsapp
02-29 16:44:55.672 22800 23666 W AidlConversion: aidl2legacy_AudioChannelLayout_audio_channel_mask_t: no legacy output audio_channel_mask_t found for AudioChannelLayout{layoutMask: 16}
02-29 16:44:55.713 22800 29058 W AudioTrack: getTimestamp_l(1820): retrograde timestamp time corrected, 41225318193974 < 41225436938321
02-29 16:44:55.794 22800 22800 W RenderThread: type=1400 audit(0.0:13465): avc: denied { getattr } for name="/" dev="dmabuf" ino=1 scontext=u:r:untrusted_app:s0:c212,c256,c512,c768 tcontext=u:object_r:unlabeled:s0 tclass=filesystem permissive=0 app=com.mbwhatsapp
02-29 16:44:55.838 22800 22800 W RenderThread: type=1400 audit(0.0:13466): avc: denied { getattr } for name="/" dev="dmabuf" ino=1 scontext=u:r:untrusted_app:s0:c212,c256,c512,c768 tcontext=u:object_r:unlabeled:s0 tclass=filesystem permissive=0 app=com.mbwhatsapp
02-29 16:44:55.954 22800 22800 W RenderThread: type=1400 audit(0.0:13467): avc: denied { getattr } for name="/" dev="dmabuf" ino=1 scontext=u:r:untrusted_app:s0:c212,c256,c512,c768 tcontext=u:object_r:unlabeled:s0 tclass=filesystem permissive=0 app=com.mbwhatsapp
02-29 16:44:56.022 22800 22800 W RenderThread: type=1400 audit(0.0:13468): avc: denied { getattr } for name="/" dev="dmabuf" ino=1 scontext=u:r:untrusted_app:s0:c212,c256,c512,c768 tcontext=u:object_r:unlabeled:s0 tclass=filesystem permissive=0 app=com.mbwhatsapp
02-29 16:44:56.943 22800 22958 E SQLiteDatabase: Error inserting transferred=1 media_job_uuid=9c493db4-4bff-421a-9454-50123dfee1cd transcoded=0 gif_attribution=0 first_scan_length=0 direct_path=/v/t62.7161- 24/33504588_417980320637150_432697476683094825_n.enc?ccb=11- 4&oh=01_AdRbhearOprWmJjTcDM8qrk-l5uygx3Lv-2zWstd2vRwxg&oe=660826AF&_nc_sid=5e03e0 thumbnail_height_width_ratio=1.7777778 is_animated_sticker=0 file_hash=oEWrONUREvTwKNc9F0TO4VBOBCNlCG/37tM3HDo11cQ= file_path=Media/.Statuses/2b639936d5b64bc48194da5a67535457.mp4 file_size=3809945 partial_media_hash=null face_x=0 face_y=0 height=656 trim_to=0 media_key_timestamp=1709231389000 message_url=https://mmg.whatsapp.net/v/t62.7161- 24/33504588_417980320637150_432697476683094825_n.enc?ccb=11- 4&oh=01_AdRbhearOprWmJjTcDM8qrk-l5uygx3Lv- 2zWstd2vRwxg&oe=660826AF&_nc_sid=5e03e0&mms3=true media_caption=null trim_from=0 mime_type=video/mp4 partial_media_enc_hash=null width=368 original_file_hash=null has_streaming_sidecar=1 autotransfer_retry_enabled=1 media_upload_handle=null message_row_id=7335 multicast_id=null enc_file_hash=2E4/FgKSwzY9TqI2q9LpEAuqRIXq41lJLcvLCRW6lM8= mute_video=0 page_count=0 first_scan_sidecar=null suspicious_content=0 file_length=3809945 media_name=null media_duration=30 chat_row_id=3 media_key=[B@7cf14d3
02-29 16:44:56.943 22800 22958 E SQLiteDatabase: android.database.sqlite.SQLiteConstraintException: UNIQUE constraint failed: message_media.message_row_id (code 1555 SQLITE_CONSTRAINT_PRIMARYKEY)
02-29 16:44:56.943 22800 22958 E SQLiteDatabase: at android.database.sqlite.SQLiteConnection.nativeExecuteForLastInsertedRowId(Native Method)
02-29 16:44:56.943 22800 22958 E SQLiteDatabase: at android.database.sqlite.SQLiteConnection.executeForLastInsertedRowId(SQLiteConnecti on.java:961)
02-29 16:44:56.943 22800 22958 E SQLiteDatabase: at android.database.sqlite.SQLiteSession.executeForLastInsertedRowId(SQLiteSession.jav a:790)
02-29 16:44:56.943 22800 22958 E SQLiteDatabase: at android.database.sqlite.SQLiteStatement.executeInsert(SQLiteStatement.java:89)
02-29 16:44:56.943 22800 22958 E SQLiteDatabase: at android.database.sqlite.SQLiteDatabase.insertWithOnConflict(SQLiteDatabase.java:186 8)
02-29 16:44:56.943 22800 22958 E SQLiteDatabase: at android.database.sqlite.SQLiteDatabase.insert(SQLiteDatabase.java:1737)
02-29 16:44:56.943 22800 22958 E SQLiteDatabase: at X.2tm.A08(Unknown Source:6)
02-29 16:44:56.943 22800 22958 E SQLiteDatabase: at X.35Y.A07(Unknown Source:212)
02-29 16:44:56.943 22800 22958 E SQLiteDatabase: at X.3QF.A14(Unknown Source:470)
02-29 16:44:56.943 22800 22958 E SQLiteDatabase: at X.3gU.run(Unknown Source:982)
02-29 16:44:56.943 22800 22958 E SQLiteDatabase: at android.os.Handler.handleCallback(Handler.java:942)
02-29 16:44:56.943 22800 22958 E SQLiteDatabase: at android.os.Handler.dispatchMessage(Handler.java:99)
02-29 16:44:56.943 22800 22958 E SQLiteDatabase: at X.0zq.dispatchMessage(Unknown Source:4)
02-29 16:44:56.943 22800 22958 E SQLiteDatabase: at android.os.Looper.loopOnce(Looper.java:201)
02-29 16:44:56.943 22800 22958 E SQLiteDatabase: at android.os.Looper.loop(Looper.java:288)
02-29 16:44:56.943 22800 22958 E SQLiteDatabase: at android.os.HandlerThread.run(HandlerThread.java:67)
02-29 16:45:01.961 22800 23666 W AidlConversion: aidl2legacy_AudioChannelLayout_audio_channel_mask_t: no legacy output audio_channel_mask_t found for AudioChannelLayout{layoutMask: 16}
02-29 16:45:03.601 22800 29065 W Codec2Client: query -- param skipped: index = 1342179345.
02-29 16:45:03.601 22800 29065 W Codec2Client: query -- param skipped: index = 2415921170.
02-29 16:45:03.602 22800 29065 W Codec2Client: query -- param skipped: index = 1610614798.
02-29 16:45:03.608 22800 29072 W Codec2Client: query -- param skipped: index = 1342179345.
02-29 16:45:03.608 22800 29072 W Codec2Client: query -- param skipped: index = 2415921170.
02-29 16:45:03.608 22800 29072 W Codec2Client: query -- param skipped: index = 1610614798.
02-29 16:45:25.267 22800 22800 E ArmVmp : Match on catch block at 0x0a in for 0x709e959035
02-29 16:45:25.272 22800 22800 E ArmVmp : Match on catch block at 0x0a in for 0x709e959035
02-29 16:45:25.498 22800 22800 W View : requestLayout() improperly called by X.4rb{7de1057 V.E....L. ......ID 0,-189-720,245} during layout: running second layout pass
02-29 16:45:25.499 22800 22800 W View : requestLayout() improperly called by android.widget.LinearLayout{cd1a744 V.E...... ......ID 90,2-614,424 #7f0b0e50 app:id/main_layout} during layout: running second layout pass
02-29 16:45:25.499 22800 22800 W View : requestLayout() improperly called by com.mbwhatsapp.conversation.conversationrow.ConversationRowDocument$DocumentPreview View{8d3202d V.ED..... ......ID 0,0-504,168 #7f0b13bd app:id/preview} during layout: running second layout pass
02-29 16:45:25.529 22800 22800 E ArmVmp : Match on catch block at 0xc3 in for 0x709e959021
02-29 16:45:25.534 22800 22800 E ArmVmp : Match on catch block at 0xc3 in for 0x709e959021
02-29 16:45:25.537 22800 22800 E ArmVmp : Match on catch block at 0xc3 in for 0x709e959021
02-29 16:45:25.566 22800 25063 W Parcel : Expecting binder but got null!
02-29 16:45:25.583 22800 22800 E ArmVmp : Match on catch block at 0xc3 in for 0x709e959025
02-29 16:45:25.587 22800 22800 E ArmVmp : Match on catch block at 0xc3 in for 0x709e959025
02-29 16:45:25.589 22800 22800 E ArmVmp : Match on catch block at 0xc3 in for 0x709e959025
02-29 16:45:25.631 22800 22800 W View : requestLayout() improperly called by X.4rb{7de1057 V.E....L. ........ 0,-189-720,245} during second layout pass: posting in next frame
02-29 16:45:25.631 22800 22800 W View : requestLayout() improperly called by android.widget.LinearLayout{cd1a744 V.E...... ........ 90,2-614,424 #7f0b0e50 app:id/main_layout} during second layout pass: posting in next frame
02-29 16:45:25.640 22800 22800 E ArmVmp : Match on catch block at 0xc3 in for 0x709e959025
02-29 16:45:25.643 22800 22800 E ArmVmp : Match on catch block at 0xc3 in for 0x709e959025
02-29 16:45:25.648 22800 22800 E ArmVmp : Match on catch block at 0xc3 in for 0x709e959025
02-29 16:45:25.664 22800 22800 E ArmVmp : Match on catch block at 0xc3 in for 0x709e959025
02-29 16:45:25.669 22800 22800 E ArmVmp : Match on catch block at 0xc3 in for 0x709e959025
02-29 16:45:25.671 22800 22800 E ArmVmp : Match on catch block at 0xc3 in for 0x709e959025
02-29 16:45:25.697 22800 22800 E ArmVmp : Match on catch block at 0xc3 in for 0x709e959025
02-29 16:45:25.703 22800 22800 E ArmVmp : Match on catch block at 0xc3 in for 0x709e959025
02-29 16:45:25.706 22800 22800 E ArmVmp : Match on catch block at 0xc3 in for 0x709e959025
02-29 16:45:25.719 22800 22800 E ArmVmp : Match on catch block at 0xc3 in for 0x709e959025
02-29 16:45:25.724 22800 22800 E ArmVmp : Match on catch block at 0xc3 in for 0x709e959025
02-29 16:45:25.726 22800 22800 E ArmVmp : Match on catch block at 0xc3 in for 0x709e959025
02-29 16:45:25.754 22800 22800 E ArmVmp : Match on catch block at 0xc3 in for 0x709e959025
02-29 16:45:25.757 22800 22800 E ArmVmp : Match on catch block at 0xc3 in for 0x709e959025
02-29 16:45:25.759 22800 22800 E ArmVmp : Match on catch block at 0xc3 in for 0x709e959025
02-29 16:45:25.777 22800 22800 E ArmVmp : Match on catch block at 0xc3 in for 0x709e959025
02-29 16:45:25.782 22800 22800 E ArmVmp : Match on catch block at 0xc3 in for 0x709e959025
02-29 16:45:25.786 22800 22800 E ArmVmp : Match on catch block at 0xc3 in for 0x709e959025
02-29 16:45:25.809 22800 22800 E ArmVmp : Match on catch block at 0xc3 in for 0x709e959025
02-29 16:45:25.812 22800 22800 E ArmVmp : Match on catch block at 0xc3 in for 0x709e959025
02-29 16:45:25.815 22800 22800 E ArmVmp : Match on catch block at 0xc3 in for 0x709e959025
02-29 16:45:25.826 22800 22800 E ArmVmp : Match on catch block at 0xc3 in for 0x709e959025
02-29 16:45:25.831 22800 22800 E ArmVmp : Match on catch block at 0xc3 in for 0x709e959025
02-29 16:45:25.833 22800 22800 E ArmVmp : Match on catch block at 0xc3 in for 0x709e959025
02-29 16:45:25.841 22800 22800 E ArmVmp : Match on catch block at 0xc3 in for 0x709e959025
02-29 16:45:25.845 22800 22800 E ArmVmp : Match on catch block at 0xc3 in for 0x709e959025
02-29 16:45:25.847 22800 22800 E ArmVmp : Match on catch block at 0xc3 in for 0x709e959025
02-29 16:45:25.857 22800 22800 E ArmVmp : Match on catch block at 0xc3 in for 0x709e959025
02-29 16:45:25.860 22800 22800 E ArmVmp : Match on catch block at 0xc3 in for 0x709e959025
02-29 16:45:25.865 22800 22800 E ArmVmp : Match on catch block at 0xc3 in for 0x709e959025
02-29 16:45:25.873 22800 22800 E ArmVmp : Match on catch block at 0xc3 in for 0x709e959025
02-29 16:45:25.876 22800 22800 E ArmVmp : Match on catch block at 0xc3 in for 0x709e959025
02-29 16:45:25.879 22800 22800 E ArmVmp : Match on catch block at 0xc3 in for 0x709e959025
02-29 16:45:26.128 22800 22800 E ArmVmp : Match on catch block at 0xc3 in for 0x709e959025
02-29 16:45:26.132 22800 22800 E ArmVmp : Match on catch block at 0xc3 in for 0x709e959025
02-29 16:45:26.135 22800 22800 E ArmVmp : Match on catch block at 0xc3 in for 0x709e959025
02-29 16:45:26.145 22800 22800 E ArmVmp : Match on catch block at 0xc3 in for 0x709e959025
02-29 16:45:26.151 22800 22800 E ArmVmp : Match on catch block at 0xc3 in for 0x709e959025
02-29 16:45:26.154 22800 22800 E ArmVmp : Match on catch block at 0xc3 in for 0x709e959025
02-29 16:45:26.161 22800 22800 E ArmVmp : Match on catch block at 0xc3 in for 0x709e959025
02-29 16:45:26.166 22800 22800 E ArmVmp : Match on catch block at 0xc3 in for 0x709e959025
02-29 16:45:26.168 22800 22800 E ArmVmp : Match on catch block at 0xc3 in for 0x709e959025
02-29 16:45:26.178 22800 22800 E ArmVmp : Match on catch block at 0xc3 in for 0x709e959025
02-29 16:45:26.183 22800 22800 E ArmVmp : Match on catch block at 0xc3 in for 0x709e959025
02-29 16:45:26.185 22800 22800 E ArmVmp : Match on catch block at 0xc3 in for 0x709e959025
02-29 16:45:26.194 22800 22800 E ArmVmp : Match on catch block at 0xc3 in for 0x709e959025
02-29 16:45:26.197 22800 22800 E ArmVmp : Match on catch block at 0xc3 in for 0x709e959025
02-29 16:45:26.199 22800 22800 E ArmVmp : Match on catch block at 0xc3 in for 0x709e959025
02-29 16:45:26.211 22800 22800 E ArmVmp : Match on catch block at 0xc3 in for 0x709e959025
02-29 16:45:26.215 22800 22800 E ArmVmp : Match on catch block at 0xc3 in for 0x709e959025
02-29 16:45:26.217 22800 22800 E ArmVmp : Match on catch block at 0xc3 in for 0x709e959025
02-29 16:45:26.228 22800 22800 E ArmVmp : Match on catch block at 0xc3 in for 0x709e959025
02-29 16:45:26.231 22800 22800 E ArmVmp : Match on catch block at 0xc3 in for 0x709e959025
02-29 16:45:26.233 22800 22800 E ArmVmp : Match on catch block at 0xc3 in for 0x709e959025
02-29 16:45:26.244 22800 22800 E ArmVmp : Match on catch block at 0xc3 in for 0x709e959025
02-29 16:45:26.247 22800 22800 E ArmVmp : Match on catch block at 0xc3 in for 0x709e959025
02-29 16:45:26.249 22800 22800 E ArmVmp : Match on catch block at 0xc3 in for 0x709e959025
02-29 16:45:26.261 22800 22800 E ArmVmp : Match on catch block at 0xc3 in for 0x709e959025
02-29 16:45:26.266 22800 22800 E ArmVmp : Match on catch block at 0xc3 in for 0x709e959025
02-29 16:45:26.269 22800 22800 E ArmVmp : Match on catch block at 0xc3 in for 0x709e959025
02-29 16:45:26.278 22800 22800 E ArmVmp : Match on catch block at 0xc3 in for 0x709e959025
02-29 16:45:26.282 22800 22800 E ArmVmp : Match on catch block at 0xc3 in for 0x709e959025
02-29 16:45:26.285 22800 22800 E ArmVmp : Match on catch block at 0xc3 in for 0x709e959025
02-29 16:45:26.295 22800 22800 E ArmVmp : Match on catch block at 0xc3 in for 0x709e959025
02-29 16:45:26.299 22800 22800 E ArmVmp : Match on catch block at 0xc3 in for 0x709e959025
02-29 16:45:26.301 22800 22800 E ArmVmp : Match on catch block at 0xc3 in for 0x709e959025
02-29 16:45:26.311 22800 22800 E ArmVmp : Match on catch block at 0xc3 in for 0x709e959025
02-29 16:45:26.316 22800 22800 E ArmVmp : Match on catch block at 0xc3 in for 0x709e959025
02-29 16:45:26.318 22800 22800 E ArmVmp : Match on catch block at 0xc3 in for 0x709e959025
02-29 16:45:26.328 22800 22800 E ArmVmp : Match on catch block at 0xc3 in for 0x709e959025
02-29 16:45:26.332 22800 22800 E ArmVmp : Match on catch block at 0xc3 in for 0x709e959025
02-29 16:45:26.334 22800 22800 E ArmVmp : Match on catch block at 0xc3 in for 0x709e959025
02-29 16:45:26.344 22800 22800 E ArmVmp : Match on catch block at 0xc3 in for 0x709e959025
02-29 16:45:26.349 22800 22800 E ArmVmp : Match on catch block at 0xc3 in for 0x709e959025
02-29 16:45:26.352 22800 22800 E ArmVmp : Match on catch block at 0xc3 in for 0x709e959025
02-29 16:45:26.361 22800 22800 E ArmVmp : Match on catch block at 0xc3 in for 0x709e959025
02-29 16:45:26.366 22800 22800 E ArmVmp : Match on catch block at 0xc3 in for 0x709e959025
02-29 16:45:26.368 22800 22800 E ArmVmp : Match on catch block at 0xc3 in for 0x709e959025
02-29 16:45:26.378 22800 22800 E ArmVmp : Match on catch block at 0xc3 in for 0x709e959025
02-29 16:45:26.381 22800 22800 E ArmVmp : Match on catch block at 0xc3 in for 0x709e959025
02-29 16:45:26.384 22800 22800 E ArmVmp : Match on catch block at 0xc3 in for 0x709e959025
02-29 16:45:26.394 22800 22800 E ArmVmp : Match on catch block at 0xc3 in for 0x709e959025
02-29 16:45:26.398 22800 22800 E ArmVmp : Match on catch block at 0xc3 in for 0x709e959025
02-29 16:45:26.399 22800 22800 E ArmVmp : Match on catch block at 0xc3 in for 0x709e959025
02-29 16:45:26.411 22800 22800 E ArmVmp : Match on catch block at 0xc3 in for 0x709e959025
02-29 16:45:26.414 22800 22800 E ArmVmp : Match on catch block at 0xc3 in for 0x709e959025
02-29 16:45:26.417 22800 22800 E ArmVmp : Match on catch block at 0xc3 in for 0x709e959025
02-29 16:45:26.428 22800 22800 E ArmVmp : Match on catch block at 0xc3 in for 0x709e959025
02-29 16:45:26.432 22800 22800 E ArmVmp : Match on catch block at 0xc3 in for 0x709e959025
02-29 16:45:26.435 22800 22800 E ArmVmp : Match on catch block at 0xc3 in for 0x709e959025
02-29 16:45:26.445 22800 22800 E ArmVmp : Match on catch block at 0xc3 in for 0x709e959025
02-29 16:45:26.449 22800 22800 E ArmVmp : Match on catch block at 0xc3 in for 0x709e959025
02-29 16:45:26.452 22800 22800 E ArmVmp : Match on catch block at 0xc3 in for 0x709e959025
02-29 16:45:26.762 22800 22800 E ArmVmp : Match on catch block at 0xc3 in for 0x709e959025
02-29 16:45:26.766 22800 22800 E ArmVmp : Match on catch block at 0xc3 in for 0x709e959025
02-29 16:45:26.769 22800 22800 E ArmVmp : Match on catch block at 0xc3 in for 0x709e959025
02-29 16:45:27.262 22800 22800 E ArmVmp : Match on catch block at 0xc3 in for 0x709e959025
02-29 16:45:27.267 22800 22800 E ArmVmp : Match on catch block at 0xc3 in for 0x709e959025
02-29 16:45:27.271 22800 22800 E ArmVmp : Match on catch block at 0xc3 in for 0x709e959025
02-29 16:45:27.277 22800 22800 E ArmVmp : Match on catch block at 0xc3 in for 0x709e959025
02-29 16:45:27.282 22800 22800 E ArmVmp : Match on catch block at 0xc3 in for 0x709e959025
02-29 16:45:27.285 22800 22800 E ArmVmp : Match on catch block at 0xc3 in for 0x709e959025
02-29 16:45:27.295 22800 22800 E ArmVmp : Match on catch block at 0xc3 in for 0x709e959025
02-29 16:45:27.300 22800 22800 E ArmVmp : Match on catch block at 0xc3 in for 0x709e959025
02-29 16:45:27.303 22800 22800 E ArmVmp : Match on catch block at 0xc3 in for 0x709e959025
02-29 16:45:27.311 22800 22800 E ArmVmp : Match on catch block at 0xc3 in for 0x709e959025
02-29 16:45:27.315 22800 22800 E ArmVmp : Match on catch block at 0xc3 in for 0x709e959025
02-29 16:45:27.317 22800 22800 E ArmVmp : Match on catch block at 0xc3 in for 0x709e959025
02-29 16:45:27.329 22800 22800 E ArmVmp : Match on catch block at 0xc3 in for 0x709e959025
02-29 16:45:27.334 22800 22800 E ArmVmp : Match on catch block at 0xc3 in for 0x709e959025
02-29 16:45:27.337 22800 22800 E ArmVmp : Match on catch block at 0xc3 in for 0x709e959025
02-29 16:45:27.345 22800 22800 E ArmVmp : Match on catch block at 0xc3 in for 0x709e959025
02-29 16:45:27.349 22800 22800 E ArmVmp : Match on catch block at 0xc3 in for 0x709e959025
02-29 16:45:27.352 22800 22800 E ArmVmp : Match on catch block at 0xc3 in for 0x709e959025
02-29 16:45:27.362 22800 22800 E ArmVmp : Match on catch block at 0xc3 in for 0x709e959025
02-29 16:45:27.366 22800 22800 E ArmVmp : Match on catch block at 0xc3 in for 0x709e959025
02-29 16:45:27.369 22800 22800 E ArmVmp : Match on catch block at 0xc3 in for 0x709e959025
02-29 16:45:27.379 22800 22800 E ArmVmp : Match on catch block at 0xc3 in for 0x709e959025
02-29 16:45:27.383 22800 22800 E ArmVmp : Match on catch block at 0xc3 in for 0x709e959025
02-29 16:45:27.386 22800 22800 E ArmVmp : Match on catch block at 0xc3 in for 0x709e959025
02-29 16:45:27.395 22800 22800 E ArmVmp : Match on catch block at 0xc3 in for 0x709e959025
02-29 16:45:27.399 22800 22800 E ArmVmp : Match on catch block at 0xc3 in for 0x709e959025
02-29 16:45:27.401 22800 22800 E ArmVmp : Match on catch block at 0xc3 in for 0x709e959025
02-29 16:45:27.413 22800 22800 E ArmVmp : Match on catch block at 0xc3 in for 0x709e959025
02-29 16:45:27.417 22800 22800 E ArmVmp : Match on catch block at 0xc3 in for 0x709e959025
02-29 16:45:27.419 22800 22800 E ArmVmp : Match on catch block at 0xc3 in for 0x709e959025
02-29 16:45:27.428 22800 22800 E ArmVmp : Match on catch block at 0xc3 in for 0x709e959025
02-29 16:45:27.432 22800 22800 E ArmVmp : Match on catch block at 0xc3 in for 0x709e959025
02-29 16:45:27.434 22800 22800 E ArmVmp : Match on catch block at 0xc3 in for 0x709e959025
02-29 16:45:27.445 22800 22800 E ArmVmp : Match on catch block at 0xc3 in for 0x709e959025
02-29 16:45:27.449 22800 22800 E ArmVmp : Match on catch block at 0xc3 in for 0x709e959025
02-29 16:45:27.451 22800 22800 E ArmVmp : Match on catch block at 0xc3 in for 0x709e959025
02-29 16:45:27.461 22800 22800 E ArmVmp : Match on catch block at 0xc3 in for 0x709e959025
02-29 16:45:27.465 22800 22800 E ArmVmp : Match on catch block at 0xc3 in for 0x709e959025
02-29 16:45:27.468 22800 22800 E ArmVmp : Match on catch block at 0xc3 in for 0x709e959025
02-29 16:45:27.478 22800 22800 E ArmVmp : Match on catch block at 0xc3 in for 0x709e959025
02-29 16:45:27.483 22800 22800 E ArmVmp : Match on catch block at 0xc3 in for 0x709e959025
02-29 16:45:27.485 22800 22800 E ArmVmp : Match on catch block at 0xc3 in for 0x709e959025
02-29 16:45:27.495 22800 22800 E ArmVmp : Match on catch block at 0xc3 in for 0x709e959025
02-29 16:45:27.500 22800 22800 E ArmVmp : Match on catch block at 0xc3 in for 0x709e959025
02-29 16:45:27.502 22800 22800 E ArmVmp : Match on catch block at 0xc3 in for 0x709e959025
02-29 16:45:27.511 22800 22800 E ArmVmp : Match on catch block at 0xc3 in for 0x709e959025
02-29 16:45:27.518 22800 22800 E ArmVmp : Match on catch block at 0xc3 in for 0x709e959025
02-29 16:45:27.521 22800 22800 E ArmVmp : Match on catch block at 0xc3 in for 0x709e959025
02-29 16:45:27.528 22800 22800 E ArmVmp : Match on catch block at 0xc3 in for 0x709e959025
02-29 16:45:27.532 22800 22800 E ArmVmp : Match on catch block at 0xc3 in for 0x709e959025
02-29 16:45:27.534 22800 22800 E ArmVmp : Match on catch block at 0xc3 in for 0x709e959025
02-29 16:45:27.545 22800 22800 E ArmVmp : Match on catch block at 0xc3 in for 0x709e959025
02-29 16:45:27.550 22800 22800 E ArmVmp : Match on catch block at 0xc3 in for 0x709e959025
02-29 16:45:27.552 22800 22800 E ArmVmp : Match on catch block at 0xc3 in for 0x709e959025
02-29 16:45:27.762 22800 22800 E ArmVmp : Match on catch block at 0xc3 in for 0x709e959025
02-29 16:45:27.766 22800 22800 E ArmVmp : Match on catch block at 0xc3 in for 0x709e959025
02-29 16:45:27.769 22800 22800 E ArmVmp : Match on catch block at 0xc3 in for 0x709e959025
02-29 16:45:27.848 22800 22800 E ArmVmp : Match on catch block at 0xc3 in for 0x709e959025
02-29 16:45:27.852 22800 22800 E ArmVmp : Match on catch block at 0xc3 in for 0x709e959025
02-29 16:45:27.855 22800 22800 E ArmVmp : Match on catch block at 0xc3 in for 0x709e959025
02-29 16:45:27.862 22800 22800 E ArmVmp : Match on catch block at 0xc3 in for 0x709e959025
02-29 16:45:27.867 22800 22800 E ArmVmp : Match on catch block at 0xc3 in for 0x709e959025
02-29 16:45:27.870 22800 22800 E ArmVmp : Match on catch block at 0xc3 in for 0x709e959025
02-29 16:45:27.879 22800 22800 E ArmVmp : Match on catch block at 0xc3 in for 0x709e959025
02-29 16:45:27.883 22800 22800 E ArmVmp : Match on catch block at 0xc3 in for 0x709e959025
02-29 16:45:27.885 22800 22800 E ArmVmp : Match on catch block at 0xc3 in for 0x709e959025
02-29 16:45:27.896 22800 22800 E ArmVmp : Match on catch block at 0xc3 in for 0x709e959025
02-29 16:45:27.899 22800 22800 E ArmVmp : Match on catch block at 0xc3 in for 0x709e959025
02-29 16:45:27.902 22800 22800 E ArmVmp : Match on catch block at 0xc3 in for 0x709e959025
02-29 16:45:27.912 22800 22800 E ArmVmp : Match on catch block at 0xc3 in for 0x709e959025
02-29 16:45:27.916 22800 22800 E ArmVmp : Match on catch block at 0xc3 in for 0x709e959025
02-29 16:45:27.918 22800 22800 E ArmVmp : Match on catch block at 0xc3 in for 0x709e959025
02-29 16:45:27.929 22800 22800 E ArmVmp : Match on catch block at 0xc3 in for 0x709e959025
02-29 16:45:27.932 22800 22800 E ArmVmp : Match on catch block at 0xc3 in for 0x709e959025
02-29 16:45:27.934 22800 22800 E ArmVmp : Match on catch block at 0xc3 in for 0x709e959025
02-29 16:45:27.946 22800 22800 E ArmVmp : Match on catch block at 0xc3 in for 0x709e959025
02-29 16:45:27.950 22800 22800 E ArmVmp : Match on catch block at 0xc3 in for 0x709e959025
02-29 16:45:27.952 22800 22800 E ArmVmp : Match on catch block at 0xc3 in for 0x709e959025
02-29 16:45:27.962 22800 22800 E ArmVmp : Match on catch block at 0xc3 in for 0x709e959025
02-29 16:45:27.966 22800 22800 E ArmVmp : Match on catch block at 0xc3 in for 0x709e959025
02-29 16:45:27.968 22800 22800 E ArmVmp : Match on catch block at 0xc3 in for 0x709e959025
02-29 16:45:27.979 22800 22800 E ArmVmp : Match on catch block at 0xc3 in for 0x709e959025
02-29 16:45:27.982 22800 22800 E ArmVmp : Match on catch block at 0xc3 in for 0x709e959025
02-29 16:45:27.985 22800 22800 E ArmVmp : Match on catch block at 0xc3 in for 0x709e959025
02-29 16:45:27.995 22800 22800 E ArmVmp : Match on catch block at 0xc3 in for 0x709e959025
02-29 16:45:27.999 22800 22800 E ArmVmp : Match on catch block at 0xc3 in for 0x709e959025
02-29 16:45:28.001 22800 22800 E ArmVmp : Match on catch block at 0xc3 in for 0x709e959025
02-29 16:45:28.012 22800 22800 E ArmVmp : Match on catch block at 0xc3 in for 0x709e959025
02-29 16:45:28.016 22800 22800 E ArmVmp : Match on catch block at 0xc3 in for 0x709e959025
02-29 16:45:28.018 22800 22800 E ArmVmp : Match on catch block at 0xc3 in for 0x709e959025
02-29 16:45:28.030 22800 22800 E ArmVmp : Match on catch block at 0xc3 in for 0x709e959025
02-29 16:45:28.033 22800 22800 E ArmVmp : Match on catch block at 0xc3 in for 0x709e959025
02-29 16:45:28.036 22800 22800 E ArmVmp : Match on catch block at 0xc3 in for 0x709e959025
02-29 16:45:28.113 22800 22800 E ArmVmp : Match on catch block at 0xc3 in for 0x709e959025
02-29 16:45:28.119 22800 22800 E ArmVmp : Match on catch block at 0xc3 in for 0x709e959025
02-29 16:45:28.122 22800 22800 E ArmVmp : Match on catch block at 0xc3 in for 0x709e959025
02-29 16:45:28.146 22800 22800 E ArmVmp : Match on catch block at 0xc3 in for 0x709e959025
02-29 16:45:28.150 22800 22800 E ArmVmp : Match on catch block at 0xc3 in for 0x709e959025
02-29 16:45:28.153 22800 22800 E ArmVmp : Match on catch block at 0xc3 in for 0x709e959025
02-29 16:45:28.162 22800 22800 E ArmVmp : Match on catch block at 0xc3 in for 0x709e959025
02-29 16:45:28.167 22800 22800 E ArmVmp : Match on catch block at 0xc3 in for 0x709e959025
02-29 16:45:28.170 22800 22800 E ArmVmp : Match on catch block at 0xc3 in for 0x709e959025
02-29 16:45:28.178 22800 22800 E ArmVmp : Match on catch block at 0xc3 in for 0x709e959025
02-29 16:45:28.182 22800 22800 E ArmVmp : Match on catch block at 0xc3 in for 0x709e959025
02-29 16:45:28.185 22800 22800 E ArmVmp : Match on catch block at 0xc3 in for 0x709e959025
02-29 16:45:28.195 22800 22800 E ArmVmp : Match on catch block at 0xc3 in for 0x709e959025
02-29 16:45:28.199 22800 22800 E ArmVmp : Match on catch block at 0xc3 in for 0x709e959025
02-29 16:45:28.201 22800 22800 E ArmVmp : Match on catch block at 0xc3 in for 0x709e959025
02-29 16:45:28.211 22800 22800 E ArmVmp : Match on catch block at 0xc3 in for 0x709e959025
02-29 16:45:28.216 22800 22800 E ArmVmp : Match on catch block at 0xc3 in for 0x709e959025
02-29 16:45:28.218 22800 22800 E ArmVmp : Match on catch block at 0xc3 in for 0x709e959025
02-29 16:45:28.229 22800 22800 E ArmVmp : Match on catch block at 0xc3 in for 0x709e959025
02-29 16:45:28.233 22800 22800 E ArmVmp : Match on catch block at 0xc3 in for 0x709e959025
02-29 16:45:28.236 22800 22800 E ArmVmp : Match on catch block at 0xc3 in for 0x709e959025
02-29 16:45:28.245 22800 22800 E ArmVmp : Match on catch block at 0xc3 in for 0x709e959025
02-29 16:45:28.250 22800 22800 E ArmVmp : Match on catch block at 0xc3 in for 0x709e959025
02-29 16:45:28.252 22800 22800 E ArmVmp : Match on catch block at 0xc3 in for 0x709e959025
02-29 16:45:28.262 22800 22800 E ArmVmp : Match on catch block at 0xc3 in for 0x709e959025
02-29 16:45:28.266 22800 22800 E ArmVmp : Match on catch block at 0xc3 in for 0x709e959025
02-29 16:45:28.269 22800 22800 E ArmVmp : Match on catch block at 0xc3 in for 0x709e959025
02-29 16:45:28.278 22800 22800 E ArmVmp : Match on catch block at 0xc3 in for 0x709e959025
02-29 16:45:28.283 22800 22800 E ArmVmp : Match on catch block at 0xc3 in for 0x709e959025
02-29 16:45:28.287 22800 22800 E ArmVmp : Match on catch block at 0xc3 in for 0x709e959025
02-29 16:45:28.295 22800 22800 E ArmVmp : Match on catch block at 0xc3 in for 0x709e959025
02-29 16:45:28.299 22800 22800 E ArmVmp : Match on catch block at 0xc3 in for 0x709e959025
02-29 16:45:28.301 22800 22800 E ArmVmp : Match on catch block at 0xc3 in for 0x709e959025
02-29 16:45:28.312 22800 22800 E ArmVmp : Match on catch block at 0xc3 in for 0x709e959025
02-29 16:45:28.315 22800 22800 E ArmVmp : Match on catch block at 0xc3 in for 0x709e959025
02-29 16:45:28.318 22800 22800 E ArmVmp : Match on catch block at 0xc3 in for 0x709e959025
02-29 16:45:28.328 22800 22800 E ArmVmp : Match on catch block at 0xc3 in for 0x709e959025
02-29 16:45:28.332 22800 22800 E ArmVmp : Match on catch block at 0xc3 in for 0x709e959025
02-29 16:45:28.335 22800 22800 E ArmVmp : Match on catch block at 0xc3 in for 0x709e959025
02-29 16:45:28.345 22800 22800 E ArmVmp : Match on catch block at 0xc3 in for 0x709e959025
02-29 16:45:28.350 22800 22800 E ArmVmp : Match on catch block at 0xc3 in for 0x709e959025
02-29 16:45:28.352 22800 22800 E ArmVmp : Match on catch block at 0xc3 in for 0x709e959025
02-29 16:45:28.362 22800 22800 E ArmVmp : Match on catch block at 0xc3 in for 0x709e959025
