02-29 16:39:59.809 22800 22800 E ArmVmp : Match on catch block at 0xc3 in for 0x709e959025
02-29 16:39:59.815 22800 22800 E ArmVmp : Match on catch block at 0xc3 in for 0x709e959025
02-29 16:39:59.819 22800 22800 E ArmVmp : Match on catch block at 0xc3 in for 0x709e959025
02-29 16:39:59.825 22800 22800 E ArmVmp : Match on catch block at 0xc3 in for 0x709e959025
02-29 16:39:59.832 22800 22800 E ArmVmp : Match on catch block at 0xc3 in for 0x709e959025
02-29 16:39:59.834 22800 22800 E ArmVmp : Match on catch block at 0xc3 in for 0x709e959025
02-29 16:39:59.842 22800 22800 E ArmVmp : Match on catch block at 0xc3 in for 0x709e959025
02-29 16:39:59.847 22800 22800 E ArmVmp : Match on catch block at 0xc3 in for 0x709e959025
02-29 16:39:59.850 22800 22800 E ArmVmp : Match on catch block at 0xc3 in for 0x709e959025
02-29 16:39:59.860 22800 22800 E ArmVmp : Match on catch block at 0xc3 in for 0x709e959025
02-29 16:39:59.864 22800 22800 E ArmVmp : Match on catch block at 0xc3 in for 0x709e959025
02-29 16:39:59.867 22800 22800 E ArmVmp : Match on catch block at 0xc3 in for 0x709e959025
02-29 16:39:59.876 22800 22800 E ArmVmp : Match on catch block at 0xc3 in for 0x709e959025
02-29 16:39:59.881 22800 22800 E ArmVmp : Match on catch block at 0xc3 in for 0x709e959025
02-29 16:39:59.883 22800 22800 E ArmVmp : Match on catch block at 0xc3 in for 0x709e959025
02-29 16:40:00.094 22800 22800 E ArmVmp : Match on catch block at 0xc3 in for 0x709e959025
02-29 16:40:00.098 22800 22800 E ArmVmp : Match on catch block at 0xc3 in for 0x709e959025
02-29 16:40:00.101 22800 22800 E ArmVmp : Match on catch block at 0xc3 in for 0x709e959025
02-29 16:40:00.227 22800 22800 E ArmVmp : Match on catch block at 0xc3 in for 0x709e959025
02-29 16:40:00.231 22800 22800 E ArmVmp : Match on catch block at 0xc3 in for 0x709e959025
02-29 16:40:00.234 22800 22800 E ArmVmp : Match on catch block at 0xc3 in for 0x709e959025
02-29 16:40:00.263 22800 22800 E ArmVmp : Match on catch block at 0xc3 in for 0x709e959025
02-29 16:40:00.267 22800 22800 E ArmVmp : Match on catch block at 0xc3 in for 0x709e959025
02-29 16:40:00.270 22800 22800 E ArmVmp : Match on catch block at 0xc3 in for 0x709e959025
02-29 16:40:00.296 22800 22800 E ArmVmp : Match on catch block at 0xc3 in for 0x709e959025
02-29 16:40:00.300 22800 22800 E ArmVmp : Match on catch block at 0xc3 in for 0x709e959025
02-29 16:40:00.307 22800 22800 E ArmVmp : Match on catch block at 0xc3 in for 0x709e959025
02-29 16:40:00.311 22800 22800 E ArmVmp : Match on catch block at 0xc3 in for 0x709e959025
02-29 16:40:00.356 22800 22800 E ArmVmp : Match on catch block at 0xc3 in for 0x709e959025
02-29 16:40:00.360 22800 22800 E ArmVmp : Match on catch block at 0xc3 in for 0x709e959025
02-29 16:40:00.374 22800 22800 E ArmVmp : Match on catch block at 0xc3 in for 0x709e959025
02-29 16:40:00.378 22800 22800 E ArmVmp : Match on catch block at 0xc3 in for 0x709e959025
02-29 16:40:00.391 22800 22800 E ArmVmp : Match on catch block at 0xc3 in for 0x709e959025
02-29 16:40:00.395 22800 22800 E ArmVmp : Match on catch block at 0xc3 in for 0x709e959025
02-29 16:40:00.403 22800 22800 E ArmVmp : Match on catch block at 0xc3 in for 0x709e959025
02-29 16:40:00.407 22800 22800 E ArmVmp : Match on catch block at 0xc3 in for 0x709e959025
02-29 16:40:00.413 22800 22800 E ArmVmp : Match on catch block at 0xc3 in for 0x709e959025
02-29 16:40:00.418 22800 22800 E ArmVmp : Match on catch block at 0xc3 in for 0x709e959025
02-29 16:40:00.427 22800 22800 E ArmVmp : Match on catch block at 0xc3 in for 0x709e959025
02-29 16:40:00.431 22800 22800 E ArmVmp : Match on catch block at 0xc3 in for 0x709e959025
02-29 16:40:00.444 22800 22800 E ArmVmp : Match on catch block at 0xc3 in for 0x709e959025
02-29 16:40:00.449 22800 22800 E ArmVmp : Match on catch block at 0xc3 in for 0x709e959025
02-29 16:40:00.497 22800 22800 E ArmVmp : Match on catch block at 0xc3 in for 0x709e959025
02-29 16:40:00.503 22800 22800 E ArmVmp : Match on catch block at 0xc3 in for 0x709e959025
02-29 16:40:00.514 22800 22800 E ArmVmp : Match on catch block at 0xc3 in for 0x709e959025
02-29 16:40:00.516 22800 25361 W MediaPlayer: Use of stream types is deprecated for operations other than volume control
02-29 16:40:00.516 22800 25361 W MediaPlayer: See the documentation of setAudioStreamType() for what to use instead with android.media.AudioAttributes to qualify your playback use case
02-29 16:40:00.518 22800 22800 E ArmVmp : Match on catch block at 0xc3 in for 0x709e959025
02-29 16:40:00.621 22800 22800 W AidlConversion: aidl2legacy_AudioChannelLayout_audio_channel_mask_t: no legacy output audio_channel_mask_t found for AudioChannelLayout{layoutMask: 16}
02-29 16:40:00.759 22800 22800 E ArmVmp : Match on catch block at 0xc3 in for 0x709e959025
02-29 16:40:00.767 22800 22800 E ArmVmp : Match on catch block at 0xc3 in for 0x709e959025
02-29 16:40:00.786 22800 22800 E ArmVmp : Match on catch block at 0xc3 in for 0x709e959025
02-29 16:40:00.790 22800 22800 E ArmVmp : Match on catch block at 0xc3 in for 0x709e959025
02-29 16:40:00.799 22800 22800 E ArmVmp : Match on catch block at 0xc3 in for 0x709e959025
02-29 16:40:00.804 22800 22800 E ArmVmp : Match on catch block at 0xc3 in for 0x709e959025
02-29 16:40:00.945 22800 22800 E ArmVmp : Match on catch block at 0xc3 in for 0x709e959025
02-29 16:40:00.949 22800 22800 E ArmVmp : Match on catch block at 0xc3 in for 0x709e959025
02-29 16:40:00.961 22800 22800 E ArmVmp : Match on catch block at 0xc3 in for 0x709e959025
02-29 16:40:00.964 22800 22800 E ArmVmp : Match on catch block at 0xc3 in for 0x709e959025
02-29 16:40:01.032 22800 22800 E ArmVmp : Match on catch block at 0xc3 in for 0x709e959025
02-29 16:40:01.035 22800 22800 E ArmVmp : Match on catch block at 0xc3 in for 0x709e959025
02-29 16:40:01.211 22800 22800 E ArmVmp : Match on catch block at 0xc3 in for 0x709e959025
02-29 16:40:01.215 22800 22800 E ArmVmp : Match on catch block at 0xc3 in for 0x709e959025
02-29 16:40:01.255 22800 22800 E ArmVmp : Match on catch block at 0xc3 in for 0x709e959025
02-29 16:40:01.260 22800 22800 E ArmVmp : Match on catch block at 0xc3 in for 0x709e959025
02-29 16:40:01.294 22800 22800 E ArmVmp : Match on catch block at 0xc3 in for 0x709e959025
02-29 16:40:01.298 22800 22800 E ArmVmp : Match on catch block at 0xc3 in for 0x709e959025
02-29 16:40:01.315 22800 22800 E ArmVmp : Match on catch block at 0xc3 in for 0x709e959025
02-29 16:40:01.321 22800 22800 E ArmVmp : Match on catch block at 0xc3 in for 0x709e959025
02-29 16:40:01.765 22800 22800 E ArmVmp : Match on catch block at 0xc3 in for 0x709e959025
02-29 16:40:01.769 22800 22800 E ArmVmp : Match on catch block at 0xc3 in for 0x709e959025
02-29 16:40:04.284 22800 22800 E ArmVmp : Match on catch block at 0x38 in for 0x709e95902d
02-29 16:40:04.284 22800 22800 W System.err: java.lang.NumberFormatException: For input string: ""
02-29 16:40:04.288 22800 22800 W System.err: at java.lang.Integer.parseInt(Integer.java:807)
02-29 16:40:04.288 22800 22800 W System.err: at java.lang.Integer.parseInt(Integer.java:915)
02-29 16:40:04.288 22800 22800 W System.err: at mbmodsd.mbmodsw.home.HomeActivity.mbcRe(Native Method)
02-29 16:40:04.288 22800 22800 W System.err: at com.mbwhatsapp.HomeActivity.onPause(Unknown Source:9)
02-29 16:40:04.288 22800 22800 W System.err: at android.app.Activity.performPause(Activity.java:8505)
02-29 16:40:04.288 22800 22800 W System.err: at android.app.Instrumentation.callActivityOnPause(Instrumentation.java:1585)
02-29 16:40:04.288 22800 22800 W System.err: at android.app.ActivityThread.performPauseActivityIfNeeded(ActivityThread.java:5182)
02-29 16:40:04.288 22800 22800 W System.err: at android.app.ActivityThread.performPauseActivity(ActivityThread.java:5143)
02-29 16:40:04.288 22800 22800 W System.err: at android.app.ActivityThread.handlePauseActivity(ActivityThread.java:5095)
02-29 16:40:04.288 22800 22800 W System.err: at android.app.servertransaction.PauseActivityItem.execute(PauseActivityItem.java:47)
02-29 16:40:04.288 22800 22800 W System.err: at android.app.servertransaction.ActivityTransactionItem.execute(ActivityTransactionIt em.java:45)
02-29 16:40:04.288 22800 22800 W System.err: at android.app.servertransaction.TransactionExecutor.executeLifecycleState(Transaction Executor.java:178)
02-29 16:40:04.288 22800 22800 W System.err: at android.app.servertransaction.TransactionExecutor.execute(TransactionExecutor.java: 99)
02-29 16:40:04.288 22800 22800 W System.err: at android.app.ActivityThread$H.handleMessage(ActivityThread.java:2393)
02-29 16:40:04.288 22800 22800 W System.err: at android.os.Handler.dispatchMessage(Handler.java:106)
02-29 16:40:04.288 22800 22800 W System.err: at android.os.Looper.loopOnce(Looper.java:201)
02-29 16:40:04.289 22800 22800 W System.err: at android.os.Looper.loop(Looper.java:288)
02-29 16:40:04.289 22800 22800 W System.err: at android.app.ActivityThread.main(ActivityThread.java:8061)
02-29 16:40:04.289 22800 22800 W System.err: at java.lang.reflect.Method.invoke(Native Method)
02-29 16:40:04.289 22800 22800 W System.err: at com.android.internal.os.RuntimeInit$MethodAndArgsCaller.run(RuntimeInit.java:703)
02-29 16:40:04.289 22800 22800 W System.err: at com.android.internal.os.ZygoteInit.main(ZygoteInit.java:911)
02-29 16:40:04.403 22800 25063 W Parcel : Expecting binder but got null!
02-29 16:40:04.448 22800 22800 W BottomSheetBehavior: BottomSheetBehavior now supports multiple callbacks. `setBottomSheetCallback()` removes all existing callbacks, including ones set internally by library authors, which may result in unintended behavior. This may change in the future. Please use `addBottomSheetCallback()` and `removeBottomSheetCallback()` instead to set your own callbacks.
02-29 16:40:04.448 22800 22800 W BottomSheetBehavior: BottomSheetBehavior now supports multiple callbacks. `setBottomSheetCallback()` removes all existing callbacks, including ones set internally by library authors, which may result in unintended behavior. This may change in the future. Please use `addBottomSheetCallback()` and `removeBottomSheetCallback()` instead to set your own callbacks.
02-29 16:40:04.545 22800 22800 W BottomSheetBehavior: BottomSheetBehavior now supports multiple callbacks. `setBottomSheetCallback()` removes all existing callbacks, including ones set internally by library authors, which may result in unintended behavior. This may change in the future. Please use `addBottomSheetCallback()` and `removeBottomSheetCallback()` instead to set your own callbacks.
02-29 16:40:04.545 22800 22800 W BottomSheetBehavior: BottomSheetBehavior now supports multiple callbacks. `setBottomSheetCallback()` removes all existing callbacks, including ones set internally by library authors, which may result in unintended behavior. This may change in the future. Please use `addBottomSheetCallback()` and `removeBottomSheetCallback()` instead to set your own callbacks.
02-29 16:40:04.556 22800 22800 W BottomSheetBehavior: BottomSheetBehavior now supports multiple callbacks. `setBottomSheetCallback()` removes all existing callbacks, including ones set internally by library authors, which may result in unintended behavior. This may change in the future. Please use `addBottomSheetCallback()` and `removeBottomSheetCallback()` instead to set your own callbacks.
02-29 16:40:04.556 22800 22800 W BottomSheetBehavior: BottomSheetBehavior now supports multiple callbacks. `setBottomSheetCallback()` removes all existing callbacks, including ones set internally by library authors, which may result in unintended behavior. This may change in the future. Please use `addBottomSheetCallback()` and `removeBottomSheetCallback()` instead to set your own callbacks.
02-29 16:40:04.572 22800 22800 W BottomSheetBehavior: BottomSheetBehavior now supports multiple callbacks. `setBottomSheetCallback()` removes all existing callbacks, including ones set internally by library authors, which may result in unintended behavior. This may change in the future. Please use `addBottomSheetCallback()` and `removeBottomSheetCallback()` instead to set your own callbacks.
02-29 16:40:04.572 22800 22800 W BottomSheetBehavior: BottomSheetBehavior now supports multiple callbacks. `setBottomSheetCallback()` removes all existing callbacks, including ones set internally by library authors, which may result in unintended behavior. This may change in the future. Please use `addBottomSheetCallback()` and `removeBottomSheetCallback()` instead to set your own callbacks.
02-29 16:40:04.602 22800 22800 E RecyclerView: No adapter attached; skipping layout
02-29 16:40:04.602 22800 22800 W pool-7-thread-1: type=1400 audit(0.0:13309): avc: granted { execute } for path="/data/data/com.mbwhatsapp/files/decompressed/libs.spk.zst/libgifimage.so" dev="dm-46" ino=100658 scontext=u:r:untrusted_app:s0:c212,c256,c512,c768 tcontext=u:object_r:app_data_file:s0:c212,c256,c512,c768 tclass=file app=com.mbwhatsapp
02-29 16:40:04.604 22800 22800 E RecyclerView: No adapter attached; skipping layout
02-29 16:40:04.783 22800 27670 W AudioCapabilities: Unsupported mime audio/ima- adpcm
02-29 16:40:04.784 22800 27670 W AudioCapabilities: Unsupported mime audio/mpeg-L1
02-29 16:40:04.784 22800 27670 W AudioCapabilities: Unsupported mime audio/mpeg-L2
02-29 16:40:04.823 22800 27682 W ColorUtils: expected specified color aspects (0:0:0:0)
02-29 16:40:04.835 22800 27682 W Codec2Client: query -- param skipped: index = 1107298332.
02-29 16:40:04.835 22800 27682 W CCodec : This behavior is subject to change. It is recommended that app developers double check whether the requested max input size is in reasonable range.
02-29 16:40:04.836 22800 27682 W Codec2Client: query -- param skipped: index = 1342179345.
02-29 16:40:04.836 22800 27682 W Codec2Client: query -- param skipped: index = 2415921170.
02-29 16:40:04.836 22800 27682 W Codec2Client: query -- param skipped: index = 1610614798.
02-29 16:40:04.836 22800 27682 W Codec2Client: query -- param skipped: index = 2684356609.
02-29 16:40:04.914 22800 27692 W Codec2Client: query -- param skipped: index = 1107298332.
02-29 16:40:04.914 22800 27692 W CCodec : This behavior is subject to change. It is recommended that app developers double check whether the requested max input size is in reasonable range.
02-29 16:40:04.915 22800 27692 W Codec2Client: query -- param skipped: index = 1342179345.
02-29 16:40:04.915 22800 27692 W Codec2Client: query -- param skipped: index = 2415921170.
02-29 16:40:04.915 22800 27692 W Codec2Client: query -- param skipped: index = 1610614798.
02-29 16:40:04.942 22800 22800 W RenderThread: type=1400 audit(0.0:13312): avc: denied { getattr } for name="/" dev="dmabuf" ino=1 scontext=u:r:untrusted_app:s0:c212,c256,c512,c768 tcontext=u:object_r:unlabeled:s0 tclass=filesystem permissive=0 app=com.mbwhatsapp
02-29 16:40:04.979 22800 23666 W AidlConversion: aidl2legacy_AudioChannelLayout_audio_channel_mask_t: no legacy output audio_channel_mask_t found for AudioChannelLayout{layoutMask: 16}
02-29 16:40:05.040 22800 27670 W AudioTrack: getTimestamp_l(1811): retrograde timestamp time corrected, 40934622558952 < 40934754964567
02-29 16:40:05.201 22800 22958 E SQLiteDatabase: Error inserting transferred=1 media_job_uuid=b56ab739-0f42-4122-bcbe-28a1b59efe38 transcoded=0 gif_attribution=0 first_scan_length=0 direct_path=/v/t62.7161- 24/40315964_1565907397508054_800636073043371730_n.enc?ccb=11- 4&oh=01_AdTwAHfKMRRBF7YpwR0Gjjrjl1mFLjRzZA1j3behr3-G3g&oe=660771E9&_nc_sid=5e03e0 thumbnail_height_width_ratio=1.7777778 is_animated_sticker=0 file_hash=ky9ezf5wsUhqmdHw0j6onFjKIGTZuVWuegEm+FqTHm0= file_path=Media/.Statuses/0cef83da2ad04981949d02c1a2ecf2ed.mp4 file_size=282419 partial_media_hash=null face_x=0 face_y=0 height=1024 trim_to=0 media_key_timestamp=1709179445000 message_url=https://mmg.whatsapp.net/v/t62.7161- 24/40315964_1565907397508054_800636073043371730_n.enc?ccb=11- 4&oh=01_AdTwAHfKMRRBF7YpwR0Gjjrjl1mFLjRzZA1j3behr3- G3g&oe=660771E9&_nc_sid=5e03e0&mms3=true media_caption=null trim_from=0 mime_type=video/mp4 partial_media_enc_hash=null width=576 original_file_hash=null has_streaming_sidecar=1 autotransfer_retry_enabled=1 media_upload_handle=null message_row_id=7323 multicast_id=null enc_file_hash=gKbU1yiQSTenDhhl83LCG98P8sHiChSirRhFdTtmwyo= mute_video=0 page_count=0 first_scan_sidecar=null suspicious_content=0 file_length=282419 media_name=null media_duration=13 chat_row_id=3 media_key=[B@a5b5901
02-29 16:40:05.201 22800 22958 E SQLiteDatabase: android.database.sqlite.SQLiteConstraintException: UNIQUE constraint failed: message_media.message_row_id (code 1555 SQLITE_CONSTRAINT_PRIMARYKEY)
02-29 16:40:05.201 22800 22958 E SQLiteDatabase: at android.database.sqlite.SQLiteConnection.nativeExecuteForLastInsertedRowId(Native Method)
02-29 16:40:05.201 22800 22958 E SQLiteDatabase: at android.database.sqlite.SQLiteConnection.executeForLastInsertedRowId(SQLiteConnecti on.java:961)
02-29 16:40:05.201 22800 22958 E SQLiteDatabase: at android.database.sqlite.SQLiteSession.executeForLastInsertedRowId(SQLiteSession.jav a:790)
02-29 16:40:05.201 22800 22958 E SQLiteDatabase: at android.database.sqlite.SQLiteStatement.executeInsert(SQLiteStatement.java:89)
02-29 16:40:05.201 22800 22958 E SQLiteDatabase: at android.database.sqlite.SQLiteDatabase.insertWithOnConflict(SQLiteDatabase.java:186 8)
02-29 16:40:05.201 22800 22958 E SQLiteDatabase: at android.database.sqlite.SQLiteDatabase.insert(SQLiteDatabase.java:1737)
02-29 16:40:05.201 22800 22958 E SQLiteDatabase: at X.2tm.A08(Unknown Source:6)
02-29 16:40:05.201 22800 22958 E SQLiteDatabase: at X.35Y.A07(Unknown Source:212)
02-29 16:40:05.201 22800 22958 E SQLiteDatabase: at X.3QF.A14(Unknown Source:470)
02-29 16:40:05.201 22800 22958 E SQLiteDatabase: at X.3gU.run(Unknown Source:982)
02-29 16:40:05.201 22800 22958 E SQLiteDatabase: at android.os.Handler.handleCallback(Handler.java:942)
02-29 16:40:05.201 22800 22958 E SQLiteDatabase: at android.os.Handler.dispatchMessage(Handler.java:99)
02-29 16:40:05.201 22800 22958 E SQLiteDatabase: at X.0zq.dispatchMessage(Unknown Source:4)
02-29 16:40:05.201 22800 22958 E SQLiteDatabase: at android.os.Looper.loopOnce(Looper.java:201)
02-29 16:40:05.201 22800 22958 E SQLiteDatabase: at android.os.Looper.loop(Looper.java:288)
02-29 16:40:05.201 22800 22958 E SQLiteDatabase: at android.os.HandlerThread.run(HandlerThread.java:67)
02-29 16:40:05.226 22800 22800 W RenderThread: type=1400 audit(0.0:13313): avc: denied { getattr } for name="/" dev="dmabuf" ino=1 scontext=u:r:untrusted_app:s0:c212,c256,c512,c768 tcontext=u:object_r:unlabeled:s0 tclass=filesystem permissive=0 app=com.mbwhatsapp
02-29 16:40:05.642 22800 22800 W RenderThread: type=1400 audit(0.0:13321): avc: denied { getattr } for name="/" dev="dmabuf" ino=1 scontext=u:r:untrusted_app:s0:c212,c256,c512,c768 tcontext=u:object_r:unlabeled:s0 tclass=filesystem permissive=0 app=com.mbwhatsapp
02-29 16:40:05.674 22800 22800 W RenderThread: type=1400 audit(0.0:13322): avc: denied { getattr } for name="/" dev="dmabuf" ino=1 scontext=u:r:untrusted_app:s0:c212,c256,c512,c768 tcontext=u:object_r:unlabeled:s0 tclass=filesystem permissive=0 app=com.mbwhatsapp
02-29 16:40:05.726 22800 22800 W RenderThread: type=1400 audit(0.0:13323): avc: denied { getattr } for name="/" dev="dmabuf" ino=1 scontext=u:r:untrusted_app:s0:c212,c256,c512,c768 tcontext=u:object_r:unlabeled:s0 tclass=filesystem permissive=0 app=com.mbwhatsapp
02-29 16:40:05.774 22800 22800 W RenderThread: type=1400 audit(0.0:13324): avc: denied { getattr } for name="/" dev="dmabuf" ino=1 scontext=u:r:untrusted_app:s0:c212,c256,c512,c768 tcontext=u:object_r:unlabeled:s0 tclass=filesystem permissive=0 app=com.mbwhatsapp
02-29 16:40:05.826 22800 22800 W RenderThread: type=1400 audit(0.0:13325): avc: denied { getattr } for name="/" dev="dmabuf" ino=1 scontext=u:r:untrusted_app:s0:c212,c256,c512,c768 tcontext=u:object_r:unlabeled:s0 tclass=filesystem permissive=0 app=com.mbwhatsapp
02-29 16:40:05.998 22800 22958 E SQLiteDatabase: Error inserting transferred=0 media_job_uuid=45b67492-ac33-4343-adb9-2e6fd3d4c688 transcoded=0 gif_attribution=0 first_scan_length=0 direct_path=/v/t62.7161- 24/40161447_1136275757725889_4373765323406159085_n.enc?ccb=11- 4&oh=01_AdSJZT2SZfcWwAtQMSTkEU0rOk-hcsv6-ibM5mI-NGt-bw&oe=6607FA5C&_nc_sid=5e03e0 thumbnail_height_width_ratio=1.2467532 is_animated_sticker=0 file_hash=EmkglMK0pal/QzbRDaKxGuk9d+o4V5WzeTMeiTlFwFQ= file_path=null file_size=0 partial_media_hash=null face_x=0 face_y=0 height=640 trim_to=0 media_key_timestamp=1709212194000 message_url=https://mmg.whatsapp.net/v/t62.7161- 24/40161447_1136275757725889_4373765323406159085_n.enc?ccb=11- 4&oh=01_AdSJZT2SZfcWwAtQMSTkEU0rOk-hcsv6-ibM5mI-NGt- bw&oe=6607FA5C&_nc_sid=5e03e0&mms3=true media_caption=null trim_from=0 mime_type=video/mp4 partial_media_enc_hash=null width=512 original_file_hash=null has_streaming_sidecar=1 autotransfer_retry_enabled=1 media_upload_handle=null message_row_id=7327 multicast_id=null enc_file_hash=4M1n0Lxdy5HZEMd8y2JBZMT+SSZaRRdGSbpIWX/nk8o= mute_video=0 page_count=0 first_scan_sidecar=null suspicious_content=0 file_length=4910016 media_name=null media_duration=30 chat_row_id=3 media_key=[B@a9a2252
02-29 16:40:05.998 22800 22958 E SQLiteDatabase: android.database.sqlite.SQLiteConstraintException: UNIQUE constraint failed: message_media.message_row_id (code 1555 SQLITE_CONSTRAINT_PRIMARYKEY)
02-29 16:40:05.998 22800 22958 E SQLiteDatabase: at android.database.sqlite.SQLiteConnection.nativeExecuteForLastInsertedRowId(Native Method)
02-29 16:40:05.998 22800 22958 E SQLiteDatabase: at android.database.sqlite.SQLiteConnection.executeForLastInsertedRowId(SQLiteConnecti on.java:961)
02-29 16:40:05.998 22800 22958 E SQLiteDatabase: at android.database.sqlite.SQLiteSession.executeForLastInsertedRowId(SQLiteSession.jav a:790)
02-29 16:40:05.998 22800 22958 E SQLiteDatabase: at android.database.sqlite.SQLiteStatement.executeInsert(SQLiteStatement.java:89)
02-29 16:40:05.998 22800 22958 E SQLiteDatabase: at android.database.sqlite.SQLiteDatabase.insertWithOnConflict(SQLiteDatabase.java:186 8)
02-29 16:40:05.998 22800 22958 E SQLiteDatabase: at android.database.sqlite.SQLiteDatabase.insert(SQLiteDatabase.java:1737)
02-29 16:40:05.998 22800 22958 E SQLiteDatabase: at X.2tm.A08(Unknown Source:6)
02-29 16:40:05.998 22800 22958 E SQLiteDatabase: at X.35Y.A07(Unknown Source:212)
02-29 16:40:05.998 22800 22958 E SQLiteDatabase: at X.3QF.A14(Unknown Source:470)
02-29 16:40:05.998 22800 22958 E SQLiteDatabase: at X.3gU.run(Unknown Source:982)
02-29 16:40:05.998 22800 22958 E SQLiteDatabase: at android.os.Handler.handleCallback(Handler.java:942)
02-29 16:40:05.998 22800 22958 E SQLiteDatabase: at android.os.Handler.dispatchMessage(Handler.java:99)
02-29 16:40:05.998 22800 22958 E SQLiteDatabase: at X.0zq.dispatchMessage(Unknown Source:4)
02-29 16:40:05.998 22800 22958 E SQLiteDatabase: at android.os.Looper.loopOnce(Looper.java:201)
02-29 16:40:05.998 22800 22958 E SQLiteDatabase: at android.os.Looper.loop(Looper.java:288)
02-29 16:40:05.998 22800 22958 E SQLiteDatabase: at android.os.HandlerThread.run(HandlerThread.java:67)
02-29 16:40:06.349 22800 27681 W Codec2Client: query -- param skipped: index = 1342179345.
02-29 16:40:06.349 22800 27681 W Codec2Client: query -- param skipped: index = 2415921170.
02-29 16:40:06.349 22800 27681 W Codec2Client: query -- param skipped: index = 1610614798.
02-29 16:40:06.352 22800 27692 W Codec2Client: query -- param skipped: index = 1342179345.
02-29 16:40:06.352 22800 27692 W Codec2Client: query -- param skipped: index = 2415921170.
02-29 16:40:06.352 22800 27692 W Codec2Client: query -- param skipped: index = 1610614798.
02-29 16:40:07.122 22800 25063 W Parcel : Expecting binder but got null!
02-29 16:40:09.112 22800 25063 W Parcel : Expecting binder but got null!
02-29 16:40:20.312 22800 25063 W Parcel : Expecting binder but got null!
02-29 16:40:20.805 22800 25063 W Parcel : Expecting binder but got null!
02-29 16:40:27.709 22800 25063 W Parcel : Expecting binder but got null!
02-29 16:40:29.696 22800 25063 W Parcel : Expecting binder but got null!
02-29 16:40:36.167 22800 25063 E FrameEvents: updateAcquireFence: Did not find frame.
02-29 16:40:44.568 22800 22800 E ArmVmp : Match on catch block at 0x0a in for 0x709e959035
02-29 16:40:44.572 22800 22800 E ArmVmp : Match on catch block at 0x0a in for 0x709e959035
02-29 16:40:44.704 22800 22800 E ArmVmp : Match on catch block at 0xc3 in for 0x709e959021
02-29 16:40:44.707 22800 22800 E ArmVmp : Match on catch block at 0xc3 in for 0x709e959021
02-29 16:40:44.730 22800 25063 W Parcel : Expecting binder but got null!
02-29 16:40:44.755 22800 22800 E ArmVmp : Match on catch block at 0xc3 in for 0x709e959025
02-29 16:40:44.757 22800 22800 E ArmVmp : Match on catch block at 0xc3 in for 0x709e959025
02-29 16:40:44.775 22800 22800 E ArmVmp : Match on catch block at 0xc3 in for 0x709e959025
02-29 16:40:44.780 22800 22800 E ArmVmp : Match on catch block at 0xc3 in for 0x709e959025
02-29 16:40:44.792 22800 22800 E ArmVmp : Match on catch block at 0xc3 in for 0x709e959025
02-29 16:40:44.795 22800 22800 E ArmVmp : Match on catch block at 0xc3 in for 0x709e959025
02-29 16:40:44.807 22800 22800 E ArmVmp : Match on catch block at 0xc3 in for 0x709e959025
02-29 16:40:44.811 22800 22800 E ArmVmp : Match on catch block at 0xc3 in for 0x709e959025
02-29 16:40:44.818 22800 22800 E ArmVmp : Match on catch block at 0xc3 in for 0x709e959025
02-29 16:40:44.823 22800 22800 E ArmVmp : Match on catch block at 0xc3 in for 0x709e959025
02-29 16:40:44.833 22800 22800 E ArmVmp : Match on catch block at 0xc3 in for 0x709e959025
02-29 16:40:44.836 22800 22800 E ArmVmp : Match on catch block at 0xc3 in for 0x709e959025
02-29 16:40:44.849 22800 22800 E ArmVmp : Match on catch block at 0xc3 in for 0x709e959025
02-29 16:40:44.852 22800 22800 E ArmVmp : Match on catch block at 0xc3 in for 0x709e959025
02-29 16:40:44.866 22800 22800 E ArmVmp : Match on catch block at 0xc3 in for 0x709e959025
02-29 16:40:44.870 22800 22800 E ArmVmp : Match on catch block at 0xc3 in for 0x709e959025
02-29 16:40:44.910 22800 22800 E ArmVmp : Match on catch block at 0xc3 in for 0x709e959025
02-29 16:40:44.914 22800 22800 E ArmVmp : Match on catch block at 0xc3 in for 0x709e959025
02-29 16:40:44.920 22800 22800 E ArmVmp : Match on catch block at 0xc3 in for 0x709e959025
02-29 16:40:44.923 22800 22800 E ArmVmp : Match on catch block at 0xc3 in for 0x709e959025
02-29 16:40:44.933 22800 22800 E ArmVmp : Match on catch block at 0xc3 in for 0x709e959025
02-29 16:40:44.935 22800 22800 E ArmVmp : Match on catch block at 0xc3 in for 0x709e959025
02-29 16:40:44.949 22800 22800 E ArmVmp : Match on catch block at 0xc3 in for 0x709e959025
02-29 16:40:44.952 22800 22800 E ArmVmp : Match on catch block at 0xc3 in for 0x709e959025
02-29 16:40:44.966 22800 22800 E ArmVmp : Match on catch block at 0xc3 in for 0x709e959025
02-29 16:40:44.968 22800 22800 E ArmVmp : Match on catch block at 0xc3 in for 0x709e959025
02-29 16:40:44.983 22800 22800 E ArmVmp : Match on catch block at 0xc3 in for 0x709e959025
02-29 16:40:44.985 22800 22800 E ArmVmp : Match on catch block at 0xc3 in for 0x709e959025
02-29 16:40:44.999 22800 22800 E ArmVmp : Match on catch block at 0xc3 in for 0x709e959025
02-29 16:40:45.001 22800 22800 E ArmVmp : Match on catch block at 0xc3 in for 0x709e959025
02-29 16:40:45.016 22800 22800 E ArmVmp : Match on catch block at 0xc3 in for 0x709e959025
02-29 16:40:45.020 22800 22800 E ArmVmp : Match on catch block at 0xc3 in for 0x709e959025
02-29 16:40:45.032 22800 22800 E ArmVmp : Match on catch block at 0xc3 in for 0x709e959025
02-29 16:40:45.037 22800 22800 E ArmVmp : Match on catch block at 0xc3 in for 0x709e959025
02-29 16:40:45.050 22800 22800 E ArmVmp : Match on catch block at 0xc3 in for 0x709e959025
02-29 16:40:45.052 22800 22800 E ArmVmp : Match on catch block at 0xc3 in for 0x709e959025
02-29 16:40:45.066 22800 22800 E ArmVmp : Match on catch block at 0xc3 in for 0x709e959025
02-29 16:40:45.070 22800 22800 E ArmVmp : Match on catch block at 0xc3 in for 0x709e959025
02-29 16:40:45.083 22800 22800 E ArmVmp : Match on catch block at 0xc3 in for 0x709e959025
02-29 16:40:45.089 22800 22800 E ArmVmp : Match on catch block at 0xc3 in for 0x709e959025
02-29 16:40:45.404 22800 22800 E ArmVmp : Match on catch block at 0xc3 in for 0x709e959025
02-29 16:40:45.407 22800 22800 E ArmVmp : Match on catch block at 0xc3 in for 0x709e959025
02-29 16:40:45.417 22800 22800 E ArmVmp : Match on catch block at 0xc3 in for 0x709e959025
02-29 16:40:45.436 22800 22800 E ArmVmp : Match on catch block at 0xc3 in for 0x709e959025
02-29 16:40:45.451 22800 22800 E ArmVmp : Match on catch block at 0xc3 in for 0x709e959025
02-29 16:40:45.459 22800 22800 E ArmVmp : Match on catch block at 0xc3 in for 0x709e959025
02-29 16:40:45.466 22800 22800 W OnBackInvokedCallback: OnBackInvokedCallback is not enabled for the application.
02-29 16:40:45.466 22800 22800 W OnBackInvokedCallback: Set 'android:enableOnBackInvokedCallback="true"' in the application manifest.
02-29 16:40:45.471 22800 22800 E ArmVmp : Match on catch block at 0xc3 in for 0x709e959025
02-29 16:40:45.480 22800 22800 E ArmVmp : Match on catch block at 0xc3 in for 0x709e959025
02-29 16:40:45.500 22800 22800 E ArmVmp : Match on catch block at 0xc3 in for 0x709e959025
02-29 16:40:45.505 22800 22800 E ArmVmp : Match on catch block at 0xc3 in for 0x709e959025
02-29 16:40:45.537 22800 22800 E ArmVmp : Match on catch block at 0xc3 in for 0x709e959025
02-29 16:40:45.551 22800 22800 E ArmVmp : Match on catch block at 0xc3 in for 0x709e959025
02-29 16:40:45.601 22800 22800 E ArmVmp : Match on catch block at 0xc3 in for 0x709e959025
02-29 16:40:45.609 22800 22800 E ArmVmp : Match on catch block at 0xc3 in for 0x709e959025
02-29 16:40:45.621 22800 22800 E ArmVmp : Match on catch block at 0xc3 in for 0x709e959025
02-29 16:40:45.624 22800 22800 E ArmVmp : Match on catch block at 0xc3 in for 0x709e959025
02-29 16:40:45.634 22800 22800 E ArmVmp : Match on catch block at 0xc3 in for 0x709e959025
02-29 16:40:45.639 22800 22800 E ArmVmp : Match on catch block at 0xc3 in for 0x709e959025
02-29 16:40:45.650 22800 22800 E ArmVmp : Match on catch block at 0xc3 in for 0x709e959025
02-29 16:40:45.661 22800 22800 E ArmVmp : Match on catch block at 0xc3 in for 0x709e959025
02-29 16:40:45.666 22800 22800 E ArmVmp : Match on catch block at 0xc3 in for 0x709e959025
02-29 16:40:45.673 22800 22800 E ArmVmp : Match on catch block at 0xc3 in for 0x709e959025
02-29 16:40:45.683 22800 22800 E ArmVmp : Match on catch block at 0xc3 in for 0x709e959025
02-29 16:40:45.691 22800 22800 E ArmVmp : Match on catch block at 0xc3 in for 0x709e959025
02-29 16:40:45.701 22800 22800 E ArmVmp : Match on catch block at 0xc3 in for 0x709e959025
02-29 16:40:45.707 22800 22800 E ArmVmp : Match on catch block at 0xc3 in for 0x709e959025
02-29 16:40:45.717 22800 22800 E ArmVmp : Match on catch block at 0xc3 in for 0x709e959025
02-29 16:40:45.723 22800 22800 E ArmVmp : Match on catch block at 0xc3 in for 0x709e959025
02-29 16:40:45.733 22800 22800 E ArmVmp : Match on catch block at 0xc3 in for 0x709e959025
02-29 16:40:45.738 22800 22800 E ArmVmp : Match on catch block at 0xc3 in for 0x709e959025
02-29 16:40:45.916 22800 22800 E ArmVmp : Match on catch block at 0xc3 in for 0x709e959025
02-29 16:40:45.921 22800 22800 E ArmVmp : Match on catch block at 0xc3 in for 0x709e959025
02-29 16:40:46.417 22800 22800 E ArmVmp : Match on catch block at 0xc3 in for 0x709e959025
02-29 16:40:46.420 22800 22800 E ArmVmp : Match on catch block at 0xc3 in for 0x709e959025
02-29 16:40:46.741 22800 22800 E ArmVmp : Match on catch block at 0xc3 in for 0x709e959025
02-29 16:40:46.745 22800 22800 E ArmVmp : Match on catch block at 0xc3 in for 0x709e959025
02-29 16:40:46.761 22800 22800 E ArmVmp : Match on catch block at 0xc3 in for 0x709e959025
02-29 16:40:46.764 22800 22800 E ArmVmp : Match on catch block at 0xc3 in for 0x709e959025
02-29 16:40:46.769 22800 22800 E ArmVmp : Match on catch block at 0xc3 in for 0x709e959025
02-29 16:40:46.774 22800 22800 E ArmVmp : Match on catch block at 0xc3 in for 0x709e959025
02-29 16:40:46.784 22800 22800 E ArmVmp : Match on catch block at 0xc3 in for 0x709e959025
02-29 16:40:46.787 22800 22800 E ArmVmp : Match on catch block at 0xc3 in for 0x709e959025
02-29 16:40:46.801 22800 22800 E ArmVmp : Match on catch block at 0xc3 in for 0x709e959025
02-29 16:40:46.804 22800 22800 E ArmVmp : Match on catch block at 0xc3 in for 0x709e959025
02-29 16:40:46.817 22800 22800 E ArmVmp : Match on catch block at 0xc3 in for 0x709e959025
02-29 16:40:46.820 22800 22800 E ArmVmp : Match on catch block at 0xc3 in for 0x709e959025
02-29 16:40:46.834 22800 22800 E ArmVmp : Match on catch block at 0xc3 in for 0x709e959025
02-29 16:40:46.837 22800 22800 E ArmVmp : Match on catch block at 0xc3 in for 0x709e959025
02-29 16:40:46.852 22800 22800 E ArmVmp : Match on catch block at 0xc3 in for 0x709e959025
02-29 16:40:46.855 22800 22800 E ArmVmp : Match on catch block at 0xc3 in for 0x709e959025
02-29 16:40:46.867 22800 22800 E ArmVmp : Match on catch block at 0xc3 in for 0x709e959025
02-29 16:40:46.870 22800 22800 E ArmVmp : Match on catch block at 0xc3 in for 0x709e959025
02-29 16:40:46.884 22800 22800 E ArmVmp : Match on catch block at 0xc3 in for 0x709e959025
02-29 16:40:46.887 22800 22800 E ArmVmp : Match on catch block at 0xc3 in for 0x709e959025
02-29 16:40:46.901 22800 22800 E ArmVmp : Match on catch block at 0xc3 in for 0x709e959025
02-29 16:40:46.904 22800 22800 E ArmVmp : Match on catch block at 0xc3 in for 0x709e959025
02-29 16:40:46.917 22800 22800 E ArmVmp : Match on catch block at 0xc3 in for 0x709e959025
02-29 16:40:46.920 22800 22800 E ArmVmp : Match on catch block at 0xc3 in for 0x709e959025
02-29 16:40:46.934 22800 22800 E ArmVmp : Match on catch block at 0xc3 in for 0x709e959025
02-29 16:40:46.936 22800 22800 E ArmVmp : Match on catch block at 0xc3 in for 0x709e959025
02-29 16:40:47.017 22800 22800 E ArmVmp : Match on catch block at 0xc3 in for 0x709e959025
02-29 16:40:47.020 22800 22800 E ArmVmp : Match on catch block at 0xc3 in for 0x709e959025
02-29 16:40:47.033 22800 22800 E ArmVmp : Match on catch block at 0xc3 in for 0x709e959025
02-29 16:40:47.037 22800 22800 E ArmVmp : Match on catch block at 0xc3 in for 0x709e959025
02-29 16:40:47.201 22800 22800 E ArmVmp : Match on catch block at 0xc3 in for 0x709e959025
02-29 16:40:47.205 22800 22800 E ArmVmp : Match on catch block at 0xc3 in for 0x709e959025
02-29 16:40:47.217 22800 22800 E ArmVmp : Match on catch block at 0xc3 in for 0x709e959025
02-29 16:40:47.221 22800 22800 E ArmVmp : Match on catch block at 0xc3 in for 0x709e959025
02-29 16:40:47.234 22800 22800 E ArmVmp : Match on catch block at 0xc3 in for 0x709e959025
02-29 16:40:47.238 22800 22800 E ArmVmp : Match on catch block at 0xc3 in for 0x709e959025
02-29 16:40:47.251 22800 22800 E ArmVmp : Match on catch block at 0xc3 in for 0x709e959025
02-29 16:40:47.255 22800 22800 E ArmVmp : Match on catch block at 0xc3 in for 0x709e959025
02-29 16:40:47.267 22800 22800 E ArmVmp : Match on catch block at 0xc3 in for 0x709e959025
02-29 16:40:47.271 22800 22800 E ArmVmp : Match on catch block at 0xc3 in for 0x709e959025
02-29 16:40:47.284 22800 22800 E ArmVmp : Match on catch block at 0xc3 in for 0x709e959025
02-29 16:40:47.289 22800 22800 E ArmVmp : Match on catch block at 0xc3 in for 0x709e959025
02-29 16:40:47.300 22800 22800 E ArmVmp : Match on catch block at 0xc3 in for 0x709e959025
02-29 16:40:47.304 22800 22800 E ArmVmp : Match on catch block at 0xc3 in for 0x709e959025
02-29 16:40:47.317 22800 22800 E ArmVmp : Match on catch block at 0xc3 in for 0x709e959025
02-29 16:40:47.321 22800 22800 E ArmVmp : Match on catch block at 0xc3 in for 0x709e959025
02-29 16:40:47.334 22800 22800 E ArmVmp : Match on catch block at 0xc3 in for 0x709e959025
02-29 16:40:47.339 22800 22800 E ArmVmp : Match on catch block at 0xc3 in for 0x709e959025
02-29 16:40:47.350 22800 22800 E ArmVmp : Match on catch block at 0xc3 in for 0x709e959025
02-29 16:40:47.355 22800 22800 E ArmVmp : Match on catch block at 0xc3 in for 0x709e959025
02-29 16:40:47.367 22800 22800 E ArmVmp : Match on catch block at 0xc3 in for 0x709e959025
02-29 16:40:47.372 22800 22800 E ArmVmp : Match on catch block at 0xc3 in for 0x709e959025
02-29 16:40:47.384 22800 22800 E ArmVmp : Match on catch block at 0xc3 in for 0x709e959025
02-29 16:40:47.388 22800 22800 E ArmVmp : Match on catch block at 0xc3 in for 0x709e959025
02-29 16:40:47.400 22800 22800 E ArmVmp : Match on catch block at 0xc3 in for 0x709e959025
02-29 16:40:47.405 22800 22800 E ArmVmp : Match on catch block at 0xc3 in for 0x709e959025
02-29 16:40:47.417 22800 22800 E ArmVmp : Match on catch block at 0xc3 in for 0x709e959025
02-29 16:40:47.421 22800 22800 E ArmVmp : Match on catch block at 0xc3 in for 0x709e959025
02-29 16:40:47.434 22800 22800 E ArmVmp : Match on catch block at 0xc3 in for 0x709e959025
02-29 16:40:47.438 22800 22800 E ArmVmp : Match on catch block at 0xc3 in for 0x709e959025
02-29 16:40:47.450 22800 22800 E ArmVmp : Match on catch block at 0xc3 in for 0x709e959025
02-29 16:40:47.455 22800 22800 E ArmVmp : Match on catch block at 0xc3 in for 0x709e959025
02-29 16:40:47.534 22800 22800 E ArmVmp : Match on catch block at 0xc3 in for 0x709e959025
02-29 16:40:47.538 22800 22800 E ArmVmp : Match on catch block at 0xc3 in for 0x709e959025
02-29 16:40:47.868 22800 22800 E ArmVmp : Match on catch block at 0xc3 in for 0x709e959025
02-29 16:40:47.872 22800 22800 E ArmVmp : Match on catch block at 0xc3 in for 0x709e959025
02-29 16:40:47.891 22800 22800 E ArmVmp : Match on catch block at 0xc3 in for 0x709e959025
02-29 16:40:47.895 22800 22800 E ArmVmp : Match on catch block at 0xc3 in for 0x709e959025
02-29 16:40:47.914 22800 22800 E ArmVmp : Match on catch block at 0xc3 in for 0x709e959025
02-29 16:40:47.919 22800 22800 E ArmVmp : Match on catch block at 0xc3 in for 0x709e959025
02-29 16:40:47.932 22800 22800 E ArmVmp : Match on catch block at 0xc3 in for 0x709e959025
02-29 16:40:47.936 22800 22800 E ArmVmp : Match on catch block at 0xc3 in for 0x709e959025
02-29 16:40:47.944 22800 22800 E ArmVmp : Match on catch block at 0xc3 in for 0x709e959025
02-29 16:40:47.947 22800 22800 E ArmVmp : Match on catch block at 0xc3 in for 0x709e959025
02-29 16:40:47.968 22800 22800 E ArmVmp : Match on catch block at 0xc3 in for 0x709e959025
02-29 16:40:47.973 22800 22800 E ArmVmp : Match on catch block at 0xc3 in for 0x709e959025
02-29 16:40:47.985 22800 22800 E ArmVmp : Match on catch block at 0xc3 in for 0x709e959025
02-29 16:40:47.989 22800 22800 E ArmVmp : Match on catch block at 0xc3 in for 0x709e959025
02-29 16:40:48.002 22800 22800 E ArmVmp : Match on catch block at 0xc3 in for 0x709e959025
02-29 16:40:48.008 22800 22800 E ArmVmp : Match on catch block at 0xc3 in for 0x709e959025
02-29 16:40:48.018 22800 22800 E ArmVmp : Match on catch block at 0xc3 in for 0x709e959025
02-29 16:40:48.023 22800 22800 E ArmVmp : Match on catch block at 0xc3 in for 0x709e959025
02-29 16:40:48.034 22800 22800 E ArmVmp : Match on catch block at 0xc3 in for 0x709e959025
02-29 16:40:48.040 22800 22800 E ArmVmp : Match on catch block at 0xc3 in for 0x709e959025
02-29 16:40:48.051 22800 22800 E ArmVmp : Match on catch block at 0xc3 in for 0x709e959025
02-29 16:40:48.056 22800 22800 E ArmVmp : Match on catch block at 0xc3 in for 0x709e959025
02-29 16:40:48.068 22800 22800 E ArmVmp : Match on catch block at 0xc3 in for 0x709e959025
02-29 16:40:48.072 22800 22800 E ArmVmp : Match on catch block at 0xc3 in for 0x709e959025
02-29 16:40:48.083 22800 22800 E ArmVmp : Match on catch block at 0xc3 in for 0x709e959025
02-29 16:40:48.088 22800 22800 E ArmVmp : Match on catch block at 0xc3 in for 0x709e959025
02-29 16:40:48.401 22800 22800 E ArmVmp : Match on catch block at 0xc3 in for 0x709e959025
02-29 16:40:48.405 22800 22800 E ArmVmp : Match on catch block at 0xc3 in for 0x709e959025
02-29 16:40:48.655 22800 22800 E ArmVmp : Match on catch block at 0xc3 in for 0x709e959025
02-29 16:40:48.660 22800 22800 E ArmVmp : Match on catch block at 0xc3 in for 0x709e959025
02-29 16:40:48.669 22800 22800 E ArmVmp : Match on catch block at 0xc3 in for 0x709e959025
02-29 16:40:48.673 22800 22800 E ArmVmp : Match on catch block at 0xc3 in for 0x709e959025
02-29 16:40:48.901 22800 22800 E ArmVmp : Match on catch block at 0xc3 in for 0x709e959025
02-29 16:40:48.906 22800 22800 E ArmVmp : Match on catch block at 0xc3 in for 0x709e959025
02-29 16:40:48.953 22800 22800 E ArmVmp : Match on catch block at 0xc3 in for 0x709e959025
02-29 16:40:48.957 22800 22800 E ArmVmp : Match on catch block at 0xc3 in for 0x709e959025
02-29 16:40:48.968 22800 25361 W MediaPlayer: Use of stream types is deprecated for operations other than volume control
02-29 16:40:48.968 22800 25361 W MediaPlayer: See the documentation of setAudioStreamType() for what to use instead with android.media.AudioAttributes to qualify your playback use case
02-29 16:40:48.971 22800 22800 E ArmVmp : Match on catch block at 0xc3 in for 0x709e959025
02-29 16:40:48.978 22800 22800 E ArmVmp : Match on catch block at 0xc3 in for 0x709e959025
02-29 16:40:49.074 22800 22800 W AidlConversion: aidl2legacy_AudioChannelLayout_audio_channel_mask_t: no legacy output audio_channel_mask_t found for AudioChannelLayout{layoutMask: 16}
02-29 16:40:49.237 22800 22800 E ArmVmp : Match on catch block at 0xc3 in for 0x709e959025
02-29 16:40:49.242 22800 22800 E ArmVmp : Match on catch block at 0xc3 in for 0x709e959025
02-29 16:40:49.299 22800 22800 E ArmVmp : Match on catch block at 0xc3 in for 0x709e959025
02-29 16:40:49.304 22800 22800 E ArmVmp : Match on catch block at 0xc3 in for 0x709e959025
02-29 16:40:49.332 22800 22800 E ArmVmp : Match on catch block at 0xc3 in for 0x709e959025
02-29 16:40:49.338 22800 22800 E ArmVmp : Match on catch block at 0xc3 in for 0x709e959025
02-29 16:40:49.377 22800 25063 W Parcel : Expecting binder but got null!
02-29 16:40:49.385 22800 22800 E ArmVmp : Match on catch block at 0xc3 in for 0x709e959025
02-29 16:40:49.390 22800 22800 E ArmVmp : Match on catch block at 0xc3 in for 0x709e959025
02-29 16:40:49.404 22800 22800 E ArmVmp : Match on catch block at 0xc3 in for 0x709e959025
02-29 16:40:49.409 22800 22800 E ArmVmp : Match on catch block at 0xc3 in for 0x709e959025
02-29 16:40:49.422 22800 22800 E ArmVmp : Match on catch block at 0xc3 in for 0x709e959025
02-29 16:40:49.426 22800 22800 E ArmVmp : Match on catch block at 0xc3 in for 0x709e959025
02-29 16:40:49.435 22800 22800 E ArmVmp : Match on catch block at 0xc3 in for 0x709e959025
02-29 16:40:49.440 22800 22800 E ArmVmp : Match on catch block at 0xc3 in for 0x709e959025
02-29 16:40:49.451 22800 22800 E ArmVmp : Match on catch block at 0xc3 in for 0x709e959025
02-29 16:40:49.456 22800 22800 E ArmVmp : Match on catch block at 0xc3 in for 0x709e959025
02-29 16:40:49.468 22800 22800 E ArmVmp : Match on catch block at 0xc3 in for 0x709e959025
02-29 16:40:49.473 22800 22800 E ArmVmp : Match on catch block at 0xc3 in for 0x709e959025
02-29 16:40:49.484 22800 22800 E ArmVmp : Match on catch block at 0xc3 in for 0x709e959025
02-29 16:40:49.491 22800 22800 E ArmVmp : Match on catch block at 0xc3 in for 0x709e959025
02-29 16:40:49.501 22800 22800 E ArmVmp : Match on catch block at 0xc3 in for 0x709e959025
02-29 16:40:49.508 22800 22800 E ArmVmp : Match on catch block at 0xc3 in for 0x709e959025
02-29 16:40:49.518 22800 22800 E ArmVmp : Match on catch block at 0xc3 in for 0x709e959025
02-29 16:40:49.523 22800 22800 E ArmVmp : Match on catch block at 0xc3 in for 0x709e959025
02-29 16:40:49.535 22800 22800 E ArmVmp : Match on catch block at 0xc3 in for 0x709e959025
02-29 16:40:49.540 22800 22800 E ArmVmp : Match on catch block at 0xc3 in for 0x709e959025
02-29 16:40:49.553 22800 22800 E ArmVmp : Match on catch block at 0xc3 in for 0x709e959025
02-29 16:40:49.558 22800 22800 E ArmVmp : Match on catch block at 0xc3 in for 0x709e959025
02-29 16:40:49.570 22800 22800 E ArmVmp : Match on catch block at 0xc3 in for 0x709e959025
02-29 16:40:49.575 22800 22800 E ArmVmp : Match on catch block at 0xc3 in for 0x709e959025
02-29 16:40:49.586 22800 22800 E ArmVmp : Match on catch block at 0xc3 in for 0x709e959025
02-29 16:40:49.591 22800 22800 E ArmVmp : Match on catch block at 0xc3 in for 0x709e959025
02-29 16:40:49.600 22800 22800 E ArmVmp : Match on catch block at 0xc3 in for 0x709e959025
02-29 16:40:49.608 22800 22800 E ArmVmp : Match on catch block at 0xc3 in for 0x709e959025
02-29 16:40:49.619 22800 22800 E ArmVmp : Match on catch block at 0xc3 in for 0x709e959025
02-29 16:40:49.624 22800 22800 E ArmVmp : Match on catch block at 0xc3 in for 0x709e959025
02-29 16:40:49.636 22800 22800 E ArmVmp : Match on catch block at 0xc3 in for 0x709e959025
02-29 16:40:49.640 22800 22800 E ArmVmp : Match on catch block at 0xc3 in for 0x709e959025
02-29 16:40:49.652 22800 22800 E ArmVmp : Match on catch block at 0xc3 in for 0x709e959025
02-29 16:40:49.658 22800 22800 E ArmVmp : Match on catch block at 0xc3 in for 0x709e959025
02-29 16:40:49.668 22800 22800 E ArmVmp : Match on catch block at 0xc3 in for 0x709e959025
02-29 16:40:49.672 22800 22800 E ArmVmp : Match on catch block at 0xc3 in for 0x709e959025
02-29 16:40:49.918 22800 22800 E ArmVmp : Match on catch block at 0xc3 in for 0x709e959025
02-29 16:40:49.923 22800 22800 E ArmVmp : Match on catch block at 0xc3 in for 0x709e959025
02-29 16:40:49.945 22800 22800 E ArmVmp : Match on catch block at 0xc3 in for 0x709e959025
02-29 16:40:49.951 22800 22800 E ArmVmp : Match on catch block at 0xc3 in for 0x709e959025
02-29 16:40:49.960 22800 22800 E ArmVmp : Match on catch block at 0xc3 in for 0x709e959025
02-29 16:40:49.964 22800 22800 E ArmVmp : Match on catch block at 0xc3 in for 0x709e959025
02-29 16:40:50.263 22800 22800 E ArmVmp : Match on catch block at 0xc3 in for 0x709e959025
02-29 16:40:50.267 22800 22800 E ArmVmp : Match on catch block at 0xc3 in for 0x709e959025
02-29 16:40:50.283 22800 22800 E ArmVmp : Match on catch block at 0xc3 in for 0x709e959025
02-29 16:40:50.287 22800 22800 E ArmVmp : Match on catch block at 0xc3 in for 0x709e959025
02-29 16:40:50.344 22800 22800 E ArmVmp : Match on catch block at 0xc3 in for 0x709e959025
02-29 16:40:50.348 22800 22800 E ArmVmp : Match on catch block at 0xc3 in for 0x709e959025
02-29 16:40:50.514 22800 22800 E ArmVmp : Match on catch block at 0xc3 in for 0x709e959025
02-29 16:40:50.517 22800 22800 E ArmVmp : Match on catch block at 0xc3 in for 0x709e959025
02-29 16:40:50.551 22800 22800 E ArmVmp : Match on catch block at 0xc3 in for 0x709e959025
02-29 16:40:50.564 22800 22800 E ArmVmp : Match on catch block at 0xc3 in for 0x709e959025
02-29 16:40:50.596 22800 22800 E ArmVmp : Match on catch block at 0xc3 in for 0x709e959025
02-29 16:40:50.603 22800 22800 E ArmVmp : Match on catch block at 0xc3 in for 0x709e959025
02-29 16:40:50.619 22800 22800 E ArmVmp : Match on catch block at 0xc3 in for 0x709e959025
02-29 16:40:50.623 22800 22800 E ArmVmp : Match on catch block at 0xc3 in for 0x709e959025
02-29 16:40:51.045 22800 22800 E ArmVmp : Match on catch block at 0xc3 in for 0x709e959025
02-29 16:40:51.048 22800 22800 E ArmVmp : Match on catch block at 0xc3 in for 0x709e959025
02-29 16:40:51.320 22800 25063 W Parcel : Expecting binder but got null!
02-29 16:40:53.412 22800 25063 W Parcel : Expecting binder but got null!
02-29 16:41:03.749 22800 25063 W Parcel : Expecting binder but got null!
02-29 16:41:09.120 22800 25063 W Parcel : Expecting binder but got null!
02-29 16:41:20.089 22800 22800 E ArmVmp : Match on catch block at 0x0a in for 0x709e959035
02-29 16:41:20.094 22800 22800 E ArmVmp : Match on catch block at 0x0a in for 0x709e959035
02-29 16:41:20.241 22800 22800 E ArmVmp : Match on catch block at 0xc3 in for 0x709e959021
02-29 16:41:20.244 22800 22800 E ArmVmp : Match on catch block at 0xc3 in for 0x709e959021
02-29 16:41:20.247 22800 22800 E ArmVmp : Match on catch block at 0xc3 in for 0x709e959021
02-29 16:41:20.264 22800 25063 W Parcel : Expecting binder but got null!
02-29 16:41:20.284 22800 22800 E ArmVmp : Match on catch block at 0xc3 in for 0x709e959025
02-29 16:41:20.287 22800 22800 E ArmVmp : Match on catch block at 0xc3 in for 0x709e959025
02-29 16:41:20.290 22800 22800 E ArmVmp : Match on catch block at 0xc3 in for 0x709e959025
02-29 16:41:20.310 22800 22800 E ArmVmp : Match on catch block at 0xc3 in for 0x709e959025
02-29 16:41:20.312 22800 22800 E ArmVmp : Match on catch block at 0xc3 in for 0x709e959025
02-29 16:41:20.314 22800 22800 E ArmVmp : Match on catch block at 0xc3 in for 0x709e959025
02-29 16:41:20.323 22800 22800 E ArmVmp : Match on catch block at 0xc3 in for 0x709e959025
02-29 16:41:20.327 22800 22800 E ArmVmp : Match on catch block at 0xc3 in for 0x709e959025
02-29 16:41:20.330 22800 22800 E ArmVmp : Match on catch block at 0xc3 in for 0x709e959025
02-29 16:41:20.339 22800 22800 E ArmVmp : Match on catch block at 0xc3 in for 0x709e959025
02-29 16:41:20.342 22800 22800 E ArmVmp : Match on catch block at 0xc3 in for 0x709e959025
02-29 16:41:20.344 22800 22800 E ArmVmp : Match on catch block at 0xc3 in for 0x709e959025
02-29 16:41:20.355 22800 22800 E ArmVmp : Match on catch block at 0xc3 in for 0x709e959025
02-29 16:41:20.358 22800 22800 E ArmVmp : Match on catch block at 0xc3 in for 0x709e959025
02-29 16:41:20.362 22800 22800 E ArmVmp : Match on catch block at 0xc3 in for 0x709e959025
02-29 16:41:20.374 22800 22800 E ArmVmp : Match on catch block at 0xc3 in for 0x709e959025
02-29 16:41:20.377 22800 22800 E ArmVmp : Match on catch block at 0xc3 in for 0x709e959025
02-29 16:41:20.379 22800 22800 E ArmVmp : Match on catch block at 0xc3 in for 0x709e959025
02-29 16:41:20.390 22800 22800 E ArmVmp : Match on catch block at 0xc3 in for 0x709e959025
