02-29 18:16:00.750 7529 7529 E ArmVmp : Match on catch block at 0xc3 in for 0x709e959025
02-29 18:16:00.754 7529 7529 E ArmVmp : Match on catch block at 0xc3 in for 0x709e959025
02-29 18:16:00.898 7529 7529 E ArmVmp : Match on catch block at 0xc3 in for 0x709e959025
02-29 18:16:00.902 7529 7529 E ArmVmp : Match on catch block at 0xc3 in for 0x709e959025
02-29 18:16:00.905 7529 7529 E ArmVmp : Match on catch block at 0xc3 in for 0x709e959025
02-29 18:16:01.081 7529 7529 E ArmVmp : Match on catch block at 0xc3 in for 0x709e959025
02-29 18:16:01.085 7529 7529 E ArmVmp : Match on catch block at 0xc3 in for 0x709e959025
02-29 18:16:01.088 7529 7529 E ArmVmp : Match on catch block at 0xc3 in for 0x709e959025
02-29 18:16:01.176 7529 7529 E ArmVmp : Match on catch block at 0xc3 in for 0x709e959025
02-29 18:16:01.182 7529 7529 E ArmVmp : Match on catch block at 0xc3 in for 0x709e959025
02-29 18:16:01.185 7529 7529 E ArmVmp : Match on catch block at 0xc3 in for 0x709e959025
02-29 18:16:01.198 7529 7529 E ArmVmp : Match on catch block at 0xc3 in for 0x709e959025
02-29 18:16:01.202 7529 7529 E ArmVmp : Match on catch block at 0xc3 in for 0x709e959025
02-29 18:16:01.204 7529 7529 E ArmVmp : Match on catch block at 0xc3 in for 0x709e959025
02-29 18:16:01.212 7529 7529 E ArmVmp : Match on catch block at 0xc3 in for 0x709e959025
02-29 18:16:01.216 7529 7529 E ArmVmp : Match on catch block at 0xc3 in for 0x709e959025
02-29 18:16:01.218 7529 7529 E ArmVmp : Match on catch block at 0xc3 in for 0x709e959025
02-29 18:16:01.224 7529 7529 E ArmVmp : Match on catch block at 0xc3 in for 0x709e959025
02-29 18:16:01.230 7529 7529 E ArmVmp : Match on catch block at 0xc3 in for 0x709e959025
02-29 18:16:01.236 7529 7529 E ArmVmp : Match on catch block at 0xc3 in for 0x709e959025
02-29 18:16:01.244 7529 7529 E ArmVmp : Match on catch block at 0xc3 in for 0x709e959025
02-29 18:16:01.251 7529 7529 E ArmVmp : Match on catch block at 0xc3 in for 0x709e959025
02-29 18:16:01.259 7529 7529 E ArmVmp : Match on catch block at 0xc3 in for 0x709e959025
02-29 18:16:01.264 7529 7529 E ArmVmp : Match on catch block at 0xc3 in for 0x709e959025
02-29 18:16:01.265 7529 14706 W MediaPlayer: Use of stream types is deprecated for operations other than volume control
02-29 18:16:01.265 7529 14706 W MediaPlayer: See the documentation of setAudioStreamType() for what to use instead with android.media.AudioAttributes to qualify your playback use case
02-29 18:16:01.269 7529 7529 E ArmVmp : Match on catch block at 0xc3 in for 0x709e959025
02-29 18:16:01.272 7529 7529 E ArmVmp : Match on catch block at 0xc3 in for 0x709e959025
02-29 18:16:01.280 7529 7529 E ArmVmp : Match on catch block at 0xc3 in for 0x709e959025
02-29 18:16:01.286 7529 7529 E ArmVmp : Match on catch block at 0xc3 in for 0x709e959025
02-29 18:16:01.288 7529 7529 E ArmVmp : Match on catch block at 0xc3 in for 0x709e959025
02-29 18:16:01.296 7529 7529 E ArmVmp : Match on catch block at 0xc3 in for 0x709e959025
02-29 18:16:01.301 7529 7529 E ArmVmp : Match on catch block at 0xc3 in for 0x709e959025
02-29 18:16:01.305 7529 7529 E ArmVmp : Match on catch block at 0xc3 in for 0x709e959025
02-29 18:16:01.314 7529 7529 E ArmVmp : Match on catch block at 0xc3 in for 0x709e959025
02-29 18:16:01.319 7529 7529 E ArmVmp : Match on catch block at 0xc3 in for 0x709e959025
02-29 18:16:01.321 7529 7529 E ArmVmp : Match on catch block at 0xc3 in for 0x709e959025
02-29 18:16:01.330 7529 7529 E ArmVmp : Match on catch block at 0xc3 in for 0x709e959025
02-29 18:16:01.334 7529 7529 E ArmVmp : Match on catch block at 0xc3 in for 0x709e959025
02-29 18:16:01.337 7529 7529 E ArmVmp : Match on catch block at 0xc3 in for 0x709e959025
02-29 18:16:01.347 7529 7529 E ArmVmp : Match on catch block at 0xc3 in for 0x709e959025
02-29 18:16:01.353 7529 7529 E ArmVmp : Match on catch block at 0xc3 in for 0x709e959025
02-29 18:16:01.357 7529 7529 E ArmVmp : Match on catch block at 0xc3 in for 0x709e959025
02-29 18:16:01.364 7529 7529 E ArmVmp : Match on catch block at 0xc3 in for 0x709e959025
02-29 18:16:01.372 7529 7529 E ArmVmp : Match on catch block at 0xc3 in for 0x709e959025
02-29 18:16:01.375 7529 7529 E ArmVmp : Match on catch block at 0xc3 in for 0x709e959025
02-29 18:16:01.381 7529 7529 E ArmVmp : Match on catch block at 0xc3 in for 0x709e959025
02-29 18:16:01.387 7529 7529 E ArmVmp : Match on catch block at 0xc3 in for 0x709e959025
02-29 18:16:01.390 7529 7529 E ArmVmp : Match on catch block at 0xc3 in for 0x709e959025
02-29 18:16:01.396 7529 7529 E ArmVmp : Match on catch block at 0xc3 in for 0x709e959025
02-29 18:16:01.402 7529 7529 E ArmVmp : Match on catch block at 0xc3 in for 0x709e959025
02-29 18:16:01.405 7529 7529 E ArmVmp : Match on catch block at 0xc3 in for 0x709e959025
02-29 18:16:01.413 7529 7529 E ArmVmp : Match on catch block at 0xc3 in for 0x709e959025
02-29 18:16:01.422 7529 7529 E ArmVmp : Match on catch block at 0xc3 in for 0x709e959025
02-29 18:16:01.425 7529 7529 E ArmVmp : Match on catch block at 0xc3 in for 0x709e959025
02-29 18:16:01.433 7529 7529 E ArmVmp : Match on catch block at 0xc3 in for 0x709e959025
02-29 18:16:01.438 7529 7529 E ArmVmp : Match on catch block at 0xc3 in for 0x709e959025
02-29 18:16:01.442 7529 7529 E ArmVmp : Match on catch block at 0xc3 in for 0x709e959025
02-29 18:16:01.450 7529 7529 E ArmVmp : Match on catch block at 0xc3 in for 0x709e959025
02-29 18:16:01.454 7529 7529 E ArmVmp : Match on catch block at 0xc3 in for 0x709e959025
02-29 18:16:01.458 7529 7529 E ArmVmp : Match on catch block at 0xc3 in for 0x709e959025
02-29 18:16:01.467 7529 7529 E ArmVmp : Match on catch block at 0xc3 in for 0x709e959025
02-29 18:16:01.470 7529 7529 E ArmVmp : Match on catch block at 0xc3 in for 0x709e959025
02-29 18:16:01.472 7529 7529 E ArmVmp : Match on catch block at 0xc3 in for 0x709e959025
02-29 18:16:01.480 7529 7529 E ArmVmp : Match on catch block at 0xc3 in for 0x709e959025
02-29 18:16:01.488 7529 7529 E ArmVmp : Match on catch block at 0xc3 in for 0x709e959025
02-29 18:16:01.490 7529 7529 E ArmVmp : Match on catch block at 0xc3 in for 0x709e959025
02-29 18:16:01.897 7529 7529 E ArmVmp : Match on catch block at 0xc3 in for 0x709e959025
02-29 18:16:01.900 7529 7529 E ArmVmp : Match on catch block at 0xc3 in for 0x709e959025
02-29 18:16:01.903 7529 7529 E ArmVmp : Match on catch block at 0xc3 in for 0x709e959025
02-29 18:16:01.979 7529 7529 W AidlConversion: aidl2legacy_AudioChannelLayout_audio_channel_mask_t: no legacy output audio_channel_mask_t found for AudioChannelLayout{layoutMask: 16}
02-29 18:16:02.080 7529 7529 E ArmVmp : Match on catch block at 0xc3 in for 0x709e959025
02-29 18:16:02.084 7529 7529 E ArmVmp : Match on catch block at 0xc3 in for 0x709e959025
02-29 18:16:02.087 7529 7529 E ArmVmp : Match on catch block at 0xc3 in for 0x709e959025
02-29 18:16:02.414 7529 7529 E ArmVmp : Match on catch block at 0xc3 in for 0x709e959025
02-29 18:16:02.418 7529 7529 E ArmVmp : Match on catch block at 0xc3 in for 0x709e959025
02-29 18:16:02.422 7529 7529 E ArmVmp : Match on catch block at 0xc3 in for 0x709e959025
02-29 18:16:02.537 7529 10431 W Parcel : Expecting binder but got null!
02-29 18:16:02.798 7529 7529 E ArmVmp : Match on catch block at 0xc3 in for 0x709e959025
02-29 18:16:02.803 7529 7529 E ArmVmp : Match on catch block at 0xc3 in for 0x709e959025
02-29 18:16:02.806 7529 7529 E ArmVmp : Match on catch block at 0xc3 in for 0x709e959025
02-29 18:16:02.818 7529 7529 E ArmVmp : Match on catch block at 0xc3 in for 0x709e959025
02-29 18:16:02.822 7529 7529 E ArmVmp : Match on catch block at 0xc3 in for 0x709e959025
02-29 18:16:02.825 7529 7529 E ArmVmp : Match on catch block at 0xc3 in for 0x709e959025
02-29 18:16:02.839 7529 7529 E ArmVmp : Match on catch block at 0xc3 in for 0x709e959025
02-29 18:16:02.843 7529 7529 E ArmVmp : Match on catch block at 0xc3 in for 0x709e959025
02-29 18:16:02.847 7529 7529 E ArmVmp : Match on catch block at 0xc3 in for 0x709e959025
02-29 18:16:02.859 7529 7529 E ArmVmp : Match on catch block at 0xc3 in for 0x709e959025
02-29 18:16:02.862 7529 7529 E ArmVmp : Match on catch block at 0xc3 in for 0x709e959025
02-29 18:16:02.868 7529 7529 E ArmVmp : Match on catch block at 0xc3 in for 0x709e959025
02-29 18:16:02.882 7529 7529 E ArmVmp : Match on catch block at 0xc3 in for 0x709e959025
02-29 18:16:02.886 7529 7529 E ArmVmp : Match on catch block at 0xc3 in for 0x709e959025
02-29 18:16:02.889 7529 7529 E ArmVmp : Match on catch block at 0xc3 in for 0x709e959025
02-29 18:16:02.899 7529 7529 E ArmVmp : Match on catch block at 0xc3 in for 0x709e959025
02-29 18:16:02.905 7529 7529 E ArmVmp : Match on catch block at 0xc3 in for 0x709e959025
02-29 18:16:02.908 7529 7529 E ArmVmp : Match on catch block at 0xc3 in for 0x709e959025
02-29 18:16:02.918 7529 7529 E ArmVmp : Match on catch block at 0xc3 in for 0x709e959025
02-29 18:16:02.925 7529 7529 E ArmVmp : Match on catch block at 0xc3 in for 0x709e959025
02-29 18:16:02.928 7529 7529 E ArmVmp : Match on catch block at 0xc3 in for 0x709e959025
02-29 18:16:02.941 7529 7529 E ArmVmp : Match on catch block at 0xc3 in for 0x709e959025
02-29 18:16:02.946 7529 7529 E ArmVmp : Match on catch block at 0xc3 in for 0x709e959025
02-29 18:16:02.950 7529 7529 E ArmVmp : Match on catch block at 0xc3 in for 0x709e959025
02-29 18:16:02.959 7529 7529 E ArmVmp : Match on catch block at 0xc3 in for 0x709e959025
02-29 18:16:02.964 7529 7529 E ArmVmp : Match on catch block at 0xc3 in for 0x709e959025
02-29 18:16:02.968 7529 7529 E ArmVmp : Match on catch block at 0xc3 in for 0x709e959025
02-29 18:16:02.978 7529 7529 E ArmVmp : Match on catch block at 0xc3 in for 0x709e959025
02-29 18:16:02.983 7529 7529 E ArmVmp : Match on catch block at 0xc3 in for 0x709e959025
02-29 18:16:02.986 7529 7529 E ArmVmp : Match on catch block at 0xc3 in for 0x709e959025
02-29 18:16:03.002 7529 7529 E ArmVmp : Match on catch block at 0xc3 in for 0x709e959025
02-29 18:16:03.006 7529 7529 E ArmVmp : Match on catch block at 0xc3 in for 0x709e959025
02-29 18:16:03.010 7529 7529 E ArmVmp : Match on catch block at 0xc3 in for 0x709e959025
02-29 18:16:03.023 7529 7529 E ArmVmp : Match on catch block at 0xc3 in for 0x709e959025
02-29 18:16:03.028 7529 7529 E ArmVmp : Match on catch block at 0xc3 in for 0x709e959025
02-29 18:16:03.032 7529 7529 E ArmVmp : Match on catch block at 0xc3 in for 0x709e959025
02-29 18:16:03.051 7529 7529 E ArmVmp : Match on catch block at 0xc3 in for 0x709e959025
02-29 18:16:03.053 7529 7529 E ArmVmp : Match on catch block at 0xc3 in for 0x709e959025
02-29 18:16:03.055 7529 7529 E ArmVmp : Match on catch block at 0xc3 in for 0x709e959025
02-29 18:16:03.063 7529 7529 E ArmVmp : Match on catch block at 0xc3 in for 0x709e959025
02-29 18:16:03.067 7529 7529 E ArmVmp : Match on catch block at 0xc3 in for 0x709e959025
02-29 18:16:03.069 7529 7529 E ArmVmp : Match on catch block at 0xc3 in for 0x709e959025
02-29 18:16:03.097 7529 7529 E ArmVmp : Match on catch block at 0xc3 in for 0x709e959025
02-29 18:16:03.101 7529 7529 E ArmVmp : Match on catch block at 0xc3 in for 0x709e959025
02-29 18:16:03.105 7529 7529 E ArmVmp : Match on catch block at 0xc3 in for 0x709e959025
02-29 18:16:03.147 7529 7529 E ArmVmp : Match on catch block at 0xc3 in for 0x709e959025
02-29 18:16:03.150 7529 7529 E ArmVmp : Match on catch block at 0xc3 in for 0x709e959025
02-29 18:16:03.152 7529 7529 E ArmVmp : Match on catch block at 0xc3 in for 0x709e959025
02-29 18:16:03.197 7529 7529 E ArmVmp : Match on catch block at 0xc3 in for 0x709e959025
02-29 18:16:03.201 7529 7529 E ArmVmp : Match on catch block at 0xc3 in for 0x709e959025
02-29 18:16:03.203 7529 7529 E ArmVmp : Match on catch block at 0xc3 in for 0x709e959025
02-29 18:16:03.264 7529 7529 E ArmVmp : Match on catch block at 0xc3 in for 0x709e959025
02-29 18:16:03.268 7529 7529 E ArmVmp : Match on catch block at 0xc3 in for 0x709e959025
02-29 18:16:03.272 7529 7529 E ArmVmp : Match on catch block at 0xc3 in for 0x709e959025
02-29 18:16:03.331 7529 7529 E ArmVmp : Match on catch block at 0xc3 in for 0x709e959025
02-29 18:16:03.336 7529 7529 E ArmVmp : Match on catch block at 0xc3 in for 0x709e959025
02-29 18:16:03.338 7529 7529 E ArmVmp : Match on catch block at 0xc3 in for 0x709e959025
02-29 18:16:03.381 7529 7529 E ArmVmp : Match on catch block at 0xc3 in for 0x709e959025
02-29 18:16:03.386 7529 7529 E ArmVmp : Match on catch block at 0xc3 in for 0x709e959025
02-29 18:16:03.389 7529 7529 E ArmVmp : Match on catch block at 0xc3 in for 0x709e959025
02-29 18:16:03.431 7529 7529 E ArmVmp : Match on catch block at 0xc3 in for 0x709e959025
02-29 18:16:03.435 7529 7529 E ArmVmp : Match on catch block at 0xc3 in for 0x709e959025
02-29 18:16:03.438 7529 7529 E ArmVmp : Match on catch block at 0xc3 in for 0x709e959025
02-29 18:16:03.503 7529 7529 E ArmVmp : Match on catch block at 0xc3 in for 0x709e959025
02-29 18:16:03.507 7529 7529 E ArmVmp : Match on catch block at 0xc3 in for 0x709e959025
02-29 18:16:03.509 7529 7529 E ArmVmp : Match on catch block at 0xc3 in for 0x709e959025
02-29 18:16:03.516 7529 7529 E ArmVmp : Match on catch block at 0xc3 in for 0x709e959025
02-29 18:16:03.519 7529 7529 E ArmVmp : Match on catch block at 0xc3 in for 0x709e959025
02-29 18:16:03.521 7529 7529 E ArmVmp : Match on catch block at 0xc3 in for 0x709e959025
02-29 18:16:03.530 7529 7529 E ArmVmp : Match on catch block at 0xc3 in for 0x709e959025
02-29 18:16:03.535 7529 7529 E ArmVmp : Match on catch block at 0xc3 in for 0x709e959025
02-29 18:16:03.538 7529 7529 E ArmVmp : Match on catch block at 0xc3 in for 0x709e959025
02-29 18:16:03.580 7529 7529 E ArmVmp : Match on catch block at 0xc3 in for 0x709e959025
02-29 18:16:03.584 7529 7529 E ArmVmp : Match on catch block at 0xc3 in for 0x709e959025
02-29 18:16:03.587 7529 7529 E ArmVmp : Match on catch block at 0xc3 in for 0x709e959025
02-29 18:16:03.592 7529 7529 E ArmVmp : Match on catch block at 0xc3 in for 0x709e959025
02-29 18:16:03.597 7529 7529 E ArmVmp : Match on catch block at 0xc3 in for 0x709e959025
02-29 18:16:03.600 7529 7529 E ArmVmp : Match on catch block at 0xc3 in for 0x709e959025
02-29 18:16:03.606 7529 7529 E ArmVmp : Match on catch block at 0xc3 in for 0x709e959025
02-29 18:16:03.609 7529 7529 E ArmVmp : Match on catch block at 0xc3 in for 0x709e959025
02-29 18:16:03.611 7529 7529 E ArmVmp : Match on catch block at 0xc3 in for 0x709e959025
02-29 18:16:03.630 7529 7529 E ArmVmp : Match on catch block at 0xc3 in for 0x709e959025
02-29 18:16:03.635 7529 7529 E ArmVmp : Match on catch block at 0xc3 in for 0x709e959025
02-29 18:16:03.640 7529 7529 E ArmVmp : Match on catch block at 0xc3 in for 0x709e959025
02-29 18:16:03.648 7529 7529 E ArmVmp : Match on catch block at 0xc3 in for 0x709e959025
02-29 18:16:03.654 7529 7529 E ArmVmp : Match on catch block at 0xc3 in for 0x709e959025
02-29 18:16:03.657 7529 7529 E ArmVmp : Match on catch block at 0xc3 in for 0x709e959025
02-29 18:16:03.664 7529 7529 E ArmVmp : Match on catch block at 0xc3 in for 0x709e959025
02-29 18:16:03.669 7529 7529 E ArmVmp : Match on catch block at 0xc3 in for 0x709e959025
02-29 18:16:03.673 7529 7529 E ArmVmp : Match on catch block at 0xc3 in for 0x709e959025
02-29 18:16:03.681 7529 7529 E ArmVmp : Match on catch block at 0xc3 in for 0x709e959025
02-29 18:16:03.686 7529 7529 E ArmVmp : Match on catch block at 0xc3 in for 0x709e959025
02-29 18:16:03.690 7529 7529 E ArmVmp : Match on catch block at 0xc3 in for 0x709e959025
02-29 18:16:03.697 7529 7529 E ArmVmp : Match on catch block at 0xc3 in for 0x709e959025
02-29 18:16:03.701 7529 7529 E ArmVmp : Match on catch block at 0xc3 in for 0x709e959025
02-29 18:16:03.704 7529 7529 E ArmVmp : Match on catch block at 0xc3 in for 0x709e959025
02-29 18:16:03.764 7529 7529 E ArmVmp : Match on catch block at 0xc3 in for 0x709e959025
02-29 18:16:03.769 7529 7529 E ArmVmp : Match on catch block at 0xc3 in for 0x709e959025
02-29 18:16:03.772 7529 7529 E ArmVmp : Match on catch block at 0xc3 in for 0x709e959025
02-29 18:16:03.813 7529 7529 E ArmVmp : Match on catch block at 0xc3 in for 0x709e959025
02-29 18:16:03.817 7529 7529 E ArmVmp : Match on catch block at 0xc3 in for 0x709e959025
02-29 18:16:03.820 7529 7529 E ArmVmp : Match on catch block at 0xc3 in for 0x709e959025
02-29 18:16:03.863 7529 7529 E ArmVmp : Match on catch block at 0xc3 in for 0x709e959025
02-29 18:16:03.868 7529 7529 E ArmVmp : Match on catch block at 0xc3 in for 0x709e959025
02-29 18:16:03.870 7529 7529 E ArmVmp : Match on catch block at 0xc3 in for 0x709e959025
02-29 18:16:04.015 7529 7529 E ArmVmp : Match on catch block at 0xc3 in for 0x709e959025
02-29 18:16:04.019 7529 7529 E ArmVmp : Match on catch block at 0xc3 in for 0x709e959025
02-29 18:16:04.023 7529 7529 E ArmVmp : Match on catch block at 0xc3 in for 0x709e959025
02-29 18:16:04.081 7529 7529 E ArmVmp : Match on catch block at 0xc3 in for 0x709e959025
02-29 18:16:04.086 7529 7529 E ArmVmp : Match on catch block at 0xc3 in for 0x709e959025
02-29 18:16:04.089 7529 7529 E ArmVmp : Match on catch block at 0xc3 in for 0x709e959025
02-29 18:16:04.525 7529 7529 E ArmVmp : Match on catch block at 0xc3 in for 0x709e959025
02-29 18:16:04.529 7529 7529 E ArmVmp : Match on catch block at 0xc3 in for 0x709e959025
02-29 18:16:04.532 7529 7529 E ArmVmp : Match on catch block at 0xc3 in for 0x709e959025
02-29 18:16:04.558 7529 10431 W Parcel : Expecting binder but got null!
02-29 18:16:05.043 7529 7529 E ArmVmp : Match on catch block at 0xc3 in for 0x709e959025
02-29 18:16:05.048 7529 7529 E ArmVmp : Match on catch block at 0xc3 in for 0x709e959025
02-29 18:16:05.053 7529 7529 E ArmVmp : Match on catch block at 0xc3 in for 0x709e959025
02-29 18:16:05.181 7529 7529 E ArmVmp : Match on catch block at 0xc3 in for 0x709e959025
02-29 18:16:05.188 7529 7529 E ArmVmp : Match on catch block at 0xc3 in for 0x709e959025
02-29 18:16:05.191 7529 7529 E ArmVmp : Match on catch block at 0xc3 in for 0x709e959025
02-29 18:16:05.198 7529 7529 E ArmVmp : Match on catch block at 0xc3 in for 0x709e959025
02-29 18:16:05.203 7529 7529 E ArmVmp : Match on catch block at 0xc3 in for 0x709e959025
02-29 18:16:05.206 7529 7529 E ArmVmp : Match on catch block at 0xc3 in for 0x709e959025
02-29 18:16:05.214 7529 7529 E ArmVmp : Match on catch block at 0xc3 in for 0x709e959025
02-29 18:16:05.220 7529 7529 E ArmVmp : Match on catch block at 0xc3 in for 0x709e959025
02-29 18:16:05.223 7529 7529 E ArmVmp : Match on catch block at 0xc3 in for 0x709e959025
02-29 18:16:05.231 7529 7529 E ArmVmp : Match on catch block at 0xc3 in for 0x709e959025
02-29 18:16:05.237 7529 7529 E ArmVmp : Match on catch block at 0xc3 in for 0x709e959025
02-29 18:16:05.241 7529 7529 E ArmVmp : Match on catch block at 0xc3 in for 0x709e959025
02-29 18:16:05.247 7529 7529 E ArmVmp : Match on catch block at 0xc3 in for 0x709e959025
02-29 18:16:05.251 7529 7529 E ArmVmp : Match on catch block at 0xc3 in for 0x709e959025
02-29 18:16:05.254 7529 7529 E ArmVmp : Match on catch block at 0xc3 in for 0x709e959025
02-29 18:16:05.264 7529 7529 E ArmVmp : Match on catch block at 0xc3 in for 0x709e959025
02-29 18:16:05.269 7529 7529 E ArmVmp : Match on catch block at 0xc3 in for 0x709e959025
02-29 18:16:05.272 7529 7529 E ArmVmp : Match on catch block at 0xc3 in for 0x709e959025
02-29 18:16:05.281 7529 7529 E ArmVmp : Match on catch block at 0xc3 in for 0x709e959025
02-29 18:16:05.287 7529 7529 E ArmVmp : Match on catch block at 0xc3 in for 0x709e959025
02-29 18:16:05.289 7529 7529 E ArmVmp : Match on catch block at 0xc3 in for 0x709e959025
02-29 18:16:05.297 7529 7529 E ArmVmp : Match on catch block at 0xc3 in for 0x709e959025
02-29 18:16:05.302 7529 7529 E ArmVmp : Match on catch block at 0xc3 in for 0x709e959025
02-29 18:16:05.304 7529 7529 E ArmVmp : Match on catch block at 0xc3 in for 0x709e959025
02-29 18:16:05.314 7529 7529 E ArmVmp : Match on catch block at 0xc3 in for 0x709e959025
02-29 18:16:05.319 7529 7529 E ArmVmp : Match on catch block at 0xc3 in for 0x709e959025
02-29 18:16:05.322 7529 7529 E ArmVmp : Match on catch block at 0xc3 in for 0x709e959025
02-29 18:16:05.331 7529 7529 E ArmVmp : Match on catch block at 0xc3 in for 0x709e959025
02-29 18:16:05.336 7529 7529 E ArmVmp : Match on catch block at 0xc3 in for 0x709e959025
02-29 18:16:05.340 7529 7529 E ArmVmp : Match on catch block at 0xc3 in for 0x709e959025
02-29 18:16:05.348 7529 7529 E ArmVmp : Match on catch block at 0xc3 in for 0x709e959025
02-29 18:16:05.352 7529 7529 E ArmVmp : Match on catch block at 0xc3 in for 0x709e959025
02-29 18:16:05.354 7529 7529 E ArmVmp : Match on catch block at 0xc3 in for 0x709e959025
02-29 18:16:05.364 7529 7529 E ArmVmp : Match on catch block at 0xc3 in for 0x709e959025
02-29 18:16:05.368 7529 7529 E ArmVmp : Match on catch block at 0xc3 in for 0x709e959025
02-29 18:16:05.370 7529 7529 E ArmVmp : Match on catch block at 0xc3 in for 0x709e959025
02-29 18:16:05.381 7529 7529 E ArmVmp : Match on catch block at 0xc3 in for 0x709e959025
02-29 18:16:05.384 7529 7529 E ArmVmp : Match on catch block at 0xc3 in for 0x709e959025
02-29 18:16:05.387 7529 7529 E ArmVmp : Match on catch block at 0xc3 in for 0x709e959025
02-29 18:16:05.397 7529 7529 E ArmVmp : Match on catch block at 0xc3 in for 0x709e959025
02-29 18:16:05.402 7529 7529 E ArmVmp : Match on catch block at 0xc3 in for 0x709e959025
02-29 18:16:05.405 7529 7529 E ArmVmp : Match on catch block at 0xc3 in for 0x709e959025
02-29 18:16:05.424 7529 7529 E ArmVmp : Match on catch block at 0xc3 in for 0x709e959025
02-29 18:16:05.429 7529 7529 E ArmVmp : Match on catch block at 0xc3 in for 0x709e959025
02-29 18:16:05.432 7529 7529 E ArmVmp : Match on catch block at 0xc3 in for 0x709e959025
02-29 18:16:05.459 7529 7529 E ArmVmp : Match on catch block at 0xc3 in for 0x709e959025
02-29 18:16:05.463 7529 7529 E ArmVmp : Match on catch block at 0xc3 in for 0x709e959025
02-29 18:16:05.466 7529 7529 E ArmVmp : Match on catch block at 0xc3 in for 0x709e959025
02-29 18:16:05.531 7529 7529 E ArmVmp : Match on catch block at 0xc3 in for 0x709e959025
02-29 18:16:05.535 7529 7529 E ArmVmp : Match on catch block at 0xc3 in for 0x709e959025
02-29 18:16:05.538 7529 7529 E ArmVmp : Match on catch block at 0xc3 in for 0x709e959025
02-29 18:16:06.032 7529 7529 E ArmVmp : Match on catch block at 0xc3 in for 0x709e959025
02-29 18:16:06.037 7529 7529 E ArmVmp : Match on catch block at 0xc3 in for 0x709e959025
02-29 18:16:06.040 7529 7529 E ArmVmp : Match on catch block at 0xc3 in for 0x709e959025
02-29 18:16:06.532 7529 7529 E ArmVmp : Match on catch block at 0xc3 in for 0x709e959025
02-29 18:16:06.536 7529 7529 E ArmVmp : Match on catch block at 0xc3 in for 0x709e959025
02-29 18:16:06.538 7529 7529 E ArmVmp : Match on catch block at 0xc3 in for 0x709e959025
02-29 18:16:07.033 7529 7529 E ArmVmp : Match on catch block at 0xc3 in for 0x709e959025
02-29 18:16:07.037 7529 7529 E ArmVmp : Match on catch block at 0xc3 in for 0x709e959025
02-29 18:16:07.040 7529 7529 E ArmVmp : Match on catch block at 0xc3 in for 0x709e959025
02-29 18:16:07.248 7529 7529 E ArmVmp : Match on catch block at 0xc3 in for 0x709e959025
02-29 18:16:07.253 7529 7529 E ArmVmp : Match on catch block at 0xc3 in for 0x709e959025
02-29 18:16:07.256 7529 7529 E ArmVmp : Match on catch block at 0xc3 in for 0x709e959025
02-29 18:16:07.370 7529 7529 E ArmVmp : Match on catch block at 0xc3 in for 0x709e959025
02-29 18:16:07.374 7529 7529 E ArmVmp : Match on catch block at 0xc3 in for 0x709e959025
02-29 18:16:07.376 7529 7529 E ArmVmp : Match on catch block at 0xc3 in for 0x709e959025
02-29 18:16:07.441 7529 7529 E ArmVmp : Match on catch block at 0xc3 in for 0x709e959025
02-29 18:16:07.444 7529 7529 E ArmVmp : Match on catch block at 0xc3 in for 0x709e959025
02-29 18:16:07.447 7529 7529 E ArmVmp : Match on catch block at 0xc3 in for 0x709e959025
02-29 18:16:07.576 7529 7529 W TabLayout: MODE_SCROLLABLE + GRAVITY_FILL is not supported, GRAVITY_START will be used instead
02-29 18:16:07.713 7529 7529 W BottomSheetBehavior: BottomSheetBehavior now supports multiple callbacks. `setBottomSheetCallback()` removes all existing callbacks, including ones set internally by library authors, which may result in unintended behavior. This may change in the future. Please use `addBottomSheetCallback()` and `removeBottomSheetCallback()` instead to set your own callbacks.
02-29 18:16:07.839 7529 7529 E ArmVmp : Match on catch block at 0xc3 in for 0x709e959025
02-29 18:16:07.843 7529 7529 E ArmVmp : Match on catch block at 0xc3 in for 0x709e959025
02-29 18:16:07.844 7529 7529 E ArmVmp : Match on catch block at 0xc3 in for 0x709e959025
02-29 18:16:08.137 7529 7529 W View : requestLayout() improperly called by com.mbwhatsapp.WaImageView{912f14 VF.D..CL. ......ID 0,0-128,128 #7f0b1814 app:id/shutter} during layout: running second layout pass
02-29 18:16:08.137 7529 7529 W View : requestLayout() improperly called by com.mbwhatsapp.CircularProgressBar{7a153bd V.ED..... ......ID 0,0-128,128 #7f0b14fc app:id/recording_progress} during layout: running second layout pass
02-29 18:16:08.137 7529 7529 W View : requestLayout() improperly called by com.mbwhatsapp.WaImageView{8626db2 VF.D..C.. ......ID 0,0-96,96 #7f0b1976 app:id/switch_camera_btn} during layout: running second layout pass
02-29 18:16:08.137 7529 7529 W View : requestLayout() improperly called by com.mbwhatsapp.WaImageView{9012103 VFED..C.. ......ID 0,0-96,96 #7f0b0b0d app:id/gallery_btn} during layout: running second layout pass
02-29 18:16:08.137 7529 7529 W View : requestLayout() improperly called by com.mbwhatsapp.WaImageView{8dc2880 VF.D..C.. ......ID 0,0-96,96 #7f0b0a9c app:id/flash_btn} during layout: running second layout pass
02-29 18:16:08.137 7529 7529 W View : requestLayout() improperly called by com.mbwhatsapp.WaImageView{d146eb9 VFED..C.. ......ID 0,0-96,96 #7f0b057f app:id/close_camera_btn} during layout: running second layout pass
02-29 18:16:08.137 7529 7529 W View : requestLayout() improperly called by X.4Ki{785b2fe V.ED..... ......ID 0,4-720,100} during layout: running second layout pass
02-29 18:16:08.178 7529 10431 W Parcel : Expecting binder but got null!
02-29 18:16:08.240 7529 7529 W View : requestLayout() improperly called by com.mbwhatsapp.WaImageView{912f14 VF.D..CL. ......ID 296,1095-424,1223 #7f0b1814 app:id/shutter} during layout: running second layout pass
02-29 18:16:08.240 7529 7529 W View : requestLayout() improperly called by com.mbwhatsapp.CircularProgressBar{7a153bd V.ED..... ......ID 296,1095-424,1223 #7f0b14fc app:id/recording_progress} during layout: running second layout pass
02-29 18:16:08.240 7529 7529 W View : requestLayout() improperly called by com.mbwhatsapp.WaImageView{8626db2 VF.D..C.. ......ID 608,1111-704,1207 #7f0b1976 app:id/switch_camera_btn} during layout: running second layout pass
02-29 18:16:08.240 7529 7529 W View : requestLayout() improperly called by com.mbwhatsapp.WaImageView{9012103 VFED..C.. ......ID 16,1111-112,1207 #7f0b0b0d app:id/gallery_btn} during layout: running second layout pass
02-29 18:16:08.241 7529 7529 W View : requestLayout() improperly called by com.mbwhatsapp.WaImageView{8dc2880 VF.D..C.. ......I. 608,16-704,112 #7f0b0a9c app:id/flash_btn} during layout: running second layout pass
02-29 18:16:08.241 7529 7529 W View : requestLayout() improperly called by com.mbwhatsapp.WaImageView{d146eb9 VFED..C.. ......I. 16,16-112,112 #7f0b057f app:id/close_camera_btn} during layout: running second layout pass
02-29 18:16:08.253 7529 7529 E ArmVmp : Match on catch block at 0xc3 in for 0x709e959025
02-29 18:16:08.265 7529 7529 E ArmVmp : Match on catch block at 0xc3 in for 0x709e959025
02-29 18:16:08.270 7529 7529 E ArmVmp : Match on catch block at 0xc3 in for 0x709e959025
02-29 18:16:08.355 7529 7529 E ArmVmp : Match on catch block at 0xc3 in for 0x709e959025
02-29 18:16:08.361 7529 7529 E ArmVmp : Match on catch block at 0xc3 in for 0x709e959025
02-29 18:16:08.365 7529 7529 E ArmVmp : Match on catch block at 0xc3 in for 0x709e959025
02-29 18:16:08.461 7529 7529 E ArmVmp : Match on catch block at 0xc3 in for 0x709e959025
02-29 18:16:08.468 7529 7529 E ArmVmp : Match on catch block at 0xc3 in for 0x709e959025
02-29 18:16:08.472 7529 7529 E ArmVmp : Match on catch block at 0xc3 in for 0x709e959025
02-29 18:16:08.486 7529 7529 W OnBackInvokedCallback: OnBackInvokedCallback is not enabled for the application.
02-29 18:16:08.486 7529 7529 W OnBackInvokedCallback: Set 'android:enableOnBackInvokedCallback="true"' in the application manifest.
02-29 18:16:08.608 7529 7529 E ArmVmp : Match on catch block at 0xc3 in for 0x709e959025
02-29 18:16:08.611 7529 7529 E ArmVmp : Match on catch block at 0xc3 in for 0x709e959025
02-29 18:16:08.623 7529 7529 E ArmVmp : Match on catch block at 0xc3 in for 0x709e959025
02-29 18:16:08.737 7529 7529 W pool-10-thread-: type=1400 audit(0.0:14517): avc: granted { execute } for path="/data/data/com.mbwhatsapp/files/decompressed/libs.spk.zst/libgifimage.so" dev="dm-46" ino=100658 scontext=u:r:untrusted_app:s0:c212,c256,c512,c768 tcontext=u:object_r:app_data_file:s0:c212,c256,c512,c768 tclass=file app=com.mbwhatsapp
02-29 18:16:08.843 7529 7529 E ArmVmp : Match on catch block at 0xc3 in for 0x709e959025
02-29 18:16:08.847 7529 7529 E ArmVmp : Match on catch block at 0xc3 in for 0x709e959025
02-29 18:16:08.849 7529 7529 E ArmVmp : Match on catch block at 0xc3 in for 0x709e959025
02-29 18:16:08.903 7529 7529 E ArmVmp : Match on catch block at 0xc3 in for 0x709e959025
02-29 18:16:08.908 7529 7529 E ArmVmp : Match on catch block at 0xc3 in for 0x709e959025
02-29 18:16:08.917 7529 7529 E ArmVmp : Match on catch block at 0xc3 in for 0x709e959025
02-29 18:16:09.521 7529 7529 W Optic-Task-Hand: type=1400 audit(0.0:14521): avc: denied { getattr } for name="/" dev="dmabuf" ino=1 scontext=u:r:untrusted_app:s0:c212,c256,c512,c768 tcontext=u:object_r:unlabeled:s0 tclass=filesystem permissive=0 app=com.mbwhatsapp
02-29 18:16:09.561 7529 7529 W Optic-Task-Hand: type=1400 audit(0.0:14522): avc: denied { getattr } for name="/" dev="dmabuf" ino=1 scontext=u:r:untrusted_app:s0:c212,c256,c512,c768 tcontext=u:object_r:unlabeled:s0 tclass=filesystem permissive=0 app=com.mbwhatsapp
02-29 18:16:09.609 7529 7529 W Optic-Task-Hand: type=1400 audit(0.0:14523): avc: denied { getattr } for name="/" dev="dmabuf" ino=1 scontext=u:r:untrusted_app:s0:c212,c256,c512,c768 tcontext=u:object_r:unlabeled:s0 tclass=filesystem permissive=0 app=com.mbwhatsapp
02-29 18:16:09.649 7529 7529 W Optic-Task-Hand: type=1400 audit(0.0:14524): avc: denied { getattr } for name="/" dev="dmabuf" ino=1 scontext=u:r:untrusted_app:s0:c212,c256,c512,c768 tcontext=u:object_r:unlabeled:s0 tclass=filesystem permissive=0 app=com.mbwhatsapp
02-29 18:16:18.058 7529 7552 W System : A resource failed to call AbstractCursor.close.
02-29 18:16:18.060 7529 7552 W System : A resource failed to call CursorWrapperInner.close.
02-29 18:16:19.914 7529 15813 W gralloc4: Could not find component description for FourCC value 0, alloc_format 0x21
02-29 18:16:20.464 7529 10431 W Parcel : Expecting binder but got null!
02-29 18:16:20.538 7529 7529 W BottomSheetBehavior: BottomSheetBehavior now supports multiple callbacks. `setBottomSheetCallback()` removes all existing callbacks, including ones set internally by library authors, which may result in unintended behavior. This may change in the future. Please use `addBottomSheetCallback()` and `removeBottomSheetCallback()` instead to set your own callbacks.
02-29 18:16:20.549 7529 7529 E RecyclerView: No adapter attached; skipping layout
02-29 18:16:20.574 7529 7529 E RecyclerView: No adapter attached; skipping layout
02-29 18:16:22.131 7529 10431 W Parcel : Expecting binder but got null!
02-29 18:16:22.286 7529 7529 W OnBackInvokedCallback: OnBackInvokedCallback is not enabled for the application.
02-29 18:16:22.286 7529 7529 W OnBackInvokedCallback: Set 'android:enableOnBackInvokedCallback="true"' in the application manifest.
02-29 18:16:28.870 7529 7529 E ImeBackDispatcher: Ime callback not found. Ignoring unregisterReceivedCallback. callbackId: 244283814
02-29 18:16:29.687 7529 10431 W Parcel : Expecting binder but got null!
02-29 18:16:29.788 7529 7529 W OnBackInvokedCallback: OnBackInvokedCallback is not enabled for the application.
02-29 18:16:29.788 7529 7529 W OnBackInvokedCallback: Set 'android:enableOnBackInvokedCallback="true"' in the application manifest.
02-29 18:16:38.270 7529 7529 E ImeBackDispatcher: Ime callback not found. Ignoring unregisterReceivedCallback. callbackId: 244283814
02-29 18:16:38.498 7529 7529 E ArmVmp : Match on catch block at 0x0a in for 0x709e959035
02-29 18:16:38.508 7529 7529 E ArmVmp : Match on catch block at 0x0a in for 0x709e959035
02-29 18:16:38.703 7529 7529 E ArmVmp : Match on catch block at 0xc3 in for 0x709e959025
02-29 18:16:38.713 7529 7529 E ArmVmp : Match on catch block at 0xc3 in for 0x709e959025
02-29 18:16:38.791 7529 7529 E ArmVmp : Match on catch block at 0xc3 in for 0x709e959025
02-29 18:16:38.796 7529 7529 E ArmVmp : Match on catch block at 0xc3 in for 0x709e959025
02-29 18:16:38.828 7529 7529 E ArmVmp : Match on catch block at 0xc3 in for 0x709e959025
02-29 18:16:38.832 7529 7529 E ArmVmp : Match on catch block at 0xc3 in for 0x709e959025
02-29 18:16:38.853 7529 7529 E ArmVmp : Match on catch block at 0xc3 in for 0x709e959025
02-29 18:16:38.856 7529 7529 E ArmVmp : Match on catch block at 0xc3 in for 0x709e959025
02-29 18:16:38.878 7529 7529 E ArmVmp : Match on catch block at 0xc3 in for 0x709e959025
02-29 18:16:38.883 7529 7529 E ArmVmp : Match on catch block at 0xc3 in for 0x709e959025
02-29 18:16:38.894 7529 7529 E ArmVmp : Match on catch block at 0xc3 in for 0x709e959025
02-29 18:16:38.897 7529 7529 E ArmVmp : Match on catch block at 0xc3 in for 0x709e959025
02-29 18:16:38.928 7529 7529 E ArmVmp : Match on catch block at 0xc3 in for 0x709e959025
02-29 18:16:38.932 7529 7529 E ArmVmp : Match on catch block at 0xc3 in for 0x709e959025
02-29 18:16:38.944 7529 7529 E ArmVmp : Match on catch block at 0xc3 in for 0x709e959025
02-29 18:16:38.947 7529 7529 E ArmVmp : Match on catch block at 0xc3 in for 0x709e959025
02-29 18:16:38.979 7529 7529 E ArmVmp : Match on catch block at 0xc3 in for 0x709e959025
02-29 18:16:38.982 7529 7529 E ArmVmp : Match on catch block at 0xc3 in for 0x709e959025
02-29 18:16:39.008 7529 7529 E ArmVmp : Match on catch block at 0xc3 in for 0x709e959025
02-29 18:16:39.012 7529 7529 E ArmVmp : Match on catch block at 0xc3 in for 0x709e959025
02-29 18:16:39.043 7529 7529 E ArmVmp : Match on catch block at 0xc3 in for 0x709e959025
02-29 18:16:39.046 7529 7529 E ArmVmp : Match on catch block at 0xc3 in for 0x709e959025
02-29 18:16:39.086 7529 7529 E ArmVmp : Match on catch block at 0xc3 in for 0x709e959025
02-29 18:16:39.090 7529 7529 E ArmVmp : Match on catch block at 0xc3 in for 0x709e959025
02-29 18:16:39.119 7529 7529 E ArmVmp : Match on catch block at 0xc3 in for 0x709e959025
02-29 18:16:39.122 7529 7529 E ArmVmp : Match on catch block at 0xc3 in for 0x709e959025
02-29 18:16:39.152 7529 7529 E ArmVmp : Match on catch block at 0xc3 in for 0x709e959025
02-29 18:16:39.156 7529 7529 E ArmVmp : Match on catch block at 0xc3 in for 0x709e959025
02-29 18:16:39.186 7529 7529 E ArmVmp : Match on catch block at 0xc3 in for 0x709e959025
02-29 18:16:39.191 7529 7529 E ArmVmp : Match on catch block at 0xc3 in for 0x709e959025
02-29 18:16:39.219 7529 7529 E ArmVmp : Match on catch block at 0xc3 in for 0x709e959025
02-29 18:16:39.224 7529 7529 E ArmVmp : Match on catch block at 0xc3 in for 0x709e959025
02-29 18:16:39.309 7529 7529 W BottomSheetBehavior: BottomSheetBehavior now supports multiple callbacks. `setBottomSheetCallback()` removes all existing callbacks, including ones set internally by library authors, which may result in unintended behavior. This may change in the future. Please use `addBottomSheetCallback()` and `removeBottomSheetCallback()` instead to set your own callbacks.
02-29 18:16:39.387 7529 7529 E ArmVmp : Match on catch block at 0xc3 in for 0x709e959025
02-29 18:16:39.392 7529 7529 E ArmVmp : Match on catch block at 0xc3 in for 0x709e959025
02-29 18:16:39.405 7529 7529 E ArmVmp : Match on catch block at 0xc3 in for 0x709e959025
02-29 18:16:39.409 7529 7529 E ArmVmp : Match on catch block at 0xc3 in for 0x709e959025
02-29 18:16:39.420 7529 7529 E ArmVmp : Match on catch block at 0xc3 in for 0x709e959025
02-29 18:16:39.425 7529 7529 E ArmVmp : Match on catch block at 0xc3 in for 0x709e959025
02-29 18:16:39.436 7529 7529 E ArmVmp : Match on catch block at 0xc3 in for 0x709e959025
02-29 18:16:39.441 7529 7529 E ArmVmp : Match on catch block at 0xc3 in for 0x709e959025
02-29 18:16:39.452 7529 7529 E ArmVmp : Match on catch block at 0xc3 in for 0x709e959025
02-29 18:16:39.456 7529 7529 E ArmVmp : Match on catch block at 0xc3 in for 0x709e959025
02-29 18:16:39.469 7529 7529 E ArmVmp : Match on catch block at 0xc3 in for 0x709e959025
02-29 18:16:39.472 7529 7529 E ArmVmp : Match on catch block at 0xc3 in for 0x709e959025
02-29 18:16:39.485 7529 7529 E ArmVmp : Match on catch block at 0xc3 in for 0x709e959025
02-29 18:16:39.490 7529 7529 E ArmVmp : Match on catch block at 0xc3 in for 0x709e959025
02-29 18:16:39.502 7529 7529 E ArmVmp : Match on catch block at 0xc3 in for 0x709e959025
02-29 18:16:39.506 7529 7529 E ArmVmp : Match on catch block at 0xc3 in for 0x709e959025
02-29 18:16:39.519 7529 7529 E ArmVmp : Match on catch block at 0xc3 in for 0x709e959025
02-29 18:16:39.524 7529 7529 E ArmVmp : Match on catch block at 0xc3 in for 0x709e959025
02-29 18:16:39.536 7529 7529 E ArmVmp : Match on catch block at 0xc3 in for 0x709e959025
02-29 18:16:39.540 7529 7529 E ArmVmp : Match on catch block at 0xc3 in for 0x709e959025
02-29 18:16:39.553 7529 7529 E ArmVmp : Match on catch block at 0xc3 in for 0x709e959025
02-29 18:16:39.561 7529 7529 E ArmVmp : Match on catch block at 0xc3 in for 0x709e959025
02-29 18:16:39.570 7529 7529 E ArmVmp : Match on catch block at 0xc3 in for 0x709e959025
02-29 18:16:39.580 7529 7529 E ArmVmp : Match on catch block at 0xc3 in for 0x709e959025
02-29 18:16:39.586 7529 7529 E ArmVmp : Match on catch block at 0xc3 in for 0x709e959025
02-29 18:16:39.592 7529 7529 E ArmVmp : Match on catch block at 0xc3 in for 0x709e959025
02-29 18:16:39.603 7529 7529 E ArmVmp : Match on catch block at 0xc3 in for 0x709e959025
02-29 18:16:39.609 7529 7529 E ArmVmp : Match on catch block at 0xc3 in for 0x709e959025
02-29 18:16:39.620 7529 7529 E ArmVmp : Match on catch block at 0xc3 in for 0x709e959025
02-29 18:16:39.625 7529 7529 E ArmVmp : Match on catch block at 0xc3 in for 0x709e959025
02-29 18:16:39.636 7529 7529 E ArmVmp : Match on catch block at 0xc3 in for 0x709e959025
02-29 18:16:39.641 7529 7529 E ArmVmp : Match on catch block at 0xc3 in for 0x709e959025
02-29 18:16:39.653 7529 7529 E ArmVmp : Match on catch block at 0xc3 in for 0x709e959025
02-29 18:16:39.661 7529 7529 E ArmVmp : Match on catch block at 0xc3 in for 0x709e959025
02-29 18:16:39.669 7529 7529 E ArmVmp : Match on catch block at 0xc3 in for 0x709e959025
02-29 18:16:39.673 7529 7529 E ArmVmp : Match on catch block at 0xc3 in for 0x709e959025
02-29 18:16:39.688 7529 7529 E ArmVmp : Match on catch block at 0xc3 in for 0x709e959025
02-29 18:16:39.696 7529 7529 E ArmVmp : Match on catch block at 0xc3 in for 0x709e959025
02-29 18:16:39.882 7529 7529 E ArmVmp : Match on catch block at 0xc3 in for 0x709e959025
02-29 18:16:39.886 7529 7529 E ArmVmp : Match on catch block at 0xc3 in for 0x709e959025
02-29 18:16:39.896 7529 7529 E ArmVmp : Match on catch block at 0xc3 in for 0x709e959025
02-29 18:16:39.901 7529 7529 E ArmVmp : Match on catch block at 0xc3 in for 0x709e959025
02-29 18:16:39.911 7529 7529 W OnBackInvokedCallback: OnBackInvokedCallback is not enabled for the application.
02-29 18:16:39.911 7529 7529 W OnBackInvokedCallback: Set 'android:enableOnBackInvokedCallback="true"' in the application manifest.
02-29 18:16:39.919 7529 7529 E ArmVmp : Match on catch block at 0xc3 in for 0x709e959025
02-29 18:16:39.924 7529 7529 E ArmVmp : Match on catch block at 0xc3 in for 0x709e959025
02-29 18:16:39.961 7529 7529 E ArmVmp : Match on catch block at 0xc3 in for 0x709e959025
02-29 18:16:39.964 7529 7529 E ArmVmp : Match on catch block at 0xc3 in for 0x709e959025
02-29 18:16:39.971 7529 7529 E ArmVmp : Match on catch block at 0xc3 in for 0x709e959025
02-29 18:16:39.976 7529 7529 E ArmVmp : Match on catch block at 0xc3 in for 0x709e959025
02-29 18:16:40.420 7529 7529 E ArmVmp : Match on catch block at 0xc3 in for 0x709e959025
02-29 18:16:40.424 7529 7529 E ArmVmp : Match on catch block at 0xc3 in for 0x709e959025
02-29 18:16:40.552 7529 7596 E SQLiteDatabase: Error inserting transferred=0 media_job_uuid=2b7cfafb-6813-4547-bbe8-a7bb16030c61 transcoded=1 gif_attribution=0 first_scan_length=0 direct_path=null thumbnail_height_width_ratio=0.5645161 is_animated_sticker=0 file_hash=null file_path=/data/user/0/com.mbwhatsapp/files/.Shared/aacb856c-3459-4660-925a- 09358210723f.jpg file_size=1605165 partial_media_hash=null face_x=0 face_y=0 height=2250 trim_to=0 media_key_timestamp=0 message_url=null media_caption=null trim_from=0 mime_type=null partial_media_enc_hash=null width=4000 original_file_hash=o60t3vSc2M2lvb2QbVC9kj+La5NsnbZq9r+f1/6Bcic= has_streaming_sidecar=0 autotransfer_retry_enabled=1 media_upload_handle=null message_row_id=7361 multicast_id=null enc_file_hash=null mute_video=0 page_count=0 first_scan_sidecar=null suspicious_content=0 file_length=1605165 media_name=aacb856c-3459-4660-925a-09358210723f.jpg media_duration=0 chat_row_id=99 media_key=null
02-29 18:16:40.552 7529 7596 E SQLiteDatabase: android.database.sqlite.SQLiteConstraintException: UNIQUE constraint failed: message_media.message_row_id (code 1555 SQLITE_CONSTRAINT_PRIMARYKEY)
02-29 18:16:40.552 7529 7596 E SQLiteDatabase: at android.database.sqlite.SQLiteConnection.nativeExecuteForLastInsertedRowId(Native Method)
02-29 18:16:40.552 7529 7596 E SQLiteDatabase: at android.database.sqlite.SQLiteConnection.executeForLastInsertedRowId(SQLiteConnecti on.java:961)
02-29 18:16:40.552 7529 7596 E SQLiteDatabase: at android.database.sqlite.SQLiteSession.executeForLastInsertedRowId(SQLiteSession.jav a:790)
02-29 18:16:40.552 7529 7596 E SQLiteDatabase: at android.database.sqlite.SQLiteStatement.executeInsert(SQLiteStatement.java:89)
02-29 18:16:40.552 7529 7596 E SQLiteDatabase: at android.database.sqlite.SQLiteDatabase.insertWithOnConflict(SQLiteDatabase.java:186 8)
02-29 18:16:40.552 7529 7596 E SQLiteDatabase: at android.database.sqlite.SQLiteDatabase.insert(SQLiteDatabase.java:1737)
02-29 18:16:40.552 7529 7596 E SQLiteDatabase: at X.2tm.A08(Unknown Source:6)
02-29 18:16:40.552 7529 7596 E SQLiteDatabase: at X.35Y.A07(Unknown Source:212)
02-29 18:16:40.552 7529 7596 E SQLiteDatabase: at X.3QF.A14(Unknown Source:470)
02-29 18:16:40.552 7529 7596 E SQLiteDatabase: at X.3gU.run(Unknown Source:982)
02-29 18:16:40.552 7529 7596 E SQLiteDatabase: at android.os.Handler.handleCallback(Handler.java:942)
02-29 18:16:40.552 7529 7596 E SQLiteDatabase: at android.os.Handler.dispatchMessage(Handler.java:99)
02-29 18:16:40.552 7529 7596 E SQLiteDatabase: at X.0zq.dispatchMessage(Unknown Source:4)
02-29 18:16:40.552 7529 7596 E SQLiteDatabase: at android.os.Looper.loopOnce(Looper.java:201)
02-29 18:16:40.552 7529 7596 E SQLiteDatabase: at android.os.Looper.loop(Looper.java:288)
02-29 18:16:40.552 7529 7596 E SQLiteDatabase: at android.os.HandlerThread.run(HandlerThread.java:67)
02-29 18:16:40.561 7529 7529 E ArmVmp : Match on catch block at 0xc3 in for 0x709e959025
02-29 18:16:40.565 7529 7529 E ArmVmp : Match on catch block at 0xc3 in for 0x709e959025
02-29 18:16:40.584 7529 7529 E ArmVmp : Match on catch block at 0xc3 in for 0x709e959025
02-29 18:16:40.588 7529 7529 E ArmVmp : Match on catch block at 0xc3 in for 0x709e959025
02-29 18:16:40.604 7529 7529 E ArmVmp : Match on catch block at 0xc3 in for 0x709e959025
02-29 18:16:40.609 7529 7529 E ArmVmp : Match on catch block at 0xc3 in for 0x709e959025
02-29 18:16:40.630 7529 16364 W System : ClassLoader referenced unknown path:
02-29 18:16:40.640 7529 16364 W com.mbwhatsapp: ClassLoaderContext type mismatch. expected=PCL, found=DLC (PCL[] | DLC[];PCL[/data/app/~~lOQYfS7Lop65hjPQH1PLRg==/com.mbwhatsapp-i- TOfazficOnFPMWs6Pb8Q==/base.apk*1416788599:/data/app/~~lOQYfS7Lop65hjPQH1PLRg==/ com.mbwhatsapp-i-TOfazficOnFPMWs6Pb8Q==/base.apk!classes2.dex*1195520896:/data/ app/~~lOQYfS7Lop65hjPQH1PLRg==/com.mbwhatsapp-i-TOfazficOnFPMWs6Pb8Q==/base.apk! classes3.dex*3411973279:/data/app/~~lOQYfS7Lop65hjPQH1PLRg==/com.mbwhatsapp-i- TOfazficOnFPMWs6Pb8Q==/base.apk!classes4.dex*139949962:/data/app/ ~~lOQYfS7Lop65hjPQH1PLRg==/com.mbwhatsapp-i-TOfazficOnFPMWs6Pb8Q==/base.apk! classes5.dex*3810408200:/data/app/~~lOQYfS7Lop65hjPQH1PLRg==/com.mbwhatsapp-i- TOfazficOnFPMWs6Pb8Q==/base.apk!classes6.dex*3828114170:/data/app/ ~~lOQYfS7Lop65hjPQH1PLRg==/com.mbwhatsapp-i-TOfazficOnFPMWs6Pb8Q==/base.apk! classes7.dex*3896375018:/data/app/~~lOQYfS7Lop65hjPQH1PLRg==/com.mbwhatsapp-i- TOfazficOnFPMWs6Pb8Q==/base.apk!classes8.dex*4284976671]{PCL[/system/framework/ org.apache.http.legacy.jar*1236094900]})
02-29 18:16:40.709 7529 16370 E chromium: [0229/181640.709139:ERROR:cronet_context.cc(158)] Invalid QUIC hint host: .whatsapp.com
02-29 18:16:40.709 7529 16370 E chromium: [0229/181640.709753:ERROR:cronet_context.cc(158)] Invalid QUIC hint host: .cdninstagram.com
02-29 18:16:40.709 7529 16370 E chromium: [0229/181640.709947:ERROR:cronet_context.cc(158)] Invalid QUIC hint host: .fbcdn.net
02-29 18:16:40.710 7529 16370 E chromium: [0229/181640.710059:ERROR:cronet_context.cc(158)] Invalid QUIC hint host: .facebook.com
02-29 18:16:40.710 7529 16370 E chromium: [0229/181640.710154:ERROR:cronet_context.cc(158)] Invalid QUIC hint host: .instagram.com
02-29 18:16:40.710 7529 16370 E chromium: [0229/181640.710291:ERROR:cronet_context.cc(158)] Invalid QUIC hint host: .whatsapp.net
02-29 18:16:40.754 7529 7529 E ArmVmp : Match on catch block at 0xc3 in for 0x709e959025
02-29 18:16:40.758 7529 7529 E ArmVmp : Match on catch block at 0xc3 in for 0x709e959025
02-29 18:16:40.771 7529 7529 E ArmVmp : Match on catch block at 0xc3 in for 0x709e959025
02-29 18:16:40.775 7529 7529 E ArmVmp : Match on catch block at 0xc3 in for 0x709e959025
02-29 18:16:40.870 7529 7529 E ArmVmp : Match on catch block at 0xc3 in for 0x709e959025
02-29 18:16:40.878 7529 7529 E ArmVmp : Match on catch block at 0xc3 in for 0x709e959025
02-29 18:16:40.913 7529 7529 E ArmVmp : Match on catch block at 0xc3 in for 0x709e959025
02-29 18:16:40.921 7529 7529 E ArmVmp : Match on catch block at 0xc3 in for 0x709e959025
02-29 18:16:40.948 7529 7529 E ArmVmp : Match on catch block at 0xc3 in for 0x709e959025
02-29 18:16:40.955 7529 7529 E ArmVmp : Match on catch block at 0xc3 in for 0x709e959025
02-29 18:16:40.981 7529 7529 E ArmVmp : Match on catch block at 0xc3 in for 0x709e959025
02-29 18:16:40.985 7529 7529 E ArmVmp : Match on catch block at 0xc3 in for 0x709e959025
02-29 18:16:41.000 7529 7529 E ArmVmp : Match on catch block at 0xc3 in for 0x709e959025
02-29 18:16:41.005 7529 7529 E ArmVmp : Match on catch block at 0xc3 in for 0x709e959025
02-29 18:16:41.010 7529 7529 E ArmVmp : Match on catch block at 0xc3 in for 0x709e959025
02-29 18:16:41.014 7529 7529 E ArmVmp : Match on catch block at 0xc3 in for 0x709e959025
02-29 18:16:41.023 7529 7529 E ArmVmp : Match on catch block at 0xc3 in for 0x709e959025
02-29 18:16:41.027 7529 7529 E ArmVmp : Match on catch block at 0xc3 in for 0x709e959025
02-29 18:16:41.037 7529 7529 E ArmVmp : Match on catch block at 0xc3 in for 0x709e959025
02-29 18:16:41.042 7529 7529 E ArmVmp : Match on catch block at 0xc3 in for 0x709e959025
02-29 18:16:41.053 7529 7529 E ArmVmp : Match on catch block at 0xc3 in for 0x709e959025
02-29 18:16:41.056 7529 7529 E ArmVmp : Match on catch block at 0xc3 in for 0x709e959025
02-29 18:16:41.071 7529 7529 E ArmVmp : Match on catch block at 0xc3 in for 0x709e959025
02-29 18:16:41.075 7529 7529 E ArmVmp : Match on catch block at 0xc3 in for 0x709e959025
02-29 18:16:41.087 7529 7529 E ArmVmp : Match on catch block at 0xc3 in for 0x709e959025
02-29 18:16:41.092 7529 7529 E ArmVmp : Match on catch block at 0xc3 in for 0x709e959025
02-29 18:16:41.104 7529 7529 E ArmVmp : Match on catch block at 0xc3 in for 0x709e959025
02-29 18:16:41.110 7529 7529 E ArmVmp : Match on catch block at 0xc3 in for 0x709e959025
02-29 18:16:41.120 7529 7529 E ArmVmp : Match on catch block at 0xc3 in for 0x709e959025
02-29 18:16:41.123 7529 7529 E ArmVmp : Match on catch block at 0xc3 in for 0x709e959025
02-29 18:16:41.136 7529 7529 E ArmVmp : Match on catch block at 0xc3 in for 0x709e959025
02-29 18:16:41.140 7529 7529 E ArmVmp : Match on catch block at 0xc3 in for 0x709e959025
02-29 18:16:41.154 7529 7529 E ArmVmp : Match on catch block at 0xc3 in for 0x709e959025
02-29 18:16:41.159 7529 7529 E ArmVmp : Match on catch block at 0xc3 in for 0x709e959025
02-29 18:16:41.169 7529 7529 E ArmVmp : Match on catch block at 0xc3 in for 0x709e959025
02-29 18:16:41.175 7529 7529 E ArmVmp : Match on catch block at 0xc3 in for 0x709e959025
02-29 18:16:41.187 7529 7529 E ArmVmp : Match on catch block at 0xc3 in for 0x709e959025
02-29 18:16:41.190 7529 7529 E ArmVmp : Match on catch block at 0xc3 in for 0x709e959025
02-29 18:16:41.202 7529 7529 E ArmVmp : Match on catch block at 0xc3 in for 0x709e959025
02-29 18:16:41.210 7529 7529 E ArmVmp : Match on catch block at 0xc3 in for 0x709e959025
02-29 18:16:41.219 7529 7529 E ArmVmp : Match on catch block at 0xc3 in for 0x709e959025
02-29 18:16:41.224 7529 7529 E ArmVmp : Match on catch block at 0xc3 in for 0x709e959025
02-29 18:16:41.236 7529 7529 E ArmVmp : Match on catch block at 0xc3 in for 0x709e959025
02-29 18:16:41.240 7529 7529 E ArmVmp : Match on catch block at 0xc3 in for 0x709e959025
02-29 18:16:41.253 7529 7529 E ArmVmp : Match on catch block at 0xc3 in for 0x709e959025
