We take content rights seriously. If you suspect this is your content, claim it here.
Available Formats
Download as TXT, PDF, TXT or read online on Scribd
You are on page 1/ 5029
--------- beginning of main
02-29 15:22:45.042 30906 30906 E com.mbwhatsapp: Not starting debugger since
process cannot load the jdwp agent.
02-29 15:22:45.055 30906 30906 W ziparchive: Unable to open '/system_ext/framework/unisoc-framework.dm': No such file or directory
02-29 15:22:45.055 30906 30906 W ziparchive: Unable to open '/system_ext/framework/unisoc-framework.dm': No such file or directory
02-29 15:22:45.075 30906 30920 E com.mbwhatsapp: Could not write anonymous vdex /system_ext/framework/oat/arm64/unisoc-framework.vdex: Could not open /system_ext/framework/oat/arm64/unisoc-framework.vdex for writing
02-29 15:22:45.289 30906 30906 W System.err: java.lang.ClassNotFoundException: mbmodsd.mbmodsw.ui.views.btn.BtnBK
02-29 15:22:45.294 30906 30906 W System.err: at java.lang.Runtime.nativeLoad(Native Method)
02-29 15:22:45.294 30906 30906 W System.err: at java.lang.Runtime.nativeLoad(Runtime.java:1126)
02-29 15:22:45.294 30906 30906 W System.err: at java.lang.Runtime.loadLibrary0(Runtime.java:1080)
02-29 15:22:45.294 30906 30906 W System.err: at java.lang.Runtime.loadLibrary0(Runtime.java:1003)
02-29 15:22:45.294 30906 30906 W System.err: at java.lang.System.loadLibrary(System.java:1661)
02-29 15:22:45.294 30906 30906 W System.err: at arm.EpicVm.<clinit>(Unknown Source:2)
02-29 15:22:45.294 30906 30906 W System.err: at java.lang.Class.newInstance(Native Method)
02-29 15:22:45.294 30906 30906 W System.err: at android.app.AppComponentFactory.instantiateApplication(AppComponentFactory.java:76)
02-29 15:22:45.294 30906 30906 W System.err: at androidx.core.app.CoreComponentFactory.instantiateApplication(Unknown Source:0)
02-29 15:22:45.294 30906 30906 W System.err: at android.app.Instrumentation.newApplication(Instrumentation.java:1232)
02-29 15:22:45.294 30906 30906 W System.err: at android.app.LoadedApk.makeApplicationInner(LoadedApk.java:1466)
02-29 15:22:45.294 30906 30906 W System.err: at android.app.LoadedApk.makeApplicationInner(LoadedApk.java:1403)
02-29 15:22:45.294 30906 30906 W System.err: at android.app.ActivityThread.handleBindApplication(ActivityThread.java:6867)
02-29 15:22:45.294 30906 30906 W System.err: at android.app.ActivityThread.-$ $Nest$mhandleBindApplication(Unknown Source:0)
02-29 15:22:45.294 30906 30906 W System.err: at android.app.ActivityThread$H.handleMessage(ActivityThread.java:2219)
02-29 15:22:45.294 30906 30906 W System.err: at android.os.Handler.dispatchMessage(Handler.java:106)
02-29 15:22:45.294 30906 30906 W System.err: at android.os.Looper.loopOnce(Looper.java:201)
02-29 15:22:45.294 30906 30906 W System.err: at android.os.Looper.loop(Looper.java:288)
02-29 15:22:45.294 30906 30906 W System.err: at android.app.ActivityThread.main(ActivityThread.java:8061)
02-29 15:22:45.294 30906 30906 W System.err: at java.lang.reflect.Method.invoke(Native Method)
02-29 15:22:45.294 30906 30906 W System.err: at com.android.internal.os.RuntimeInit$MethodAndArgsCaller.run(RuntimeInit.java:703)
02-29 15:22:45.294 30906 30906 W System.err: at com.android.internal.os.ZygoteInit.main(ZygoteInit.java:911)
02-29 15:22:45.371 30906 30906 E CustomActivityOnCrash: IMPORTANT WARNING! You already have an UncaughtExceptionHandler, are you sure this is correct? If you use a custom UncaughtExceptionHandler, you must initialize it AFTER CustomActivityOnCrash! Installing anyway, but your original handler will not be called.
02-29 15:22:46.137 30952 30952 W logcat : type=1400 audit(0.0:12349): avc: denied { ioctl } for path="/storage/emulated/0/Download/FMThemes/MBLogs/logcat.txt" dev="fuse" ino=226067 ioctlcmd=0xf50d scontext=u:r:untrusted_app:s0:c212,c256,c512,c768 tcontext=u:object_r:fuse:s0 tclass=file permissive=0 app=com.mbwhatsapp
02-29 15:22:46.209 30906 30906 W com.mbwhatsapp: Accessing hidden method Lcom/android/org/conscrypt/OpenSSLSocketImpl;->setUseSessionTickets(Z)V (max- target-q,core-platform-api, reflection, denied)
02-29 15:22:46.210 30906 30906 W com.mbwhatsapp: Accessing hidden method Lcom/android/org/conscrypt/AbstractConscryptSocket;->setUseSessionTickets(Z)V (max- target-q, --------- beginning of main
02-29 15:28:07.469 31984 31984 W ackageinstaller: type=1400 audit(0.0:12367): avc: denied { read } for name="u:object_r:unipnp_prop:s0" dev="tmpfs" ino=12234 scontext=u:r:priv_app:s0:c512,c768 tcontext=u:object_r:unipnp_prop:s0 tclass=file permissive=0 app=com.mbwhatsapp
02-29 15:28:07.469 31984 31984 W ackageinstaller: type=1400 audit(0.0:12368): avc: denied { read } for name="u:object_r:unipnp_prop:s0" dev="tmpfs" ino=12234 scontext=u:r:priv_app:s0:c512,c768 tcontext=u:object_r:unipnp_prop:s0 tclass=file permissive=0 app=com.mbwhatsapp
02-29 15:28:45.037 32633 32633 E com.mbwhatsapp: Not starting debugger since process cannot load the jdwp agent.
02-29 15:28:45.056 32633 32633 W ziparchive: Unable to open '/system_ext/framework/unisoc-framework.dm': No such file or directory
02-29 15:28:45.056 32633 32633 W ziparchive: Unable to open '/system_ext/framework/unisoc-framework.dm': No such file or directory
02-29 15:28:45.067 32633 32647 E com.mbwhatsapp: Could not write anonymous vdex /system_ext/framework/oat/arm64/unisoc-framework.vdex: Could not open /system_ext/framework/oat/arm64/unisoc-framework.vdex for writing
02-29 15:28:45.244 32633 32633 W System.err: java.lang.ClassNotFoundException: mbmodsd.mbmodsw.ui.views.btn.BtnBK
02-29 15:28:45.248 32633 32633 W System.err: at java.lang.Runtime.nativeLoad(Native Method)
02-29 15:28:45.248 32633 32633 W System.err: at java.lang.Runtime.nativeLoad(Runtime.java:1126)
02-29 15:28:45.248 32633 32633 W System.err: at java.lang.Runtime.loadLibrary0(Runtime.java:1080)
02-29 15:28:45.248 32633 32633 W System.err: at java.lang.Runtime.loadLibrary0(Runtime.java:1003)
02-29 15:28:45.248 32633 32633 W System.err: at java.lang.System.loadLibrary(System.java:1661)
02-29 15:28:45.248 32633 32633 W System.err: at arm.EpicVm.<clinit>(Unknown Source:2)
02-29 15:28:45.248 32633 32633 W System.err: at java.lang.Class.newInstance(Native Method)
02-29 15:28:45.248 32633 32633 W System.err: at android.app.AppComponentFactory.instantiateApplication(AppComponentFactory.java:76)
02-29 15:28:45.248 32633 32633 W System.err: at androidx.core.app.CoreComponentFactory.instantiateApplication(Unknown Source:0)
02-29 15:28:45.248 32633 32633 W System.err: at android.app.Instrumentation.newApplication(Instrumentation.java:1232)
02-29 15:28:45.248 32633 32633 W System.err: at android.app.LoadedApk.makeApplicationInner(LoadedApk.java:1466)
02-29 15:28:45.248 32633 32633 W System.err: at android.app.LoadedApk.makeApplicationInner(LoadedApk.java:1403)
02-29 15:28:45.248 32633 32633 W System.err: at android.app.ActivityThread.handleBindApplication(ActivityThread.java:6867)
02-29 15:28:45.248 32633 32633 W System.err: at android.app.ActivityThread.-$ $Nest$mhandleBindApplication(Unknown Source:0)
02-29 15:28:45.248 32633 32633 W System.err: at android.app.ActivityThread$H.handleMessage(ActivityThread.java:2219)
02-29 15:28:45.248 32633 32633 W System.err: at android.os.Handler.dispatchMessage(Handler.java:106)
02-29 15:28:45.248 32633 32633 W System.err: at android.os.Looper.loopOnce(Looper.java:201)
02-29 15:28:45.248 32633 32633 W System.err: at android.os.Looper.loop(Looper.java:288)
02-29 15:28:45.248 32633 32633 W System.err: at android.app.ActivityThread.main(ActivityThread.java:8061)
02-29 15:28:45.248 32633 32633 W System.err: at java.lang.reflect.Method.invoke(Native Method)
02-29 15:28:45.248 32633 32633 W System.err: at com.android.internal.os.RuntimeInit$MethodAndArgsCaller.run(RuntimeInit.java:703)
02-29 15:28:45.248 32633 32633 W System.err: at com.android.internal.os.ZygoteInit.main(ZygoteInit.java:911)
02-29 15:28:45.301 32633 32633 E CustomActivityOnCrash: IMPORTANT WARNING! You already have an UncaughtExceptionHandler, are you sure this is correct? If you use a custom UncaughtExceptionHandler, you must initialize it AFTER CustomActivityOnCrash! Installing anyway, but your original handler will not be called.
02-29 15:28:45.885 32668 32668 W logcat : type=1400 audit(0.0:12372): avc: denied { ioctl } for path="/storage/emulated/0/Download/FMThemes/MBLogs/logcat.txt" dev="fuse" ino=226067 ioctlcmd=0xf50d scontext=u:r:untrusted_app:s0:c212,c256,c512,c768 tcontext=u:object_r:fuse:s0 tclass=file permissive=0 app=com.mbwhatsapp
02-29 15:28:45.910 32633 32633 W com.mbwhatsapp: Accessing hidden method Lcom/android/org/conscrypt/OpenSSLSocketImpl;->setUseSessionTickets(Z)V (max- target-q,core-platform-api, reflection, denied)
02-29 15:28:45.910 32633 32633 W com.mbwhatsapp: Accessing hidden method Lcom/android/org/conscrypt/AbstractConscryptSocket;->setUseSessionTickets(Z)V (max- target-q, reflection, denied)
02-29 15:28:45.957 32633 32633 W com.mbwhatsapp: type=1400 audit(0.0:12373): avc: granted { execute } for path="/data/data/com.mbwhatsapp/files/decompressed/libs.spk.zst/libc++_shared.so" dev="dm-46" ino=100860 scontext=u:r:untrusted_app:s0:c212,c256,c512,c768 tcontext=u:object_r:app_data_file:s0:c212,c256,c512,c768 tclass=file app=com.mbwhatsapp
02-29 15:28:45.961 32633 32633 W com.mbwhatsapp: type=1400 audit(0.0:12374): avc: granted { execute } for path="/data/data/com.mbwhatsapp/files/decompressed/libs.spk.zst/libvlc.so" dev="dm- 46" ino=100820 scontext=u:r:untrusted_app:s0:c212,c256,c512,c768 tcontext=u:object_r:app_data_file:s0:c212,c256,c512,c768 tclass=file app=com.mbwhatsapp
02-29 15:28:45.973 32633 32633 W com.mbwhatsapp: type=1400 audit(0.0:12375): avc: granted { execute } for path="/data/data/com.mbwhatsapp/files/decompressed/libs.spk.zst/libwhatsapp.so" dev="dm-46" ino=100821 scontext=u:r:untrusted_app:s0:c212,c256,c512,c768 tcontext=u:object_r:app_data_file:s0:c212,c256,c512,c768 tclass=file app=com.mbwhatsapp
02-29 15:28:46.017 32633 32633 W com.mbwhatsapp: type=1400 audit(0.0:12376): avc: granted { execute } for path="/data/data/com.mbwhatsapp/files/decompressed/libs.spk.zst/libcurve25519.so" dev="dm-46" ino=100837 scontext=u:r:untrusted_app:s0:c212,c256,c512,c768 tcontext=u:object_r:app_data_file:s0:c212,c256,c512,c768 tclass=file app=com.mbwhatsapp
02-29 15:28:46.037 32633 32633 W com.mbwhatsapp: type=1400 audit(0.0:12377): avc: granted { execute } for path="/data/data/com.mbwhatsapp/files/decompressed/libs.spk.zst/libwhatsapp.so" dev="dm-46" ino=100821 scontext=u:r:untrusted_app:s0:c212,c256,c512,c768 tcontext=u:object_r:app_data_file:s0:c212,c256,c512,c768 tclass=file app=com.mbwhatsapp
02-29 15:28:46.037 32633 32633 W com.mbwhatsapp: type=1400 audit(0.0:12378): avc: granted { execute } for path="/data/data/com.mbwhatsapp/files/decompressed/libs.spk.zst/libwhatsapp.so" dev="dm-46" ino=100821 scontext=u:r:untrusted_app:s0:c212,c256,c512,c768 tcontext=u:object_r:app_data_file:s0:c212,c256,c512,c768 tclass=file app=com.mbwhatsapp
02-29 15:28:46.037 32633 32633 W com.mbwhatsapp: type=1400 audit(0.0:12379): avc: granted { execute } for path="/data/data/com.mbwhatsapp/files/decompressed/libs.spk.zst/libwhatsapp.so" dev="dm-46" ino=100821 scontext=u:r:untrusted_app:s0:c212,c256,c512,c768 tcontext=u:object_r:app_data_file:s0:c212,c256,c512,c768 tclass=file app=com.mbwhatsapp
02-29 15:28:46.156 32633 32633 W CheckTime: App running slow: Executing handleBindApplication : callApplicationOnCreate took 749ms
02-29 15:28:46.171 32633 32633 W CheckTime: App running slow: Executing com.mbwhatsapp.yo.autoschedreply.Receiver scheduleReceive took 1102ms
02-29 15:28:46.208 32633 32682 W com.mbwhatsapp: Method void X.2rL.A03(java.lang.Integer) failed lock verification and will run slower.
02-29 15:28:46.208 32633 32682 W com.mbwhatsapp: Common causes for lock verification issues are non-optimized dex code
02-29 15:28:46.208 32633 32682 W com.mbwhatsapp: and incorrect proguard optimizations.
02-29 15:29:56.627 32633 32633 W com.mbwhatsapp: Method void X.0eU.A0h(X.0tK, boolean) failed lock verification and will run slower.
02-29 15:29:56.720 32633 32633 W com.mbwhatsapp: Method void com.mbwhatsapp.HomeActivity.A6e() failed lock verification and will run slower.
02-29 15:29:57.101 32633 32633 E ArmVmp : Match on catch block at 0x0a in for 0x709e959031
02-29 15:29:57.123 32633 32633 E ArmVmp : Match on catch block at 0x0a in for 0x709e95904d
02-29 15:29:57.165 32633 32633 W Activity: Can request only one set of permissions at a time
02-29 15:29:57.280 32633 32633 W CheckTime: App running slow: Executing com.mbwhatsapp.yo.WidgetProvider scheduleReceive took 251ms
02-29 15:29:58.062 32633 32633 E RecyclerView: No adapter attached; skipping layout
02-29 15:29:58.152 32633 417 W Parcel : Expecting binder but got null!
02-29 15:29:58.160 32633 32633 E ArmVmp : Match on catch block at 0x0a in for 0x709e959035
02-29 15:29:58.233 32633 32633 E RecyclerView: No adapter attached; skipping layout
02-29 15:29:58.385 32633 505 W LOTTIE : Animation contains merge paths. Merge paths are only supported on KitKat+ and must be manually enabled by calling enableMergePathsForKitKatAndAbove().
02-29 15:29:58.598 32633 32633 W LOTTIE : Animation contains merge paths but they are disabled.
02-29 15:29:58.813 32633 32633 E ArmVmp : Match on catch block at 0x5b in for 0x709e95901d
02-29 15:30:00.557 32633 32633 W com.mbwhatsapp: type=1400 audit(0.0:12382): avc: denied { read } for name="u:object_r:unipnp_prop:s0" dev="tmpfs" ino=12234 scontext=u:r:untrusted_app:s0:c212,c256,c512,c768 tcontext=u:object_r:unipnp_prop:s0 tclass=file permissive=0 app=com.mbwhatsapp
02-29 15:30:00.560 32633 32633 W libc : Access denied finding property "persist.unipnp.debug"
02-29 15:30:00.557 32633 32633 W com.mbwhatsapp: type=1400 audit(0.0:12383): avc: denied { read } for name="u:object_r:unipnp_prop:s0" dev="tmpfs" ino=12234 scontext=u:r:untrusted_app:s0:c212,c256,c512,c768 tcontext=u:object_r:unipnp_prop:s0 tclass=file permissive=0 app=com.mbwhatsapp
02-29 15:30:00.560 32633 32633 W libc : Access denied finding property "persist.unipnp.debug"
02-29 15:30:00.561 32633 32633 W ziparchive: Unable to open '/system_ext/framework/unipnp-framework.dm': No such file or directory
02-29 15:30:00.561 32633 32633 W ziparchive: Unable to open '/system_ext/framework/unipnp-framework.dm': No such file or directory
02-29 15:30:02.443 32633 609 E RenderScript: Failed to find hal setup entry points: undefined symbol: rsdHalAbort
02-29 15:30:02.443 32633 609 E RenderScript: Failed to load runtime , loading default
02-29 15:30:02.620 32633 32633 E ArmVmp : Match on catch block at 0x0a in for 0x709e959035
02-29 15:30:02.626 32633 32633 E ArmVmp : Match on catch block at 0x0a in for 0x709e959035
02-29 15:30:02.805 32633 32633 E ArmVmp : Match on catch block at 0xc3 in for 0x709e959021
02-29 15:30:02.810 32633 32633 E ArmVmp : Match on catch block at 0xc3 in for 0x709e959021
02-29 15:30:02.865 32633 417 W Parcel : Expecting binder but got null!
02-29 15:30:02.894 32633 32633 E ArmVmp : Match on catch block at 0xc3 in for 0x709e959025
02-29 15:30:02.897 32633 32633 E ArmVmp : Match on catch block at 0xc3 in for 0x709e959025
02-29 15:30:02.915 32633 32633 E ArmVmp : Match on catch block at 0xc3 in for 0x709e959025
02-29 15:30:02.917 32633 32633 E ArmVmp : Match on catch block at 0xc3 in for 0x709e959025
02-29 15:30:02.927 32633 32633 E ArmVmp : Match on catch block at 0xc3 in for 0x709e959025
02-29 15:30:02.931 32633 32633 E ArmVmp : Match on catch block at 0xc3 in for 0x709e959025
02-29 15:30:02.941 32633 32633 E ArmVmp : Match on catch block at 0xc3 in for 0x709e959025
02-29 15:30:02.943 32633 32633 E ArmVmp : Match on catch block at 0xc3 in for 0x709e959025
02-29 15:30:02.958 32633 32633 E ArmVmp : Match on catch block at 0xc3 in for 0x709e959025
02-29 15:30:02.962 32633 32633 E ArmVmp : Match on catch block at 0xc3 in for 0x709e959025
02-29 15:30:02.974 32633 32633 E ArmVmp : Match on catch block at 0xc3 in for 0x709e959025
02-29 15:30:02.978 32633 32633 E ArmVmp : Match on catch block at 0xc3 in for 0x709e959025
02-29 15:30:02.991 32633 32633 E ArmVmp : Match on catch block at 0xc3 in for 0x709e959025
02-29 15:30:02.994 32633 32633 E ArmVmp : Match on catch block at 0xc3 in for 0x709e959025
02-29 15:30:03.019 32633 32633 E ArmVmp : Match on catch block at 0xc3 in for 0x709e959025
02-29 15:30:03.023 32633 32633 E ArmVmp : Match on catch block at 0xc3 in for 0x709e959025
02-29 15:30:03.042 32633 32633 E ArmVmp : Match on catch block at 0xc3 in for 0x709e959025
02-29 15:30:03.046 32633 32633 E ArmVmp : Match on catch block at 0xc3 in for 0x709e959025
02-29 15:30:03.058 32633 32633 E ArmVmp : Match on catch block at 0xc3 in for 0x709e959025
02-29 15:30:03.060 32633 32633 E ArmVmp : Match on catch block at 0xc3 in for 0x709e959025
02-29 15:30:03.075 32633 32633 E ArmVmp : Match on catch block at 0xc3 in for 0x709e959025
02-29 15:30:03.078 32633 32633 E ArmVmp : Match on catch block at 0xc3 in for 0x709e959025
02-29 15:30:03.091 32633 32633 E ArmVmp : Match on catch block at 0xc3 in for 0x709e959025
02-29 15:30:03.095 32633 32633 E ArmVmp : Match on catch block at 0xc3 in for 0x709e959025
02-29 15:30:03.107 32633 32633 E ArmVmp : Match on catch block at 0xc3 in for 0x709e959025
02-29 15:30:03.110 32633 32633 E ArmVmp : Match on catch block at 0xc3 in for 0x709e959025
02-29 15:30:03.126 32633 32633 E ArmVmp : Match on catch block at 0xc3 in for 0x709e959025
02-29 15:30:03.129 32633 32633 E ArmVmp : Match on catch block at 0xc3 in for 0x709e959025
02-29 15:30:03.458 32633 32633 E ArmVmp : Match on catch block at 0xc3 in for 0x709e959025
02-29 15:30:03.462 32633 32633 E ArmVmp : Match on catch block at 0xc3 in for 0x709e959025
02-29 15:30:03.474 32633 32633 E ArmVmp : Match on catch block at 0xc3 in for 0x709e959025
02-29 15:30:03.479 32633 32633 E ArmVmp : Match on catch block at 0xc3 in for 0x709e959025
02-29 15:30:03.491 32633 32633 E ArmVmp : Match on catch block at 0xc3 in for 0x709e959025
02-29 15:30:03.496 32633 32633 E ArmVmp : Match on catch block at 0xc3 in for 0x709e959025
02-29 15:30:03.508 32633 32633 E ArmVmp : Match on catch block at 0xc3 in for 0x709e959025
02-29 15:30:03.513 32633 32633 E ArmVmp : Match on catch block at 0xc3 in for 0x709e959025
02-29 15:30:03.525 32633 32633 E ArmVmp : Match on catch block at 0xc3 in for 0x709e959025
02-29 15:30:03.529 32633 32633 E ArmVmp : Match on catch block at 0xc3 in for 0x709e959025
02-29 15:30:03.542 32633 32633 E ArmVmp : Match on catch block at 0xc3 in for 0x709e959025
02-29 15:30:03.546 32633 32633 E ArmVmp : Match on catch block at 0xc3 in for 0x709e959025
02-29 15:30:03.571 32633 32633 E ArmVmp : Match on catch block at 0xc3 in for 0x709e959025
02-29 15:30:03.575 32633 32633 E ArmVmp : Match on catch block at 0xc3 in for 0x709e959025
02-29 15:30:03.581 32633 32633 E ArmVmp : Match on catch block at 0xc3 in for 0x709e959025
02-29 15:30:03.584 32633 32633 E ArmVmp : Match on catch block at 0xc3 in for 0x709e959025
02-29 15:30:03.592 32633 32633 E ArmVmp : Match on catch block at 0xc3 in for 0x709e959025
02-29 15:30:03.594 32633 32633 E ArmVmp : Match on catch block at 0xc3 in for 0x709e959025
02-29 15:30:03.608 32633 32633 E ArmVmp : Match on catch block at 0xc3 in for 0x709e959025
02-29 15:30:03.612 32633 32633 E ArmVmp : Match on catch block at 0xc3 in for 0x709e959025
02-29 15:30:03.625 32633 32633 E ArmVmp : Match on catch block at 0xc3 in for 0x709e959025
02-29 15:30:03.629 32633 32633 E ArmVmp : Match on catch block at 0xc3 in for 0x709e959025
02-29 15:30:03.641 32633 32633 E ArmVmp : Match on catch block at 0xc3 in for 0x709e959025
02-29 15:30:03.645 32633 32633 E ArmVmp : Match on catch block at 0xc3 in for 0x709e959025
02-29 15:30:03.658 32633 32633 E ArmVmp : Match on catch block at 0xc3 in for 0x709e959025
02-29 15:30:03.661 32633 32633 E ArmVmp : Match on catch block at 0xc3 in for 0x709e959025
02-29 15:30:03.674 32633 32633 E ArmVmp : Match on catch block at 0xc3 in for 0x709e959025
02-29 15:30:03.678 32633 32633 E ArmVmp : Match on catch block at 0xc3 in for 0x709e959025
02-29 15:30:03.691 32633 32633 E ArmVmp : Match on catch block at 0xc3 in for 0x709e959025
02-29 15:30:03.696 32633 32633 E ArmVmp : Match on catch block at 0xc3 in for 0x709e959025
02-29 15:30:03.708 32633 32633 E ArmVmp : Match on catch block at 0xc3 in for 0x709e959025
02-29 15:30:03.713 32633 32633 E ArmVmp : Match on catch block at 0xc3 in for 0x709e959025
02-29 15:30:03.725 32633 32633 E ArmVmp : Match on catch block at 0xc3 in for 0x709e959025
02-29 15:30:03.729 32633 32633 E ArmVmp : Match on catch block at 0xc3 in for 0x709e959025
02-29 15:30:03.741 32633 32633 E ArmVmp : Match on catch block at 0xc3 in for 0x709e959025
02-29 15:30:03.745 32633 32633 E ArmVmp : Match on catch block at 0xc3 in for 0x709e959025
02-29 15:30:03.759 32633 32633 E ArmVmp : Match on catch block at 0xc3 in for 0x709e959025
02-29 15:30:03.763 32633 32633 E ArmVmp : Match on catch block at 0xc3 in for 0x709e959025
02-29 15:30:03.775 32633 32633 E ArmVmp : Match on catch block at 0xc3 in for 0x709e959025
02-29 15:30:03.779 32633 32633 E ArmVmp : Match on catch block at 0xc3 in for 0x709e959025
02-29 15:30:04.128 32633 32633 E ArmVmp : Match on catch block at 0xc3 in for 0x709e959025
02-29 15:30:04.132 32633 32633 E ArmVmp : Match on catch block at 0xc3 in for 0x709e959025
02-29 15:30:04.177 32633 32633 E ArmVmp : Match on catch block at 0xc3 in for 0x709e959025
02-29 15:30:04.180 32633 32633 E ArmVmp : Match on catch block at 0xc3 in for 0x709e959025
02-29 15:30:04.222 32633 417 W Parcel : Expecting binder but got null!
02-29 15:30:04.225 32633 32633 E ArmVmp : Match on catch block at 0xc3 in for 0x709e959025
02-29 15:30:04.229 32633 32633 E ArmVmp : Match on catch block at 0xc3 in for 0x709e959025
02-29 15:30:04.253 32633 32633 E ArmVmp : Match on catch block at 0xc3 in for 0x709e959025
02-29 15:30:04.258 32633 32633 E ArmVmp : Match on catch block at 0xc3 in for 0x709e959025
02-29 15:30:04.270 32633 32633 E ArmVmp : Match on catch block at 0xc3 in for 0x709e959025
02-29 15:30:04.273 32633 32633 E ArmVmp : Match on catch block at 0xc3 in for 0x709e959025
02-29 15:30:04.279 32633 32633 E ArmVmp : Match on catch block at 0xc3 in for 0x709e959025
02-29 15:30:04.282 32633 32633 E ArmVmp : Match on catch block at 0xc3 in for 0x709e959025
02-29 15:30:04.291 32633 32633 E ArmVmp : Match on catch block at 0xc3 in for 0x709e959025
02-29 15:30:04.295 32633 32633 E ArmVmp : Match on catch block at 0xc3 in for 0x709e959025
02-29 15:30:04.308 32633 32633 E ArmVmp : Match on catch block at 0xc3 in for 0x709e959025
02-29 15:30:04.313 32633 32633 E ArmVmp : Match on catch block at 0xc3 in for 0x709e959025
02-29 15:30:04.325 32633 32633 E ArmVmp : Match on catch block at 0xc3 in for 0x709e959025
02-29 15:30:04.330 32633 32633 E ArmVmp : Match on catch block at 0xc3 in for 0x709e959025
02-29 15:30:04.357 32633 32633 E ArmVmp : Match on catch block at 0xc3 in for 0x709e959025
02-29 15:30:04.362 32633 32633 E ArmVmp : Match on catch block at 0xc3 in for 0x709e959025
02-29 15:30:04.370 32633 32633 E ArmVmp : Match on catch block at 0xc3 in for 0x709e959025
02-29 15:30:04.374 32633 32633 E ArmVmp : Match on catch block at 0xc3 in for 0x709e959025
02-29 15:30:04.391 32633 32633 E ArmVmp : Match on catch block at 0xc3 in for 0x709e959025
02-29 15:30:04.396 32633 32633 E ArmVmp : Match on catch block at 0xc3 in for 0x709e959025
02-29 15:30:04.407 32633 32633 E ArmVmp : Match on catch block at 0xc3 in for 0x709e959025
02-29 15:30:04.412 32633 32633 E ArmVmp : Match on catch block at 0xc3 in for 0x709e959025
02-29 15:30:04.424 32633 32633 E ArmVmp : Match on catch block at 0xc3 in for 0x709e959025
02-29 15:30:04.428 32633 32633 E ArmVmp : Match on catch block at 0xc3 in for 0x709e959025
02-29 15:30:04.442 32633 32633 E ArmVmp : Match on catch block at 0xc3 in for 0x709e959025
02-29 15:30:04.445 32633 32633 E ArmVmp : Match on catch block at 0xc3 in for 0x709e959025
02-29 15:30:04.456 32633 32633 E ArmVmp : Match on catch block at 0xc3 in for 0x709e959025
02-29 15:30:04.460 32633 32633 E ArmVmp : Match on catch block at 0xc3 in for 0x709e959025
02-29 15:30:04.474 32633 32633 E ArmVmp : Match on catch block at 0xc3 in for 0x709e959025
02-29 15:30:04.477 32633 32633 E ArmVmp : Match on catch block at 0xc3 in for 0x709e959025
02-29 15:30:04.492 32633 32633 E ArmVmp : Match on catch block at 0xc3 in for 0x709e959025
02-29 15:30:04.496 32633 32633 E ArmVmp : Match on catch block at 0xc3 in for 0x709e959025
02-29 15:30:04.659 32633 32633 E ArmVmp : Match on catch block at 0xc3 in for 0x709e959025
02-29 15:30:04.663 32633 32633 E ArmVmp : Match on catch block at 0xc3 in for 0x709e959025
02-29 15:30:05.155 32633 32633 W InputEventReceiver: Attempted to finish an input event but the input event receiver has already been disposed.
02-29 15:30:05.165 32633 32633 E ArmVmp : Match on catch block at 0xc3 in for 0x709e959025
02-29 15:30:05.170 32633 32633 E ArmVmp : Match on catch block at 0xc3 in for 0x709e959025
02-29 15:30:05.228 32633 32633 E ArmVmp : Match on catch block at 0xc3 in for 0x709e959025
02-29 15:30:05.233 32633 32633 E ArmVmp : Match on catch block at 0xc3 in for 0x709e959025
02-29 15:30:05.675 32633 32633 E ArmVmp : Match on catch block at 0xc3 in for 0x709e959025
02-29 15:30:05.682 32633 32633 E ArmVmp : Match on catch block at 0xc3 in for 0x709e959025
02-29 15:30:05.732 32633 32633 E ArmVmp : Match on catch block at 0xc3 in for 0x709e959025
02-29 15:30:05.736 32633 32633 E ArmVmp : Match on catch block at 0xc3 in for 0x709e959025
02-29 15:30:05.791 32633 32633 E ArmVmp : Match on catch block at 0xc3 in for 0x709e959025
02-29 15:30:05.795 32633 32633 E ArmVmp : Match on catch block at 0xc3 in for 0x709e959025
02-29 15:30:05.807 32633 32633 E ArmVmp : Match on catch block at 0xc3 in for 0x709e959025
02-29 15:30:05.812 32633 32633 E ArmVmp : Match on catch block at 0xc3 in for 0x709e959025
02-29 15:30:05.825 32633 32633 E ArmVmp : Match on catch block at 0xc3 in for 0x709e959025
02-29 15:30:05.830 32633 32633 E ArmVmp : Match on catch block at 0xc3 in for 0x709e959025
02-29 15:30:05.841 32633 32633 E ArmVmp : Match on catch block at 0xc3 in for 0x709e959025
02-29 15:30:05.846 32633 32633 E ArmVmp : Match on catch block at 0xc3 in for 0x709e959025
02-29 15:30:05.858 32633 32633 E ArmVmp : Match on catch block at 0xc3 in for 0x709e959025
02-29 15:30:05.862 32633 32633 E ArmVmp : Match on catch block at 0xc3 in for 0x709e959025
02-29 15:30:05.876 32633 32633 E ArmVmp : Match on catch block at 0xc3 in for 0x709e959025
02-29 15:30:05.881 32633 32633 E ArmVmp : Match on catch block at 0xc3 in for 0x709e959025
02-29 15:30:05.892 32633 32633 E ArmVmp : Match on catch block at 0xc3 in for 0x709e959025
02-29 15:30:05.896 32633 32633 E ArmVmp : Match on catch block at 0xc3 in for 0x709e959025
02-29 15:30:05.908 32633 32633 E ArmVmp : Match on catch block at 0xc3 in for 0x709e959025
02-29 15:30:05.913 32633 32633 E ArmVmp : Match on catch block at 0xc3 in for 0x709e959025
02-29 15:30:05.925 32633 32633 E ArmVmp : Match on catch block at 0xc3 in for 0x709e959025
02-29 15:30:05.929 32633 32633 E ArmVmp : Match on catch block at 0xc3 in for 0x709e959025
02-29 15:30:05.941 32633 32633 E ArmVmp : Match on catch block at 0xc3 in for 0x709e959025
02-29 15:30:05.946 32633 32633 E ArmVmp : Match on catch block at 0xc3 in for 0x709e959025
02-29 15:30:05.958 32633 32633 E ArmVmp : Match on catch block at 0xc3 in for 0x709e959025
02-29 15:30:05.963 32633 32633 E ArmVmp : Match on catch block at 0xc3 in for 0x709e959025
02-29 15:30:05.975 32633 32633 E ArmVmp : Match on catch block at 0xc3 in for 0x709e959025
02-29 15:30:05.979 32633 32633 E ArmVmp : Match on catch block at 0xc3 in for 0x709e959025
02-29 15:30:05.992 32633 32633 E ArmVmp : Match on catch block at 0xc3 in for 0x709e959025
02-29 15:30:05.997 32633 32633 E ArmVmp : Match on catch block at 0xc3 in for 0x709e959025
02-29 15:30:06.008 32633 32633 E ArmVmp : Match on catch block at 0xc3 in for 0x709e959025
02-29 15:30:06.013 32633 32633 E ArmVmp : Match on catch block at 0xc3 in for 0x709e959025
02-29 15:30:06.025 32633 32633 E ArmVmp : Match on catch block at 0xc3 in for 0x709e959025
02-29 15:30:06.030 32633 32633 E ArmVmp : Match on catch block at 0xc3 in for 0x709e959025
02-29 15:30:06.041 32633 32633 E ArmVmp : Match on catch block at 0xc3 in for 0x709e959025
02-29 15:30:06.046 32633 32633 E ArmVmp : Match on catch block at 0xc3 in for 0x709e959025
02-29 15:30:06.175 32633 32633 E ArmVmp : Match on catch block at 0xc3 in for 0x709e959025
02-29 15:30:06.179 32633 32633 E ArmVmp : Match on catch block at 0xc3 in for 0x709e959025
02-29 15:30:06.511 32633 32633 E ArmVmp : Match on catch block at 0xc3 in for 0x709e959025
02-29 15:30:06.516 32633 32633 E ArmVmp : Match on catch block at 0xc3 in for 0x709e959025
02-29 15:30:06.573 32633 32641 W com.mbwhatsapp: Cleared Reference was only reachable from finalizer (only reported once)
02-29 15:30:06.603 32633 32643 W System : A resource failed to call close.
02-29 15:30:06.676 32633 32633 E ArmVmp : Match on catch block at 0xc3 in for 0x709e959025
02-29 15:30:06.681 32633 32633 E ArmVmp : Match on catch block at 0xc3 in for 0x709e959025
02-29 15:30:07.176 32633 32633 E ArmVmp : Match on catch block at 0xc3 in for 0x709e959025
02-29 15:30:07.180 32633 32633 E ArmVmp : Match on catch block at 0xc3 in for 0x709e959025
02-29 15:30:07.678 32633 32633 E ArmVmp : Match on catch block at 0xc3 in for 0x709e959025
02-29 15:30:07.683 32633 32633 E ArmVmp : Match on catch block at 0xc3 in for 0x709e959025
02-29 15:30:07.837 32633 32633 E ArmVmp : Match on catch block at 0xc3 in for 0x709e959025
02-29 15:30:07.841 32633 32633 E ArmVmp : Match on catch block at 0xc3 in for 0x709e959025
02-29 15:30:08.176 32633 32633 E ArmVmp : Match on catch block at 0xc3 in for 0x709e959025
02-29 15:30:08.182 32633 32633 E ArmVmp : Match on catch block at 0xc3 in for 0x709e959025
02-29 15:30:08.622 32633 32633 E ArmVmp : Match on catch block at 0xc3 in for 0x709e959025
02-29 15:30:08.626 32633 32633 E ArmVmp : Match on catch block at 0xc3 in for 0x709e959025
02-29 15:30:08.675 32633 32633 E ArmVmp : Match on catch block at 0xc3 in for 0x709e959025
02-29 15:30:08.679 32633 32633 E ArmVmp : Match on catch block at 0xc3 in for 0x709e959025
02-29 15:30:09.176 32633 32633 E ArmVmp : Match on catch block at 0xc3 in for 0x709e959025
02-29 15:30:09.182 32633 32633 E ArmVmp : Match on catch block at 0xc3 in for 0x709e959025
02-29 15:30:09.624 32633 32633 E ArmVmp : Match on catch block at 0xc3 in for 0x709e959025
02-29 15:30:09.629 32633 32633 E ArmVmp : Match on catch block at 0xc3 in for 0x709e959025
02-29 15:30:09.675 32633 32633 E ArmVmp : Match on catch block at 0xc3 in for 0x709e959025
02-29 15:30:09.680 32633 32633 E ArmVmp : Match on catch block at 0xc3 in for 0x709e959025
02-29 15:30:09.823 32633 32633 E ArmVmp : Match on catch block at 0xc3 in for 0x709e959025
02-29 15:30:09.829 32633 32633 E ArmVmp : Match on catch block at 0xc3 in for 0x709e959025
02-29 15:30:09.839 32633 32633 E ArmVmp : Match on catch block at 0xc3 in for 0x709e959025
02-29 15:30:09.843 32633 32633 E ArmVmp : Match on catch block at 0xc3 in for 0x709e959025
02-29 15:30:09.851 32633 32633 E ArmVmp : Match on catch block at 0xc3 in for 0x709e959025
02-29 15:30:09.855 32633 32633 E ArmVmp : Match on catch block at 0xc3 in for 0x709e959025
02-29 15:30:09.862 32633 32633 E ArmVmp : Match on catch block at 0xc3 in for 0x709e959025
02-29 15:30:09.865 32633 32633 E ArmVmp : Match on catch block at 0xc3 in for 0x709e959025
02-29 15:30:09.876 32633 32633 E ArmVmp : Match on catch block at 0xc3 in for 0x709e959025
02-29 15:30:09.881 32633 32633 E ArmVmp : Match on catch block at 0xc3 in for 0x709e959025
02-29 15:30:09.892 32633 32633 E ArmVmp : Match on catch block at 0xc3 in for 0x709e959025
02-29 15:30:09.896 32633 32633 E ArmVmp : Match on catch block at 0xc3 in for 0x709e959025
02-29 15:30:09.909 32633 32633 E ArmVmp : Match on catch block at 0xc3 in for 0x709e959025
02-29 15:30:09.914 32633 32633 E ArmVmp : Match on catch block at 0xc3 in for 0x709e959025
02-29 15:30:09.925 32633 32633 E ArmVmp : Match on catch block at 0xc3 in for 0x709e959025
02-29 15:30:09.931 32633 32633 E ArmVmp : Match on catch block at 0xc3 in for 0x709e959025
02-29 15:30:09.942 32633 32633 E ArmVmp : Match on catch block at 0xc3 in for 0x709e959025
02-29 15:30:09.947 32633 32633 E ArmVmp : Match on catch block at 0xc3 in for 0x709e959025
02-29 15:30:09.960 32633 32633 E ArmVmp : Match on catch block at 0xc3 in for 0x709e959025
02-29 15:30:09.964 32633 32633 E ArmVmp : Match on catch block at 0xc3 in for 0x709e959025
02-29 15:30:09.976 32633 32633 E ArmVmp : Match on catch block at 0xc3 in for 0x709e959025
02-29 15:30:09.980 32633 32633 E ArmVmp : Match on catch block at 0xc3 in for 0x709e959025
02-29 15:30:09.992 32633 32633 E ArmVmp : Match on catch block at 0xc3 in for 0x709e959025
02-29 15:30:09.996 32633 32633 E ArmVmp : Match on catch block at 0xc3 in for 0x709e959025
02-29 15:30:10.009 32633 32633 E ArmVmp : Match on catch block at 0xc3 in for 0x709e959025
02-29 15:30:10.014 32633 32633 E ArmVmp : Match on catch block at 0xc3 in for 0x709e959025
02-29 15:30:10.026 32633 32633 E ArmVmp : Match on catch block at 0xc3 in for 0x709e959025
02-29 15:30:10.030 32633 32633 E ArmVmp : Match on catch block at 0xc3 in for 0x709e959025
02-29 15:30:10.043 32633 32633 E ArmVmp : Match on catch block at 0xc3 in for 0x709e959025
02-29 15:30:10.047 32633 32633 E ArmVmp : Match on catch block at 0xc3 in for 0x709e959025
02-29 15:30:10.060 32633 32633 E ArmVmp : Match on catch block at 0xc3 in for 0x709e959025
02-29 15:30:10.064 32633 32633 E ArmVmp : Match on catch block at 0xc3 in for 0x709e959025
02-29 15:30:10.076 32633 32633 E ArmVmp : Match on catch block at 0xc3 in for 0x709e959025
02-29 15:30:10.081 32633 32633 E ArmVmp : Match on catch block at 0xc3 in for 0x709e959025
02-29 15:30:10.092 32633 32633 E ArmVmp : Match on catch block at 0xc3 in for 0x709e959025
02-29 15:30:10.097 32633 32633 E ArmVmp : Match on catch block at 0xc3 in for 0x709e959025
02-29 15:30:10.109 32633 32633 E ArmVmp : Match on catch block at 0xc3 in for 0x709e959025
02-29 15:30:10.113 32633 32633 E ArmVmp : Match on catch block at 0xc3 in for 0x709e959025
02-29 15:30:10.136 32633 32633 E ArmVmp : Match on catch block at 0xc3 in for 0x709e959025
02-29 15:30:10.142 32633 32633 E ArmVmp : Match on catch block at 0xc3 in for 0x709e959025
02-29 15:30:10.149 32633 32633 E ArmVmp : Match on catch block at 0xc3 in for 0x709e959025
02-29 15:30:10.152 32633 32633 E ArmVmp : Match on catch block at 0xc3 in for 0x709e959025
02-29 15:30:10.176 32633 32633 E ArmVmp : Match on catch block at 0xc3 in for 0x709e959025
02-29 15:30:10.182 32633 32633 E ArmVmp : Match on catch block at 0xc3 in for 0x709e959025
02-29 15:30:10.231 32633 32633 E ArmVmp : Match on catch block at 0xc3 in for 0x709e959025
02-29 15:30:10.235 32633 32633 E ArmVmp : Match on catch block at 0xc3 in for 0x709e959025
02-29 15:30:10.333 32633 32633 E ArmVmp : Match on catch block at 0xc3 in for 0x709e959025
02-29 15:30:10.337 32633 32633 E ArmVmp : Match on catch block at 0xc3 in for 0x709e959025
02-29 15:30:10.368 32633 32633 E ArmVmp : Match on catch block at 0xc3 in for 0x709e959025
02-29 15:30:10.374 32633 32633 E ArmVmp : Match on catch block at 0xc3 in for 0x709e959025
02-29 15:30:10.394 32633 32633 E ArmVmp : Match on catch block at 0xc3 in for 0x709e959025
02-29 15:30:10.397 32633 32633 E ArmVmp : Match on catch block at 0xc3 in for 0x709e959025
02-29 15:30:10.409 32633 32633 E ArmVmp : Match on catch block at 0xc3 in for 0x709e959025
02-29 15:30:10.413 32633 32633 E ArmVmp : Match on catch block at 0xc3 in for 0x709e959025
02-29 15:30:10.418 32633 32633 E ArmVmp : Match on catch block at 0xc3 in for 0x709e959025
02-29 15:30:10.421 32633 32633 E ArmVmp : Match on catch block at 0xc3 in for 0x709e959025
02-29 15:30:10.443 32633 32633 E ArmVmp : Match on catch block at 0xc3 in for 0x709e959025
02-29 15:30:10.449 32633 32633 E ArmVmp : Match on catch block at 0xc3 in for 0x709e959025
02-29 15:30:10.870 32633 32633 E ArmVmp : Match on catch block at 0xc3 in for 0x709e959025
02-29 15:30:10.874 32633 32633 E ArmVmp : Match on catch block at 0xc3 in for 0x709e959025
02-29 15:30:13.762 32633 417 W Parcel : Expecting binder but got null!
02-29 15:30:15.273 32633 417 W Parcel : Expecting binder but got null!
02-29 15:30:17.177 32633 32633 E ArmVmp : Match on catch block at 0x0a in for 0x709e959031
02-29 15:30:17.192 32633 32633 E ArmVmp : Match on catch block at 0x0a in for 0x709e95904d
02-29 15:30:17.197 32633 32698 E ArmVmp : No matching catch block at 0x07
02-29 15:30:17.198 32633 32698 E ArmVmp : Match on catch block at 0x02 in for 0x70927a8805
02-29 15:30:17.198 32633 32698 W System.err: java.net.UnknownHostException: Unable to resolve host "pastebin.com": No address associated with hostname
02-29 15:30:17.210 32633 32698 W System.err: at java.net.Inet6AddressImpl.lookupHostByName(Inet6AddressImpl.java:156)
02-29 15:30:17.210 32633 32698 W System.err: at java.net.Inet6AddressImpl.lookupAllHostAddr(Inet6AddressImpl.java:103)
02-29 15:30:17.211 32633 32698 W System.err: at java.net.InetAddress.getAllByName(InetAddress.java:1152)
02-29 15:30:17.211 32633 32698 W System.err: at com.android.okhttp.Dns$1.lookup(Dns.java:41)
02-29 15:30:17.211 32633 32698 W System.err: at com.android.okhttp.internal.http.RouteSelector.resetNextInetSocketAddress(RouteSele ctor.java:178)
02-29 15:30:17.211 32633 32698 W System.err: at com.android.okhttp.internal.http.RouteSelector.nextProxy(RouteSelector.java:144)
02-29 15:30:17.211 32633 32698 W System.err: at com.android.okhttp.internal.http.RouteSelector.next(RouteSelector.java:86)
02-29 15:30:17.212 32633 32698 W System.err: at com.android.okhttp.internal.http.StreamAllocation.findConnection(StreamAllocation.j ava:176)
02-29 15:30:17.212 32633 32698 W System.err: at com.android.okhttp.internal.http.StreamAllocation.findHealthyConnection(StreamAlloc ation.java:128)
02-29 15:30:17.212 32633 32698 W System.err: at com.android.okhttp.internal.http.StreamAllocation.newStream(StreamAllocation.java:9 7)
02-29 15:30:17.212 32633 32698 W System.err: at com.android.okhttp.internal.http.HttpEngine.connect(HttpEngine.java:289)
02-29 15:30:17.212 32633 32698 W System.err: at com.android.okhttp.internal.http.HttpEngine.sendRequest(HttpEngine.java:232)
02-29 15:30:17.212 32633 32698 W System.err: at com.android.okhttp.internal.huc.HttpURLConnectionImpl.execute(HttpURLConnectionImpl .java:465)
02-29 15:30:17.213 32633 32698 W System.err: at com.android.okhttp.internal.huc.HttpURLConnectionImpl.getResponse(HttpURLConnection Impl.java:411)
02-29 15:30:17.213 32633 32698 W System.err: at com.android.okhttp.internal.huc.HttpURLConnectionImpl.getInputStream(HttpURLConnect ionImpl.java:248)
02-29 15:30:17.213 32633 32698 W System.err: at com.android.okhttp.internal.huc.DelegatingHttpsURLConnection.getInputStream(Delegat ingHttpsURLConnection.java:211)
02-29 15:30:17.213 32633 32698 W System.err: at com.android.okhttp.internal.huc.HttpsURLConnectionImpl.getInputStream(HttpsURLConne ctionImpl.java:30)
02-29 15:30:17.213 32633 32698 W System.err: at java.net.URL.openStream(URL.java:1072)
02-29 15:30:17.214 32633 32698 W System.err: at mbmodsd.mbmodsw.mbdialog.MBDialogMan.loadJsonFromUrl(Native Method)
02-29 15:30:17.214 32633 32698 W System.err: at mbmodsd.mbmodsw.mbdialog.MBDialogMan.access$000(Native Method)
02-29 15:30:17.214 32633 32698 W System.err: at mbmodsd.mbmodsw.mbdialog.MBDialogMan$FetchJsonTask.doInBackground(Native Method)
02-29 15:30:17.214 32633 32698 W System.err: at mbmodsd.mbmodsw.mbdialog.MBDialogMan$FetchJsonTask.doInBackground(Native Method)
02-29 15:30:17.214 32633 32698 W System.err: at android.os.AsyncTask$3.call(AsyncTask.java:394)
02-29 15:30:17.214 32633 32698 W System.err: at java.util.concurrent.FutureTask.run(FutureTask.java:264)
02-29 15:30:17.214 32633 32698 W System.err: at android.os.AsyncTask$SerialExecutor$1.run(AsyncTask.java:305)
02-29 15:30:17.215 32633 32698 W System.err: at java.util.concurrent.ThreadPoolExecutor.runWorker(ThreadPoolExecutor.java:1145)
02-29 15:30:17.215 32633 32698 W System.err: at java.util.concurrent.ThreadPoolExecutor$Worker.run(ThreadPoolExecutor.java:644)
02-29 15:30:17.215 32633 32698 W System.err: at java.lang.Thread.run(Thread.java:1012)
02-29 15:30:17.215 32633 32698 W System.err: Caused by: android.system.GaiException: android_getaddrinfo failed: EAI_NODATA (No address associated with hostname)
02-29 15:30:17.215 32633 32698 W System.err: at libcore.io.Linux.android_getaddrinfo(Native Method)
02-29 15:30:17.216 32633 32698 W System.err: at libcore.io.ForwardingOs.android_getaddrinfo(ForwardingOs.java:133)
02-29 15:30:17.216 32633 32698 W System.err: at libcore.io.BlockGuardOs.android_getaddrinfo(BlockGuardOs.java:222)
02-29 15:30:17.216 32633 32698 W System.err: at libcore.io.ForwardingOs.android_getaddrinfo(ForwardingOs.java:133)
02-29 15:30:17.216 32633 32698 W System.err: at java.net.Inet6AddressImpl.lookupHostByName(Inet6AddressImpl.java:135)
02-29 15:30:17.216 32633 32698 W System.err: ... 27 more
02-29 15:30:17.223 32633 32633 W Activity: Can request only one set of permissions at a time
02-29 15:30:17.683 32633 32633 E RecyclerView: No adapter attached; skipping layout
02-29 15:30:17.721 32633 417 W Parcel : Expecting binder but got null!
02-29 15:30:17.724 32633 32633 W CheckTime: App running slow: Executing com.mbwhatsapp.yo.WidgetProvider scheduleReceive took 558ms
02-29 15:30:17.769 32633 32633 E RecyclerView: No adapter attached; skipping layout
02-29 15:30:17.805 32633 32633 E ArmVmp : Match on catch block at 0x0a in for 0x709e959035
02-29 15:30:18.195 32633 32633 E ArmVmp : Match on catch block at 0x5b in for 0x709e95901d
02-29 15:30:20.211 32633 417 W Parcel : Expecting binder but got null!
02-29 15:30:20.250 32633 32633 W ViewRootImpl: Not reporting timeline because gpuCompletedTime is 4.611670398821955E12ms ahead of presentTime. FRAME_TIMELINE_VSYNC_ID=10830788, INPUT_EVENT_ID=914265735
02-29 15:30:20.288 32633 32633 W ViewRootImpl: Not reporting timeline because gpuCompletedTime is 1.44077613654716E11ms ahead of presentTime. FRAME_TIMELINE_VSYNC_ID=10830803, INPUT_EVENT_ID=811390792
02-29 15:30:21.646 32633 32643 W System : A resource failed to call close.
02-29 15:30:21.777 32633 417 W Parcel : Expecting binder but got null!
02-29 15:30:25.683 32633 32633 E ArmVmp : Match on catch block at 0x0a in for 0x709e959031
02-29 15:30:25.698 32633 32633 E ArmVmp : Match on catch block at 0x0a in for 0x709e95904d
02-29 15:30:25.728 32633 32633 W Activity: Can request only one set of permissions at a time
02-29 15:30:26.203 32633 32633 E RecyclerView: No adapter attached; skipping layout
02-29 15:30:26.256 32633 417 W Parcel : Expecting binder but got null!
02-29 15:30:26.258 32633 32633 W CheckTime: App running slow: Executing com.mbwhatsapp.yo.WidgetProvider scheduleReceive took 585ms
02-29 15:30:26.324 32633 32633 E RecyclerView: No adapter attached; skipping layout
02-29 15:30:26.347 32633 32633 E ArmVmp : Match on catch block at 0x0a in for 0x709e959035
02-29 15:30:26.628 32633 32643 W System : A resource failed to call close.
02-29 15:30:26.706 32633 32633 E ArmVmp : Match on catch block at 0x5b in for 0x709e95901d
02-29 15:30:27.762 32633 32633 W ViewRootImpl: Not reporting timeline because gpuCompletedTime is 4.611670390803843E12ms ahead of presentTime. FRAME_TIMELINE_VSYNC_ID=10835319, INPUT_EVENT_ID=123981331
02-29 15:30:27.979 32633 32633 W ViewRootImpl: Not reporting timeline because gpuCompletedTime is 9.15240299306986E12ms ahead of presentTime. FRAME_TIMELINE_VSYNC_ID=10835551, INPUT_EVENT_ID=960510058
02-29 15:30:28.644 32633 32633 E ArmVmp : Match on catch block at 0x38 in for 0x709e95902d
02-29 15:30:28.644 32633 32633 W System.err: java.lang.NumberFormatException: For input string: ""
02-29 15:30:28.646 32633 32633 W System.err: at java.lang.Integer.parseInt(Integer.java:807)
02-29 15:30:28.646 32633 32633 W System.err: at java.lang.Integer.parseInt(Integer.java:915)
02-29 15:30:28.646 32633 32633 W System.err: at mbmodsd.mbmodsw.home.HomeActivity.mbcRe(Native Method)
02-29 15:30:28.646 32633 32633 W System.err: at com.mbwhatsapp.HomeActivity.onPause(Unknown Source:9)
02-29 15:30:28.646 32633 32633 W System.err: at android.app.Activity.performPause(Activity.java:8505)
02-29 15:30:28.646 32633 32633 W System.err: at android.app.Instrumentation.callActivityOnPause(Instrumentation.java:1585)
02-29 15:30:28.646 32633 32633 W System.err: at android.app.ActivityThread.performPauseActivityIfNeeded(ActivityThread.java:5182)
02-29 15:30:28.646 32633 32633 W System.err: at android.app.ActivityThread.performPauseActivity(ActivityThread.java:5143)
02-29 15:30:28.646 32633 32633 W System.err: at android.app.ActivityThread.handlePauseActivity(ActivityThread.java:5095)
02-29 15:30:28.647 32633 32633 W System.err: at android.app.servertransaction.PauseActivityItem.execute(PauseActivityItem.java:47)
02-29 15:30:28.647 32633 32633 W System.err: at android.app.servertransaction.ActivityTransactionItem.execute(ActivityTransactionIt em.java:45)
02-29 15:30:28.647 32633 32633 W System.err: at android.app.servertransaction.TransactionExecutor.executeLifecycleState(Transaction Executor.java:178)
02-29 15:30:28.647 32633 32633 W System.err: at android.app.servertransaction.TransactionExecutor.execute(TransactionExecutor.java: 99)
02-29 15:30:28.647 32633 32633 W System.err: at android.app.ActivityThread$H.handleMessage(ActivityThread.java:2393)
02-29 15:30:28.647 32633 32633 W System.err: at android.os.Handler.dispatchMessage(Handler.java:106)
02-29 15:30:28.647 32633 32633 W System.err: at android.os.Looper.loopOnce(Looper.java:201)
02-29 15:30:28.647 32633 32633 W System.err: at android.os.Looper.loop(Looper.java:288)
02-29 15:30:28.647 32633 32633 W System.err: at android.app.ActivityThread.main(ActivityThread.java:8061)
02-29 15:30:28.647 32633 32633 W System.err: at java.lang.reflect.Method.invoke(Native Method)
02-29 15:30:28.647 32633 32633 W System.err: at com.android.internal.os.RuntimeInit$MethodAndArgsCaller.run(RuntimeInit.java:703)
02-29 15:30:28.647 32633 32633 W System.err: at com.android.internal.os.ZygoteInit.main(ZygoteInit.java:911)
02-29 15:30:28.732 32633 417 W Parcel : Expecting binder but got null!
02-29 15:30:28.772 32633 32633 W BottomSheetBehavior: BottomSheetBehavior now supports multiple callbacks. `setBottomSheetCallback()` removes all existing callbacks, including ones set internally by library authors, which may result in unintended behavior. This may change in the future. Please use `addBottomSheetCallback()` and `removeBottomSheetCallback()` instead to set your own callbacks.
02-29 15:30:28.772 32633 32633 W BottomSheetBehavior: BottomSheetBehavior now supports multiple callbacks. `setBottomSheetCallback()` removes all existing callbacks, including ones set internally by library authors, which may result in unintended behavior. This may change in the future. Please use `addBottomSheetCallback()` and `removeBottomSheetCallback()` instead to set your own callbacks.
02-29 15:30:28.876 32633 32633 W BottomSheetBehavior: BottomSheetBehavior now supports multiple callbacks. `setBottomSheetCallback()` removes all existing callbacks, including ones set internally by library authors, which may result in unintended behavior. This may change in the future. Please use `addBottomSheetCallback()` and `removeBottomSheetCallback()` instead to set your own callbacks.
02-29 15:30:28.876 32633 32633 W BottomSheetBehavior: BottomSheetBehavior now supports multiple callbacks. `setBottomSheetCallback()` removes all existing callbacks, including ones set internally by library authors, which may result in unintended behavior. This may change in the future. Please use `addBottomSheetCallback()` and `removeBottomSheetCallback()` instead to set your own callbacks.
02-29 15:30:28.897 32633 32633 W pool-5-thread-1: type=1400 audit(0.0:12384): avc: granted { execute } for path="/data/data/com.mbwhatsapp/files/decompressed/libs.spk.zst/libgifimage.so" dev="dm-46" ino=100658 scontext=u:r:untrusted_app:s0:c212,c256,c512,c768 tcontext=u:object_r:app_data_file:s0:c212,c256,c512,c768 tclass=file app=com.mbwhatsapp
02-29 15:30:28.901 32633 32633 E RecyclerView: No adapter attached; skipping layout
02-29 15:30:31.643 32633 32633 E ArmVmp : Match on catch block at 0x38 in for 0x709e95902d
02-29 15:30:31.647 32633 32633 W System.err: java.lang.NumberFormatException: For input string: ""
02-29 15:30:31.648 32633 32633 W System.err: at java.lang.Integer.parseInt(Integer.java:807)
02-29 15:30:31.648 32633 32633 W System.err: at java.lang.Integer.parseInt(Integer.java:915)
02-29 15:30:31.648 32633 32633 W System.err: at mbmodsd.mbmodsw.home.HomeActivity.mbcRe(Native Method)
02-29 15:30:31.648 32633 32633 W System.err: at com.mbwhatsapp.HomeActivity.onPause(Unknown Source:9)
02-29 15:30:31.648 32633 32633 W System.err: at android.app.Activity.performPause(Activity.java:8505)
02-29 15:30:31.648 32633 32633 W System.err: at android.app.Instrumentation.callActivityOnPause(Instrumentation.java:1585)
02-29 15:30:31.648 32633 32633 W System.err: at android.app.ActivityThread.performPauseActivityIfNeeded(ActivityThread.java:5182)
02-29 15:30:31.648 32633 32633 W System.err: at android.app.ActivityThread.performPauseActivity(ActivityThread.java:5143)
02-29 15:30:31.648 32633 32633 W System.err: at android.app.ActivityThread.handlePauseActivity(ActivityThread.java:5095)
02-29 15:30:31.648 32633 32633 W System.err: at android.app.servertransaction.PauseActivityItem.execute(PauseActivityItem.java:47)
02-29 15:30:31.649 32633 32633 W System.err: at android.app.servertransaction.ActivityTransactionItem.execute(ActivityTransactionIt em.java:45)
