02-29 16:48:12.725 22800 22800 E ArmVmp : Match on catch block at 0xc3 in for 0x709e959025
02-29 16:48:12.737 22800 22800 E ArmVmp : Match on catch block at 0xc3 in for 0x709e959025
02-29 16:48:12.740 22800 22800 E ArmVmp : Match on catch block at 0xc3 in for 0x709e959025
02-29 16:48:12.744 22800 22800 E ArmVmp : Match on catch block at 0xc3 in for 0x709e959025
02-29 16:48:12.765 22800 22800 E ArmVmp : Match on catch block at 0xc3 in for 0x709e959025
02-29 16:48:12.770 22800 22800 E ArmVmp : Match on catch block at 0xc3 in for 0x709e959025
02-29 16:48:12.771 22800 22800 E ArmVmp : Match on catch block at 0xc3 in for 0x709e959025
02-29 16:48:12.798 22800 22800 E ArmVmp : Match on catch block at 0xc3 in for 0x709e959025
02-29 16:48:12.805 22800 22800 E ArmVmp : Match on catch block at 0xc3 in for 0x709e959025
02-29 16:48:12.808 22800 22800 E ArmVmp : Match on catch block at 0xc3 in for 0x709e959025
02-29 16:48:12.816 22800 22800 E ArmVmp : Match on catch block at 0xc3 in for 0x709e959025
02-29 16:48:12.821 22800 22800 E ArmVmp : Match on catch block at 0xc3 in for 0x709e959025
02-29 16:48:12.824 22800 22800 E ArmVmp : Match on catch block at 0xc3 in for 0x709e959025
02-29 16:48:12.873 22800 22800 E ArmVmp : Match on catch block at 0xc3 in for 0x709e959025
02-29 16:48:12.876 22800 22800 E ArmVmp : Match on catch block at 0xc3 in for 0x709e959025
02-29 16:48:12.877 22800 22800 E ArmVmp : Match on catch block at 0xc3 in for 0x709e959025
02-29 16:48:12.891 22800 22800 E ArmVmp : Match on catch block at 0xc3 in for 0x709e959025
02-29 16:48:12.898 22800 22800 E ArmVmp : Match on catch block at 0xc3 in for 0x709e959025
02-29 16:48:12.901 22800 22800 E ArmVmp : Match on catch block at 0xc3 in for 0x709e959025
02-29 16:48:12.911 22800 22800 E ArmVmp : Match on catch block at 0xc3 in for 0x709e959025
02-29 16:48:12.914 22800 22800 E ArmVmp : Match on catch block at 0xc3 in for 0x709e959025
02-29 16:48:12.917 22800 22800 E ArmVmp : Match on catch block at 0xc3 in for 0x709e959025
02-29 16:48:12.934 22800 22800 E ArmVmp : Match on catch block at 0xc3 in for 0x709e959025
02-29 16:48:12.939 22800 22800 E ArmVmp : Match on catch block at 0xc3 in for 0x709e959025
02-29 16:48:12.943 22800 22800 E ArmVmp : Match on catch block at 0xc3 in for 0x709e959025
02-29 16:48:12.957 22800 22800 E ArmVmp : Match on catch block at 0xc3 in for 0x709e959025
02-29 16:48:12.961 22800 22800 E ArmVmp : Match on catch block at 0xc3 in for 0x709e959025
02-29 16:48:12.966 22800 22800 E ArmVmp : Match on catch block at 0xc3 in for 0x709e959025
02-29 16:48:12.974 22800 22800 E ArmVmp : Match on catch block at 0xc3 in for 0x709e959025
02-29 16:48:12.977 22800 22800 E ArmVmp : Match on catch block at 0xc3 in for 0x709e959025
02-29 16:48:12.979 22800 22800 E ArmVmp : Match on catch block at 0xc3 in for 0x709e959025
02-29 16:48:12.997 22800 22800 E ArmVmp : Match on catch block at 0xc3 in for 0x709e959025
02-29 16:48:13.002 22800 22800 E ArmVmp : Match on catch block at 0xc3 in for 0x709e959025
02-29 16:48:13.005 22800 22800 E ArmVmp : Match on catch block at 0xc3 in for 0x709e959025
02-29 16:48:13.029 22800 22800 E ArmVmp : Match on catch block at 0xc3 in for 0x709e959025
02-29 16:48:13.033 22800 22800 E ArmVmp : Match on catch block at 0xc3 in for 0x709e959025
02-29 16:48:13.036 22800 22800 E ArmVmp : Match on catch block at 0xc3 in for 0x709e959025
02-29 16:48:13.048 22800 22800 E ArmVmp : Match on catch block at 0xc3 in for 0x709e959025
02-29 16:48:13.054 22800 22800 E ArmVmp : Match on catch block at 0xc3 in for 0x709e959025
02-29 16:48:13.057 22800 22800 E ArmVmp : Match on catch block at 0xc3 in for 0x709e959025
02-29 16:48:13.081 22800 22800 E ArmVmp : Match on catch block at 0xc3 in for 0x709e959025
02-29 16:48:13.086 22800 22800 E ArmVmp : Match on catch block at 0xc3 in for 0x709e959025
02-29 16:48:13.089 22800 22800 E ArmVmp : Match on catch block at 0xc3 in for 0x709e959025
02-29 16:48:13.107 22800 22800 E ArmVmp : Match on catch block at 0xc3 in for 0x709e959025
02-29 16:48:13.111 22800 22800 E ArmVmp : Match on catch block at 0xc3 in for 0x709e959025
02-29 16:48:13.115 22800 22800 E ArmVmp : Match on catch block at 0xc3 in for 0x709e959025
02-29 16:48:13.125 22800 22800 E ArmVmp : Match on catch block at 0xc3 in for 0x709e959025
02-29 16:48:13.130 22800 22800 E ArmVmp : Match on catch block at 0xc3 in for 0x709e959025
02-29 16:48:13.133 22800 22800 E ArmVmp : Match on catch block at 0xc3 in for 0x709e959025
02-29 16:48:13.141 22800 22800 E ArmVmp : Match on catch block at 0xc3 in for 0x709e959025
02-29 16:48:13.148 22800 22800 E ArmVmp : Match on catch block at 0xc3 in for 0x709e959025
02-29 16:48:13.151 22800 22800 E ArmVmp : Match on catch block at 0xc3 in for 0x709e959025
02-29 16:48:13.159 22800 22800 E ArmVmp : Match on catch block at 0xc3 in for 0x709e959025
02-29 16:48:13.165 22800 22800 E ArmVmp : Match on catch block at 0xc3 in for 0x709e959025
02-29 16:48:13.168 22800 22800 E ArmVmp : Match on catch block at 0xc3 in for 0x709e959025
02-29 16:48:15.268 22800 25063 W Parcel : Expecting binder but got null!
02-29 16:48:16.716 22800 25063 W Parcel : Expecting binder but got null!
02-29 16:48:18.030 22800 22800 E ArmVmp : Match on catch block at 0x0a in for 0x709e959035
02-29 16:48:18.039 22800 22800 E ArmVmp : Match on catch block at 0x0a in for 0x709e959035
02-29 16:48:18.286 22800 22800 E ArmVmp : Match on catch block at 0xc3 in for 0x709e959021
02-29 16:48:18.289 22800 22800 E ArmVmp : Match on catch block at 0xc3 in for 0x709e959021
02-29 16:48:18.292 22800 22800 E ArmVmp : Match on catch block at 0xc3 in for 0x709e959021
02-29 16:48:18.317 22800 25063 W Parcel : Expecting binder but got null!
02-29 16:48:18.333 22800 22800 E ArmVmp : Match on catch block at 0xc3 in for 0x709e959025
02-29 16:48:18.335 22800 22800 E ArmVmp : Match on catch block at 0xc3 in for 0x709e959025
02-29 16:48:18.337 22800 22800 E ArmVmp : Match on catch block at 0xc3 in for 0x709e959025
02-29 16:48:18.356 22800 22800 E ArmVmp : Match on catch block at 0xc3 in for 0x709e959025
02-29 16:48:18.359 22800 22800 E ArmVmp : Match on catch block at 0xc3 in for 0x709e959025
02-29 16:48:18.361 22800 22800 E ArmVmp : Match on catch block at 0xc3 in for 0x709e959025
02-29 16:48:18.370 22800 22800 E ArmVmp : Match on catch block at 0xc3 in for 0x709e959025
02-29 16:48:18.373 22800 22800 E ArmVmp : Match on catch block at 0xc3 in for 0x709e959025
02-29 16:48:18.375 22800 22800 E ArmVmp : Match on catch block at 0xc3 in for 0x709e959025
02-29 16:48:18.385 22800 22800 E ArmVmp : Match on catch block at 0xc3 in for 0x709e959025
02-29 16:48:18.387 22800 22800 E ArmVmp : Match on catch block at 0xc3 in for 0x709e959025
02-29 16:48:18.389 22800 22800 E ArmVmp : Match on catch block at 0xc3 in for 0x709e959025
02-29 16:48:18.397 22800 22800 E ArmVmp : Match on catch block at 0xc3 in for 0x709e959025
02-29 16:48:18.401 22800 22800 E ArmVmp : Match on catch block at 0xc3 in for 0x709e959025
02-29 16:48:18.403 22800 22800 E ArmVmp : Match on catch block at 0xc3 in for 0x709e959025
02-29 16:48:18.408 22800 22800 E ArmVmp : Match on catch block at 0xc3 in for 0x709e959025
02-29 16:48:18.411 22800 22800 E ArmVmp : Match on catch block at 0xc3 in for 0x709e959025
02-29 16:48:18.414 22800 22800 E ArmVmp : Match on catch block at 0xc3 in for 0x709e959025
02-29 16:48:18.425 22800 22800 E ArmVmp : Match on catch block at 0xc3 in for 0x709e959025
02-29 16:48:18.429 22800 22800 E ArmVmp : Match on catch block at 0xc3 in for 0x709e959025
02-29 16:48:18.431 22800 22800 E ArmVmp : Match on catch block at 0xc3 in for 0x709e959025
02-29 16:48:18.479 22800 22800 E ArmVmp : Match on catch block at 0xc3 in for 0x709e959025
02-29 16:48:18.482 22800 22800 E ArmVmp : Match on catch block at 0xc3 in for 0x709e959025
02-29 16:48:18.484 22800 22800 E ArmVmp : Match on catch block at 0xc3 in for 0x709e959025
02-29 16:48:18.492 22800 22800 E ArmVmp : Match on catch block at 0xc3 in for 0x709e959025
02-29 16:48:18.495 22800 22800 E ArmVmp : Match on catch block at 0xc3 in for 0x709e959025
02-29 16:48:18.496 22800 22800 E ArmVmp : Match on catch block at 0xc3 in for 0x709e959025
02-29 16:48:18.511 22800 22800 E ArmVmp : Match on catch block at 0xc3 in for 0x709e959025
02-29 16:48:18.514 22800 22800 E ArmVmp : Match on catch block at 0xc3 in for 0x709e959025
02-29 16:48:18.515 22800 22800 E ArmVmp : Match on catch block at 0xc3 in for 0x709e959025
02-29 16:48:18.524 22800 22800 E ArmVmp : Match on catch block at 0xc3 in for 0x709e959025
02-29 16:48:18.528 22800 22800 E ArmVmp : Match on catch block at 0xc3 in for 0x709e959025
02-29 16:48:18.533 22800 22800 E ArmVmp : Match on catch block at 0xc3 in for 0x709e959025
02-29 16:48:18.549 22800 22800 E ArmVmp : Match on catch block at 0xc3 in for 0x709e959025
02-29 16:48:18.554 22800 22800 E ArmVmp : Match on catch block at 0xc3 in for 0x709e959025
02-29 16:48:18.558 22800 22800 E ArmVmp : Match on catch block at 0xc3 in for 0x709e959025
02-29 16:48:18.568 22800 22800 E ArmVmp : Match on catch block at 0xc3 in for 0x709e959025
02-29 16:48:18.572 22800 22800 E ArmVmp : Match on catch block at 0xc3 in for 0x709e959025
02-29 16:48:18.576 22800 22800 E ArmVmp : Match on catch block at 0xc3 in for 0x709e959025
02-29 16:48:18.584 22800 22800 E ArmVmp : Match on catch block at 0xc3 in for 0x709e959025
02-29 16:48:18.588 22800 22800 E ArmVmp : Match on catch block at 0xc3 in for 0x709e959025
02-29 16:48:18.590 22800 22800 E ArmVmp : Match on catch block at 0xc3 in for 0x709e959025
02-29 16:48:18.926 22800 22800 E ArmVmp : Match on catch block at 0xc3 in for 0x709e959025
02-29 16:48:18.930 22800 22800 E ArmVmp : Match on catch block at 0xc3 in for 0x709e959025
02-29 16:48:18.933 22800 22800 E ArmVmp : Match on catch block at 0xc3 in for 0x709e959025
02-29 16:48:18.942 22800 22800 E ArmVmp : Match on catch block at 0xc3 in for 0x709e959025
02-29 16:48:18.947 22800 22800 E ArmVmp : Match on catch block at 0xc3 in for 0x709e959025
02-29 16:48:18.950 22800 22800 E ArmVmp : Match on catch block at 0xc3 in for 0x709e959025
02-29 16:48:18.958 22800 22800 E ArmVmp : Match on catch block at 0xc3 in for 0x709e959025
02-29 16:48:18.963 22800 22800 E ArmVmp : Match on catch block at 0xc3 in for 0x709e959025
02-29 16:48:18.966 22800 22800 E ArmVmp : Match on catch block at 0xc3 in for 0x709e959025
02-29 16:48:18.975 22800 22800 E ArmVmp : Match on catch block at 0xc3 in for 0x709e959025
02-29 16:48:18.979 22800 22800 E ArmVmp : Match on catch block at 0xc3 in for 0x709e959025
02-29 16:48:18.981 22800 22800 E ArmVmp : Match on catch block at 0xc3 in for 0x709e959025
02-29 16:48:18.993 22800 22800 E ArmVmp : Match on catch block at 0xc3 in for 0x709e959025
02-29 16:48:18.997 22800 22800 E ArmVmp : Match on catch block at 0xc3 in for 0x709e959025
02-29 16:48:19.000 22800 22800 E ArmVmp : Match on catch block at 0xc3 in for 0x709e959025
02-29 16:48:19.008 22800 22800 E ArmVmp : Match on catch block at 0xc3 in for 0x709e959025
02-29 16:48:19.012 22800 22800 E ArmVmp : Match on catch block at 0xc3 in for 0x709e959025
02-29 16:48:19.015 22800 22800 E ArmVmp : Match on catch block at 0xc3 in for 0x709e959025
02-29 16:48:19.024 22800 22800 E ArmVmp : Match on catch block at 0xc3 in for 0x709e959025
02-29 16:48:19.028 22800 22800 E ArmVmp : Match on catch block at 0xc3 in for 0x709e959025
02-29 16:48:19.031 22800 22800 E ArmVmp : Match on catch block at 0xc3 in for 0x709e959025
02-29 16:48:19.042 22800 22800 E ArmVmp : Match on catch block at 0xc3 in for 0x709e959025
02-29 16:48:19.045 22800 22800 E ArmVmp : Match on catch block at 0xc3 in for 0x709e959025
02-29 16:48:19.047 22800 22800 E ArmVmp : Match on catch block at 0xc3 in for 0x709e959025
02-29 16:48:19.065 22800 22800 E ArmVmp : Match on catch block at 0xc3 in for 0x709e959025
02-29 16:48:19.068 22800 22800 E ArmVmp : Match on catch block at 0xc3 in for 0x709e959025
02-29 16:48:19.071 22800 22800 E ArmVmp : Match on catch block at 0xc3 in for 0x709e959025
02-29 16:48:19.101 22800 22800 E ArmVmp : Match on catch block at 0xc3 in for 0x709e959025
02-29 16:48:19.106 22800 22800 E ArmVmp : Match on catch block at 0xc3 in for 0x709e959025
02-29 16:48:19.108 22800 22800 E ArmVmp : Match on catch block at 0xc3 in for 0x709e959025
02-29 16:48:19.135 22800 22800 E ArmVmp : Match on catch block at 0xc3 in for 0x709e959025
02-29 16:48:19.139 22800 22800 E ArmVmp : Match on catch block at 0xc3 in for 0x709e959025
02-29 16:48:19.141 22800 22800 E ArmVmp : Match on catch block at 0xc3 in for 0x709e959025
02-29 16:48:19.168 22800 22800 E ArmVmp : Match on catch block at 0xc3 in for 0x709e959025
02-29 16:48:19.172 22800 22800 E ArmVmp : Match on catch block at 0xc3 in for 0x709e959025
02-29 16:48:19.175 22800 22800 E ArmVmp : Match on catch block at 0xc3 in for 0x709e959025
02-29 16:48:19.192 22800 22800 E ArmVmp : Match on catch block at 0xc3 in for 0x709e959025
02-29 16:48:19.197 22800 22800 E ArmVmp : Match on catch block at 0xc3 in for 0x709e959025
02-29 16:48:19.200 22800 22800 E ArmVmp : Match on catch block at 0xc3 in for 0x709e959025
02-29 16:48:19.209 22800 22800 E ArmVmp : Match on catch block at 0xc3 in for 0x709e959025
02-29 16:48:19.213 22800 22800 E ArmVmp : Match on catch block at 0xc3 in for 0x709e959025
02-29 16:48:19.216 22800 22800 E ArmVmp : Match on catch block at 0xc3 in for 0x709e959025
02-29 16:48:19.225 22800 22800 E ArmVmp : Match on catch block at 0xc3 in for 0x709e959025
02-29 16:48:19.230 22800 22800 E ArmVmp : Match on catch block at 0xc3 in for 0x709e959025
02-29 16:48:19.233 22800 22800 E ArmVmp : Match on catch block at 0xc3 in for 0x709e959025
02-29 16:48:19.495 22800 22800 E ArmVmp : Match on catch block at 0xc3 in for 0x709e959025
02-29 16:48:19.500 22800 22800 E ArmVmp : Match on catch block at 0xc3 in for 0x709e959025
02-29 16:48:19.503 22800 22800 E ArmVmp : Match on catch block at 0xc3 in for 0x709e959025
02-29 16:48:19.540 22800 22800 E ArmVmp : Match on catch block at 0xc3 in for 0x709e959025
02-29 16:48:19.544 22800 22800 E ArmVmp : Match on catch block at 0xc3 in for 0x709e959025
02-29 16:48:19.548 22800 22800 E ArmVmp : Match on catch block at 0xc3 in for 0x709e959025
02-29 16:48:19.558 22800 22800 E ArmVmp : Match on catch block at 0xc3 in for 0x709e959025
02-29 16:48:19.563 22800 22800 E ArmVmp : Match on catch block at 0xc3 in for 0x709e959025
02-29 16:48:19.567 22800 22800 E ArmVmp : Match on catch block at 0xc3 in for 0x709e959025
02-29 16:48:19.703 22800 22800 W OnBackInvokedCallback: OnBackInvokedCallback is not enabled for the application.
02-29 16:48:19.703 22800 22800 W OnBackInvokedCallback: Set 'android:enableOnBackInvokedCallback="true"' in the application manifest.
02-29 16:48:19.818 22800 22800 E ArmVmp : Match on catch block at 0xc3 in for 0x709e959025
02-29 16:48:19.822 22800 22800 E ArmVmp : Match on catch block at 0xc3 in for 0x709e959025
02-29 16:48:19.827 22800 22800 E ArmVmp : Match on catch block at 0xc3 in for 0x709e959025
02-29 16:48:19.834 22800 22800 E ArmVmp : Match on catch block at 0xc3 in for 0x709e959025
02-29 16:48:19.840 22800 22800 E ArmVmp : Match on catch block at 0xc3 in for 0x709e959025
02-29 16:48:19.845 22800 22800 E ArmVmp : Match on catch block at 0xc3 in for 0x709e959025
02-29 16:48:20.009 22800 22800 E ArmVmp : Match on catch block at 0xc3 in for 0x709e959025
02-29 16:48:20.015 22800 22800 E ArmVmp : Match on catch block at 0xc3 in for 0x709e959025
02-29 16:48:20.018 22800 22800 E ArmVmp : Match on catch block at 0xc3 in for 0x709e959025
02-29 16:48:20.509 22800 22800 E ArmVmp : Match on catch block at 0xc3 in for 0x709e959025
02-29 16:48:20.514 22800 22800 E ArmVmp : Match on catch block at 0xc3 in for 0x709e959025
02-29 16:48:20.518 22800 22800 E ArmVmp : Match on catch block at 0xc3 in for 0x709e959025
02-29 16:48:21.009 22800 22800 E ArmVmp : Match on catch block at 0xc3 in for 0x709e959025
02-29 16:48:21.014 22800 22800 E ArmVmp : Match on catch block at 0xc3 in for 0x709e959025
02-29 16:48:21.017 22800 22800 E ArmVmp : Match on catch block at 0xc3 in for 0x709e959025
02-29 16:48:21.425 22800 22800 E ArmVmp : Match on catch block at 0xc3 in for 0x709e959025
02-29 16:48:21.432 22800 22800 E ArmVmp : Match on catch block at 0xc3 in for 0x709e959025
02-29 16:48:21.435 22800 22800 E ArmVmp : Match on catch block at 0xc3 in for 0x709e959025
02-29 16:48:21.442 22800 22800 E ArmVmp : Match on catch block at 0xc3 in for 0x709e959025
02-29 16:48:21.447 22800 22800 E ArmVmp : Match on catch block at 0xc3 in for 0x709e959025
02-29 16:48:21.452 22800 22800 E ArmVmp : Match on catch block at 0xc3 in for 0x709e959025
02-29 16:48:21.458 22800 22800 E ArmVmp : Match on catch block at 0xc3 in for 0x709e959025
02-29 16:48:21.464 22800 22800 E ArmVmp : Match on catch block at 0xc3 in for 0x709e959025
02-29 16:48:21.469 22800 22800 E ArmVmp : Match on catch block at 0xc3 in for 0x709e959025
02-29 16:48:21.475 22800 22800 E ArmVmp : Match on catch block at 0xc3 in for 0x709e959025
02-29 16:48:21.481 22800 22800 E ArmVmp : Match on catch block at 0xc3 in for 0x709e959025
02-29 16:48:21.485 22800 22800 E ArmVmp : Match on catch block at 0xc3 in for 0x709e959025
02-29 16:48:21.492 22800 22800 E ArmVmp : Match on catch block at 0xc3 in for 0x709e959025
02-29 16:48:21.496 22800 22800 E ArmVmp : Match on catch block at 0xc3 in for 0x709e959025
02-29 16:48:21.500 22800 22800 E ArmVmp : Match on catch block at 0xc3 in for 0x709e959025
02-29 16:48:21.509 22800 22800 E ArmVmp : Match on catch block at 0xc3 in for 0x709e959025
02-29 16:48:21.513 22800 22800 E ArmVmp : Match on catch block at 0xc3 in for 0x709e959025
02-29 16:48:21.516 22800 22800 E ArmVmp : Match on catch block at 0xc3 in for 0x709e959025
02-29 16:48:21.525 22800 22800 E ArmVmp : Match on catch block at 0xc3 in for 0x709e959025
02-29 16:48:21.531 22800 22800 E ArmVmp : Match on catch block at 0xc3 in for 0x709e959025
02-29 16:48:21.534 22800 22800 E ArmVmp : Match on catch block at 0xc3 in for 0x709e959025
02-29 16:48:21.542 22800 22800 E ArmVmp : Match on catch block at 0xc3 in for 0x709e959025
02-29 16:48:21.547 22800 22800 E ArmVmp : Match on catch block at 0xc3 in for 0x709e959025
02-29 16:48:21.550 22800 22800 E ArmVmp : Match on catch block at 0xc3 in for 0x709e959025
02-29 16:48:21.559 22800 22800 E ArmVmp : Match on catch block at 0xc3 in for 0x709e959025
02-29 16:48:21.566 22800 22800 E ArmVmp : Match on catch block at 0xc3 in for 0x709e959025
02-29 16:48:21.569 22800 22800 E ArmVmp : Match on catch block at 0xc3 in for 0x709e959025
02-29 16:48:21.576 22800 22800 E ArmVmp : Match on catch block at 0xc3 in for 0x709e959025
02-29 16:48:21.581 22800 22800 E ArmVmp : Match on catch block at 0xc3 in for 0x709e959025
02-29 16:48:21.583 22800 22800 E ArmVmp : Match on catch block at 0xc3 in for 0x709e959025
02-29 16:48:21.592 22800 22800 E ArmVmp : Match on catch block at 0xc3 in for 0x709e959025
02-29 16:48:21.596 22800 22800 E ArmVmp : Match on catch block at 0xc3 in for 0x709e959025
02-29 16:48:21.598 22800 22800 E ArmVmp : Match on catch block at 0xc3 in for 0x709e959025
02-29 16:48:21.609 22800 22800 E ArmVmp : Match on catch block at 0xc3 in for 0x709e959025
02-29 16:48:21.613 22800 22800 E ArmVmp : Match on catch block at 0xc3 in for 0x709e959025
02-29 16:48:21.616 22800 22800 E ArmVmp : Match on catch block at 0xc3 in for 0x709e959025
02-29 16:48:21.625 22800 22800 E ArmVmp : Match on catch block at 0xc3 in for 0x709e959025
02-29 16:48:21.631 22800 22800 E ArmVmp : Match on catch block at 0xc3 in for 0x709e959025
02-29 16:48:21.636 22800 22800 E ArmVmp : Match on catch block at 0xc3 in for 0x709e959025
02-29 16:48:21.642 22800 22800 E ArmVmp : Match on catch block at 0xc3 in for 0x709e959025
02-29 16:48:21.648 22800 22800 E ArmVmp : Match on catch block at 0xc3 in for 0x709e959025
02-29 16:48:21.651 22800 22800 E ArmVmp : Match on catch block at 0xc3 in for 0x709e959025
02-29 16:48:21.659 22800 22800 E ArmVmp : Match on catch block at 0xc3 in for 0x709e959025
02-29 16:48:21.663 22800 22800 E ArmVmp : Match on catch block at 0xc3 in for 0x709e959025
02-29 16:48:21.665 22800 22800 E ArmVmp : Match on catch block at 0xc3 in for 0x709e959025
02-29 16:48:21.675 22800 22800 E ArmVmp : Match on catch block at 0xc3 in for 0x709e959025
02-29 16:48:21.680 22800 22800 E ArmVmp : Match on catch block at 0xc3 in for 0x709e959025
02-29 16:48:21.683 22800 22800 E ArmVmp : Match on catch block at 0xc3 in for 0x709e959025
02-29 16:48:22.009 22800 22800 E ArmVmp : Match on catch block at 0xc3 in for 0x709e959025
02-29 16:48:22.014 22800 22800 E ArmVmp : Match on catch block at 0xc3 in for 0x709e959025
02-29 16:48:22.017 22800 22800 E ArmVmp : Match on catch block at 0xc3 in for 0x709e959025
02-29 16:48:22.510 22800 22800 E ArmVmp : Match on catch block at 0xc3 in for 0x709e959025
02-29 16:48:22.514 22800 22800 E ArmVmp : Match on catch block at 0xc3 in for 0x709e959025
02-29 16:48:22.517 22800 22800 E ArmVmp : Match on catch block at 0xc3 in for 0x709e959025
02-29 16:48:23.027 22800 22800 E ArmVmp : Match on catch block at 0xc3 in for 0x709e959025
02-29 16:48:23.031 22800 22800 E ArmVmp : Match on catch block at 0xc3 in for 0x709e959025
02-29 16:48:23.034 22800 22800 E ArmVmp : Match on catch block at 0xc3 in for 0x709e959025
02-29 16:48:23.526 22800 22800 E ArmVmp : Match on catch block at 0xc3 in for 0x709e959025
02-29 16:48:23.531 22800 22800 E ArmVmp : Match on catch block at 0xc3 in for 0x709e959025
02-29 16:48:23.534 22800 22800 E ArmVmp : Match on catch block at 0xc3 in for 0x709e959025
02-29 16:48:24.027 22800 22800 E ArmVmp : Match on catch block at 0xc3 in for 0x709e959025
02-29 16:48:24.031 22800 22800 E ArmVmp : Match on catch block at 0xc3 in for 0x709e959025
02-29 16:48:24.035 22800 22800 E ArmVmp : Match on catch block at 0xc3 in for 0x709e959025
02-29 16:48:24.527 22800 22800 E ArmVmp : Match on catch block at 0xc3 in for 0x709e959025
02-29 16:48:24.532 22800 22800 E ArmVmp : Match on catch block at 0xc3 in for 0x709e959025
02-29 16:48:24.534 22800 22800 E ArmVmp : Match on catch block at 0xc3 in for 0x709e959025
02-29 16:48:25.027 22800 22800 E ArmVmp : Match on catch block at 0xc3 in for 0x709e959025
02-29 16:48:25.031 22800 22800 E ArmVmp : Match on catch block at 0xc3 in for 0x709e959025
02-29 16:48:25.035 22800 22800 E ArmVmp : Match on catch block at 0xc3 in for 0x709e959025
02-29 16:48:25.527 22800 22800 E ArmVmp : Match on catch block at 0xc3 in for 0x709e959025
02-29 16:48:25.531 22800 22800 E ArmVmp : Match on catch block at 0xc3 in for 0x709e959025
02-29 16:48:25.535 22800 22800 E ArmVmp : Match on catch block at 0xc3 in for 0x709e959025
02-29 16:48:26.027 22800 22800 E ArmVmp : Match on catch block at 0xc3 in for 0x709e959025
02-29 16:48:26.032 22800 22800 E ArmVmp : Match on catch block at 0xc3 in for 0x709e959025
02-29 16:48:26.035 22800 22800 E ArmVmp : Match on catch block at 0xc3 in for 0x709e959025
02-29 16:48:26.527 22800 22800 E ArmVmp : Match on catch block at 0xc3 in for 0x709e959025
02-29 16:48:26.532 22800 22800 E ArmVmp : Match on catch block at 0xc3 in for 0x709e959025
02-29 16:48:26.535 22800 22800 E ArmVmp : Match on catch block at 0xc3 in for 0x709e959025
02-29 16:48:27.027 22800 22800 E ArmVmp : Match on catch block at 0xc3 in for 0x709e959025
02-29 16:48:27.032 22800 22800 E ArmVmp : Match on catch block at 0xc3 in for 0x709e959025
02-29 16:48:27.035 22800 22800 E ArmVmp : Match on catch block at 0xc3 in for 0x709e959025
02-29 16:48:27.527 22800 22800 E ArmVmp : Match on catch block at 0xc3 in for 0x709e959025
02-29 16:48:27.532 22800 22800 E ArmVmp : Match on catch block at 0xc3 in for 0x709e959025
02-29 16:48:27.535 22800 22800 E ArmVmp : Match on catch block at 0xc3 in for 0x709e959025
02-29 16:48:27.706 22800 22800 E ArmVmp : Match on catch block at 0xc3 in for 0x709e959025
02-29 16:48:27.711 22800 22800 E ArmVmp : Match on catch block at 0xc3 in for 0x709e959025
02-29 16:48:27.714 22800 22800 E ArmVmp : Match on catch block at 0xc3 in for 0x709e959025
02-29 16:48:27.731 22800 22800 E ArmVmp : Match on catch block at 0xc3 in for 0x709e959025
02-29 16:48:27.736 22800 22800 E ArmVmp : Match on catch block at 0xc3 in for 0x709e959025
02-29 16:48:27.739 22800 22800 E ArmVmp : Match on catch block at 0xc3 in for 0x709e959025
02-29 16:48:27.744 22800 22800 E ArmVmp : Match on catch block at 0xc3 in for 0x709e959025
02-29 16:48:27.750 22800 22800 E ArmVmp : Match on catch block at 0xc3 in for 0x709e959025
02-29 16:48:27.753 22800 22800 E ArmVmp : Match on catch block at 0xc3 in for 0x709e959025
02-29 16:48:27.760 22800 22800 E ArmVmp : Match on catch block at 0xc3 in for 0x709e959025
02-29 16:48:27.764 22800 22800 E ArmVmp : Match on catch block at 0xc3 in for 0x709e959025
02-29 16:48:27.766 22800 22800 E ArmVmp : Match on catch block at 0xc3 in for 0x709e959025
02-29 16:48:27.777 22800 22800 E ArmVmp : Match on catch block at 0xc3 in for 0x709e959025
02-29 16:48:27.782 22800 22800 E ArmVmp : Match on catch block at 0xc3 in for 0x709e959025
02-29 16:48:27.785 22800 22800 E ArmVmp : Match on catch block at 0xc3 in for 0x709e959025
02-29 16:48:27.794 22800 22800 E ArmVmp : Match on catch block at 0xc3 in for 0x709e959025
02-29 16:48:27.798 22800 22800 E ArmVmp : Match on catch block at 0xc3 in for 0x709e959025
02-29 16:48:27.801 22800 22800 E ArmVmp : Match on catch block at 0xc3 in for 0x709e959025
02-29 16:48:27.811 22800 22800 E ArmVmp : Match on catch block at 0xc3 in for 0x709e959025
02-29 16:48:27.815 22800 22800 E ArmVmp : Match on catch block at 0xc3 in for 0x709e959025
02-29 16:48:27.817 22800 22800 E ArmVmp : Match on catch block at 0xc3 in for 0x709e959025
02-29 16:48:27.827 22800 22800 E ArmVmp : Match on catch block at 0xc3 in for 0x709e959025
02-29 16:48:27.832 22800 22800 E ArmVmp : Match on catch block at 0xc3 in for 0x709e959025
02-29 16:48:27.835 22800 22800 E ArmVmp : Match on catch block at 0xc3 in for 0x709e959025
02-29 16:48:27.844 22800 22800 E ArmVmp : Match on catch block at 0xc3 in for 0x709e959025
02-29 16:48:27.848 22800 22800 E ArmVmp : Match on catch block at 0xc3 in for 0x709e959025
02-29 16:48:27.850 22800 22800 E ArmVmp : Match on catch block at 0xc3 in for 0x709e959025
02-29 16:48:27.860 22800 22800 E ArmVmp : Match on catch block at 0xc3 in for 0x709e959025
02-29 16:48:27.865 22800 22800 E ArmVmp : Match on catch block at 0xc3 in for 0x709e959025
02-29 16:48:27.867 22800 22800 E ArmVmp : Match on catch block at 0xc3 in for 0x709e959025
02-29 16:48:27.876 22800 22800 E ArmVmp : Match on catch block at 0xc3 in for 0x709e959025
02-29 16:48:27.881 22800 22800 E ArmVmp : Match on catch block at 0xc3 in for 0x709e959025
02-29 16:48:27.884 22800 22800 E ArmVmp : Match on catch block at 0xc3 in for 0x709e959025
02-29 16:48:27.893 22800 22800 E ArmVmp : Match on catch block at 0xc3 in for 0x709e959025
02-29 16:48:27.899 22800 22800 E ArmVmp : Match on catch block at 0xc3 in for 0x709e959025
02-29 16:48:27.903 22800 22800 E ArmVmp : Match on catch block at 0xc3 in for 0x709e959025
02-29 16:48:28.210 22800 22800 E ArmVmp : Match on catch block at 0xc3 in for 0x709e959025
02-29 16:48:28.216 22800 22800 E ArmVmp : Match on catch block at 0xc3 in for 0x709e959025
02-29 16:48:28.221 22800 22800 E ArmVmp : Match on catch block at 0xc3 in for 0x709e959025
02-29 16:48:28.310 22800 22800 E ArmVmp : Match on catch block at 0xc3 in for 0x709e959025
02-29 16:48:28.316 22800 22800 E ArmVmp : Match on catch block at 0xc3 in for 0x709e959025
02-29 16:48:28.320 22800 22800 E ArmVmp : Match on catch block at 0xc3 in for 0x709e959025
02-29 16:48:28.811 22800 22800 E ArmVmp : Match on catch block at 0xc3 in for 0x709e959025
02-29 16:48:28.816 22800 22800 E ArmVmp : Match on catch block at 0xc3 in for 0x709e959025
02-29 16:48:28.820 22800 22800 E ArmVmp : Match on catch block at 0xc3 in for 0x709e959025
02-29 16:48:29.310 22800 22800 E ArmVmp : Match on catch block at 0xc3 in for 0x709e959025
02-29 16:48:29.315 22800 22800 E ArmVmp : Match on catch block at 0xc3 in for 0x709e959025
02-29 16:48:29.318 22800 22800 E ArmVmp : Match on catch block at 0xc3 in for 0x709e959025
02-29 16:48:29.811 22800 22800 E ArmVmp : Match on catch block at 0xc3 in for 0x709e959025
02-29 16:48:29.816 22800 22800 E ArmVmp : Match on catch block at 0xc3 in for 0x709e959025
02-29 16:48:29.819 22800 22800 E ArmVmp : Match on catch block at 0xc3 in for 0x709e959025
02-29 16:48:30.311 22800 22800 E ArmVmp : Match on catch block at 0xc3 in for 0x709e959025
02-29 16:48:30.317 22800 22800 E ArmVmp : Match on catch block at 0xc3 in for 0x709e959025
02-29 16:48:30.320 22800 22800 E ArmVmp : Match on catch block at 0xc3 in for 0x709e959025
02-29 16:48:30.811 22800 22800 E ArmVmp : Match on catch block at 0xc3 in for 0x709e959025
02-29 16:48:30.816 22800 22800 E ArmVmp : Match on catch block at 0xc3 in for 0x709e959025
02-29 16:48:30.819 22800 22800 E ArmVmp : Match on catch block at 0xc3 in for 0x709e959025
02-29 16:48:31.311 22800 22800 E ArmVmp : Match on catch block at 0xc3 in for 0x709e959025
02-29 16:48:31.318 22800 22800 E ArmVmp : Match on catch block at 0xc3 in for 0x709e959025
02-29 16:48:31.321 22800 22800 E ArmVmp : Match on catch block at 0xc3 in for 0x709e959025
02-29 16:48:31.812 22800 22800 E ArmVmp : Match on catch block at 0xc3 in for 0x709e959025
02-29 16:48:31.816 22800 22800 E ArmVmp : Match on catch block at 0xc3 in for 0x709e959025
02-29 16:48:31.820 22800 22800 E ArmVmp : Match on catch block at 0xc3 in for 0x709e959025
02-29 16:48:32.228 22800 22800 E ArmVmp : Match on catch block at 0xc3 in for 0x709e959025
02-29 16:48:32.233 22800 22800 E ArmVmp : Match on catch block at 0xc3 in for 0x709e959025
02-29 16:48:32.236 22800 22800 E ArmVmp : Match on catch block at 0xc3 in for 0x709e959025
02-29 16:48:32.269 22800 22800 E ArmVmp : Match on catch block at 0xc3 in for 0x709e959025
02-29 16:48:32.274 22800 22800 E ArmVmp : Match on catch block at 0xc3 in for 0x709e959025
02-29 16:48:32.276 22800 22800 E ArmVmp : Match on catch block at 0xc3 in for 0x709e959025
02-29 16:48:32.300 22800 22800 E ArmVmp : Match on catch block at 0xc3 in for 0x709e959025
02-29 16:48:32.305 22800 22800 E ArmVmp : Match on catch block at 0xc3 in for 0x709e959025
02-29 16:48:32.341 22800 22800 E ArmVmp : Match on catch block at 0xc3 in for 0x709e959025
02-29 16:48:32.345 22800 22800 E ArmVmp : Match on catch block at 0xc3 in for 0x709e959025
02-29 16:48:32.362 22800 22800 E ArmVmp : Match on catch block at 0xc3 in for 0x709e959025
02-29 16:48:32.367 22800 22800 E ArmVmp : Match on catch block at 0xc3 in for 0x709e959025
02-29 16:48:32.405 22800 22800 E ArmVmp : Match on catch block at 0xc3 in for 0x709e959025
02-29 16:48:32.409 22800 22800 E ArmVmp : Match on catch block at 0xc3 in for 0x709e959025
02-29 16:48:32.429 22800 22800 E ArmVmp : Match on catch block at 0xc3 in for 0x709e959025
02-29 16:48:32.434 22800 22800 E ArmVmp : Match on catch block at 0xc3 in for 0x709e959025
02-29 16:48:32.453 22800 22800 E ArmVmp : Match on catch block at 0xc3 in for 0x709e959025
02-29 16:48:32.458 22800 22800 E ArmVmp : Match on catch block at 0xc3 in for 0x709e959025
02-29 16:48:32.478 22800 22800 E ArmVmp : Match on catch block at 0xc3 in for 0x709e959025
02-29 16:48:32.483 22800 22800 E ArmVmp : Match on catch block at 0xc3 in for 0x709e959025
02-29 16:48:32.777 22800 22800 E ArmVmp : Match on catch block at 0xc3 in for 0x709e959025
02-29 16:48:32.784 22800 22800 E ArmVmp : Match on catch block at 0xc3 in for 0x709e959025
02-29 16:48:33.197 22800 22800 E ArmVmp : Match on catch block at 0xc3 in for 0x709e959025
02-29 16:48:33.203 22800 22800 E ArmVmp : Match on catch block at 0xc3 in for 0x709e959025
02-29 16:48:33.212 22800 22800 E ArmVmp : Match on catch block at 0xc3 in for 0x709e959025
02-29 16:48:33.217 22800 22800 E ArmVmp : Match on catch block at 0xc3 in for 0x709e959025
02-29 16:48:33.221 22800 30402 W MediaPlayer: Use of stream types is deprecated for operations other than volume control
02-29 16:48:33.222 22800 30402 W MediaPlayer: See the documentation of setAudioStreamType() for what to use instead with android.media.AudioAttributes to qualify your playback use case
02-29 16:48:33.277 22800 22800 E ArmVmp : Match on catch block at 0xc3 in for 0x709e959025
02-29 16:48:33.282 22800 22800 E ArmVmp : Match on catch block at 0xc3 in for 0x709e959025
02-29 16:48:33.597 22800 22800 W AidlConversion: aidl2legacy_AudioChannelLayout_audio_channel_mask_t: no legacy output audio_channel_mask_t found for AudioChannelLayout{layoutMask: 16}
02-29 16:48:33.779 22800 22800 E ArmVmp : Match on catch block at 0xc3 in for 0x709e959025
02-29 16:48:33.783 22800 22800 E ArmVmp : Match on catch block at 0xc3 in for 0x709e959025
02-29 16:48:34.279 22800 22800 E ArmVmp : Match on catch block at 0xc3 in for 0x709e959025
02-29 16:48:34.283 22800 22800 E ArmVmp : Match on catch block at 0xc3 in for 0x709e959025
02-29 16:48:34.778 22800 22800 E ArmVmp : Match on catch block at 0xc3 in for 0x709e959025
02-29 16:48:34.783 22800 22800 E ArmVmp : Match on catch block at 0xc3 in for 0x709e959025
02-29 16:48:34.794 22800 22800 E ArmVmp : Match on catch block at 0xc3 in for 0x709e959025
02-29 16:48:34.800 22800 22800 E ArmVmp : Match on catch block at 0xc3 in for 0x709e959025
02-29 16:48:34.811 22800 22800 E ArmVmp : Match on catch block at 0xc3 in for 0x709e959025
02-29 16:48:34.815 22800 22800 E ArmVmp : Match on catch block at 0xc3 in for 0x709e959025
02-29 16:48:34.828 22800 22800 E ArmVmp : Match on catch block at 0xc3 in for 0x709e959025
02-29 16:48:34.832 22800 22800 E ArmVmp : Match on catch block at 0xc3 in for 0x709e959025
02-29 16:48:34.844 22800 22800 E ArmVmp : Match on catch block at 0xc3 in for 0x709e959025
02-29 16:48:34.850 22800 22800 E ArmVmp : Match on catch block at 0xc3 in for 0x709e959025
02-29 16:48:34.861 22800 22800 E ArmVmp : Match on catch block at 0xc3 in for 0x709e959025
02-29 16:48:34.867 22800 22800 E ArmVmp : Match on catch block at 0xc3 in for 0x709e959025
02-29 16:48:34.877 22800 22800 E ArmVmp : Match on catch block at 0xc3 in for 0x709e959025
02-29 16:48:34.883 22800 22800 E ArmVmp : Match on catch block at 0xc3 in for 0x709e959025
02-29 16:48:34.894 22800 22800 E ArmVmp : Match on catch block at 0xc3 in for 0x709e959025
02-29 16:48:34.901 22800 22800 E ArmVmp : Match on catch block at 0xc3 in for 0x709e959025
02-29 16:48:34.911 22800 22800 E ArmVmp : Match on catch block at 0xc3 in for 0x709e959025
02-29 16:48:34.917 22800 22800 E ArmVmp : Match on catch block at 0xc3 in for 0x709e959025
02-29 16:48:34.928 22800 22800 E ArmVmp : Match on catch block at 0xc3 in for 0x709e959025
02-29 16:48:34.933 22800 22800 E ArmVmp : Match on catch block at 0xc3 in for 0x709e959025
02-29 16:48:34.944 22800 22800 E ArmVmp : Match on catch block at 0xc3 in for 0x709e959025
02-29 16:48:34.949 22800 22800 E ArmVmp : Match on catch block at 0xc3 in for 0x709e959025
02-29 16:48:34.961 22800 22800 E ArmVmp : Match on catch block at 0xc3 in for 0x709e959025
02-29 16:48:34.966 22800 22800 E ArmVmp : Match on catch block at 0xc3 in for 0x709e959025
02-29 16:48:34.977 22800 22800 E ArmVmp : Match on catch block at 0xc3 in for 0x709e959025
02-29 16:48:34.982 22800 22800 E ArmVmp : Match on catch block at 0xc3 in for 0x709e959025
02-29 16:48:34.994 22800 22800 E ArmVmp : Match on catch block at 0xc3 in for 0x709e959025
02-29 16:48:35.001 22800 22800 E ArmVmp : Match on catch block at 0xc3 in for 0x709e959025
02-29 16:48:35.011 22800 22800 E ArmVmp : Match on catch block at 0xc3 in for 0x709e959025
02-29 16:48:35.016 22800 22800 E ArmVmp : Match on catch block at 0xc3 in for 0x709e959025
02-29 16:48:35.027 22800 22800 E ArmVmp : Match on catch block at 0xc3 in for 0x709e959025
02-29 16:48:35.031 22800 22800 E ArmVmp : Match on catch block at 0xc3 in for 0x709e959025
02-29 16:48:35.044 22800 22800 E ArmVmp : Match on catch block at 0xc3 in for 0x709e959025
02-29 16:48:35.050 22800 22800 E ArmVmp : Match on catch block at 0xc3 in for 0x709e959025
02-29 16:48:35.061 22800 22800 E ArmVmp : Match on catch block at 0xc3 in for 0x709e959025
02-29 16:48:35.066 22800 22800 E ArmVmp : Match on catch block at 0xc3 in for 0x709e959025
02-29 16:48:35.278 22800 22800 E ArmVmp : Match on catch block at 0xc3 in for 0x709e959025
02-29 16:48:35.284 22800 22800 E ArmVmp : Match on catch block at 0xc3 in for 0x709e959025
02-29 16:48:35.506 22800 22800 E ArmVmp : Match on catch block at 0xc3 in for 0x709e959025
02-29 16:48:35.509 22800 22800 E ArmVmp : Match on catch block at 0xc3 in for 0x709e959025
02-29 16:48:35.520 22800 22800 E ArmVmp : Match on catch block at 0xc3 in for 0x709e959025
02-29 16:48:35.523 22800 22800 E ArmVmp : Match on catch block at 0xc3 in for 0x709e959025
02-29 16:48:35.530 22800 22800 E ArmVmp : Match on catch block at 0xc3 in for 0x709e959025
02-29 16:48:35.534 22800 22800 E ArmVmp : Match on catch block at 0xc3 in for 0x709e959025
02-29 16:48:35.544 22800 22800 E ArmVmp : Match on catch block at 0xc3 in for 0x709e959025
02-29 16:48:35.550 22800 22800 E ArmVmp : Match on catch block at 0xc3 in for 0x709e959025
02-29 16:48:35.562 22800 22800 E ArmVmp : Match on catch block at 0xc3 in for 0x709e959025
02-29 16:48:35.568 22800 22800 E ArmVmp : Match on catch block at 0xc3 in for 0x709e959025
02-29 16:48:35.578 22800 22800 E ArmVmp : Match on catch block at 0xc3 in for 0x709e959025
02-29 16:48:35.583 22800 22800 E ArmVmp : Match on catch block at 0xc3 in for 0x709e959025
02-29 16:48:35.594 22800 22800 E ArmVmp : Match on catch block at 0xc3 in for 0x709e959025
02-29 16:48:35.602 22800 22800 E ArmVmp : Match on catch block at 0xc3 in for 0x709e959025
02-29 16:48:35.777 22800 22800 E ArmVmp : Match on catch block at 0xc3 in for 0x709e959025
02-29 16:48:35.780 22800 22800 E ArmVmp : Match on catch block at 0xc3 in for 0x709e959025
02-29 16:48:35.979 22800 22800 E ArmVmp : Match on catch block at 0xc3 in for 0x709e959025
02-29 16:48:35.986 22800 22800 E ArmVmp : Match on catch block at 0xc3 in for 0x709e959025
02-29 16:48:35.994 22800 22800 E ArmVmp : Match on catch block at 0xc3 in for 0x709e959025
02-29 16:48:35.999 22800 22800 E ArmVmp : Match on catch block at 0xc3 in for 0x709e959025
02-29 16:48:36.063 22800 22800 E ArmVmp : Match on catch block at 0xc3 in for 0x709e959025
02-29 16:48:36.068 22800 22800 E ArmVmp : Match on catch block at 0xc3 in for 0x709e959025
02-29 16:48:36.162 22800 22800 E ArmVmp : Match on catch block at 0xc3 in for 0x709e959025
02-29 16:48:36.167 22800 22800 E ArmVmp : Match on catch block at 0xc3 in for 0x709e959025
02-29 16:48:36.185 22800 22800 E ArmVmp : Match on catch block at 0xc3 in for 0x709e959025
02-29 16:48:36.191 22800 22800 E ArmVmp : Match on catch block at 0xc3 in for 0x709e959025
02-29 16:48:36.196 22800 22800 E ArmVmp : Match on catch block at 0xc3 in for 0x709e959025
02-29 16:48:36.202 22800 22800 E ArmVmp : Match on catch block at 0xc3 in for 0x709e959025
02-29 16:48:36.218 22800 22800 E ArmVmp : Match on catch block at 0xc3 in for 0x709e959025
02-29 16:48:36.222 22800 22800 E ArmVmp : Match on catch block at 0xc3 in for 0x709e959025
02-29 16:48:36.236 22800 22800 E ArmVmp : Match on catch block at 0xc3 in for 0x709e959025
02-29 16:48:36.243 22800 22800 E ArmVmp : Match on catch block at 0xc3 in for 0x709e959025
02-29 16:48:36.253 22800 22800 E ArmVmp : Match on catch block at 0xc3 in for 0x709e959025
02-29 16:48:36.259 22800 22800 E ArmVmp : Match on catch block at 0xc3 in for 0x709e959025
02-29 16:48:36.266 22800 22800 E ArmVmp : Match on catch block at 0xc3 in for 0x709e959025
02-29 16:48:36.270 22800 22800 E ArmVmp : Match on catch block at 0xc3 in for 0x709e959025
02-29 16:48:36.674 22800 22800 E ArmVmp : Match on catch block at 0xc3 in for 0x709e959025
02-29 16:48:36.680 22800 22800 E ArmVmp : Match on catch block at 0xc3 in for 0x709e959025
02-29 16:48:38.767 22800 25063 W Parcel : Expecting binder but got null!
02-29 16:48:40.271 22800 25063 W Parcel : Expecting binder but got null!
02-29 16:48:42.107 22800 25063 W Parcel : Expecting binder but got null!
02-29 16:48:43.747 22800 22800 E ArmVmp : Match on catch block at 0x0a in for 0x709e959031
02-29 16:48:43.766 22800 22800 E ArmVmp : Match on catch block at 0x0a in for 0x709e95904d
02-29 16:48:43.828 22800 30646 W com.mbwhatsapp: Accessing hidden method Lcom/android/org/conscrypt/ConscryptEngineSocket;->setUseSessionTickets(Z)V (max- target-q,core-platform-api, reflection, denied)
02-29 16:48:43.828 22800 30646 W com.mbwhatsapp: Accessing hidden method Lcom/android/org/conscrypt/OpenSSLSocketImpl;->setUseSessionTickets(Z)V (max- target-q,core-platform-api, reflection, denied)
02-29 16:48:43.828 22800 30646 W com.mbwhatsapp: Accessing hidden method Lcom/android/org/conscrypt/AbstractConscryptSocket;->setUseSessionTickets(Z)V (max- target-q, reflection, denied)
02-29 16:48:43.831 22800 30646 W com.mbwhatsapp: Accessing hidden method Lcom/android/org/conscrypt/ConscryptEngineSocket;->setHostname(Ljava/lang/String;)V (max-target-q,core-platform-api, reflection, denied)
02-29 16:48:43.831 22800 30646 W com.mbwhatsapp: Accessing hidden method Lcom/android/org/conscrypt/OpenSSLSocketImpl;->setHostname(Ljava/lang/String;)V (max-target-q,core-platform-api, reflection, denied)
02-29 16:48:43.831 22800 30646 W com.mbwhatsapp: Accessing hidden method Lcom/android/org/conscrypt/AbstractConscryptSocket;->setHostname(Ljava/lang/ String;)V (max-target-q, reflection, denied)
02-29 16:48:43.831 22800 30646 W com.mbwhatsapp: Accessing hidden method Lcom/android/org/conscrypt/OpenSSLSocketImpl;->setAlpnProtocols([B)V (max-target- q,core-platform-api, reflection, denied)
02-29 16:48:43.831 22800 30646 W com.mbwhatsapp: Accessing hidden method Lcom/android/org/conscrypt/AbstractConscryptSocket;->setAlpnProtocols([B)V (max- target-q, reflection, denied)
02-29 16:48:43.871 22800 22800 W Activity: Can request only one set of permissions at a time
02-29 16:48:43.992 22800 30646 W com.mbwhatsapp: Accessing hidden method Lcom/android/org/conscrypt/OpenSSLSocketImpl;->getAlpnSelectedProtocol()[B (max- target-q,core-platform-api, reflection, denied)
02-29 16:48:43.992 22800 30646 W com.mbwhatsapp: Accessing hidden method Lcom/android/org/conscrypt/AbstractConscryptSocket;->getAlpnSelectedProtocol()[B (max-target-q, reflection, denied)
02-29 16:48:44.340 22800 22800 E RecyclerView: No adapter attached; skipping layout
02-29 16:48:44.380 22800 25063 W Parcel : Expecting binder but got null!
02-29 16:48:44.383 22800 22800 W CheckTime: App running slow: Executing com.mbwhatsapp.yo.WidgetProvider scheduleReceive took 646ms
02-29 16:48:44.448 22800 22800 E RecyclerView: No adapter attached; skipping layout
02-29 16:48:44.475 22800 22800 E ArmVmp : Match on catch block at 0x0a in for 0x709e959035
02-29 16:48:44.589 22800 22811 W System : A resource failed to call close.
02-29 16:48:44.659 22800 22800 E ArmVmp : Match on catch block at 0x5b in for 0x709e95901d
02-29 16:48:48.765 22800 22800 W ViewRootImpl: Not reporting timeline because gpuCompletedTime is 4.611666550199344E12ms ahead of presentTime. FRAME_TIMELINE_VSYNC_ID=11309990, INPUT_EVENT_ID=881015407
02-29 16:48:49.256 22800 22800 W ViewRootImpl: Not reporting timeline because gpuCompletedTime is 9.152406013475838E12ms ahead of presentTime. FRAME_TIMELINE_VSYNC_ID=11310188, INPUT_EVENT_ID=833072077
02-29 16:48:49.334 22800 22800 W ViewRootImpl: Not reporting timeline because gpuCompletedTime is 4.611666549649486E12ms ahead of presentTime. FRAME_TIMELINE_VSYNC_ID=11310236, INPUT_EVENT_ID=1002367331
02-29 16:48:50.154 22800 22800 W ViewRootImpl: Not reporting timeline because gpuCompletedTime is 4.611666548799334E12ms ahead of presentTime. FRAME_TIMELINE_VSYNC_ID=11310690, INPUT_EVENT_ID=433910187
02-29 16:52:57.667 22800 22800 E ArmVmp : Match on catch block at 0x0a in for 0x709e959035
02-29 16:52:57.672 22800 22800 E ArmVmp : Match on catch block at 0x0a in for 0x709e959035
02-29 16:52:57.890 22800 22800 E ArmVmp : Match on catch block at 0xc3 in for 0x709e959021
02-29 16:52:57.894 22800 22800 E ArmVmp : Match on catch block at 0xc3 in for 0x709e959021
02-29 16:52:57.937 22800 25063 W Parcel : Expecting binder but got null!
02-29 16:52:57.949 22800 22800 E ArmVmp : Match on catch block at 0xc3 in for 0x709e959025
02-29 16:52:57.953 22800 22800 E ArmVmp : Match on catch block at 0xc3 in for 0x709e959025
02-29 16:52:57.983 22800 22800 E ArmVmp : Match on catch block at 0xc3 in for 0x709e959025
02-29 16:52:57.986 22800 22800 E ArmVmp : Match on catch block at 0xc3 in for 0x709e959025
02-29 16:52:57.994 22800 22800 E ArmVmp : Match on catch block at 0xc3 in for 0x709e959025
02-29 16:52:57.997 22800 22800 E ArmVmp : Match on catch block at 0xc3 in for 0x709e959025
02-29 16:52:58.007 22800 22800 E ArmVmp : Match on catch block at 0xc3 in for 0x709e959025
02-29 16:52:58.009 22800 22800 E ArmVmp : Match on catch block at 0xc3 in for 0x709e959025
02-29 16:52:58.016 22800 22800 E ArmVmp : Match on catch block at 0xc3 in for 0x709e959025
02-29 16:52:58.021 22800 22800 E ArmVmp : Match on catch block at 0xc3 in for 0x709e959025
02-29 16:52:58.039 22800 22800 E ArmVmp : Match on catch block at 0xc3 in for 0x709e959025
02-29 16:52:58.044 22800 22800 E ArmVmp : Match on catch block at 0xc3 in for 0x709e959025
02-29 16:52:58.052 22800 22800 E ArmVmp : Match on catch block at 0xc3 in for 0x709e959025
02-29 16:52:58.055 22800 22800 E ArmVmp : Match on catch block at 0xc3 in for 0x709e959025
02-29 16:52:58.072 22800 22800 E ArmVmp : Match on catch block at 0xc3 in for 0x709e959025
02-29 16:52:58.076 22800 22800 E ArmVmp : Match on catch block at 0xc3 in for 0x709e959025
02-29 16:52:58.111 22800 22800 E ArmVmp : Match on catch block at 0xc3 in for 0x709e959025
02-29 16:52:58.114 22800 22800 E ArmVmp : Match on catch block at 0xc3 in for 0x709e959025
02-29 16:52:58.132 22800 22800 E ArmVmp : Match on catch block at 0xc3 in for 0x709e959025
02-29 16:52:58.136 22800 22800 E ArmVmp : Match on catch block at 0xc3 in for 0x709e959025
02-29 16:52:58.149 22800 22800 E ArmVmp : Match on catch block at 0xc3 in for 0x709e959025
02-29 16:52:58.154 22800 22800 E ArmVmp : Match on catch block at 0xc3 in for 0x709e959025
02-29 16:52:58.166 22800 22800 E ArmVmp : Match on catch block at 0xc3 in for 0x709e959025
02-29 16:52:58.169 22800 22800 E ArmVmp : Match on catch block at 0xc3 in for 0x709e959025
02-29 16:52:58.182 22800 22800 E ArmVmp : Match on catch block at 0xc3 in for 0x709e959025
02-29 16:52:58.187 22800 22800 E ArmVmp : Match on catch block at 0xc3 in for 0x709e959025
02-29 16:52:58.199 22800 22800 E ArmVmp : Match on catch block at 0xc3 in for 0x709e959025
02-29 16:52:58.202 22800 22800 E ArmVmp : Match on catch block at 0xc3 in for 0x709e959025
02-29 16:52:58.224 22800 22800 E ArmVmp : Match on catch block at 0xc3 in for 0x709e959025
02-29 16:52:58.227 22800 22800 E ArmVmp : Match on catch block at 0xc3 in for 0x709e959025
02-29 16:52:58.526 22800 22800 E ArmVmp : Match on catch block at 0xc3 in for 0x709e959025
02-29 16:52:58.530 22800 22800 E ArmVmp : Match on catch block at 0xc3 in for 0x709e959025
02-29 16:52:58.537 22800 22800 E ArmVmp : Match on catch block at 0xc3 in for 0x709e959025
02-29 16:52:58.540 22800 22800 E ArmVmp : Match on catch block at 0xc3 in for 0x709e959025
02-29 16:52:58.548 22800 22800 E ArmVmp : Match on catch block at 0xc3 in for 0x709e959025
02-29 16:52:58.551 22800 22800 E ArmVmp : Match on catch block at 0xc3 in for 0x709e959025
02-29 16:52:58.565 22800 22800 E ArmVmp : Match on catch block at 0xc3 in for 0x709e959025
02-29 16:52:58.571 22800 22800 E ArmVmp : Match on catch block at 0xc3 in for 0x709e959025
02-29 16:52:58.582 22800 22800 E ArmVmp : Match on catch block at 0xc3 in for 0x709e959025
02-29 16:52:58.586 22800 22800 E ArmVmp : Match on catch block at 0xc3 in for 0x709e959025
02-29 16:52:58.590 22800 22800 W OnBackInvokedCallback: OnBackInvokedCallback is not enabled for the application.
02-29 16:52:58.590 22800 22800 W OnBackInvokedCallback: Set 'android:enableOnBackInvokedCallback="true"' in the application manifest.
02-29 16:52:58.599 22800 22800 E ArmVmp : Match on catch block at 0xc3 in for 0x709e959025
02-29 16:52:58.605 22800 22800 E ArmVmp : Match on catch block at 0xc3 in for 0x709e959025
02-29 16:52:58.616 22800 22800 E ArmVmp : Match on catch block at 0xc3 in for 0x709e959025
02-29 16:52:58.622 22800 22800 E ArmVmp : Match on catch block at 0xc3 in for 0x709e959025
02-29 16:52:58.633 22800 22800 E ArmVmp : Match on catch block at 0xc3 in for 0x709e959025
02-29 16:52:58.637 22800 22800 E ArmVmp : Match on catch block at 0xc3 in for 0x709e959025
02-29 16:52:58.661 22800 22800 E ArmVmp : Match on catch block at 0xc3 in for 0x709e959025
02-29 16:52:58.666 22800 22800 E ArmVmp : Match on catch block at 0xc3 in for 0x709e959025
02-29 16:52:58.674 22800 22800 E ArmVmp : Match on catch block at 0xc3 in for 0x709e959025
02-29 16:52:58.679 22800 22800 E ArmVmp : Match on catch block at 0xc3 in for 0x709e959025
02-29 16:52:58.699 22800 22800 E ArmVmp : Match on catch block at 0xc3 in for 0x709e959025
02-29 16:52:58.704 22800 22800 E ArmVmp : Match on catch block at 0xc3 in for 0x709e959025
02-29 16:52:58.715 22800 22800 E ArmVmp : Match on catch block at 0xc3 in for 0x709e959025
02-29 16:52:58.720 22800 22800 E ArmVmp : Match on catch block at 0xc3 in for 0x709e959025
02-29 16:52:58.732 22800 22800 E ArmVmp : Match on catch block at 0xc3 in for 0x709e959025
02-29 16:52:58.740 22800 22800 E ArmVmp : Match on catch block at 0xc3 in for 0x709e959025
02-29 16:52:58.749 22800 22800 E ArmVmp : Match on catch block at 0xc3 in for 0x709e959025
02-29 16:52:58.753 22800 22800 E ArmVmp : Match on catch block at 0xc3 in for 0x709e959025
02-29 16:52:58.766 22800 22800 E ArmVmp : Match on catch block at 0xc3 in for 0x709e959025
02-29 16:52:58.770 22800 22800 E ArmVmp : Match on catch block at 0xc3 in for 0x709e959025
02-29 16:52:58.782 22800 22800 E ArmVmp : Match on catch block at 0xc3 in for 0x709e959025
02-29 16:52:58.787 22800 22800 E ArmVmp : Match on catch block at 0xc3 in for 0x709e959025
