02-29 16:07:45.423 17307 17307 W logcat : type=1400 audit(0.0:12943): avc: denied { ioctl } for path="/storage/emulated/0/Download/FMThemes/MBLogs/logcat.txt" dev="fuse" ino=226067 ioctlcmd=0xf50d scontext=u:r:untrusted_app:s0:c212,c256,c512,c768 tcontext=u:object_r:fuse:s0 tclass=file permissive=0 app=com.mbwhatsapp
02-29 16:07:45.423 17267 17267 W com.mbwhatsapp: type=1400 audit(0.0:12944): avc: granted { execute } for path="/data/data/com.mbwhatsapp/files/decompressed/libs.spk.zst/libc++_shared.so" dev="dm-46" ino=100860 scontext=u:r:untrusted_app:s0:c212,c256,c512,c768 tcontext=u:object_r:app_data_file:s0:c212,c256,c512,c768 tclass=file app=com.mbwhatsapp
02-29 16:07:45.427 17267 17267 W com.mbwhatsapp: type=1400 audit(0.0:12945): avc: granted { execute } for path="/data/data/com.mbwhatsapp/files/decompressed/libs.spk.zst/libvlc.so" dev="dm- 46" ino=100820 scontext=u:r:untrusted_app:s0:c212,c256,c512,c768 tcontext=u:object_r:app_data_file:s0:c212,c256,c512,c768 tclass=file app=com.mbwhatsapp
02-29 16:07:45.435 17267 17267 W com.mbwhatsapp: type=1400 audit(0.0:12946): avc: granted { execute } for path="/data/data/com.mbwhatsapp/files/decompressed/libs.spk.zst/libwhatsapp.so" dev="dm-46" ino=100821 scontext=u:r:untrusted_app:s0:c212,c256,c512,c768 tcontext=u:object_r:app_data_file:s0:c212,c256,c512,c768 tclass=file app=com.mbwhatsapp
02-29 16:07:45.459 17267 17267 W com.mbwhatsapp: type=1400 audit(0.0:12947): avc: granted { execute } for path="/data/data/com.mbwhatsapp/files/decompressed/libs.spk.zst/libcurve25519.so" dev="dm-46" ino=100837 scontext=u:r:untrusted_app:s0:c212,c256,c512,c768 tcontext=u:object_r:app_data_file:s0:c212,c256,c512,c768 tclass=file app=com.mbwhatsapp
02-29 16:07:45.467 17267 17267 W com.mbwhatsapp: type=1400 audit(0.0:12948): avc: granted { execute } for path="/data/data/com.mbwhatsapp/files/decompressed/libs.spk.zst/libwhatsapp.so" dev="dm-46" ino=100821 scontext=u:r:untrusted_app:s0:c212,c256,c512,c768 tcontext=u:object_r:app_data_file:s0:c212,c256,c512,c768 tclass=file app=com.mbwhatsapp
02-29 16:07:45.467 17267 17267 W com.mbwhatsapp: type=1400 audit(0.0:12949): avc: granted { execute } for path="/data/data/com.mbwhatsapp/files/decompressed/libs.spk.zst/libwhatsapp.so" dev="dm-46" ino=100821 scontext=u:r:untrusted_app:s0:c212,c256,c512,c768 tcontext=u:object_r:app_data_file:s0:c212,c256,c512,c768 tclass=file app=com.mbwh--------- beginning of main
02-29 16:28:45.043 20920 20920 E com.mbwhatsapp: Not starting debugger since process cannot load the jdwp agent.
02-29 16:28:45.051 20920 20920 W ziparchive: Unable to open '/system_ext/framework/unisoc-framework.dm': No such file or directory
02-29 16:28:45.051 20920 20920 W ziparchive: Unable to open '/system_ext/framework/unisoc-framework.dm': No such file or directory
02-29 16:28:45.060 20920 20934 E com.mbwhatsapp: Could not write anonymous vdex /system_ext/framework/oat/arm64/unisoc-framework.vdex: Could not open /system_ext/framework/oat/arm64/unisoc-framework.vdex for writing
02-29 16:28:45.260 20920 20920 W System.err: java.lang.ClassNotFoundException: mbmodsd.mbmodsw.ui.views.btn.BtnBK
02-29 16:28:45.265 20920 20920 W System.err: at java.lang.Runtime.nativeLoad(Native Method)
02-29 16:28:45.265 20920 20920 W System.err: at java.lang.Runtime.nativeLoad(Runtime.java:1126)
02-29 16:28:45.265 20920 20920 W System.err: at java.lang.Runtime.loadLibrary0(Runtime.java:1080)
02-29 16:28:45.265 20920 20920 W System.err: at java.lang.Runtime.loadLibrary0(Runtime.java:1003)
02-29 16:28:45.265 20920 20920 W System.err: at java.lang.System.loadLibrary(System.java:1661)
02-29 16:28:45.265 20920 20920 W System.err: at arm.EpicVm.<clinit>(Unknown Source:2)
02-29 16:28:45.265 20920 20920 W System.err: at java.lang.Class.newInstance(Native Method)
02-29 16:28:45.265 20920 20920 W System.err: at android.app.AppComponentFactory.instantiateApplication(AppComponentFactory.java:76)
02-29 16:28:45.265 20920 20920 W System.err: at androidx.core.app.CoreComponentFactory.instantiateApplication(Unknown Source:0)
02-29 16:28:45.265 20920 20920 W System.err: at android.app.Instrumentation.newApplication(Instrumentation.java:1232)
02-29 16:28:45.265 20920 20920 W System.err: at android.app.LoadedApk.makeApplicationInner(LoadedApk.java:1466)
02-29 16:28:45.265 20920 20920 W System.err: at android.app.LoadedApk.makeApplicationInner(LoadedApk.java:1403)
02-29 16:28:45.265 20920 20920 W System.err: at android.app.ActivityThread.handleBindApplication(ActivityThread.java:6867)
02-29 16:28:45.265 20920 20920 W System.err: at android.app.ActivityThread.-$ $Nest$mhandleBindApplication(Unknown Source:0)
02-29 16:28:45.265 20920 20920 W System.err: at android.app.ActivityThread$H.handleMessage(ActivityThread.java:2219)
02-29 16:28:45.265 20920 20920 W System.err: at android.os.Handler.dispatchMessage(Handler.java:106)
02-29 16:28:45.265 20920 20920 W System.err: at android.os.Looper.loopOnce(Looper.java:201)
02-29 16:28:45.265 20920 20920 W System.err: at android.os.Looper.loop(Looper.java:288)
02-29 16:28:45.265 20920 20920 W System.err: at android.app.ActivityThread.main(ActivityThread.java:8061)
02-29 16:28:45.265 20920 20920 W System.err: at java.lang.reflect.Method.invoke(Native Method)
02-29 16:28:45.265 20920 20920 W System.err: at com.android.internal.os.RuntimeInit$MethodAndArgsCaller.run(RuntimeInit.java:703)
02-29 16:28:45.265 20920 20920 W System.err: at com.android.internal.os.ZygoteInit.main(ZygoteInit.java:911)
02-29 16:28:45.320 20920 20920 E CustomActivityOnCrash: IMPORTANT WARNING! You already have an UncaughtExceptionHandler, are you sure this is correct? If you use a custom UncaughtExceptionHandler, you must initialize it AFTER CustomActivityOnCrash! Installing anyway, but your original handler will not be called.
02-29 16:28:45.866 20953 20953 W logcat : type=1400 audit(0.0:13107): avc: denied { ioctl } for path="/storage/emulated/0/Download/FMThemes/MBLogs/logcat.txt" dev="fuse" ino=226067 ioctlcmd=0xf50d scontext=u:r:untrusted_app:s0:c212,c256,c512,c768 tcontext=u:object_r:fuse:s0 tclass=file permissive=0 app=com.mbwhatsapp
02-29 16:28:45.897 20920 20920 W com.mbwhatsapp: Accessing hidden method Lcom/android/org/conscrypt/OpenSSLSocketImpl;->setUseSessionTickets(Z)V (max- target-q,core-platform-api, reflection, denied)
02-29 16:28:45.897 20920 20920 W com.mbwhatsapp: Accessing hidden method Lcom/android/org/conscrypt/AbstractConscryptSocket;->setUseSessionTickets(Z)V (max- target-q, --------- beginning of main
02-29 16:28:45.946 20920 20920 W com.mbwhatsapp: type=1400 audit(0.0:13108): avc: granted { execute } for path="/data/data/com.mbwhatsapp/files/decompressed/libs.spk.zst/libc++_shared.so" dev="dm-46" ino=100860 scontext=u:r:untrusted_app:s0:c212,c256,c512,c768 tcontext=u:object_r:app_data_file:s0:c212,c256,c512,c768 tclass=file app=com.mbwhatsapp
02-29 16:28:45.958 20920 20920 W com.mbwhatsapp: type=1400 audit(0.0:13109): avc: granted { execute } for path="/data/data/com.mbwhatsapp/files/decompressed/libs.spk.zst/libvlc.so" dev="dm- 46" ino=100820 scontext=u:r:untrusted_app:s0:c212,c256,c512,c768 tcontext=u:object_r:app_data_file:s0:c212,c256,c512,c768 tclass=file app=com.mbwhatsapp
02-29 16:28:45.974 20920 20920 W com.mbwhatsapp: type=1400 audit(0.0:13110): avc: granted { execute } for path="/data/data/com.mbwhatsapp/files/decompressed/libs.spk.zst/libwhatsapp.so" dev="dm-46" ino=100821 scontext=u:r:untrusted_app:s0:c212,c256,c512,c768 tcontext=u:object_r:app_data_file:s0:c212,c256,c512,c768 tclass=file app=com.mbwhatsapp
02-29 16:28:46.038 20920 20920 W com.mbwhatsapp: type=1400 audit(0.0:13111): avc: granted { execute } for path="/data/data/com.mbwhatsapp/files/decompressed/libs.spk.zst/libcurve25519.so" dev="dm-46" ino=100837 scontext=u:r:untrusted_app:s0:c212,c256,c512,c768 tcontext=u:object_r:app_data_file:s0:c212,c256,c512,c768 tclass=file app=com.mbwhatsapp
02-29 16:28:46.160 20920 20920 W CheckTime: App running slow: Executing handleBindApplication : callApplicationOnCreate took 744ms
02-29 16:28:46.166 20920 20920 W CheckTime: App running slow: Executing com.mbwhatsapp.yo.autoschedreply.Receiver scheduleReceive took 1074ms
02-29 16:28:46.174 20920 20967 W com.mbwhatsapp: Method void X.2rL.A03(java.lang.Integer) failed lock verification and will run slower.
02-29 16:28:46.174 20920 20967 W com.mbwhatsapp: Common causes for lock verification issues are non-optimized dex code
02-29 16:28:46.174 20920 20967 W com.mbwhatsapp: and incorrect proguard optimizations.
02-29 16:30:13.353 22800 22800 E com.mbwhatsapp: Not starting debugger since process cannot load the jdwp agent.
02-29 16:30:13.360 22800 22800 W ziparchive: Unable to open '/system_ext/framework/unisoc-framework.dm': No such file or directory
02-29 16:30:13.360 22800 22800 W ziparchive: Unable to open '/system_ext/framework/unisoc-framework.dm': No such file or directory
02-29 16:30:13.377 22800 22816 E com.mbwhatsapp: Could not write anonymous vdex /system_ext/framework/oat/arm64/unisoc-framework.vdex: Could not open /system_ext/framework/oat/arm64/unisoc-framework.vdex for writing
02-29 16:30:13.648 22800 22800 W System.err: java.lang.ClassNotFoundException: mbmodsd.mbmodsw.ui.views.btn.BtnBK
02-29 16:30:13.652 22800 22800 W System.err: at java.lang.Runtime.nativeLoad(Native Method)
02-29 16:30:13.652 22800 22800 W System.err: at java.lang.Runtime.nativeLoad(Runtime.java:1126)
02-29 16:30:13.652 22800 22800 W System.err: at java.lang.Runtime.loadLibrary0(Runtime.java:1080)
02-29 16:30:13.652 22800 22800 W System.err: at java.lang.Runtime.loadLibrary0(Runtime.java:1003)
02-29 16:30:13.652 22800 22800 W System.err: at java.lang.System.loadLibrary(System.java:1661)
02-29 16:30:13.652 22800 22800 W System.err: at arm.EpicVm.<clinit>(Unknown Source:2)
02-29 16:30:13.653 22800 22800 W System.err: at java.lang.Class.newInstance(Native Method)
02-29 16:30:13.653 22800 22800 W System.err: at android.app.AppComponentFactory.instantiateApplication(AppComponentFactory.java:76)
02-29 16:30:13.653 22800 22800 W System.err: at androidx.core.app.CoreComponentFactory.instantiateApplication(Unknown Source:0)
02-29 16:30:13.653 22800 22800 W System.err: at android.app.Instrumentation.newApplication(Instrumentation.java:1232)
02-29 16:30:13.653 22800 22800 W System.err: at android.app.LoadedApk.makeApplicationInner(LoadedApk.java:1466)
02-29 16:30:13.653 22800 22800 W System.err: at android.app.LoadedApk.makeApplicationInner(LoadedApk.java:1403)
02-29 16:30:13.653 22800 22800 W System.err: at android.app.ActivityThread.handleBindApplication(ActivityThread.java:6867)
02-29 16:30:13.653 22800 22800 W System.err: at android.app.ActivityThread.-$ $Nest$mhandleBindApplication(Unknown Source:0)
02-29 16:30:13.653 22800 22800 W System.err: at android.app.ActivityThread$H.handleMessage(ActivityThread.java:2219)
02-29 16:30:13.653 22800 22800 W System.err: at android.os.Handler.dispatchMessage(Handler.java:106)
02-29 16:30:13.653 22800 22800 W System.err: at android.os.Looper.loopOnce(Looper.java:201)
02-29 16:30:13.653 22800 22800 W System.err: at android.os.Looper.loop(Looper.java:288)
02-29 16:30:13.653 22800 22800 W System.err: at android.app.ActivityThread.main(ActivityThread.java:8061)
02-29 16:30:13.653 22800 22800 W System.err: at java.lang.reflect.Method.invoke(Native Method)
02-29 16:30:13.653 22800 22800 W System.err: at com.android.internal.os.RuntimeInit$MethodAndArgsCaller.run(RuntimeInit.java:703)
02-29 16:30:13.653 22800 22800 W System.err: at com.android.internal.os.ZygoteInit.main(ZygoteInit.java:911)
02-29 16:30:13.737 22800 22800 E CustomActivityOnCrash: IMPORTANT WARNING! You already have an UncaughtExceptionHandler, are you sure this is correct? If you use a custom UncaughtExceptionHandler, you must initialize it AFTER CustomActivityOnCrash! Installing anyway, but your original handler will not be called.
02-29 16:30:14.396 22902 22902 W logcat : type=1400 audit(0.0:13171): avc: denied { ioctl } for path="/storage/emulated/0/Download/FMThemes/MBLogs/logcat.txt" dev="fuse" ino=226067 ioctlcmd=0xf50d scontext=u:r:untrusted_app:s0:c212,c256,c512,c768 tcontext=u:object_r:fuse:s0 tclass=file permissive=0 app=com.mbwhatsapp
02-29 16:30:14.532 22800 22800 W com.mbwhatsapp: Accessing hidden method Lcom/android/org/conscrypt/OpenSSLSocketImpl;->setUseSessionTickets(Z)V (max- target-q,core-platform-api, reflection, denied)
02-29 16:30:14.532 22800 22800 W com.mbwhatsapp: Accessing hidden method Lcom/android/org/conscrypt/AbstractConscryptSocket;->setUseSessionTickets(Z)V (max- target-q, reflection, denied)
02-29 16:30:14.628 22800 22800 W com.mbwhatsapp: type=1400 audit(0.0:13172): avc: granted { execute } for path="/data/data/com.mbwhatsapp/files/decompressed/libs.spk.zst/libc++_shared.so" dev="dm-46" ino=100860 scontext=u:r:untrusted_app:s0:c212,c256,c512,c768 tcontext=u:object_r:app_data_file:s0:c212,c256,c512,c768 tclass=file app=com.mbwhatsapp
02-29 16:30:14.648 22800 22800 W com.mbwhatsapp: type=1400 audit(0.0:13173): avc: granted { execute } for path="/data/data/com.mbwhatsapp/files/decompressed/libs.spk.zst/libvlc.so" dev="dm- 46" ino=100820 scontext=u:r:untrusted_app:s0:c212,c256,c512,c768 tcontext=u:object_r:app_data_file:s0:c212,c256,c512,c768 tclass=file app=com.mbwhatsapp
02-29 16:30:14.672 22800 22800 W com.mbwhatsapp: type=1400 audit(0.0:13174): avc: granted { execute } for path="/data/data/com.mbwhatsapp/files/decompressed/libs.spk.zst/libwhatsapp.so" dev="dm-46" ino=100821 scontext=u:r:untrusted_app:s0:c212,c256,c512,c768 tcontext=u:object_r:app_data_file:s0:c212,c256,c512,c768 tclass=file app=com.mbwhatsapp
02-29 16:30:14.768 22800 22800 W com.mbwhatsapp: type=1400 audit(0.0:13175): avc: granted { execute } for path="/data/data/com.mbwhatsapp/files/decompressed/libs.spk.zst/libcurve25519.so" dev="dm-46" ino=100837 scontext=u:r:untrusted_app:s0:c212,c256,c512,c768 tcontext=u:object_r:app_data_file:s0:c212,c256,c512,c768 tclass=file app=com.mbwhatsapp
02-29 16:30:15.160 22800 22800 W CheckTime: App running slow: Executing handleBindApplication : callApplicationOnCreate took 1281ms
02-29 16:30:15.190 22800 22968 W com.mbwhatsapp: Method void X.2rL.A03(java.lang.Integer) failed lock verification and will run slower.
02-29 16:30:15.190 22800 22968 W com.mbwhatsapp: Common causes for lock verification issues are non-optimized dex code
02-29 16:30:15.190 22800 22968 W com.mbwhatsapp: and incorrect proguard optimizations.
02-29 16:37:01.241 22800 22800 W com.mbwhatsapp: Verification of void com.mbwhatsapp.HomeActivity.<init>() took 131.576ms (1200.82 bytecodes/s) (6720B approximate peak alloc)
02-29 16:37:01.380 22800 22800 W com.mbwhatsapp: Verification of void com.mbwhatsapp.HomeActivity.A5I() took 120.742ms (6211.59 bytecodes/s) (20992B approximate peak alloc)
02-29 16:37:01.409 22800 22800 W com.mbwhatsapp: Method void com.mbwhatsapp.HomeActivity.A6e() failed lock verification and will run slower.
02-29 16:37:01.834 22800 22800 W com.mbwhatsapp: Method void X.0eU.A0h(X.0tK, boolean) failed lock verification and will run slower.
02-29 16:37:01.904 22800 22800 W CheckTime: App running slow: Executing instantiate activity took 830ms
02-29 16:37:04.368 22800 22800 E ArmVmp : Match on catch block at 0x0a in for 0x709e959031
02-29 16:37:04.575 22800 22800 E ArmVmp : Match on catch block at 0x0a in for 0x709e95904d
02-29 16:37:04.609 22800 25333 W com.mbwhatsapp: Accessing hidden method Lcom/android/org/conscrypt/ConscryptEngineSocket;->setUseSessionTickets(Z)V (max- target-q,core-platform-api, reflection, denied)
02-29 16:37:04.609 22800 25333 W com.mbwhatsapp: Accessing hidden method Lcom/android/org/conscrypt/OpenSSLSocketImpl;->setUseSessionTickets(Z)V (max- target-q,core-platform-api, reflection, denied)
02-29 16:37:04.609 22800 25333 W com.mbwhatsapp: Accessing hidden method Lcom/android/org/conscrypt/AbstractConscryptSocket;->setUseSessionTickets(Z)V (max- target-q, reflection, denied)
02-29 16:37:04.609 22800 25333 W com.mbwhatsapp: Accessing hidden method Lcom/android/org/conscrypt/ConscryptEngineSocket;->setHostname(Ljava/lang/String;)V (max-target-q,core-platform-api, reflection, denied)
02-29 16:37:04.609 22800 25333 W com.mbwhatsapp: Accessing hidden method Lcom/android/org/conscrypt/OpenSSLSocketImpl;->setHostname(Ljava/lang/String;)V (max-target-q,core-platform-api, reflection, denied)
02-29 16:37:04.609 22800 25333 W com.mbwhatsapp: Accessing hidden method Lcom/android/org/conscrypt/AbstractConscryptSocket;->setHostname(Ljava/lang/ String;)V (max-target-q, reflection, denied)
02-29 16:37:04.610 22800 25333 W com.mbwhatsapp: Accessing hidden method Lcom/android/org/conscrypt/OpenSSLSocketImpl;->setAlpnProtocols([B)V (max-target- q,core-platform-api, reflection, denied)
02-29 16:37:04.610 22800 25333 W com.mbwhatsapp: Accessing hidden method Lcom/android/org/conscrypt/AbstractConscryptSocket;->setAlpnProtocols([B)V (max- target-q, reflection, denied)
02-29 16:37:04.822 22800 25333 W com.mbwhatsapp: Accessing hidden method Lcom/android/org/conscrypt/OpenSSLSocketImpl;->getAlpnSelectedProtocol()[B (max- target-q,core-platform-api, reflection, denied)
02-29 16:37:04.822 22800 25333 W com.mbwhatsapp: Accessing hidden method Lcom/android/org/conscrypt/AbstractConscryptSocket;->getAlpnSelectedProtocol()[B (max-target-q, reflection, denied)
02-29 16:37:04.910 22800 22800 W Activity: Can request only one set of permissions at a time
02-29 16:37:05.419 22800 22800 W CheckTime: App running slow: Executing activity onCreate took 3339ms
02-29 16:37:06.525 22800 25476 W LOTTIE : Animation contains merge paths. Merge paths are only supported on KitKat+ and must be manually enabled by calling enableMergePathsForKitKatAndAbove().
02-29 16:37:06.925 22800 22800 E ArmVmp : Match on catch block at 0x0a in for 0x709e959035
02-29 16:37:07.025 22800 22800 W LOTTIE : Animation contains merge paths but they are disabled.
02-29 16:37:09.562 22800 22800 E RecyclerView: No adapter attached; skipping layout
02-29 16:37:09.770 22800 25063 W Parcel : Expecting binder but got null!
02-29 16:37:09.801 22800 22800 W CheckTime: App running slow: Executing com.mbwhatsapp.yo.WidgetProvider scheduleReceive took 2955ms
02-29 16:37:10.295 22800 22800 W CheckTime: App running slow: Executing com.mbwhatsapp.yo.autoschedreply.Receiver scheduleReceive took 489ms
02-29 16:37:11.143 22800 22800 E ArmVmp : Match on catch block at 0x5b in for 0x709e95901d
02-29 16:37:11.282 22800 22800 W com.mbwhatsapp: type=1400 audit(0.0:13232): avc: denied { read } for name="u:object_r:unipnp_prop:s0" dev="tmpfs" ino=12234 scontext=u:r:untrusted_app:s0:c212,c256,c512,c768 tcontext=u:object_r:unipnp_prop:s0 tclass=file permissive=0 app=com.mbwhatsapp
02-29 16:37:11.282 22800 22800 W com.mbwhatsapp: type=1400 audit(0.0:13233): avc: denied { read } for name="u:object_r:unipnp_prop:s0" dev="tmpfs" ino=12234 scontext=u:r:untrusted_app:s0:c212,c256,c512,c768 tcontext=u:object_r:unipnp_prop:s0 tclass=file permissive=0 app=com.mbwhatsapp
02-29 16:37:11.284 22800 22800 W libc : Access denied finding property "persist.unipnp.debug"
02-29 16:37:11.284 22800 22800 W libc : Access denied finding property "persist.unipnp.debug"
02-29 16:37:11.284 22800 22800 W ziparchive: Unable to open '/system_ext/framework/unipnp-framework.dm': No such file or directory
02-29 16:37:11.284 22800 22800 W ziparchive: Unable to open '/system_ext/framework/unipnp-framework.dm': No such file or directory
02-29 16:37:20.661 22800 26454 E RenderScript: Failed to find hal setup entry points: undefined symbol: rsdHalAbort
02-29 16:37:20.661 22800 26454 E RenderScript: Failed to load runtime , loading default
02-29 16:37:21.475 22800 22809 W com.mbwhatsapp: Cleared Reference was only reachable from finalizer (only reported once)
02-29 16:37:21.538 22800 22800 W CheckTime: App running slow: Executing activity onCreate took 1395ms
02-29 16:37:21.551 22800 22811 W System : A resource failed to call close.
02-29 16:37:21.609 22800 22800 E ArmVmp : Match on catch block at 0x0a in for 0x709e959035
02-29 16:37:21.619 22800 22800 E ArmVmp : Match on catch block at 0x0a in for 0x709e959035
02-29 16:37:22.101 22800 22800 E ArmVmp : Match on catch block at 0xc3 in for 0x709e959021
02-29 16:37:22.114 22800 22800 E ArmVmp : Match on catch block at 0xc3 in for 0x709e959021
02-29 16:37:22.131 22800 22800 E ArmVmp : Match on catch block at 0xc3 in for 0x709e959021
02-29 16:37:22.194 22800 25063 W Parcel : Expecting binder but got null!
02-29 16:37:22.221 22800 22800 E ArmVmp : Match on catch block at 0xc3 in for 0x709e959025
02-29 16:37:22.228 22800 22800 E ArmVmp : Match on catch block at 0xc3 in for 0x709e959025
02-29 16:37:22.231 22800 22800 E ArmVmp : Match on catch block at 0xc3 in for 0x709e959025
02-29 16:37:22.297 22800 22800 E ArmVmp : Match on catch block at 0xc3 in for 0x709e959025
02-29 16:37:22.305 22800 22800 E ArmVmp : Match on catch block at 0xc3 in for 0x709e959025
02-29 16:37:22.308 22800 22800 E ArmVmp : Match on catch block at 0xc3 in for 0x709e959025
02-29 16:37:22.320 22800 22800 E ArmVmp : Match on catch block at 0xc3 in for 0x709e959025
02-29 16:37:22.323 22800 22800 E ArmVmp : Match on catch block at 0xc3 in for 0x709e959025
02-29 16:37:22.325 22800 22800 E ArmVmp : Match on catch block at 0xc3 in for 0x709e959025
02-29 16:37:22.341 22800 22800 E ArmVmp : Match on catch block at 0xc3 in for 0x709e959025
02-29 16:37:22.346 22800 22800 E ArmVmp : Match on catch block at 0xc3 in for 0x709e959025
02-29 16:37:22.350 22800 22800 E ArmVmp : Match on catch block at 0xc3 in for 0x709e959025
02-29 16:37:22.365 22800 22800 E ArmVmp : Match on catch block at 0xc3 in for 0x709e959025
02-29 16:37:22.371 22800 22800 E ArmVmp : Match on catch block at 0xc3 in for 0x709e959025
02-29 16:37:22.378 22800 22800 E ArmVmp : Match on catch block at 0xc3 in for 0x709e959025
02-29 16:37:22.414 22800 22800 E ArmVmp : Match on catch block at 0xc3 in for 0x709e959025
02-29 16:37:22.421 22800 22800 E ArmVmp : Match on catch block at 0xc3 in for 0x709e959025
02-29 16:37:22.424 22800 22800 E ArmVmp : Match on catch block at 0xc3 in for 0x709e959025
02-29 16:37:22.451 22800 22800 E ArmVmp : Match on catch block at 0xc3 in for 0x709e959025
02-29 16:37:22.455 22800 22800 E ArmVmp : Match on catch block at 0xc3 in for 0x709e959025
02-29 16:37:22.458 22800 22800 E ArmVmp : Match on catch block at 0xc3 in for 0x709e959025
02-29 16:37:22.472 22800 22800 E ArmVmp : Match on catch block at 0xc3 in for 0x709e959025
02-29 16:37:22.474 22800 22800 E ArmVmp : Match on catch block at 0xc3 in for 0x709e959025
02-29 16:37:22.477 22800 22800 E ArmVmp : Match on catch block at 0xc3 in for 0x709e959025
02-29 16:37:22.495 22800 22800 E ArmVmp : Match on catch block at 0xc3 in for 0x709e959025
02-29 16:37:22.498 22800 22800 E ArmVmp : Match on catch block at 0xc3 in for 0x709e959025
02-29 16:37:22.502 22800 22800 E ArmVmp : Match on catch block at 0xc3 in for 0x709e959025
02-29 16:37:22.513 22800 22800 E ArmVmp : Match on catch block at 0xc3 in for 0x709e959025
02-29 16:37:22.516 22800 22800 E ArmVmp : Match on catch block at 0xc3 in for 0x709e959025
02-29 16:37:22.521 22800 22800 E ArmVmp : Match on catch block at 0xc3 in for 0x709e959025
02-29 16:37:22.527 22800 22800 E ArmVmp : Match on catch block at 0xc3 in for 0x709e959025
02-29 16:37:22.529 22800 22800 E ArmVmp : Match on catch block at 0xc3 in for 0x709e959025
02-29 16:37:22.532 22800 22800 E ArmVmp : Match on catch block at 0xc3 in for 0x709e959025
02-29 16:37:22.538 22800 22800 E ArmVmp : Match on catch block at 0xc3 in for 0x709e959025
02-29 16:37:22.542 22800 22800 E ArmVmp : Match on catch block at 0xc3 in for 0x709e959025
02-29 16:37:22.544 22800 22800 E ArmVmp : Match on catch block at 0xc3 in for 0x709e959025
02-29 16:37:22.550 22800 22800 E ArmVmp : Match on catch block at 0xc3 in for 0x709e959025
02-29 16:37:22.553 22800 22800 E ArmVmp : Match on catch block at 0xc3 in for 0x709e959025
02-29 16:37:22.555 22800 22800 E ArmVmp : Match on catch block at 0xc3 in for 0x709e959025
02-29 16:37:22.567 22800 22800 E ArmVmp : Match on catch block at 0xc3 in for 0x709e959025
02-29 16:37:22.570 22800 22800 E ArmVmp : Match on catch block at 0xc3 in for 0x709e959025
02-29 16:37:22.573 22800 22800 E ArmVmp : Match on catch block at 0xc3 in for 0x709e959025
02-29 16:37:22.584 22800 22800 E ArmVmp : Match on catch block at 0xc3 in for 0x709e959025
02-29 16:37:22.586 22800 22800 E ArmVmp : Match on catch block at 0xc3 in for 0x709e959025
02-29 16:37:22.589 22800 22800 E ArmVmp : Match on catch block at 0xc3 in for 0x709e959025
02-29 16:37:22.600 22800 22800 E ArmVmp : Match on catch block at 0xc3 in for 0x709e959025
02-29 16:37:22.603 22800 22800 E ArmVmp : Match on catch block at 0xc3 in for 0x709e959025
02-29 16:37:22.604 22800 22800 E ArmVmp : Match on catch block at 0xc3 in for 0x709e959025
02-29 16:37:22.617 22800 22800 E ArmVmp : Match on catch block at 0xc3 in for 0x709e959025
02-29 16:37:22.620 22800 22800 E ArmVmp : Match on catch block at 0xc3 in for 0x709e959025
02-29 16:37:22.622 22800 22800 E ArmVmp : Match on catch block at 0xc3 in for 0x709e959025
02-29 16:37:22.634 22800 22800 E ArmVmp : Match on catch block at 0xc3 in for 0x709e959025
02-29 16:37:22.636 22800 22800 E ArmVmp : Match on catch block at 0xc3 in for 0x709e959025
02-29 16:37:22.638 22800 22800 E ArmVmp : Match on catch block at 0xc3 in for 0x709e959025
02-29 16:37:22.650 22800 22800 E ArmVmp : Match on catch block at 0xc3 in for 0x709e959025
02-29 16:37:22.654 22800 22800 E ArmVmp : Match on catch block at 0xc3 in for 0x709e959025
02-29 16:37:22.656 22800 22800 E ArmVmp : Match on catch block at 0xc3 in for 0x709e959025
02-29 16:37:22.667 22800 22800 E ArmVmp : Match on catch block at 0xc3 in for 0x709e959025
02-29 16:37:22.670 22800 22800 E ArmVmp : Match on catch block at 0xc3 in for 0x709e959025
02-29 16:37:22.673 22800 22800 E ArmVmp : Match on catch block at 0xc3 in for 0x709e959025
02-29 16:37:22.684 22800 22800 E ArmVmp : Match on catch block at 0xc3 in for 0x709e959025
02-29 16:37:22.689 22800 22800 E ArmVmp : Match on catch block at 0xc3 in for 0x709e959025
02-29 16:37:22.691 22800 22800 E ArmVmp : Match on catch block at 0xc3 in for 0x709e959025
02-29 16:37:22.701 22800 22800 E ArmVmp : Match on catch block at 0xc3 in for 0x709e959025
02-29 16:37:22.705 22800 22800 E ArmVmp : Match on catch block at 0xc3 in for 0x709e959025
02-29 16:37:22.708 22800 22800 E ArmVmp : Match on catch block at 0xc3 in for 0x709e959025
02-29 16:37:22.724 22800 22800 E ArmVmp : Match on catch block at 0xc3 in for 0x709e959025
02-29 16:37:22.727 22800 22800 E ArmVmp : Match on catch block at 0xc3 in for 0x709e959025
02-29 16:37:22.728 22800 22800 E ArmVmp : Match on catch block at 0xc3 in for 0x709e959025
02-29 16:37:22.750 22800 22800 E ArmVmp : Match on catch block at 0xc3 in for 0x709e959025
02-29 16:37:22.755 22800 22800 E ArmVmp : Match on catch block at 0xc3 in for 0x709e959025
02-29 16:37:22.758 22800 22800 E ArmVmp : Match on catch block at 0xc3 in for 0x709e959025
02-29 16:37:22.786 22800 22800 E ArmVmp : Match on catch block at 0xc3 in for 0x709e959025
02-29 16:37:22.790 22800 22800 E ArmVmp : Match on catch block at 0xc3 in for 0x709e959025
02-29 16:37:22.792 22800 22800 E ArmVmp : Match on catch block at 0xc3 in for 0x709e959025
02-29 16:37:22.807 22800 22800 E ArmVmp : Match on catch block at 0xc3 in for 0x709e959025
02-29 16:37:22.809 22800 22800 E ArmVmp : Match on catch block at 0xc3 in for 0x709e959025
02-29 16:37:22.811 22800 22800 E ArmVmp : Match on catch block at 0xc3 in for 0x709e959025
02-29 16:37:22.817 22800 22800 E ArmVmp : Match on catch block at 0xc3 in for 0x709e959025
02-29 16:37:22.823 22800 22800 E ArmVmp : Match on catch block at 0xc3 in for 0x709e959025
02-29 16:37:22.825 22800 22800 E ArmVmp : Match on catch block at 0xc3 in for 0x709e959025
02-29 16:37:22.834 22800 22800 E ArmVmp : Match on catch block at 0xc3 in for 0x709e959025
02-29 16:37:22.837 22800 22800 E ArmVmp : Match on catch block at 0xc3 in for 0x709e959025
02-29 16:37:22.839 22800 22800 E ArmVmp : Match on catch block at 0xc3 in for 0x709e959025
02-29 16:37:22.850 22800 22800 E ArmVmp : Match on catch block at 0xc3 in for 0x709e959025
02-29 16:37:22.853 22800 22800 E ArmVmp : Match on catch block at 0xc3 in for 0x709e959025
02-29 16:37:22.856 22800 22800 E ArmVmp : Match on catch block at 0xc3 in for 0x709e959025
02-29 16:37:22.867 22800 22800 E ArmVmp : Match on catch block at 0xc3 in for 0x709e959025
02-29 16:37:22.870 22800 22800 E ArmVmp : Match on catch block at 0xc3 in for 0x709e959025
02-29 16:37:22.872 22800 22800 E ArmVmp : Match on catch block at 0xc3 in for 0x709e959025
02-29 16:37:22.884 22800 22800 E ArmVmp : Match on catch block at 0xc3 in for 0x709e959025
02-29 16:37:22.887 22800 22800 E ArmVmp : Match on catch block at 0xc3 in for 0x709e959025
02-29 16:37:22.889 22800 22800 E ArmVmp : Match on catch block at 0xc3 in for 0x709e959025
02-29 16:37:22.900 22800 22800 E ArmVmp : Match on catch block at 0xc3 in for 0x709e959025
02-29 16:37:22.904 22800 22800 E ArmVmp : Match on catch block at 0xc3 in for 0x709e959025
02-29 16:37:22.907 22800 22800 E ArmVmp : Match on catch block at 0xc3 in for 0x709e959025
02-29 16:37:22.917 22800 22800 E ArmVmp : Match on catch block at 0xc3 in for 0x709e959025
02-29 16:37:22.921 22800 22800 E ArmVmp : Match on catch block at 0xc3 in for 0x709e959025
02-29 16:37:22.923 22800 22800 E ArmVmp : Match on catch block at 0xc3 in for 0x709e959025
02-29 16:37:23.418 22800 22800 E ArmVmp : Match on catch block at 0xc3 in for 0x709e959025
02-29 16:37:23.421 22800 22800 E ArmVmp : Match on catch block at 0xc3 in for 0x709e959025
02-29 16:37:23.425 22800 22800 E ArmVmp : Match on catch block at 0xc3 in for 0x709e959025
02-29 16:37:23.901 22800 22800 E ArmVmp : Match on catch block at 0xc3 in for 0x709e959025
02-29 16:37:23.906 22800 22800 E ArmVmp : Match on catch block at 0xc3 in for 0x709e959025
02-29 16:37:23.909 22800 22800 E ArmVmp : Match on catch block at 0xc3 in for 0x709e959025
02-29 16:37:23.918 22800 22800 E ArmVmp : Match on catch block at 0xc3 in for 0x709e959025
02-29 16:37:23.923 22800 22800 E ArmVmp : Match on catch block at 0xc3 in for 0x709e959025
02-29 16:37:23.926 22800 22800 E ArmVmp : Match on catch block at 0xc3 in for 0x709e959025
02-29 16:37:23.939 22800 22800 E ArmVmp : Match on catch block at 0xc3 in for 0x709e959025
02-29 16:37:23.943 22800 22800 E ArmVmp : Match on catch block at 0xc3 in for 0x709e959025
02-29 16:37:23.946 22800 22800 E ArmVmp : Match on catch block at 0xc3 in for 0x709e959025
02-29 16:37:23.952 22800 22800 E ArmVmp : Match on catch block at 0xc3 in for 0x709e959025
02-29 16:37:23.955 22800 22800 E ArmVmp : Match on catch block at 0xc3 in for 0x709e959025
02-29 16:37:23.959 22800 22800 E ArmVmp : Match on catch block at 0xc3 in for 0x709e959025
02-29 16:37:23.968 22800 22800 E ArmVmp : Match on catch block at 0xc3 in for 0x709e959025
02-29 16:37:23.974 22800 22800 E ArmVmp : Match on catch block at 0xc3 in for 0x709e959025
02-29 16:37:23.977 22800 22800 E ArmVmp : Match on catch block at 0xc3 in for 0x709e959025
02-29 16:37:23.986 22800 22800 E ArmVmp : Match on catch block at 0xc3 in for 0x709e959025
02-29 16:37:23.991 22800 22800 E ArmVmp : Match on catch block at 0xc3 in for 0x709e959025
02-29 16:37:23.995 22800 22800 E ArmVmp : Match on catch block at 0xc3 in for 0x709e959025
02-29 16:37:24.002 22800 22800 E ArmVmp : Match on catch block at 0xc3 in for 0x709e959025
02-29 16:37:24.006 22800 22800 E ArmVmp : Match on catch block at 0xc3 in for 0x709e959025
02-29 16:37:24.012 22800 22800 E ArmVmp : Match on catch block at 0xc3 in for 0x709e959025
02-29 16:37:24.020 22800 22800 E ArmVmp : Match on catch block at 0xc3 in for 0x709e959025
02-29 16:37:24.023 22800 22800 E ArmVmp : Match on catch block at 0xc3 in for 0x709e959025
02-29 16:37:24.025 22800 22800 E ArmVmp : Match on catch block at 0xc3 in for 0x709e959025
02-29 16:37:24.049 22800 22800 E ArmVmp : Match on catch block at 0xc3 in for 0x709e959025
02-29 16:37:24.051 22800 22800 E ArmVmp : Match on catch block at 0xc3 in for 0x709e959025
02-29 16:37:24.054 22800 22800 E ArmVmp : Match on catch block at 0xc3 in for 0x709e959025
02-29 16:37:24.077 22800 22800 E ArmVmp : Match on catch block at 0xc3 in for 0x709e959025
02-29 16:37:24.079 22800 22800 E ArmVmp : Match on catch block at 0xc3 in for 0x709e959025
02-29 16:37:24.081 22800 22800 E ArmVmp : Match on catch block at 0xc3 in for 0x709e959025
02-29 16:37:24.087 22800 22800 E ArmVmp : Match on catch block at 0xc3 in for 0x709e959025
02-29 16:37:24.090 22800 22800 E ArmVmp : Match on catch block at 0xc3 in for 0x709e959025
02-29 16:37:24.092 22800 22800 E ArmVmp : Match on catch block at 0xc3 in for 0x709e959025
02-29 16:37:24.101 22800 22800 E ArmVmp : Match on catch block at 0xc3 in for 0x709e959025
02-29 16:37:24.106 22800 22800 E ArmVmp : Match on catch block at 0xc3 in for 0x709e959025
02-29 16:37:24.109 22800 22800 E ArmVmp : Match on catch block at 0xc3 in for 0x709e959025
02-29 16:37:24.118 22800 22800 E ArmVmp : Match on catch block at 0xc3 in for 0x709e959025
02-29 16:37:24.123 22800 22800 E ArmVmp : Match on catch block at 0xc3 in for 0x709e959025
02-29 16:37:24.126 22800 22800 E ArmVmp : Match on catch block at 0xc3 in for 0x709e959025
02-29 16:37:24.134 22800 22800 E ArmVmp : Match on catch block at 0xc3 in for 0x709e959025
02-29 16:37:24.140 22800 22800 E ArmVmp : Match on catch block at 0xc3 in for 0x709e959025
02-29 16:37:24.143 22800 22800 E ArmVmp : Match on catch block at 0xc3 in for 0x709e959025
02-29 16:37:24.151 22800 22800 E ArmVmp : Match on catch block at 0xc3 in for 0x709e959025
02-29 16:37:24.157 22800 22800 E ArmVmp : Match on catch block at 0xc3 in for 0x709e959025
02-29 16:37:24.160 22800 22800 E ArmVmp : Match on catch block at 0xc3 in for 0x709e959025
02-29 16:37:24.169 22800 22800 E ArmVmp : Match on catch block at 0xc3 in for 0x709e959025
02-29 16:37:24.174 22800 22800 E ArmVmp : Match on catch block at 0xc3 in for 0x709e959025
02-29 16:37:24.177 22800 22800 E ArmVmp : Match on catch block at 0xc3 in for 0x709e959025
02-29 16:37:24.185 22800 22800 E ArmVmp : Match on catch block at 0xc3 in for 0x709e959025
02-29 16:37:24.188 22800 22800 E ArmVmp : Match on catch block at 0xc3 in for 0x709e959025
02-29 16:37:24.190 22800 22800 E ArmVmp : Match on catch block at 0xc3 in for 0x709e959025
02-29 16:37:24.202 22800 22800 E ArmVmp : Match on catch block at 0xc3 in for 0x709e959025
02-29 16:37:24.207 22800 22800 E ArmVmp : Match on catch block at 0xc3 in for 0x709e959025
02-29 16:37:24.209 22800 22800 E ArmVmp : Match on catch block at 0xc3 in for 0x709e959025
02-29 16:37:24.218 22800 22800 E ArmVmp : Match on catch block at 0xc3 in for 0x709e959025
02-29 16:37:24.222 22800 22800 E ArmVmp : Match on catch block at 0xc3 in for 0x709e959025
02-29 16:37:24.225 22800 22800 E ArmVmp : Match on catch block at 0xc3 in for 0x709e959025
02-29 16:37:24.235 22800 22800 E ArmVmp : Match on catch block at 0xc3 in for 0x709e959025
02-29 16:37:24.239 22800 22800 E ArmVmp : Match on catch block at 0xc3 in for 0x709e959025
02-29 16:37:24.241 22800 22800 E ArmVmp : Match on catch block at 0xc3 in for 0x709e959025
02-29 16:37:24.251 22800 22800 E ArmVmp : Match on catch block at 0xc3 in for 0x709e959025
02-29 16:37:24.254 22800 22800 E ArmVmp : Match on catch block at 0xc3 in for 0x709e959025
02-29 16:37:24.257 22800 22800 E ArmVmp : Match on catch block at 0xc3 in for 0x709e959025
02-29 16:37:24.269 22800 22800 E ArmVmp : Match on catch block at 0xc3 in for 0x709e959025
02-29 16:37:24.274 22800 22800 E ArmVmp : Match on catch block at 0xc3 in for 0x709e959025
02-29 16:37:24.276 22800 22800 E ArmVmp : Match on catch block at 0xc3 in for 0x709e959025
02-29 16:37:24.285 22800 22800 E ArmVmp : Match on catch block at 0xc3 in for 0x709e959025
02-29 16:37:24.289 22800 22800 E ArmVmp : Match on catch block at 0xc3 in for 0x709e959025
02-29 16:37:24.292 22800 22800 E ArmVmp : Match on catch block at 0xc3 in for 0x709e959025
02-29 16:37:24.301 22800 22800 E ArmVmp : Match on catch block at 0xc3 in for 0x709e959025
02-29 16:37:24.307 22800 22800 E ArmVmp : Match on catch block at 0xc3 in for 0x709e959025
02-29 16:37:24.309 22800 22800 E ArmVmp : Match on catch block at 0xc3 in for 0x709e959025
02-29 16:37:24.318 22800 22800 E ArmVmp : Match on catch block at 0xc3 in for 0x709e959025
02-29 16:37:24.323 22800 22800 E ArmVmp : Match on catch block at 0xc3 in for 0x709e959025
02-29 16:37:24.326 22800 22800 E ArmVmp : Match on catch block at 0xc3 in for 0x709e959025
02-29 16:37:24.334 22800 22800 E ArmVmp : Match on catch block at 0xc3 in for 0x709e959025
02-29 16:37:24.341 22800 22800 E ArmVmp : Match on catch block at 0xc3 in for 0x709e959025
02-29 16:37:24.344 22800 22800 E ArmVmp : Match on catch block at 0xc3 in for 0x709e959025
02-29 16:37:24.351 22800 22800 E ArmVmp : Match on catch block at 0xc3 in for 0x709e959025
02-29 16:37:24.356 22800 22800 E ArmVmp : Match on catch block at 0xc3 in for 0x709e959025
02-29 16:37:24.359 22800 22800 E ArmVmp : Match on catch block at 0xc3 in for 0x709e959025
02-29 16:37:24.367 22800 22800 E ArmVmp : Match on catch block at 0xc3 in for 0x709e959025
02-29 16:37:24.372 22800 22800 E ArmVmp : Match on catch block at 0xc3 in for 0x709e959025
02-29 16:37:24.377 22800 22800 E ArmVmp : Match on catch block at 0xc3 in for 0x709e959025
02-29 16:37:24.388 22800 22800 E ArmVmp : Match on catch block at 0xc3 in for 0x709e959025
02-29 16:37:24.394 22800 22800 E ArmVmp : Match on catch block at 0xc3 in for 0x709e959025
02-29 16:37:24.396 22800 22800 E ArmVmp : Match on catch block at 0xc3 in for 0x709e959025
02-29 16:37:24.403 22800 22800 E ArmVmp : Match on catch block at 0xc3 in for 0x709e959025
02-29 16:37:24.407 22800 22800 E ArmVmp : Match on catch block at 0xc3 in for 0x709e959025
02-29 16:37:24.415 22800 22800 E ArmVmp : Match on catch block at 0xc3 in for 0x709e959025
02-29 16:37:24.421 22800 22800 E ArmVmp : Match on catch block at 0xc3 in for 0x709e959025
02-29 16:37:24.425 22800 22800 E ArmVmp : Match on catch block at 0xc3 in for 0x709e959025
02-29 16:37:24.432 22800 22800 E ArmVmp : Match on catch block at 0xc3 in for 0x709e959025
02-29 16:37:24.442 22800 22800 E ArmVmp : Match on catch block at 0xc3 in for 0x709e959025
02-29 16:37:24.450 22800 22800 E ArmVmp : Match on catch block at 0xc3 in for 0x709e959025
02-29 16:37:24.454 22800 22800 E ArmVmp : Match on catch block at 0xc3 in for 0x709e959025
02-29 16:37:24.468 22800 22800 E ArmVmp : Match on catch block at 0xc3 in for 0x709e959025
02-29 16:37:24.472 22800 22800 E ArmVmp : Match on catch block at 0xc3 in for 0x709e959025
02-29 16:37:24.475 22800 22800 E ArmVmp : Match on catch block at 0xc3 in for 0x709e959025
02-29 16:37:24.485 22800 22800 E ArmVmp : Match on catch block at 0xc3 in for 0x709e959025
02-29 16:37:24.488 22800 22800 E ArmVmp : Match on catch block at 0xc3 in for 0x709e959025
02-29 16:37:24.492 22800 22800 E ArmVmp : Match on catch block at 0xc3 in for 0x709e959025
02-29 16:37:24.501 22800 22800 E ArmVmp : Match on catch block at 0xc3 in for 0x709e959025
02-29 16:37:24.503 22800 22800 E ArmVmp : Match on catch block at 0xc3 in for 0x709e959025
02-29 16:37:24.507 22800 22800 E ArmVmp : Match on catch block at 0xc3 in for 0x709e959025
02-29 16:37:24.517 22800 22800 E ArmVmp : Match on catch block at 0xc3 in for 0x709e959025
02-29 16:37:24.524 22800 22800 E ArmVmp : Match on catch block at 0xc3 in for 0x709e959025
02-29 16:37:24.528 22800 22800 E ArmVmp : Match on catch block at 0xc3 in for 0x709e959025
02-29 16:37:24.535 22800 22800 E ArmVmp : Match on catch block at 0xc3 in for 0x709e959025
02-29 16:37:24.539 22800 22800 E ArmVmp : Match on catch block at 0xc3 in for 0x709e959025
02-29 16:37:24.541 22800 22800 E ArmVmp : Match on catch block at 0xc3 in for 0x709e959025
02-29 16:37:24.552 22800 22800 E ArmVmp : Match on catch block at 0xc3 in for 0x709e959025
02-29 16:37:24.559 22800 22800 E ArmVmp : Match on catch block at 0xc3 in for 0x709e959025
02-29 16:37:24.562 22800 22800 E ArmVmp : Match on catch block at 0xc3 in for 0x709e959025
02-29 16:37:24.601 22800 22800 E ArmVmp : Match on catch block at 0xc3 in for 0x709e959025
02-29 16:37:24.608 22800 22800 E ArmVmp : Match on catch block at 0xc3 in for 0x709e959025
02-29 16:37:24.611 22800 22800 E ArmVmp : Match on catch block at 0xc3 in for 0x709e959025
02-29 16:37:24.652 22800 22800 E ArmVmp : Match on catch block at 0xc3 in for 0x709e959025
02-29 16:37:24.654 22800 22800 E ArmVmp : Match on catch block at 0xc3 in for 0x709e959025
02-29 16:37:24.656 22800 22800 E ArmVmp : Match on catch block at 0xc3 in for 0x709e959025
02-29 16:37:24.668 22800 22800 E ArmVmp : Match on catch block at 0xc3 in for 0x709e959025
02-29 16:37:24.671 22800 22800 E ArmVmp : Match on catch block at 0xc3 in for 0x709e959025
02-29 16:37:24.673 22800 22800 E ArmVmp : Match on catch block at 0xc3 in for 0x709e959025
02-29 16:37:24.685 22800 22800 E ArmVmp : Match on catch block at 0xc3 in for 0x709e959025
02-29 16:37:24.690 22800 22800 E ArmVmp : Match on catch block at 0xc3 in for 0x709e959025
02-29 16:37:24.694 22800 22800 E ArmVmp : Match on catch block at 0xc3 in for 0x709e959025
02-29 16:37:24.703 22800 22800 E ArmVmp : Match on catch block at 0xc3 in for 0x709e959025
02-29 16:37:24.707 22800 22800 E ArmVmp : Match on catch block at 0xc3 in for 0x709e959025
02-29 16:37:24.713 22800 22800 E ArmVmp : Match on catch block at 0xc3 in for 0x709e959025
02-29 16:37:24.721 22800 22800 E ArmVmp : Match on catch block at 0xc3 in for 0x709e959025
02-29 16:37:24.730 22800 22800 E ArmVmp : Match on catch block at 0xc3 in for 0x709e959025
02-29 16:37:24.732 22800 22800 E ArmVmp : Match on catch block at 0xc3 in for 0x709e959025
02-29 16:37:24.751 22800 22800 E ArmVmp : Match on catch block at 0xc3 in for 0x709e959025
02-29 16:37:24.755 22800 22800 E ArmVmp : Match on catch block at 0xc3 in for 0x709e959025
02-29 16:37:24.759 22800 22800 E ArmVmp : Match on catch block at 0xc3 in for 0x709e959025
02-29 16:37:24.768 22800 22800 E ArmVmp : Match on catch block at 0xc3 in for 0x709e959025
02-29 16:37:24.776 22800 22800 E ArmVmp : Match on catch block at 0xc3 in for 0x709e959025
02-29 16:37:24.780 22800 22800 E ArmVmp : Match on catch block at 0xc3 in for 0x709e959025
02-29 16:37:24.802 22800 22800 E ArmVmp : Match on catch block at 0xc3 in for 0x709e959025
02-29 16:37:24.806 22800 22800 E ArmVmp : Match on catch block at 0xc3 in for 0x709e959025
02-29 16:37:24.808 22800 22800 E ArmVmp : Match on catch block at 0xc3 in for 0x709e959025
02-29 16:37:24.817 22800 22800 E ArmVmp : Match on catch block at 0xc3 in for 0x709e959025
02-29 16:37:24.824 22800 22800 E ArmVmp : Match on catch block at 0xc3 in for 0x709e959025
02-29 16:37:24.826 22800 22800 E ArmVmp : Match on catch block at 0xc3 in for 0x709e959025
02-29 16:37:24.839 22800 22800 E ArmVmp : Match on catch block at 0xc3 in for 0x709e959025
02-29 16:37:24.843 22800 22800 E ArmVmp : Match on catch block at 0xc3 in for 0x709e959025
02-29 16:37:24.846 22800 22800 E ArmVmp : Match on catch block at 0xc3 in for 0x709e959025
02-29 16:37:24.852 22800 22800 E ArmVmp : Match on catch block at 0xc3 in for 0x709e959025
02-29 16:37:24.862 22800 22800 E ArmVmp : Match on catch block at 0xc3 in for 0x709e959025
02-29 16:37:24.864 22800 22800 E ArmVmp : Match on catch block at 0xc3 in for 0x709e959025
02-29 16:37:24.870 22800 22800 E ArmVmp : Match on catch block at 0xc3 in for 0x709e959025
02-29 16:37:24.874 22800 22800 E ArmVmp : Match on catch block at 0xc3 in for 0x709e959025
02-29 16:37:24.878 22800 22800 E ArmVmp : Match on catch block at 0xc3 in for 0x709e959025
02-29 16:37:24.888 22800 22800 E ArmVmp : Match on catch block at 0xc3 in for 0x709e959025
02-29 16:37:24.894 22800 22800 E ArmVmp : Match on catch block at 0xc3 in for 0x709e959025
02-29 16:37:24.898 22800 22800 E ArmVmp : Match on catch block at 0xc3 in for 0x709e959025
02-29 16:37:24.920 22800 22800 E ArmVmp : Match on catch block at 0xc3 in for 0x709e959025
02-29 16:37:24.924 22800 22800 E ArmVmp : Match on catch block at 0xc3 in for 0x709e959025
02-29 16:37:24.926 22800 22800 E ArmVmp : Match on catch block at 0xc3 in for 0x709e959025
02-29 16:37:24.952 22800 22800 E ArmVmp : Match on catch block at 0xc3 in for 0x709e959025
02-29 16:37:24.957 22800 22800 E ArmVmp : Match on catch block at 0xc3 in for 0x709e959025
02-29 16:37:24.961 22800 22800 E ArmVmp : Match on catch block at 0xc3 in for 0x709e959025
02-29 16:37:24.984 22800 22800 E ArmVmp : Match on catch block at 0xc3 in for 0x709e959025
02-29 16:37:24.989 22800 22800 E ArmVmp : Match on catch block at 0xc3 in for 0x709e959025
02-29 16:37:24.992 22800 22800 E ArmVmp : Match on catch block at 0xc3 in for 0x709e959025
02-29 16:37:25.002 22800 22800 E ArmVmp : Match on catch block at 0xc3 in for 0x709e959025
02-29 16:37:25.009 22800 22800 E ArmVmp : Match on catch block at 0xc3 in for 0x709e959025
02-29 16:37:25.016 22800 22800 E ArmVmp : Match on catch block at 0xc3 in for 0x709e959025
02-29 16:37:25.034 22800 22800 E ArmVmp : Match on catch block at 0xc3 in for 0x709e959025
02-29 16:37:25.042 22800 22800 E ArmVmp : Match on catch block at 0xc3 in for 0x709e959025
02-29 16:37:25.047 22800 22800 E ArmVmp : Match on catch block at 0xc3 in for 0x709e959025
02-29 16:37:25.070 22800 22800 E ArmVmp : Match on catch block at 0xc3 in for 0x709e959025
02-29 16:37:25.078 22800 22800 E ArmVmp : Match on catch block at 0xc3 in for 0x709e959025
02-29 16:37:25.085 22800 22800 E ArmVmp : Match on catch block at 0xc3 in for 0x709e959025
02-29 16:37:25.097 22800 22958 E SQLiteDatabase: Error inserting transferred=1 media_job_uuid=dd1df4d1-ab0a-4493-b9db-447ae13fd5d3 transcoded=0 gif_attribution=0 first_scan_length=0 direct_path=/v/t62.7118- 24/35827275_934130018121894_5576354687126359919_n.enc?ccb=11- 4&oh=01_AdTplJyh2m3vwfIIelDPeASaLbHBxoo7nfGqMNxmaHVzkw&oe=66063A46&_nc_sid=5e03e0&_ nc_hot=1709227184 thumbnail_height_width_ratio=1.7560976 is_animated_sticker=0 file_hash=KKCu053Xgt1PEVj/ImNXH9epzckTO4tVVVIUP7mMOVY= file_path=Media/MBWhatsApp Images/IMG-20240229-WA0001.jpg file_size=119142 partial_media_hash=null face_x=108 face_y=891 height=1280 trim_to=0 media_key_timestamp=1709099553000 message_url=https://mmg.whatsapp.net/v/t62.7118- 24/35827275_934130018121894_5576354687126359919_n.enc?ccb=11- 4&oh=01_AdTplJyh2m3vwfIIelDPeASaLbHBxoo7nfGqMNxmaHVzkw&oe=66063A46&_nc_sid=5e03e0&m ms3=true media_caption=null trim_from=0 mime_type=image/jpeg partial_media_enc_hash=null width=720 original_file_hash=null has_streaming_sidecar=0 autotransfer_retry_enabled=1 media_upload_handle=null message_row_id=7333 multicast_id=null enc_file_hash=VMlxYEtRPhGkvMoMKnFVrgXVKJy6N7L5uzvq6Tu1Z2k= mute_video=0 page_count=0 first_scan_sidecar=null suspicious_content=0 file_length=119142 media_name=null media_duration=0 chat_row_id=119 media_key=[B@b42a80
02-29 16:37:25.097 22800 22958 E SQLiteDatabase: android.database.sqlite.SQLiteConstraintException: UNIQUE constraint failed: message_media.message_row_id (code 1555 SQLITE_CONSTRAINT_PRIMARYKEY)
02-29 16:37:25.097 22800 22958 E SQLiteDatabase: at android.database.sqlite.SQLiteConnection.nativeExecuteForLastInsertedRowId(Native Method)
02-29 16:37:25.097 22800 22958 E SQLiteDatabase: at android.database.sqlite.SQLiteConnection.executeForLastInsertedRowId(SQLiteConnecti on.java:961)
02-29 16:37:25.097 22800 22958 E SQLiteDatabase: at android.database.sqlite.SQLiteSession.executeForLastInsertedRowId(SQLiteSession.jav a:790)
02-29 16:37:25.097 22800 22958 E SQLiteDatabase: at android.database.sqlite.SQLiteStatement.executeInsert(SQLiteStatement.java:89)
02-29 16:37:25.097 22800 22958 E SQLiteDatabase: at android.database.sqlite.SQLiteDatabase.insertWithOnConflict(SQLiteDatabase.java:186 8)
02-29 16:37:25.097 22800 22958 E SQLiteDatabase: at android.database.sqlite.SQLiteDatabase.insert(SQLiteDatabase.java:1737)
02-29 16:37:25.097 22800 22958 E SQLiteDatabase: at X.2tm.A08(Unknown Source:6)
02-29 16:37:25.097 22800 22958 E SQLiteDatabase: at X.35Y.A07(Unknown Source:212)
02-29 16:37:25.097 22800 22958 E SQLiteDatabase: at X.3QF.A14(Unknown Source:470)
02-29 16:37:25.097 22800 22958 E SQLiteDatabase: at X.3gU.run(Unknown Source:982)
02-29 16:37:25.097 22800 22958 E SQLiteDatabase: at android.os.Handler.handleCallback(Handler.java:942)
02-29 16:37:25.097 22800 22958 E SQLiteDatabase: at android.os.Handler.dispatchMessage(Handler.java:99)
02-29 16:37:25.097 22800 22958 E SQLiteDatabase: at X.0zq.dispatchMessage(Unknown Source:4)
02-29 16:37:25.097 22800 22958 E SQLiteDatabase: at android.os.Looper.loopOnce(Looper.java:201)
02-29 16:37:25.097 22800 22958 E SQLiteDatabase: at android.os.Looper.loop(Looper.java:288)
02-29 16:37:25.097 22800 22958 E SQLiteDatabase: at android.os.HandlerThread.run(HandlerThread.java:67)
02-29 16:37:25.103 22800 22800 E ArmVmp : Match on catch block at 0xc3 in for 0x709e959025
02-29 16:37:25.108 22800 22800 E ArmVmp : Match on catch block at 0xc3 in for 0x709e959025
02-29 16:37:25.110 22800 22800 E ArmVmp : Match on catch block at 0xc3 in for 0x709e959025
02-29 16:37:25.139 22800 22800 E ArmVmp : Match on catch block at 0xc3 in for 0x709e959025
02-29 16:37:25.145 22800 22800 E ArmVmp : Match on catch block at 0xc3 in for 0x709e959025
02-29 16:37:25.155 22800 22800 E ArmVmp : Match on catch block at 0xc3 in for 0x709e959025
02-29 16:37:25.172 22800 22800 E ArmVmp : Match on catch block at 0xc3 in for 0x709e959025
02-29 16:37:25.179 22800 22800 E ArmVmp : Match on catch block at 0xc3 in for 0x709e959025
02-29 16:37:25.182 22800 22800 E ArmVmp : Match on catch block at 0xc3 in for 0x709e959025
02-29 16:37:25.251 22800 22800 E ArmVmp : Match on catch block at 0xc3 in for 0x709e959025
02-29 16:37:25.256 22800 22800 E ArmVmp : Match on catch block at 0xc3 in for 0x709e959025
02-29 16:37:25.260 22800 22800 E ArmVmp : Match on catch block at 0xc3 in for 0x709e959025
