02-29 16:42:52.553 22800 22800 E ArmVmp : Match on catch block at 0xc3 in for 0x709e959025
02-29 16:42:52.557 22800 22800 E ArmVmp : Match on catch block at 0xc3 in for 0x709e959025
02-29 16:42:52.570 22800 22800 E ArmVmp : Match on catch block at 0xc3 in for 0x709e959025
02-29 16:42:52.577 22800 22800 E ArmVmp : Match on catch block at 0xc3 in for 0x709e959025
02-29 16:42:52.587 22800 22800 E ArmVmp : Match on catch block at 0xc3 in for 0x709e959025
02-29 16:42:52.592 22800 22800 E ArmVmp : Match on catch block at 0xc3 in for 0x709e959025
02-29 16:42:52.603 22800 22800 E ArmVmp : Match on catch block at 0xc3 in for 0x709e959025
02-29 16:42:52.607 22800 22800 E ArmVmp : Match on catch block at 0xc3 in for 0x709e959025
02-29 16:42:52.971 22800 22800 E ArmVmp : Match on catch block at 0xc3 in for 0x709e959025
02-29 16:42:52.975 22800 22800 E ArmVmp : Match on catch block at 0xc3 in for 0x709e959025
02-29 16:42:52.988 22800 22800 E ArmVmp : Match on catch block at 0xc3 in for 0x709e959025
02-29 16:42:52.993 22800 22800 E ArmVmp : Match on catch block at 0xc3 in for 0x709e959025
02-29 16:42:53.005 22800 22800 E ArmVmp : Match on catch block at 0xc3 in for 0x709e959025
02-29 16:42:53.009 22800 22800 E ArmVmp : Match on catch block at 0xc3 in for 0x709e959025
02-29 16:42:53.021 22800 22800 E ArmVmp : Match on catch block at 0xc3 in for 0x709e959025
02-29 16:42:53.026 22800 22800 E ArmVmp : Match on catch block at 0xc3 in for 0x709e959025
02-29 16:42:53.037 22800 22800 E ArmVmp : Match on catch block at 0xc3 in for 0x709e959025
02-29 16:42:53.043 22800 22800 E ArmVmp : Match on catch block at 0xc3 in for 0x709e959025
02-29 16:42:53.053 22800 22800 E ArmVmp : Match on catch block at 0xc3 in for 0x709e959025
02-29 16:42:53.058 22800 22800 E ArmVmp : Match on catch block at 0xc3 in for 0x709e959025
02-29 16:42:53.070 22800 22800 E ArmVmp : Match on catch block at 0xc3 in for 0x709e959025
02-29 16:42:53.075 22800 22800 E ArmVmp : Match on catch block at 0xc3 in for 0x709e959025
02-29 16:42:53.087 22800 22800 E ArmVmp : Match on catch block at 0xc3 in for 0x709e959025
02-29 16:42:53.091 22800 22800 E ArmVmp : Match on catch block at 0xc3 in for 0x709e959025
02-29 16:42:53.104 22800 22800 E ArmVmp : Match on catch block at 0xc3 in for 0x709e959025
02-29 16:42:53.108 22800 22800 E ArmVmp : Match on catch block at 0xc3 in for 0x709e959025
02-29 16:42:53.121 22800 22800 E ArmVmp : Match on catch block at 0xc3 in for 0x709e959025
02-29 16:42:53.128 22800 22800 E ArmVmp : Match on catch block at 0xc3 in for 0x709e959025
02-29 16:42:53.137 22800 22800 E ArmVmp : Match on catch block at 0xc3 in for 0x709e959025
02-29 16:42:53.141 22800 22800 E ArmVmp : Match on catch block at 0xc3 in for 0x709e959025
02-29 16:42:53.155 22800 22800 E ArmVmp : Match on catch block at 0xc3 in for 0x709e959025
02-29 16:42:53.160 22800 22800 E ArmVmp : Match on catch block at 0xc3 in for 0x709e959025
02-29 16:42:53.171 22800 22800 E ArmVmp : Match on catch block at 0xc3 in for 0x709e959025
02-29 16:42:53.175 22800 22800 E ArmVmp : Match on catch block at 0xc3 in for 0x709e959025
02-29 16:42:53.187 22800 22800 E ArmVmp : Match on catch block at 0xc3 in for 0x709e959025
02-29 16:42:53.191 22800 22800 E ArmVmp : Match on catch block at 0xc3 in for 0x709e959025
02-29 16:42:53.204 22800 22800 E ArmVmp : Match on catch block at 0xc3 in for 0x709e959025
02-29 16:42:53.208 22800 22800 E ArmVmp : Match on catch block at 0xc3 in for 0x709e959025
02-29 16:42:53.221 22800 22800 E ArmVmp : Match on catch block at 0xc3 in for 0x709e959025
02-29 16:42:53.225 22800 22800 E ArmVmp : Match on catch block at 0xc3 in for 0x709e959025
02-29 16:42:53.237 22800 22800 E ArmVmp : Match on catch block at 0xc3 in for 0x709e959025
02-29 16:42:53.241 22800 22800 E ArmVmp : Match on catch block at 0xc3 in for 0x709e959025
02-29 16:42:53.254 22800 22800 E ArmVmp : Match on catch block at 0xc3 in for 0x709e959025
02-29 16:42:53.259 22800 22800 E ArmVmp : Match on catch block at 0xc3 in for 0x709e959025
02-29 16:42:53.271 22800 22800 E ArmVmp : Match on catch block at 0xc3 in for 0x709e959025
02-29 16:42:53.276 22800 22800 E ArmVmp : Match on catch block at 0xc3 in for 0x709e959025
02-29 16:42:53.504 22800 22800 E ArmVmp : Match on catch block at 0xc3 in for 0x709e959025
02-29 16:42:53.509 22800 22800 E ArmVmp : Match on catch block at 0xc3 in for 0x709e959025
02-29 16:42:53.955 22800 22800 E ArmVmp : Match on catch block at 0xc3 in for 0x709e959025
02-29 16:42:53.960 22800 22800 E ArmVmp : Match on catch block at 0xc3 in for 0x709e959025
02-29 16:42:53.971 22800 22800 E ArmVmp : Match on catch block at 0xc3 in for 0x709e959025
02-29 16:42:53.976 22800 22800 E ArmVmp : Match on catch block at 0xc3 in for 0x709e959025
02-29 16:42:53.988 22800 22800 E ArmVmp : Match on catch block at 0xc3 in for 0x709e959025
02-29 16:42:53.992 22800 22800 E ArmVmp : Match on catch block at 0xc3 in for 0x709e959025
02-29 16:42:54.005 22800 22800 E ArmVmp : Match on catch block at 0xc3 in for 0x709e959025
02-29 16:42:54.009 22800 22800 E ArmVmp : Match on catch block at 0xc3 in for 0x709e959025
02-29 16:42:54.021 22800 22800 E ArmVmp : Match on catch block at 0xc3 in for 0x709e959025
02-29 16:42:54.026 22800 22800 E ArmVmp : Match on catch block at 0xc3 in for 0x709e959025
02-29 16:42:54.038 22800 22800 E ArmVmp : Match on catch block at 0xc3 in for 0x709e959025
02-29 16:42:54.042 22800 22800 E ArmVmp : Match on catch block at 0xc3 in for 0x709e959025
02-29 16:42:54.054 22800 22800 E ArmVmp : Match on catch block at 0xc3 in for 0x709e959025
02-29 16:42:54.059 22800 22800 E ArmVmp : Match on catch block at 0xc3 in for 0x709e959025
02-29 16:42:54.071 22800 22800 E ArmVmp : Match on catch block at 0xc3 in for 0x709e959025
02-29 16:42:54.075 22800 22800 E ArmVmp : Match on catch block at 0xc3 in for 0x709e959025
02-29 16:42:54.087 22800 22800 E ArmVmp : Match on catch block at 0xc3 in for 0x709e959025
02-29 16:42:54.092 22800 22800 E ArmVmp : Match on catch block at 0xc3 in for 0x709e959025
02-29 16:42:54.104 22800 22800 E ArmVmp : Match on catch block at 0xc3 in for 0x709e959025
02-29 16:42:54.109 22800 22800 E ArmVmp : Match on catch block at 0xc3 in for 0x709e959025
02-29 16:42:54.121 22800 22800 E ArmVmp : Match on catch block at 0xc3 in for 0x709e959025
02-29 16:42:54.125 22800 22800 E ArmVmp : Match on catch block at 0xc3 in for 0x709e959025
02-29 16:42:54.137 22800 22800 E ArmVmp : Match on catch block at 0xc3 in for 0x709e959025
02-29 16:42:54.142 22800 22800 E ArmVmp : Match on catch block at 0xc3 in for 0x709e959025
02-29 16:42:54.154 22800 22800 E ArmVmp : Match on catch block at 0xc3 in for 0x709e959025
02-29 16:42:54.158 22800 22800 E ArmVmp : Match on catch block at 0xc3 in for 0x709e959025
02-29 16:42:54.170 22800 22800 E ArmVmp : Match on catch block at 0xc3 in for 0x709e959025
02-29 16:42:54.175 22800 22800 E ArmVmp : Match on catch block at 0xc3 in for 0x709e959025
02-29 16:42:54.187 22800 22800 E ArmVmp : Match on catch block at 0xc3 in for 0x709e959025
02-29 16:42:54.191 22800 22800 E ArmVmp : Match on catch block at 0xc3 in for 0x709e959025
02-29 16:42:54.205 22800 22800 E ArmVmp : Match on catch block at 0xc3 in for 0x709e959025
02-29 16:42:54.209 22800 22800 E ArmVmp : Match on catch block at 0xc3 in for 0x709e959025
02-29 16:42:54.521 22800 22800 E ArmVmp : Match on catch block at 0xc3 in for 0x709e959025
02-29 16:42:54.525 22800 22800 E ArmVmp : Match on catch block at 0xc3 in for 0x709e959025
02-29 16:42:54.707 22800 22800 E ArmVmp : Match on catch block at 0xc3 in for 0x709e959025
02-29 16:42:54.711 22800 22800 E ArmVmp : Match on catch block at 0xc3 in for 0x709e959025
02-29 16:42:54.723 22800 22800 E ArmVmp : Match on catch block at 0xc3 in for 0x709e959025
02-29 16:42:54.726 22800 22800 E ArmVmp : Match on catch block at 0xc3 in for 0x709e959025
02-29 16:42:54.738 22800 22800 E ArmVmp : Match on catch block at 0xc3 in for 0x709e959025
02-29 16:42:54.742 22800 22800 E ArmVmp : Match on catch block at 0xc3 in for 0x709e959025
02-29 16:42:54.778 22800 22800 E ArmVmp : Match on catch block at 0xc3 in for 0x709e959025
02-29 16:42:54.783 22800 22800 E ArmVmp : Match on catch block at 0xc3 in for 0x709e959025
02-29 16:42:54.792 22800 22800 E ArmVmp : Match on catch block at 0xc3 in for 0x709e959025
02-29 16:42:54.799 22800 22800 E ArmVmp : Match on catch block at 0xc3 in for 0x709e959025
02-29 16:42:54.808 22800 22800 E ArmVmp : Match on catch block at 0xc3 in for 0x709e959025
02-29 16:42:54.814 22800 22800 E ArmVmp : Match on catch block at 0xc3 in for 0x709e959025
02-29 16:42:54.821 22800 22800 E ArmVmp : Match on catch block at 0xc3 in for 0x709e959025
02-29 16:42:54.825 22800 22800 E ArmVmp : Match on catch block at 0xc3 in for 0x709e959025
02-29 16:42:54.839 22800 22800 E ArmVmp : Match on catch block at 0xc3 in for 0x709e959025
02-29 16:42:54.843 22800 22800 E ArmVmp : Match on catch block at 0xc3 in for 0x709e959025
02-29 16:42:54.855 22800 22800 E ArmVmp : Match on catch block at 0xc3 in for 0x709e959025
02-29 16:42:54.859 22800 22800 E ArmVmp : Match on catch block at 0xc3 in for 0x709e959025
02-29 16:42:54.872 22800 22800 E ArmVmp : Match on catch block at 0xc3 in for 0x709e959025
02-29 16:42:54.875 22800 22800 E ArmVmp : Match on catch block at 0xc3 in for 0x709e959025
02-29 16:42:54.889 22800 22800 E ArmVmp : Match on catch block at 0xc3 in for 0x709e959025
02-29 16:42:54.893 22800 22800 E ArmVmp : Match on catch block at 0xc3 in for 0x709e959025
02-29 16:42:54.905 22800 22800 E ArmVmp : Match on catch block at 0xc3 in for 0x709e959025
02-29 16:42:54.910 22800 22800 E ArmVmp : Match on catch block at 0xc3 in for 0x709e959025
02-29 16:42:54.922 22800 22800 E ArmVmp : Match on catch block at 0xc3 in for 0x709e959025
02-29 16:42:54.926 22800 22800 E ArmVmp : Match on catch block at 0xc3 in for 0x709e959025
02-29 16:42:54.939 22800 22800 E ArmVmp : Match on catch block at 0xc3 in for 0x709e959025
02-29 16:42:54.943 22800 22800 E ArmVmp : Match on catch block at 0xc3 in for 0x709e959025
02-29 16:42:54.955 22800 22800 E ArmVmp : Match on catch block at 0xc3 in for 0x709e959025
02-29 16:42:54.959 22800 22800 E ArmVmp : Match on catch block at 0xc3 in for 0x709e959025
02-29 16:42:55.005 22800 22800 E ArmVmp : Match on catch block at 0xc3 in for 0x709e959025
02-29 16:42:55.009 22800 22800 E ArmVmp : Match on catch block at 0xc3 in for 0x709e959025
02-29 16:42:55.021 22800 22800 E ArmVmp : Match on catch block at 0xc3 in for 0x709e959025
02-29 16:42:55.025 22800 22800 E ArmVmp : Match on catch block at 0xc3 in for 0x709e959025
02-29 16:42:55.371 22800 22800 E ArmVmp : Match on catch block at 0xc3 in for 0x709e959025
02-29 16:42:55.375 22800 22800 E ArmVmp : Match on catch block at 0xc3 in for 0x709e959025
02-29 16:42:55.388 22800 22800 E ArmVmp : Match on catch block at 0xc3 in for 0x709e959025
02-29 16:42:55.392 22800 22800 E ArmVmp : Match on catch block at 0xc3 in for 0x709e959025
02-29 16:42:55.404 22800 22800 E ArmVmp : Match on catch block at 0xc3 in for 0x709e959025
02-29 16:42:55.409 22800 22800 E ArmVmp : Match on catch block at 0xc3 in for 0x709e959025
02-29 16:42:55.421 22800 22800 E ArmVmp : Match on catch block at 0xc3 in for 0x709e959025
02-29 16:42:55.426 22800 22800 E ArmVmp : Match on catch block at 0xc3 in for 0x709e959025
02-29 16:42:55.438 22800 22800 E ArmVmp : Match on catch block at 0xc3 in for 0x709e959025
02-29 16:42:55.443 22800 22800 E ArmVmp : Match on catch block at 0xc3 in for 0x709e959025
02-29 16:42:55.454 22800 22800 E ArmVmp : Match on catch block at 0xc3 in for 0x709e959025
02-29 16:42:55.459 22800 22800 E ArmVmp : Match on catch block at 0xc3 in for 0x709e959025
02-29 16:42:55.471 22800 22800 E ArmVmp : Match on catch block at 0xc3 in for 0x709e959025
02-29 16:42:55.475 22800 22800 E ArmVmp : Match on catch block at 0xc3 in for 0x709e959025
02-29 16:42:55.488 22800 22800 E ArmVmp : Match on catch block at 0xc3 in for 0x709e959025
02-29 16:42:55.492 22800 22800 E ArmVmp : Match on catch block at 0xc3 in for 0x709e959025
02-29 16:42:55.505 22800 22800 E ArmVmp : Match on catch block at 0xc3 in for 0x709e959025
02-29 16:42:55.510 22800 22800 E ArmVmp : Match on catch block at 0xc3 in for 0x709e959025
02-29 16:42:55.521 22800 22800 E ArmVmp : Match on catch block at 0xc3 in for 0x709e959025
02-29 16:42:55.525 22800 22800 E ArmVmp : Match on catch block at 0xc3 in for 0x709e959025
02-29 16:42:55.538 22800 22800 E ArmVmp : Match on catch block at 0xc3 in for 0x709e959025
02-29 16:42:55.542 22800 22800 E ArmVmp : Match on catch block at 0xc3 in for 0x709e959025
02-29 16:42:55.554 22800 22800 E ArmVmp : Match on catch block at 0xc3 in for 0x709e959025
02-29 16:42:55.559 22800 22800 E ArmVmp : Match on catch block at 0xc3 in for 0x709e959025
02-29 16:42:55.571 22800 22800 E ArmVmp : Match on catch block at 0xc3 in for 0x709e959025
02-29 16:42:55.575 22800 22800 E ArmVmp : Match on catch block at 0xc3 in for 0x709e959025
02-29 16:42:55.587 22800 22800 E ArmVmp : Match on catch block at 0xc3 in for 0x709e959025
02-29 16:42:55.592 22800 22800 E ArmVmp : Match on catch block at 0xc3 in for 0x709e959025
02-29 16:42:55.604 22800 22800 E ArmVmp : Match on catch block at 0xc3 in for 0x709e959025
02-29 16:42:55.608 22800 22800 E ArmVmp : Match on catch block at 0xc3 in for 0x709e959025
02-29 16:42:55.621 22800 22800 E ArmVmp : Match on catch block at 0xc3 in for 0x709e959025
02-29 16:42:55.625 22800 22800 E ArmVmp : Match on catch block at 0xc3 in for 0x709e959025
02-29 16:42:56.038 22800 22800 E ArmVmp : Match on catch block at 0xc3 in for 0x709e959025
02-29 16:42:56.042 22800 22800 E ArmVmp : Match on catch block at 0xc3 in for 0x709e959025
02-29 16:42:56.539 22800 22800 E ArmVmp : Match on catch block at 0xc3 in for 0x709e959025
02-29 16:42:56.543 22800 22800 E ArmVmp : Match on catch block at 0xc3 in for 0x709e959025
02-29 16:42:56.590 22800 22800 E ArmVmp : Match on catch block at 0xc3 in for 0x709e959025
02-29 16:42:56.594 22800 22800 E ArmVmp : Match on catch block at 0xc3 in for 0x709e959025
02-29 16:42:56.606 22800 22800 E ArmVmp : Match on catch block at 0xc3 in for 0x709e959025
02-29 16:42:56.610 22800 22800 E ArmVmp : Match on catch block at 0xc3 in for 0x709e959025
02-29 16:42:56.623 22800 22800 E ArmVmp : Match on catch block at 0xc3 in for 0x709e959025
02-29 16:42:56.626 22800 22800 E ArmVmp : Match on catch block at 0xc3 in for 0x709e959025
02-29 16:42:56.639 22800 22800 E ArmVmp : Match on catch block at 0xc3 in for 0x709e959025
02-29 16:42:56.645 22800 22800 E ArmVmp : Match on catch block at 0xc3 in for 0x709e959025
02-29 16:42:56.656 22800 22800 E ArmVmp : Match on catch block at 0xc3 in for 0x709e959025
02-29 16:42:56.660 22800 22800 E ArmVmp : Match on catch block at 0xc3 in for 0x709e959025
02-29 16:42:56.696 22800 22800 E ArmVmp : Match on catch block at 0xc3 in for 0x709e959025
02-29 16:42:56.700 22800 22800 E ArmVmp : Match on catch block at 0xc3 in for 0x709e959025
02-29 16:42:56.708 22800 22800 E ArmVmp : Match on catch block at 0xc3 in for 0x709e959025
02-29 16:42:56.713 22800 22800 E ArmVmp : Match on catch block at 0xc3 in for 0x709e959025
02-29 16:42:56.725 22800 22800 E ArmVmp : Match on catch block at 0xc3 in for 0x709e959025
02-29 16:42:56.728 22800 22800 E ArmVmp : Match on catch block at 0xc3 in for 0x709e959025
02-29 16:42:56.738 22800 22800 E ArmVmp : Match on catch block at 0xc3 in for 0x709e959025
02-29 16:42:56.742 22800 22800 E ArmVmp : Match on catch block at 0xc3 in for 0x709e959025
02-29 16:42:56.755 22800 22800 E ArmVmp : Match on catch block at 0xc3 in for 0x709e959025
02-29 16:42:56.759 22800 22800 E ArmVmp : Match on catch block at 0xc3 in for 0x709e959025
02-29 16:42:56.771 22800 22800 E ArmVmp : Match on catch block at 0xc3 in for 0x709e959025
02-29 16:42:56.776 22800 22800 E ArmVmp : Match on catch block at 0xc3 in for 0x709e959025
02-29 16:42:56.789 22800 22800 E ArmVmp : Match on catch block at 0xc3 in for 0x709e959025
02-29 16:42:56.793 22800 22800 E ArmVmp : Match on catch block at 0xc3 in for 0x709e959025
02-29 16:42:56.855 22800 22800 E ArmVmp : Match on catch block at 0xc3 in for 0x709e959025
02-29 16:42:56.863 22800 22800 E ArmVmp : Match on catch block at 0xc3 in for 0x709e959025
02-29 16:42:56.887 22800 22800 E ArmVmp : Match on catch block at 0xc3 in for 0x709e959025
02-29 16:42:56.892 22800 22800 E ArmVmp : Match on catch block at 0xc3 in for 0x709e959025
02-29 16:42:57.038 22800 22800 E ArmVmp : Match on catch block at 0xc3 in for 0x709e959025
02-29 16:42:57.042 22800 22800 E ArmVmp : Match on catch block at 0xc3 in for 0x709e959025
02-29 16:42:57.272 22800 22800 E ArmVmp : Match on catch block at 0xc3 in for 0x709e959025
02-29 16:42:57.276 22800 22800 E ArmVmp : Match on catch block at 0xc3 in for 0x709e959025
02-29 16:42:57.288 22800 22800 E ArmVmp : Match on catch block at 0xc3 in for 0x709e959025
02-29 16:42:57.293 22800 22800 E ArmVmp : Match on catch block at 0xc3 in for 0x709e959025
02-29 16:42:57.305 22800 22800 E ArmVmp : Match on catch block at 0xc3 in for 0x709e959025
02-29 16:42:57.310 22800 22800 E ArmVmp : Match on catch block at 0xc3 in for 0x709e959025
02-29 16:42:57.322 22800 22800 E ArmVmp : Match on catch block at 0xc3 in for 0x709e959025
02-29 16:42:57.327 22800 22800 E ArmVmp : Match on catch block at 0xc3 in for 0x709e959025
02-29 16:42:57.338 22800 22800 E ArmVmp : Match on catch block at 0xc3 in for 0x709e959025
02-29 16:42:57.343 22800 22800 E ArmVmp : Match on catch block at 0xc3 in for 0x709e959025
02-29 16:42:57.355 22800 22800 E ArmVmp : Match on catch block at 0xc3 in for 0x709e959025
02-29 16:42:57.359 22800 22800 E ArmVmp : Match on catch block at 0xc3 in for 0x709e959025
02-29 16:42:57.371 22800 22800 E ArmVmp : Match on catch block at 0xc3 in for 0x709e959025
02-29 16:42:57.376 22800 22800 E ArmVmp : Match on catch block at 0xc3 in for 0x709e959025
02-29 16:42:57.388 22800 22800 E ArmVmp : Match on catch block at 0xc3 in for 0x709e959025
02-29 16:42:57.392 22800 22800 E ArmVmp : Match on catch block at 0xc3 in for 0x709e959025
02-29 16:42:57.405 22800 22800 E ArmVmp : Match on catch block at 0xc3 in for 0x709e959025
02-29 16:42:57.410 22800 22800 E ArmVmp : Match on catch block at 0xc3 in for 0x709e959025
02-29 16:42:57.422 22800 22800 E ArmVmp : Match on catch block at 0xc3 in for 0x709e959025
02-29 16:42:57.426 22800 22800 E ArmVmp : Match on catch block at 0xc3 in for 0x709e959025
02-29 16:42:57.438 22800 22800 E ArmVmp : Match on catch block at 0xc3 in for 0x709e959025
02-29 16:42:57.443 22800 22800 E ArmVmp : Match on catch block at 0xc3 in for 0x709e959025
02-29 16:42:57.455 22800 22800 E ArmVmp : Match on catch block at 0xc3 in for 0x709e959025
02-29 16:42:57.459 22800 22800 E ArmVmp : Match on catch block at 0xc3 in for 0x709e959025
02-29 16:42:57.472 22800 22800 E ArmVmp : Match on catch block at 0xc3 in for 0x709e959025
02-29 16:42:57.476 22800 22800 E ArmVmp : Match on catch block at 0xc3 in for 0x709e959025
02-29 16:42:57.488 22800 22800 E ArmVmp : Match on catch block at 0xc3 in for 0x709e959025
02-29 16:42:57.492 22800 22800 E ArmVmp : Match on catch block at 0xc3 in for 0x709e959025
02-29 16:42:57.505 22800 22800 E ArmVmp : Match on catch block at 0xc3 in for 0x709e959025
02-29 16:42:57.509 22800 22800 E ArmVmp : Match on catch block at 0xc3 in for 0x709e959025
02-29 16:42:57.522 22800 22800 E ArmVmp : Match on catch block at 0xc3 in for 0x709e959025
02-29 16:42:57.525 22800 22800 E ArmVmp : Match on catch block at 0xc3 in for 0x709e959025
02-29 16:42:57.538 22800 22800 E ArmVmp : Match on catch block at 0xc3 in for 0x709e959025
02-29 16:42:57.541 22800 22800 E ArmVmp : Match on catch block at 0xc3 in for 0x709e959025
02-29 16:42:58.038 22800 22800 E ArmVmp : Match on catch block at 0xc3 in for 0x709e959025
02-29 16:42:58.043 22800 22800 E ArmVmp : Match on catch block at 0xc3 in for 0x709e959025
02-29 16:42:58.538 22800 22800 E ArmVmp : Match on catch block at 0xc3 in for 0x709e959025
02-29 16:42:58.542 22800 22800 E ArmVmp : Match on catch block at 0xc3 in for 0x709e959025
02-29 16:42:59.056 22800 22800 E ArmVmp : Match on catch block at 0xc3 in for 0x709e959025
02-29 16:42:59.060 22800 22800 E ArmVmp : Match on catch block at 0xc3 in for 0x709e959025
02-29 16:42:59.556 22800 22800 E ArmVmp : Match on catch block at 0xc3 in for 0x709e959025
02-29 16:42:59.560 22800 22800 E ArmVmp : Match on catch block at 0xc3 in for 0x709e959025
02-29 16:43:00.056 22800 22800 E ArmVmp : Match on catch block at 0xc3 in for 0x709e959025
02-29 16:43:00.060 22800 22800 E ArmVmp : Match on catch block at 0xc3 in for 0x709e959025
02-29 16:43:00.556 22800 22800 E ArmVmp : Match on catch block at 0xc3 in for 0x709e959025
02-29 16:43:00.560 22800 22800 E ArmVmp : Match on catch block at 0xc3 in for 0x709e959025
02-29 16:43:01.057 22800 22800 E ArmVmp : Match on catch block at 0xc3 in for 0x709e959025
02-29 16:43:01.061 22800 22800 E ArmVmp : Match on catch block at 0xc3 in for 0x709e959025
02-29 16:43:01.557 22800 22800 E ArmVmp : Match on catch block at 0xc3 in for 0x709e959025
02-29 16:43:01.562 22800 22800 E ArmVmp : Match on catch block at 0xc3 in for 0x709e959025
02-29 16:43:01.776 22800 22800 E ArmVmp : Match on catch block at 0xc3 in for 0x709e959025
02-29 16:43:01.781 22800 22800 E ArmVmp : Match on catch block at 0xc3 in for 0x709e959025
02-29 16:43:01.789 22800 22800 E ArmVmp : Match on catch block at 0xc3 in for 0x709e959025
02-29 16:43:01.794 22800 22800 E ArmVmp : Match on catch block at 0xc3 in for 0x709e959025
02-29 16:43:01.897 22800 22800 E ArmVmp : Match on catch block at 0xc3 in for 0x709e959025
02-29 16:43:01.903 22800 22800 E ArmVmp : Match on catch block at 0xc3 in for 0x709e959025
02-29 16:43:01.997 22800 22800 E ArmVmp : Match on catch block at 0xc3 in for 0x709e959025
02-29 16:43:02.001 22800 22800 E ArmVmp : Match on catch block at 0xc3 in for 0x709e959025
02-29 16:43:02.037 22800 22800 E ArmVmp : Match on catch block at 0xc3 in for 0x709e959025
02-29 16:43:02.044 22800 22800 E ArmVmp : Match on catch block at 0xc3 in for 0x709e959025
02-29 16:43:02.064 22800 22800 E ArmVmp : Match on catch block at 0xc3 in for 0x709e959025
02-29 16:43:02.069 22800 22800 E ArmVmp : Match on catch block at 0xc3 in for 0x709e959025
02-29 16:43:02.083 22800 22800 E ArmVmp : Match on catch block at 0xc3 in for 0x709e959025
02-29 16:43:02.087 22800 22800 E ArmVmp : Match on catch block at 0xc3 in for 0x709e959025
02-29 16:43:02.094 22800 22800 E ArmVmp : Match on catch block at 0xc3 in for 0x709e959025
02-29 16:43:02.098 22800 22800 E ArmVmp : Match on catch block at 0xc3 in for 0x709e959025
02-29 16:43:02.534 22800 22800 E ArmVmp : Match on catch block at 0xc3 in for 0x709e959025
02-29 16:43:02.538 22800 22800 E ArmVmp : Match on catch block at 0xc3 in for 0x709e959025
02-29 16:43:03.290 22800 25063 W Parcel : Expecting binder but got null!
02-29 16:43:04.297 22800 25063 W Parcel : Expecting binder but got null!
02-29 16:43:09.140 22800 25063 E FrameEvents: updateAcquireFence: Did not find frame.
02-29 16:43:09.995 22800 22800 E ArmVmp : Match on catch block at 0x0a in for 0x709e959035
02-29 16:43:10.000 22800 22800 E ArmVmp : Match on catch block at 0x0a in for 0x709e959035
02-29 16:43:10.138 22800 22800 E ArmVmp : Match on catch block at 0xc3 in for 0x709e959021
02-29 16:43:10.141 22800 22800 E ArmVmp : Match on catch block at 0xc3 in for 0x709e959021
02-29 16:43:10.161 22800 25063 W Parcel : Expecting binder but got null!
02-29 16:43:10.185 22800 22800 E ArmVmp : Match on catch block at 0xc3 in for 0x709e959025
02-29 16:43:10.188 22800 22800 E ArmVmp : Match on catch block at 0xc3 in for 0x709e959025
02-29 16:43:10.209 22800 22800 E ArmVmp : Match on catch block at 0xc3 in for 0x709e959025
02-29 16:43:10.212 22800 22800 E ArmVmp : Match on catch block at 0xc3 in for 0x709e959025
02-29 16:43:10.223 22800 22800 E ArmVmp : Match on catch block at 0xc3 in for 0x709e959025
02-29 16:43:10.226 22800 22800 E ArmVmp : Match on catch block at 0xc3 in for 0x709e959025
02-29 16:43:10.239 22800 22800 E ArmVmp : Match on catch block at 0xc3 in for 0x709e959025
02-29 16:43:10.242 22800 22800 E ArmVmp : Match on catch block at 0xc3 in for 0x709e959025
02-29 16:43:10.259 22800 22800 E ArmVmp : Match on catch block at 0xc3 in for 0x709e959025
02-29 16:43:10.261 22800 22800 E ArmVmp : Match on catch block at 0xc3 in for 0x709e959025
02-29 16:43:10.272 22800 22800 E ArmVmp : Match on catch block at 0xc3 in for 0x709e959025
02-29 16:43:10.276 22800 22800 E ArmVmp : Match on catch block at 0xc3 in for 0x709e959025
02-29 16:43:10.299 22800 22800 E ArmVmp : Match on catch block at 0xc3 in for 0x709e959025
02-29 16:43:10.303 22800 22800 E ArmVmp : Match on catch block at 0xc3 in for 0x709e959025
02-29 16:43:10.317 22800 22800 E ArmVmp : Match on catch block at 0xc3 in for 0x709e959025
02-29 16:43:10.322 22800 22800 E ArmVmp : Match on catch block at 0xc3 in for 0x709e959025
02-29 16:43:10.342 22800 22800 E ArmVmp : Match on catch block at 0xc3 in for 0x709e959025
02-29 16:43:10.345 22800 22800 E ArmVmp : Match on catch block at 0xc3 in for 0x709e959025
02-29 16:43:10.357 22800 22800 E ArmVmp : Match on catch block at 0xc3 in for 0x709e959025
02-29 16:43:10.361 22800 22800 E ArmVmp : Match on catch block at 0xc3 in for 0x709e959025
02-29 16:43:10.374 22800 22800 E ArmVmp : Match on catch block at 0xc3 in for 0x709e959025
02-29 16:43:10.378 22800 22800 E ArmVmp : Match on catch block at 0xc3 in for 0x709e959025
02-29 16:43:10.390 22800 22800 E ArmVmp : Match on catch block at 0xc3 in for 0x709e959025
02-29 16:43:10.394 22800 22800 E ArmVmp : Match on catch block at 0xc3 in for 0x709e959025
02-29 16:43:10.726 22800 22800 E ArmVmp : Match on catch block at 0xc3 in for 0x709e959025
02-29 16:43:10.728 22800 22800 E ArmVmp : Match on catch block at 0xc3 in for 0x709e959025
02-29 16:43:10.810 22800 22800 E ArmVmp : Match on catch block at 0xc3 in for 0x709e959025
02-29 16:43:10.813 22800 22800 E ArmVmp : Match on catch block at 0xc3 in for 0x709e959025
02-29 16:43:10.845 22800 25063 W Parcel : Expecting binder but got null!
02-29 16:43:10.846 22800 22800 E ArmVmp : Match on catch block at 0xc3 in for 0x709e959025
02-29 16:43:10.849 22800 22800 E ArmVmp : Match on catch block at 0xc3 in for 0x709e959025
02-29 16:43:10.863 22800 22800 E ArmVmp : Match on catch block at 0xc3 in for 0x709e959025
02-29 16:43:10.867 22800 22800 E ArmVmp : Match on catch block at 0xc3 in for 0x709e959025
02-29 16:43:10.874 22800 22800 E ArmVmp : Match on catch block at 0xc3 in for 0x709e959025
02-29 16:43:10.879 22800 22800 E ArmVmp : Match on catch block at 0xc3 in for 0x709e959025
02-29 16:43:10.892 22800 22800 E ArmVmp : Match on catch block at 0xc3 in for 0x709e959025
02-29 16:43:10.897 22800 22800 E ArmVmp : Match on catch block at 0xc3 in for 0x709e959025
02-29 16:43:10.908 22800 22800 E ArmVmp : Match on catch block at 0xc3 in for 0x709e959025
02-29 16:43:10.911 22800 22800 E ArmVmp : Match on catch block at 0xc3 in for 0x709e959025
02-29 16:43:10.923 22800 22800 E ArmVmp : Match on catch block at 0xc3 in for 0x709e959025
02-29 16:43:10.927 22800 22800 E ArmVmp : Match on catch block at 0xc3 in for 0x709e959025
02-29 16:43:10.939 22800 22800 E ArmVmp : Match on catch block at 0xc3 in for 0x709e959025
02-29 16:43:10.942 22800 22800 E ArmVmp : Match on catch block at 0xc3 in for 0x709e959025
02-29 16:43:10.956 22800 22800 E ArmVmp : Match on catch block at 0xc3 in for 0x709e959025
02-29 16:43:10.959 22800 22800 E ArmVmp : Match on catch block at 0xc3 in for 0x709e959025
02-29 16:43:10.973 22800 22800 E ArmVmp : Match on catch block at 0xc3 in for 0x709e959025
02-29 16:43:10.976 22800 22800 E ArmVmp : Match on catch block at 0xc3 in for 0x709e959025
02-29 16:43:10.990 22800 22800 E ArmVmp : Match on catch block at 0xc3 in for 0x709e959025
02-29 16:43:10.993 22800 22800 E ArmVmp : Match on catch block at 0xc3 in for 0x709e959025
02-29 16:43:11.006 22800 22800 E ArmVmp : Match on catch block at 0xc3 in for 0x709e959025
02-29 16:43:11.009 22800 22800 E ArmVmp : Match on catch block at 0xc3 in for 0x709e959025
02-29 16:43:11.023 22800 22800 E ArmVmp : Match on catch block at 0xc3 in for 0x709e959025
02-29 16:43:11.027 22800 22800 E ArmVmp : Match on catch block at 0xc3 in for 0x709e959025
02-29 16:43:11.039 22800 22800 E ArmVmp : Match on catch block at 0xc3 in for 0x709e959025
02-29 16:43:11.043 22800 22800 E ArmVmp : Match on catch block at 0xc3 in for 0x709e959025
02-29 16:43:11.056 22800 22800 E ArmVmp : Match on catch block at 0xc3 in for 0x709e959025
02-29 16:43:11.060 22800 22800 E ArmVmp : Match on catch block at 0xc3 in for 0x709e959025
02-29 16:43:11.073 22800 22800 E ArmVmp : Match on catch block at 0xc3 in for 0x709e959025
02-29 16:43:11.076 22800 22800 E ArmVmp : Match on catch block at 0xc3 in for 0x709e959025
02-29 16:43:11.091 22800 22800 E ArmVmp : Match on catch block at 0xc3 in for 0x709e959025
02-29 16:43:11.094 22800 22800 E ArmVmp : Match on catch block at 0xc3 in for 0x709e959025
02-29 16:43:11.107 22800 22800 E ArmVmp : Match on catch block at 0xc3 in for 0x709e959025
02-29 16:43:11.110 22800 22800 E ArmVmp : Match on catch block at 0xc3 in for 0x709e959025
02-29 16:43:11.123 22800 22800 E ArmVmp : Match on catch block at 0xc3 in for 0x709e959025
02-29 16:43:11.127 22800 22800 E ArmVmp : Match on catch block at 0xc3 in for 0x709e959025
02-29 16:43:11.140 22800 22800 E ArmVmp : Match on catch block at 0xc3 in for 0x709e959025
02-29 16:43:11.144 22800 22800 E ArmVmp : Match on catch block at 0xc3 in for 0x709e959025
02-29 16:43:11.157 22800 22800 E ArmVmp : Match on catch block at 0xc3 in for 0x709e959025
02-29 16:43:11.160 22800 22800 E ArmVmp : Match on catch block at 0xc3 in for 0x709e959025
02-29 16:43:11.173 22800 22800 E ArmVmp : Match on catch block at 0xc3 in for 0x709e959025
02-29 16:43:11.176 22800 22800 E ArmVmp : Match on catch block at 0xc3 in for 0x709e959025
02-29 16:43:11.826 22800 22800 E ArmVmp : Match on catch block at 0xc3 in for 0x709e959025
02-29 16:43:11.830 22800 22800 E ArmVmp : Match on catch block at 0xc3 in for 0x709e959025
02-29 16:43:11.845 22800 22800 E ArmVmp : Match on catch block at 0xc3 in for 0x709e959025
02-29 16:43:11.849 22800 22800 E ArmVmp : Match on catch block at 0xc3 in for 0x709e959025
02-29 16:43:11.860 22800 22800 E ArmVmp : Match on catch block at 0xc3 in for 0x709e959025
02-29 16:43:11.863 22800 22800 E ArmVmp : Match on catch block at 0xc3 in for 0x709e959025
02-29 16:43:11.876 22800 22800 E ArmVmp : Match on catch block at 0xc3 in for 0x709e959025
02-29 16:43:11.880 22800 22800 E ArmVmp : Match on catch block at 0xc3 in for 0x709e959025
02-29 16:43:11.891 22800 22800 E ArmVmp : Match on catch block at 0xc3 in for 0x709e959025
02-29 16:43:11.896 22800 22800 E ArmVmp : Match on catch block at 0xc3 in for 0x709e959025
02-29 16:43:11.910 22800 22800 E ArmVmp : Match on catch block at 0xc3 in for 0x709e959025
02-29 16:43:11.914 22800 22800 E ArmVmp : Match on catch block at 0xc3 in for 0x709e959025
02-29 16:43:11.925 22800 22800 E ArmVmp : Match on catch block at 0xc3 in for 0x709e959025
02-29 16:43:11.929 22800 22800 E ArmVmp : Match on catch block at 0xc3 in for 0x709e959025
02-29 16:43:11.941 22800 22800 E ArmVmp : Match on catch block at 0xc3 in for 0x709e959025
02-29 16:43:11.945 22800 22800 E ArmVmp : Match on catch block at 0xc3 in for 0x709e959025
02-29 16:43:11.957 22800 22800 E ArmVmp : Match on catch block at 0xc3 in for 0x709e959025
02-29 16:43:11.962 22800 22800 E ArmVmp : Match on catch block at 0xc3 in for 0x709e959025
02-29 16:43:11.975 22800 22800 E ArmVmp : Match on catch block at 0xc3 in for 0x709e959025
02-29 16:43:11.979 22800 22800 E ArmVmp : Match on catch block at 0xc3 in for 0x709e959025
02-29 16:43:11.991 22800 22800 E ArmVmp : Match on catch block at 0xc3 in for 0x709e959025
02-29 16:43:11.996 22800 22800 E ArmVmp : Match on catch block at 0xc3 in for 0x709e959025
02-29 16:43:12.008 22800 22800 E ArmVmp : Match on catch block at 0xc3 in for 0x709e959025
02-29 16:43:12.012 22800 22800 E ArmVmp : Match on catch block at 0xc3 in for 0x709e959025
02-29 16:43:12.025 22800 22800 E ArmVmp : Match on catch block at 0xc3 in for 0x709e959025
02-29 16:43:12.029 22800 22800 E ArmVmp : Match on catch block at 0xc3 in for 0x709e959025
02-29 16:43:12.041 22800 22800 E ArmVmp : Match on catch block at 0xc3 in for 0x709e959025
02-29 16:43:12.046 22800 22800 E ArmVmp : Match on catch block at 0xc3 in for 0x709e959025
02-29 16:43:12.057 22800 22800 E ArmVmp : Match on catch block at 0xc3 in for 0x709e959025
02-29 16:43:12.064 22800 22800 E ArmVmp : Match on catch block at 0xc3 in for 0x709e959025
02-29 16:43:12.074 22800 22800 E ArmVmp : Match on catch block at 0xc3 in for 0x709e959025
02-29 16:43:12.078 22800 22800 E ArmVmp : Match on catch block at 0xc3 in for 0x709e959025
02-29 16:43:48.831 22800 22800 E ArmVmp : Match on catch block at 0xc3 in for 0x709e959025
02-29 16:43:48.835 22800 22800 E ArmVmp : Match on catch block at 0xc3 in for 0x709e959025
02-29 16:43:48.846 22800 22800 E ArmVmp : Match on catch block at 0xc3 in for 0x709e959025
02-29 16:43:48.850 22800 22800 E ArmVmp : Match on catch block at 0xc3 in for 0x709e959025
02-29 16:43:49.131 22800 22800 E ArmVmp : Match on catch block at 0xc3 in for 0x709e959025
02-29 16:43:49.135 22800 22800 E ArmVmp : Match on catch block at 0xc3 in for 0x709e959025
02-29 16:43:49.152 22800 22800 E ArmVmp : Match on catch block at 0xc3 in for 0x709e959025
02-29 16:43:49.156 22800 22800 E ArmVmp : Match on catch block at 0xc3 in for 0x709e959025
02-29 16:43:49.182 22800 22800 E ArmVmp : Match on catch block at 0xc3 in for 0x709e959025
02-29 16:43:49.188 22800 22800 E ArmVmp : Match on catch block at 0xc3 in for 0x709e959025
02-29 16:43:49.317 22800 22800 E ArmVmp : Match on catch block at 0xc3 in for 0x709e959025
02-29 16:43:49.320 22800 22800 E ArmVmp : Match on catch block at 0xc3 in for 0x709e959025
02-29 16:43:49.348 22800 22800 E ArmVmp : Match on catch block at 0xc3 in for 0x709e959025
02-29 16:43:49.352 22800 22800 E ArmVmp : Match on catch block at 0xc3 in for 0x709e959025
02-29 16:43:49.363 22800 22800 E ArmVmp : Match on catch block at 0xc3 in for 0x709e959025
02-29 16:43:49.368 22800 22800 E ArmVmp : Match on catch block at 0xc3 in for 0x709e959025
02-29 16:43:49.379 22800 22800 E ArmVmp : Match on catch block at 0xc3 in for 0x709e959025
02-29 16:43:49.383 22800 22800 E ArmVmp : Match on catch block at 0xc3 in for 0x709e959025
02-29 16:43:49.396 22800 22800 E ArmVmp : Match on catch block at 0xc3 in for 0x709e959025
02-29 16:43:49.400 22800 22800 E ArmVmp : Match on catch block at 0xc3 in for 0x709e959025
02-29 16:43:49.413 22800 22800 E ArmVmp : Match on catch block at 0xc3 in for 0x709e959025
02-29 16:43:49.417 22800 22800 E ArmVmp : Match on catch block at 0xc3 in for 0x709e959025
02-29 16:43:49.430 22800 22800 E ArmVmp : Match on catch block at 0xc3 in for 0x709e959025
02-29 16:43:49.434 22800 22800 E ArmVmp : Match on catch block at 0xc3 in for 0x709e959025
02-29 16:43:49.446 22800 22800 E ArmVmp : Match on catch block at 0xc3 in for 0x709e959025
02-29 16:43:49.452 22800 22800 E ArmVmp : Match on catch block at 0xc3 in for 0x709e959025
02-29 16:43:49.498 22800 22800 E ArmVmp : Match on catch block at 0xc3 in for 0x709e959025
02-29 16:43:49.503 22800 22800 E ArmVmp : Match on catch block at 0xc3 in for 0x709e959025
02-29 16:43:49.513 22800 22800 E ArmVmp : Match on catch block at 0xc3 in for 0x709e959025
02-29 16:43:49.518 22800 22800 E ArmVmp : Match on catch block at 0xc3 in for 0x709e959025
02-29 16:43:49.598 22800 22800 E ArmVmp : Match on catch block at 0xc3 in for 0x709e959025
02-29 16:43:49.627 22800 22800 E ArmVmp : Match on catch block at 0xc3 in for 0x709e959025
02-29 16:43:51.732 22800 22800 E ArmVmp : Match on catch block at 0x38 in for 0x709e95902d
02-29 16:43:51.732 22800 22800 W System.err: java.lang.NumberFormatException: For input string: ""
02-29 16:43:51.733 22800 22800 W System.err: at java.lang.Integer.parseInt(Integer.java:807)
02-29 16:43:51.733 22800 22800 W System.err: at java.lang.Integer.parseInt(Integer.java:915)
02-29 16:43:51.733 22800 22800 W System.err: at mbmodsd.mbmodsw.home.HomeActivity.mbcRe(Native Method)
02-29 16:43:51.733 22800 22800 W System.err: at com.mbwhatsapp.HomeActivity.onPause(Unknown Source:9)
02-29 16:43:51.733 22800 22800 W System.err: at android.app.Activity.performPause(Activity.java:8505)
02-29 16:43:51.733 22800 22800 W System.err: at android.app.Instrumentation.callActivityOnPause(Instrumentation.java:1585)
02-29 16:43:51.733 22800 22800 W System.err: at android.app.ActivityThread.performPauseActivityIfNeeded(ActivityThread.java:5182)
02-29 16:43:51.733 22800 22800 W System.err: at android.app.ActivityThread.performPauseActivity(ActivityThread.java:5143)
02-29 16:43:51.733 22800 22800 W System.err: at android.app.ActivityThread.handlePauseActivity(ActivityThread.java:5095)
02-29 16:43:51.733 22800 22800 W System.err: at android.app.servertransaction.PauseActivityItem.execute(PauseActivityItem.java:47)
02-29 16:43:51.733 22800 22800 W System.err: at android.app.servertransaction.ActivityTransactionItem.execute(ActivityTransactionIt em.java:45)
02-29 16:43:51.734 22800 22800 W System.err: at android.app.servertransaction.TransactionExecutor.executeLifecycleState(Transaction Executor.java:178)
02-29 16:43:51.734 22800 22800 W System.err: at android.app.servertransaction.TransactionExecutor.execute(TransactionExecutor.java: 99)
02-29 16:43:51.734 22800 22800 W System.err: at android.app.ActivityThread$H.handleMessage(ActivityThread.java:2393)
02-29 16:43:51.734 22800 22800 W System.err: at android.os.Handler.dispatchMessage(Handler.java:106)
02-29 16:43:51.734 22800 22800 W System.err: at android.os.Looper.loopOnce(Looper.java:201)
02-29 16:43:51.734 22800 22800 W System.err: at android.os.Looper.loop(Looper.java:288)
02-29 16:43:51.734 22800 22800 W System.err: at android.app.ActivityThread.main(ActivityThread.java:8061)
02-29 16:43:51.734 22800 22800 W System.err: at java.lang.reflect.Method.invoke(Native Method)
02-29 16:43:51.734 22800 22800 W System.err: at com.android.internal.os.RuntimeInit$MethodAndArgsCaller.run(RuntimeInit.java:703)
02-29 16:43:51.734 22800 22800 W System.err: at com.android.internal.os.ZygoteInit.main(ZygoteInit.java:911)
02-29 16:43:51.816 22800 25063 W Parcel : Expecting binder but got null!
02-29 16:43:51.847 22800 22800 W BottomSheetBehavior: BottomSheetBehavior now supports multiple callbacks. `setBottomSheetCallback()` removes all existing callbacks, including ones set internally by library authors, which may result in unintended behavior. This may change in the future. Please use `addBottomSheetCallback()` and `removeBottomSheetCallback()` instead to set your own callbacks.
02-29 16:43:51.847 22800 22800 W BottomSheetBehavior: BottomSheetBehavior now supports multiple callbacks. `setBottomSheetCallback()` removes all existing callbacks, including ones set internally by library authors, which may result in unintended behavior. This may change in the future. Please use `addBottomSheetCallback()` and `removeBottomSheetCallback()` instead to set your own callbacks.
02-29 16:43:51.877 22800 22800 W BottomSheetBehavior: BottomSheetBehavior now supports multiple callbacks. `setBottomSheetCallback()` removes all existing callbacks, including ones set internally by library authors, which may result in unintended behavior. This may change in the future. Please use `addBottomSheetCallback()` and `removeBottomSheetCallback()` instead to set your own callbacks.
02-29 16:43:51.877 22800 22800 W BottomSheetBehavior: BottomSheetBehavior now supports multiple callbacks. `setBottomSheetCallback()` removes all existing callbacks, including ones set internally by library authors, which may result in unintended behavior. This may change in the future. Please use `addBottomSheetCallback()` and `removeBottomSheetCallback()` instead to set your own callbacks.
02-29 16:43:51.907 22800 28551 W ColorUtils: expected specified color aspects (0:0:0:0)
02-29 16:43:51.919 22800 28551 W Codec2Client: query -- param skipped: index = 1107298332.
02-29 16:43:51.919 22800 28551 W CCodec : This behavior is subject to change. It is recommended that app developers double check whether the requested max input size is in reasonable range.
02-29 16:43:51.921 22800 28551 W Codec2Client: query -- param skipped: index = 1342179345.
02-29 16:43:51.921 22800 28551 W Codec2Client: query -- param skipped: index = 2415921170.
02-29 16:43:51.921 22800 28551 W Codec2Client: query -- param skipped: index = 1610614798.
02-29 16:43:51.922 22800 28551 W Codec2Client: query -- param skipped: index = 2684356609.
02-29 16:43:51.938 22800 22800 W BottomSheetBehavior: BottomSheetBehavior now supports multiple callbacks. `setBottomSheetCallback()` removes all existing callbacks, including ones set internally by library authors, which may result in unintended behavior. This may change in the future. Please use `addBottomSheetCallback()` and `removeBottomSheetCallback()` instead to set your own callbacks.
02-29 16:43:51.938 22800 22800 W BottomSheetBehavior: BottomSheetBehavior now supports multiple callbacks. `setBottomSheetCallback()` removes all existing callbacks, including ones set internally by library authors, which may result in unintended behavior. This may change in the future. Please use `addBottomSheetCallback()` and `removeBottomSheetCallback()` instead to set your own callbacks.
02-29 16:43:51.954 22800 22800 W BottomSheetBehavior: BottomSheetBehavior now supports multiple callbacks. `setBottomSheetCallback()` removes all existing callbacks, including ones set internally by library authors, which may result in unintended behavior. This may change in the future. Please use `addBottomSheetCallback()` and `removeBottomSheetCallback()` instead to set your own callbacks.
02-29 16:43:51.954 22800 22800 W BottomSheetBehavior: BottomSheetBehavior now supports multiple callbacks. `setBottomSheetCallback()` removes all existing callbacks, including ones set internally by library authors, which may result in unintended behavior. This may change in the future. Please use `addBottomSheetCallback()` and `removeBottomSheetCallback()` instead to set your own callbacks.
02-29 16:43:51.978 22800 22800 E RecyclerView: No adapter attached; skipping layout
02-29 16:43:51.979 22800 22800 E RecyclerView: No adapter attached; skipping layout
02-29 16:43:51.990 22800 28560 W Codec2Client: query -- param skipped: index = 1107298332.
02-29 16:43:51.991 22800 28560 W CCodec : This behavior is subject to change. It is recommended that app developers double check whether the requested max input size is in reasonable range.
02-29 16:43:51.997 22800 28560 W Codec2Client: query -- param skipped: index = 1342179345.
02-29 16:43:51.997 22800 28560 W Codec2Client: query -- param skipped: index = 2415921170.
02-29 16:43:51.997 22800 28560 W Codec2Client: query -- param skipped: index = 1610614798.
02-29 16:43:52.079 22800 28494 W AidlConversion: aidl2legacy_AudioChannelLayout_audio_channel_mask_t: no legacy output audio_channel_mask_t found for AudioChannelLayout{layoutMask: 16}
02-29 16:43:52.210 22800 22800 W RenderThread: type=1400 audit(0.0:13332): avc: denied { getattr } for name="/" dev="dmabuf" ino=1 scontext=u:r:untrusted_app:s0:c212,c256,c512,c768 tcontext=u:object_r:unlabeled:s0 tclass=filesystem permissive=0 app=com.mbwhatsapp
02-29 16:43:52.226 22800 22800 W RenderThread: type=1400 audit(0.0:13333): avc: denied { getattr } for name="/" dev="dmabuf" ino=1 scontext=u:r:untrusted_app:s0:c212,c256,c512,c768 tcontext=u:object_r:unlabeled:s0 tclass=filesystem permissive=0 app=com.mbwhatsapp
02-29 16:43:54.401 22800 22958 E SQLiteDatabase: Error inserting transferred=1 media_job_uuid=45b67492-ac33-4343-adb9-2e6fd3d4c688 transcoded=0 gif_attribution=0 first_scan_length=0 direct_path=/v/t62.7161- 24/40161447_1136275757725889_4373765323406159085_n.enc?ccb=11- 4&oh=01_AdSJZT2SZfcWwAtQMSTkEU0rOk-hcsv6-ibM5mI-NGt-bw&oe=6607FA5C&_nc_sid=5e03e0 thumbnail_height_width_ratio=1.2467532 is_animated_sticker=0 file_hash=EmkglMK0pal/QzbRDaKxGuk9d+o4V5WzeTMeiTlFwFQ= file_path=Media/.Statuses/68f63e5573034d31bd4c82fcd0da498a.mp4 file_size=4910016 partial_media_hash=null face_x=0 face_y=0 height=640 trim_to=0 media_key_timestamp=1709212194000 message_url=https://mmg.whatsapp.net/v/t62.7161- 24/40161447_1136275757725889_4373765323406159085_n.enc?ccb=11- 4&oh=01_AdSJZT2SZfcWwAtQMSTkEU0rOk-hcsv6-ibM5mI-NGt- bw&oe=6607FA5C&_nc_sid=5e03e0&mms3=true media_caption=null trim_from=0 mime_type=video/mp4 partial_media_enc_hash=null width=512 original_file_hash=null has_streaming_sidecar=1 autotransfer_retry_enabled=1 media_upload_handle=null message_row_id=7327 multicast_id=null enc_file_hash=4M1n0Lxdy5HZEMd8y2JBZMT+SSZaRRdGSbpIWX/nk8o= mute_video=0 page_count=0 first_scan_sidecar=null suspicious_content=0 file_length=4910016 media_name=null media_duration=30 chat_row_id=3 media_key=[B@a9a2252
02-29 16:43:54.401 22800 22958 E SQLiteDatabase: android.database.sqlite.SQLiteConstraintException: UNIQUE constraint failed: message_media.message_row_id (code 1555 SQLITE_CONSTRAINT_PRIMARYKEY)
02-29 16:43:54.401 22800 22958 E SQLiteDatabase: at android.database.sqlite.SQLiteConnection.nativeExecuteForLastInsertedRowId(Native Method)
02-29 16:43:54.401 22800 22958 E SQLiteDatabase: at android.database.sqlite.SQLiteConnection.executeForLastInsertedRowId(SQLiteConnecti on.java:961)
02-29 16:43:54.401 22800 22958 E SQLiteDatabase: at android.database.sqlite.SQLiteSession.executeForLastInsertedRowId(SQLiteSession.jav a:790)
02-29 16:43:54.401 22800 22958 E SQLiteDatabase: at android.database.sqlite.SQLiteStatement.executeInsert(SQLiteStatement.java:89)
02-29 16:43:54.401 22800 22958 E SQLiteDatabase: at android.database.sqlite.SQLiteDatabase.insertWithOnConflict(SQLiteDatabase.java:186 8)
02-29 16:43:54.401 22800 22958 E SQLiteDatabase: at android.database.sqlite.SQLiteDatabase.insert(SQLiteDatabase.java:1737)
02-29 16:43:54.401 22800 22958 E SQLiteDatabase: at X.2tm.A08(Unknown Source:6)
02-29 16:43:54.401 22800 22958 E SQLiteDatabase: at X.35Y.A07(Unknown Source:212)
02-29 16:43:54.401 22800 22958 E SQLiteDatabase: at X.3QF.A14(Unknown Source:470)
02-29 16:43:54.401 22800 22958 E SQLiteDatabase: at X.3gU.run(Unknown Source:982)
02-29 16:43:54.401 22800 22958 E SQLiteDatabase: at android.os.Handler.handleCallback(Handler.java:942)
02-29 16:43:54.401 22800 22958 E SQLiteDatabase: at android.os.Handler.dispatchMessage(Handler.java:99)
02-29 16:43:54.401 22800 22958 E SQLiteDatabase: at X.0zq.dispatchMessage(Unknown Source:4)
02-29 16:43:54.401 22800 22958 E SQLiteDatabase: at android.os.Looper.loopOnce(Looper.java:201)
02-29 16:43:54.401 22800 22958 E SQLiteDatabase: at android.os.Looper.loop(Looper.java:288)
02-29 16:43:54.401 22800 22958 E SQLiteDatabase: at android.os.HandlerThread.run(HandlerThread.java:67)
02-29 16:44:22.443 22800 28549 W Codec2Client: query -- param skipped: index = 1342179345.
02-29 16:44:22.443 22800 28549 W Codec2Client: query -- param skipped: index = 2415921170.
02-29 16:44:22.443 22800 28549 W Codec2Client: query -- param skipped: index = 1610614798.
02-29 16:44:22.446 22800 28560 W Codec2Client: query -- param skipped: index = 1342179345.
02-29 16:44:22.446 22800 28560 W Codec2Client: query -- param skipped: index = 2415921170.
02-29 16:44:22.446 22800 28560 W Codec2Client: query -- param skipped: index = 1610614798.
02-29 16:44:22.466 22800 22800 W BottomSheetBehavior: BottomSheetBehavior now supports multiple callbacks. `setBottomSheetCallback()` removes all existing callbacks, including ones set internally by library authors, which may result in unintended behavior. This may change in the future. Please use `addBottomSheetCallback()` and `removeBottomSheetCallback()` instead to set your own callbacks.
02-29 16:44:22.466 22800 22800 W BottomSheetBehavior: BottomSheetBehavior now supports multiple callbacks. `setBottomSheetCallback()` removes all existing callbacks, including ones set internally by library authors, which may result in unintended behavior. This may change in the future. Please use `addBottomSheetCallback()` and `removeBottomSheetCallback()` instead to set your own callbacks.
02-29 16:44:22.489 22800 22800 E RecyclerView: No adapter attached; skipping layout
02-29 16:44:22.497 22800 22800 W View : requestLayout() improperly called by androidx.cardview.widget.CardView{e150b9 V.E...... ......I. 0,0-0,0 #7f0b1c5c app:id/web_page_preview_container} during layout: running second layout pass
02-29 16:44:22.497 22800 22800 W View : requestLayout() improperly called by android.widget.LinearLayout{e9decfe V.E...... ......I. 0,0-0,0 #7f0b1a20 app:id/titleSnippetUrlLayout} during layout: running second layout pass
02-29 16:44:22.547 22800 22800 W View : requestLayout() improperly called by android.widget.LinearLayout{41ada29 V.E...... ........ 0,213-720,1376} during second layout pass: posting in next frame
02-29 16:44:22.547 22800 22800 W View : requestLayout() improperly called by androidx.cardview.widget.CardView{e150b9 V.E...... ........ 80,378-640,538 #7f0b1c5c app:id/web_page_preview_container} during second layout pass: posting in next frame
02-29 16:44:22.547 22800 22800 W View : requestLayout() improperly called by android.widget.FrameLayout{29d91ae V.E...... ........ 0,0-0,0 #7f0b1c52 app:id/webPagePreviewImageLarge_frame} during second layout pass: posting in next frame
02-29 16:44:22.547 22800 22800 W View : requestLayout() improperly called by com.mbwhatsapp.components.button.ThumbnailButton{a0e3b4f V.ED..... ......ID 0,0-0,0 #7f0b1c55 app:id/webPagePreviewImageLarge_thumb} during second layout pass: posting in next frame
02-29 16:44:22.547 22800 22800 W View : requestLayout() improperly called by com.mbwhatsapp.TextEmojiLabel{c3b82dc V.ED..... ........ 0,554-720,785 #7f0b0fbf app:id/message_text} during second layout pass: posting in next frame
