02-29 17:19:22.260 22800 22800 E ArmVmp : Match on catch block at 0xc3 in for 0x709e959025
02-29 17:19:22.272 22800 22800 E ArmVmp : Match on catch block at 0xc3 in for 0x709e959025
02-29 17:19:22.276 22800 22800 E ArmVmp : Match on catch block at 0xc3 in for 0x709e959025
02-29 17:19:22.306 22800 22800 E ArmVmp : Match on catch block at 0xc3 in for 0x709e959025
02-29 17:19:22.310 22800 22800 E ArmVmp : Match on catch block at 0xc3 in for 0x709e959025
02-29 17:19:22.322 22800 22800 E ArmVmp : Match on catch block at 0xc3 in for 0x709e959025
02-29 17:19:22.325 22800 22800 E ArmVmp : Match on catch block at 0xc3 in for 0x709e959025
02-29 17:19:22.338 22800 22800 E ArmVmp : Match on catch block at 0xc3 in for 0x709e959025
02-29 17:19:22.342 22800 22800 E ArmVmp : Match on catch block at 0xc3 in for 0x709e959025
02-29 17:19:22.355 22800 22800 E ArmVmp : Match on catch block at 0xc3 in for 0x709e959025
02-29 17:19:22.360 22800 22800 E ArmVmp : Match on catch block at 0xc3 in for 0x709e959025
02-29 17:19:22.372 22800 22800 E ArmVmp : Match on catch block at 0xc3 in for 0x709e959025
02-29 17:19:22.376 22800 22800 E ArmVmp : Match on catch block at 0xc3 in for 0x709e959025
02-29 17:19:22.388 22800 22800 E ArmVmp : Match on catch block at 0xc3 in for 0x709e959025
02-29 17:19:22.393 22800 22800 E ArmVmp : Match on catch block at 0xc3 in for 0x709e959025
02-29 17:19:22.405 22800 22800 E ArmVmp : Match on catch block at 0xc3 in for 0x709e959025
02-29 17:19:22.410 22800 22800 E ArmVmp : Match on catch block at 0xc3 in for 0x709e959025
02-29 17:19:22.422 22800 22800 E ArmVmp : Match on catch block at 0xc3 in for 0x709e959025
02-29 17:19:22.426 22800 22800 E ArmVmp : Match on catch block at 0xc3 in for 0x709e959025
02-29 17:19:22.438 22800 22800 E ArmVmp : Match on catch block at 0xc3 in for 0x709e959025
02-29 17:19:22.442 22800 22800 E ArmVmp : Match on catch block at 0xc3 in for 0x709e959025
02-29 17:19:22.455 22800 22800 E ArmVmp : Match on catch block at 0xc3 in for 0x709e959025
02-29 17:19:22.460 22800 22800 E ArmVmp : Match on catch block at 0xc3 in for 0x709e959025
02-29 17:19:22.472 22800 22800 E ArmVmp : Match on catch block at 0xc3 in for 0x709e959025
02-29 17:19:22.475 22800 22800 E ArmVmp : Match on catch block at 0xc3 in for 0x709e959025
02-29 17:19:22.488 22800 22800 E ArmVmp : Match on catch block at 0xc3 in for 0x709e959025
02-29 17:19:22.493 22800 22800 E ArmVmp : Match on catch block at 0xc3 in for 0x709e959025
02-29 17:19:22.505 22800 22800 E ArmVmp : Match on catch block at 0xc3 in for 0x709e959025
02-29 17:19:22.509 22800 22800 E ArmVmp : Match on catch block at 0xc3 in for 0x709e959025
02-29 17:19:22.522 22800 22800 E ArmVmp : Match on catch block at 0xc3 in for 0x709e959025
02-29 17:19:22.526 22800 22800 E ArmVmp : Match on catch block at 0xc3 in for 0x709e959025
02-29 17:19:22.538 22800 22800 E ArmVmp : Match on catch block at 0xc3 in for 0x709e959025
02-29 17:19:22.542 22800 22800 E ArmVmp : Match on catch block at 0xc3 in for 0x709e959025
02-29 17:19:22.555 22800 22800 E ArmVmp : Match on catch block at 0xc3 in for 0x709e959025
02-29 17:19:22.559 22800 22800 E ArmVmp : Match on catch block at 0xc3 in for 0x709e959025
02-29 17:19:22.572 22800 22800 E ArmVmp : Match on catch block at 0xc3 in for 0x709e959025
02-29 17:19:22.576 22800 22800 E ArmVmp : Match on catch block at 0xc3 in for 0x709e959025
02-29 17:19:22.588 22800 22800 E ArmVmp : Match on catch block at 0xc3 in for 0x709e959025
02-29 17:19:22.593 22800 22800 E ArmVmp : Match on catch block at 0xc3 in for 0x709e959025
02-29 17:19:22.622 22800 22800 E ArmVmp : Match on catch block at 0xc3 in for 0x709e959025
02-29 17:19:22.626 22800 22800 E ArmVmp : Match on catch block at 0xc3 in for 0x709e959025
02-29 17:19:22.706 22800 22800 E ArmVmp : Match on catch block at 0xc3 in for 0x709e959025
02-29 17:19:22.711 22800 22800 E ArmVmp : Match on catch block at 0xc3 in for 0x709e959025
02-29 17:19:22.723 22800 22800 E ArmVmp : Match on catch block at 0xc3 in for 0x709e959025
02-29 17:19:22.726 22800 22800 E ArmVmp : Match on catch block at 0xc3 in for 0x709e959025
02-29 17:19:22.756 22800 22800 E ArmVmp : Match on catch block at 0xc3 in for 0x709e959025
02-29 17:19:22.760 22800 22800 E ArmVmp : Match on catch block at 0xc3 in for 0x709e959025
02-29 17:19:23.256 22800 22800 E ArmVmp : Match on catch block at 0xc3 in for 0x709e959025
02-29 17:19:23.260 22800 22800 E ArmVmp : Match on catch block at 0xc3 in for 0x709e959025
02-29 17:19:23.440 22800 22800 E ArmVmp : Match on catch block at 0xc3 in for 0x709e959025
02-29 17:19:23.445 22800 22800 E ArmVmp : Match on catch block at 0xc3 in for 0x709e959025
02-29 17:19:23.473 22800 22800 E ArmVmp : Match on catch block at 0xc3 in for 0x709e959025
02-29 17:19:23.477 22800 22800 E ArmVmp : Match on catch block at 0xc3 in for 0x709e959025
02-29 17:19:23.773 22800 22800 E ArmVmp : Match on catch block at 0xc3 in for 0x709e959025
02-29 17:19:23.777 22800 22800 E ArmVmp : Match on catch block at 0xc3 in for 0x709e959025
02-29 17:19:23.824 22800 22800 E ArmVmp : Match on catch block at 0xc3 in for 0x709e959025
02-29 17:19:23.828 22800 22800 E ArmVmp : Match on catch block at 0xc3 in for 0x709e959025
02-29 17:19:23.840 22800 22800 E ArmVmp : Match on catch block at 0xc3 in for 0x709e959025
02-29 17:19:23.845 22800 22800 E ArmVmp : Match on catch block at 0xc3 in for 0x709e959025
02-29 17:19:23.852 22800 5682 W SQLiteLog: (28) double-quoted string literal: "EEAB9DF3374772A63299C33D38BAEEC5"
02-29 17:19:23.852 22800 5682 W SQLiteLog: (28) double-quoted string literal: "3A250F34F274F10DC49A6990564BC56C"
02-29 17:19:23.852 22800 5682 W SQLiteLog: (28) double-quoted string literal: "05143721C2A4B2D82ABAD0CB84408DD2"
02-29 17:19:23.852 22800 5682 W SQLiteLog: (28) double-quoted string literal: "E67CA1132D72B96C3A362F01EF32A785"
02-29 17:19:23.852 22800 5682 W SQLiteLog: (28) double-quoted string literal: "8B2112BF347B12A1D9C40CD114D2984F"
02-29 17:19:23.852 22800 5682 W SQLiteLog: (28) double-quoted string literal: "E4F87694CC0E789613033574B346CFE5"
02-29 17:19:23.852 22800 5682 W SQLiteLog: (28) double-quoted string literal: "BD1A52805F72EF6BD21473F7433D3346"
02-29 17:19:24.173 22800 22800 E ArmVmp : Match on catch block at 0xc3 in for 0x709e959025
02-29 17:19:24.177 22800 22800 E ArmVmp : Match on catch block at 0xc3 in for 0x709e959025
02-29 17:19:24.207 22800 22800 E ArmVmp : Match on catch block at 0xc3 in for 0x709e959025
02-29 17:19:24.211 22800 22800 E ArmVmp : Match on catch block at 0xc3 in for 0x709e959025
02-29 17:19:24.223 22800 22800 E ArmVmp : Match on catch block at 0xc3 in for 0x709e959025
02-29 17:19:24.227 22800 22800 E ArmVmp : Match on catch block at 0xc3 in for 0x709e959025
02-29 17:19:24.239 22800 22800 E ArmVmp : Match on catch block at 0xc3 in for 0x709e959025
02-29 17:19:24.242 22800 22800 E ArmVmp : Match on catch block at 0xc3 in for 0x709e959025
02-29 17:19:24.255 22800 22800 E ArmVmp : Match on catch block at 0xc3 in for 0x709e959025
02-29 17:19:24.259 22800 22800 E ArmVmp : Match on catch block at 0xc3 in for 0x709e959025
02-29 17:19:24.273 22800 22800 E ArmVmp : Match on catch block at 0xc3 in for 0x709e959025
02-29 17:19:24.277 22800 22800 E ArmVmp : Match on catch block at 0xc3 in for 0x709e959025
02-29 17:19:24.288 22800 22800 E ArmVmp : Match on catch block at 0xc3 in for 0x709e959025
02-29 17:19:24.294 22800 22800 E ArmVmp : Match on catch block at 0xc3 in for 0x709e959025
02-29 17:19:24.305 22800 22800 E ArmVmp : Match on catch block at 0xc3 in for 0x709e959025
02-29 17:19:24.309 22800 22800 E ArmVmp : Match on catch block at 0xc3 in for 0x709e959025
02-29 17:19:24.322 22800 22800 E ArmVmp : Match on catch block at 0xc3 in for 0x709e959025
02-29 17:19:24.326 22800 22800 E ArmVmp : Match on catch block at 0xc3 in for 0x709e959025
02-29 17:19:24.339 22800 22800 E ArmVmp : Match on catch block at 0xc3 in for 0x709e959025
02-29 17:19:24.343 22800 22800 E ArmVmp : Match on catch block at 0xc3 in for 0x709e959025
02-29 17:19:24.356 22800 22800 E ArmVmp : Match on catch block at 0xc3 in for 0x709e959025
02-29 17:19:24.360 22800 22800 E ArmVmp : Match on catch block at 0xc3 in for 0x709e959025
02-29 17:19:24.372 22800 22800 E ArmVmp : Match on catch block at 0xc3 in for 0x709e959025
02-29 17:19:24.376 22800 22800 E ArmVmp : Match on catch block at 0xc3 in for 0x709e959025
02-29 17:19:24.388 22800 22800 E ArmVmp : Match on catch block at 0xc3 in for 0x709e959025
02-29 17:19:24.392 22800 22800 E ArmVmp : Match on catch block at 0xc3 in for 0x709e959025
02-29 17:19:24.405 22800 22800 E ArmVmp : Match on catch block at 0xc3 in for 0x709e959025
02-29 17:19:24.409 22800 22800 E ArmVmp : Match on catch block at 0xc3 in for 0x709e959025
02-29 17:19:24.422 22800 22800 E ArmVmp : Match on catch block at 0xc3 in for 0x709e959025
02-29 17:19:24.426 22800 22800 E ArmVmp : Match on catch block at 0xc3 in for 0x709e959025
02-29 17:19:24.440 22800 22800 E ArmVmp : Match on catch block at 0xc3 in for 0x709e959025
02-29 17:19:24.444 22800 22800 E ArmVmp : Match on catch block at 0xc3 in for 0x709e959025
02-29 17:19:24.456 22800 22800 E ArmVmp : Match on catch block at 0xc3 in for 0x709e959025
02-29 17:19:24.459 22800 22800 E ArmVmp : Match on catch block at 0xc3 in for 0x709e959025
02-29 17:19:24.472 22800 22800 E ArmVmp : Match on catch block at 0xc3 in for 0x709e959025
02-29 17:19:24.476 22800 22800 E ArmVmp : Match on catch block at 0xc3 in for 0x709e959025
02-29 17:19:24.489 22800 22800 E ArmVmp : Match on catch block at 0xc3 in for 0x709e959025
02-29 17:19:24.492 22800 22800 E ArmVmp : Match on catch block at 0xc3 in for 0x709e959025
02-29 17:19:24.505 22800 22800 E ArmVmp : Match on catch block at 0xc3 in for 0x709e959025
02-29 17:19:24.509 22800 22800 E ArmVmp : Match on catch block at 0xc3 in for 0x709e959025
02-29 17:19:24.522 22800 22800 E ArmVmp : Match on catch block at 0xc3 in for 0x709e959025
02-29 17:19:24.527 22800 22800 E ArmVmp : Match on catch block at 0xc3 in for 0x709e959025
02-29 17:19:24.558 22800 22800 E ArmVmp : Match on catch block at 0xc3 in for 0x709e959025
02-29 17:19:24.563 22800 22800 E ArmVmp : Match on catch block at 0xc3 in for 0x709e959025
02-29 17:19:24.572 22800 22800 E ArmVmp : Match on catch block at 0xc3 in for 0x709e959025
02-29 17:19:24.576 22800 22800 E ArmVmp : Match on catch block at 0xc3 in for 0x709e959025
02-29 17:19:24.773 22800 22800 E ArmVmp : Match on catch block at 0xc3 in for 0x709e959025
02-29 17:19:24.777 22800 22800 E ArmVmp : Match on catch block at 0xc3 in for 0x709e959025
02-29 17:19:24.839 22800 22800 E ArmVmp : Match on catch block at 0xc3 in for 0x709e959025
02-29 17:19:24.842 22800 22800 E ArmVmp : Match on catch block at 0xc3 in for 0x709e959025
02-29 17:19:24.855 22800 22800 E ArmVmp : Match on catch block at 0xc3 in for 0x709e959025
02-29 17:19:24.859 22800 22800 E ArmVmp : Match on catch block at 0xc3 in for 0x709e959025
02-29 17:19:24.872 22800 22800 E ArmVmp : Match on catch block at 0xc3 in for 0x709e959025
02-29 17:19:24.876 22800 22800 E ArmVmp : Match on catch block at 0xc3 in for 0x709e959025
02-29 17:19:24.888 22800 22800 E ArmVmp : Match on catch block at 0xc3 in for 0x709e959025
02-29 17:19:24.892 22800 22800 E ArmVmp : Match on catch block at 0xc3 in for 0x709e959025
02-29 17:19:24.906 22800 22800 E ArmVmp : Match on catch block at 0xc3 in for 0x709e959025
02-29 17:19:24.909 22800 22800 E ArmVmp : Match on catch block at 0xc3 in for 0x709e959025
02-29 17:19:24.922 22800 22800 E ArmVmp : Match on catch block at 0xc3 in for 0x709e959025
02-29 17:19:24.926 22800 22800 E ArmVmp : Match on catch block at 0xc3 in for 0x709e959025
02-29 17:19:24.939 22800 22800 E ArmVmp : Match on catch block at 0xc3 in for 0x709e959025
02-29 17:19:24.942 22800 22800 E ArmVmp : Match on catch block at 0xc3 in for 0x709e959025
02-29 17:19:24.955 22800 22800 E ArmVmp : Match on catch block at 0xc3 in for 0x709e959025
02-29 17:19:24.959 22800 22800 E ArmVmp : Match on catch block at 0xc3 in for 0x709e959025
02-29 17:19:24.972 22800 22800 E ArmVmp : Match on catch block at 0xc3 in for 0x709e959025
02-29 17:19:24.976 22800 22800 E ArmVmp : Match on catch block at 0xc3 in for 0x709e959025
02-29 17:19:24.988 22800 22800 E ArmVmp : Match on catch block at 0xc3 in for 0x709e959025
02-29 17:19:24.992 22800 22800 E ArmVmp : Match on catch block at 0xc3 in for 0x709e959025
02-29 17:19:25.006 22800 22800 E ArmVmp : Match on catch block at 0xc3 in for 0x709e959025
02-29 17:19:25.009 22800 22800 E ArmVmp : Match on catch block at 0xc3 in for 0x709e959025
02-29 17:19:25.022 22800 22800 E ArmVmp : Match on catch block at 0xc3 in for 0x709e959025
02-29 17:19:25.025 22800 22800 E ArmVmp : Match on catch block at 0xc3 in for 0x709e959025
02-29 17:19:25.038 22800 22800 E ArmVmp : Match on catch block at 0xc3 in for 0x709e959025
02-29 17:19:25.042 22800 22800 E ArmVmp : Match on catch block at 0xc3 in for 0x709e959025
02-29 17:19:25.273 22800 22800 E ArmVmp : Match on catch block at 0xc3 in for 0x709e959025
02-29 17:19:25.276 22800 22800 E ArmVmp : Match on catch block at 0xc3 in for 0x709e959025
02-29 17:19:25.639 22800 22800 E ArmVmp : Match on catch block at 0xc3 in for 0x709e959025
02-29 17:19:25.643 22800 22800 E ArmVmp : Match on catch block at 0xc3 in for 0x709e959025
02-29 17:19:25.773 22800 22800 E ArmVmp : Match on catch block at 0xc3 in for 0x709e959025
02-29 17:19:25.777 22800 22800 E ArmVmp : Match on catch block at 0xc3 in for 0x709e959025
02-29 17:19:26.019 22800 22800 E ArmVmp : Match on catch block at 0xc3 in for 0x709e959025
02-29 17:19:26.022 22800 22800 E ArmVmp : Match on catch block at 0xc3 in for 0x709e959025
02-29 17:19:26.036 22800 22800 E ArmVmp : Match on catch block at 0xc3 in for 0x709e959025
02-29 17:19:26.039 22800 22800 E ArmVmp : Match on catch block at 0xc3 in for 0x709e959025
02-29 17:19:26.076 22800 25063 W Parcel : Expecting binder but got null!
02-29 17:19:26.077 22800 22800 E ArmVmp : Match on catch block at 0xc3 in for 0x709e959025
02-29 17:19:26.081 22800 22800 E ArmVmp : Match on catch block at 0xc3 in for 0x709e959025
02-29 17:19:26.106 22800 22800 E ArmVmp : Match on catch block at 0xc3 in for 0x709e959025
02-29 17:19:26.108 22800 22800 E ArmVmp : Match on catch block at 0xc3 in for 0x709e959025
02-29 17:19:26.123 22800 22800 E ArmVmp : Match on catch block at 0xc3 in for 0x709e959025
02-29 17:19:26.128 22800 22800 E ArmVmp : Match on catch block at 0xc3 in for 0x709e959025
02-29 17:19:26.134 22800 22800 E ArmVmp : Match on catch block at 0xc3 in for 0x709e959025
02-29 17:19:26.137 22800 22800 E ArmVmp : Match on catch block at 0xc3 in for 0x709e959025
02-29 17:19:26.148 22800 22800 E ArmVmp : Match on catch block at 0xc3 in for 0x709e959025
02-29 17:19:26.152 22800 22800 E ArmVmp : Match on catch block at 0xc3 in for 0x709e959025
02-29 17:19:26.168 22800 22800 E ArmVmp : Match on catch block at 0xc3 in for 0x709e959025
02-29 17:19:26.172 22800 22800 E ArmVmp : Match on catch block at 0xc3 in for 0x709e959025
02-29 17:19:26.184 22800 22800 E ArmVmp : Match on catch block at 0xc3 in for 0x709e959025
02-29 17:19:26.190 22800 22800 E ArmVmp : Match on catch block at 0xc3 in for 0x709e959025
02-29 17:19:26.204 22800 22800 E ArmVmp : Match on catch block at 0xc3 in for 0x709e959025
02-29 17:19:26.208 22800 22800 E ArmVmp : Match on catch block at 0xc3 in for 0x709e959025
02-29 17:19:26.225 22800 22800 E ArmVmp : Match on catch block at 0xc3 in for 0x709e959025
02-29 17:19:26.229 22800 22800 E ArmVmp : Match on catch block at 0xc3 in for 0x709e959025
02-29 17:19:26.241 22800 22800 E ArmVmp : Match on catch block at 0xc3 in for 0x709e959025
02-29 17:19:26.247 22800 22800 E ArmVmp : Match on catch block at 0xc3 in for 0x709e959025
02-29 17:19:26.258 22800 22800 E ArmVmp : Match on catch block at 0xc3 in for 0x709e959025
02-29 17:19:26.262 22800 22800 E ArmVmp : Match on catch block at 0xc3 in for 0x709e959025
02-29 17:19:26.273 22800 22800 E ArmVmp : Match on catch block at 0xc3 in for 0x709e959025
02-29 17:19:26.277 22800 22800 E ArmVmp : Match on catch block at 0xc3 in for 0x709e959025
02-29 17:19:26.290 22800 22800 E ArmVmp : Match on catch block at 0xc3 in for 0x709e959025
02-29 17:19:26.295 22800 22800 E ArmVmp : Match on catch block at 0xc3 in for 0x709e959025
02-29 17:19:26.308 22800 22800 E ArmVmp : Match on catch block at 0xc3 in for 0x709e959025
02-29 17:19:26.312 22800 22800 E ArmVmp : Match on catch block at 0xc3 in for 0x709e959025
02-29 17:19:26.324 22800 22800 E ArmVmp : Match on catch block at 0xc3 in for 0x709e959025
02-29 17:19:26.328 22800 22800 E ArmVmp : Match on catch block at 0xc3 in for 0x709e959025
02-29 17:19:26.547 22800 22800 W InputEventReceiver: Attempted to finish an input event but the input event receiver has already been disposed.
02-29 17:19:26.676 22800 22800 E ArmVmp : Match on catch block at 0xc3 in for 0x709e959025
02-29 17:19:26.680 22800 22800 E ArmVmp : Match on catch block at 0xc3 in for 0x709e959025
02-29 17:19:26.788 22800 22800 E ArmVmp : Match on catch block at 0xc3 in for 0x709e959025
02-29 17:19:26.795 22800 22800 E ArmVmp : Match on catch block at 0xc3 in for 0x709e959025
02-29 17:19:27.288 22800 22800 E ArmVmp : Match on catch block at 0xc3 in for 0x709e959025
02-29 17:19:27.291 22800 22800 E ArmVmp : Match on catch block at 0xc3 in for 0x709e959025
02-29 17:19:27.572 22800 22800 E ArmVmp : Match on catch block at 0xc3 in for 0x709e959025
02-29 17:19:27.577 22800 22800 E ArmVmp : Match on catch block at 0xc3 in for 0x709e959025
02-29 17:19:27.588 22800 22800 E ArmVmp : Match on catch block at 0xc3 in for 0x709e959025
02-29 17:19:27.592 22800 22800 E ArmVmp : Match on catch block at 0xc3 in for 0x709e959025
02-29 17:19:27.605 22800 22800 E ArmVmp : Match on catch block at 0xc3 in for 0x709e959025
02-29 17:19:27.608 22800 22800 E ArmVmp : Match on catch block at 0xc3 in for 0x709e959025
02-29 17:19:27.621 22800 22800 E ArmVmp : Match on catch block at 0xc3 in for 0x709e959025
02-29 17:19:27.625 22800 22800 E ArmVmp : Match on catch block at 0xc3 in for 0x709e959025
02-29 17:19:27.639 22800 22800 E ArmVmp : Match on catch block at 0xc3 in for 0x709e959025
02-29 17:19:27.644 22800 22800 E ArmVmp : Match on catch block at 0xc3 in for 0x709e959025
02-29 17:19:27.656 22800 22800 E ArmVmp : Match on catch block at 0xc3 in for 0x709e959025
02-29 17:19:27.661 22800 22800 E ArmVmp : Match on catch block at 0xc3 in for 0x709e959025
02-29 17:19:27.726 22800 25063 W Parcel : Expecting binder but got null!
02-29 17:19:27.728 22800 22800 E ArmVmp : Match on catch block at 0xc3 in for 0x709e959025
02-29 17:19:27.731 22800 22800 E ArmVmp : Match on catch block at 0xc3 in for 0x709e959025
02-29 17:19:27.740 22800 22800 E ArmVmp : Match on catch block at 0xc3 in for 0x709e959025
02-29 17:19:27.745 22800 22800 E ArmVmp : Match on catch block at 0xc3 in for 0x709e959025
02-29 17:19:27.756 22800 22800 E ArmVmp : Match on catch block at 0xc3 in for 0x709e959025
02-29 17:19:27.762 22800 22800 E ArmVmp : Match on catch block at 0xc3 in for 0x709e959025
02-29 17:19:27.776 22800 22800 E ArmVmp : Match on catch block at 0xc3 in for 0x709e959025
02-29 17:19:27.781 22800 22800 E ArmVmp : Match on catch block at 0xc3 in for 0x709e959025
02-29 17:19:27.791 22800 22800 E ArmVmp : Match on catch block at 0xc3 in for 0x709e959025
02-29 17:19:27.795 22800 22800 E ArmVmp : Match on catch block at 0xc3 in for 0x709e959025
02-29 17:19:27.807 22800 22800 E ArmVmp : Match on catch block at 0xc3 in for 0x709e959025
02-29 17:19:27.810 22800 22800 E ArmVmp : Match on catch block at 0xc3 in for 0x709e959025
02-29 17:19:27.823 22800 22800 E ArmVmp : Match on catch block at 0xc3 in for 0x709e959025
02-29 17:19:27.828 22800 22800 E ArmVmp : Match on catch block at 0xc3 in for 0x709e959025
02-29 17:19:27.839 22800 22800 E ArmVmp : Match on catch block at 0xc3 in for 0x709e959025
02-29 17:19:27.843 22800 22800 E ArmVmp : Match on catch block at 0xc3 in for 0x709e959025
02-29 17:19:27.856 22800 22800 E ArmVmp : Match on catch block at 0xc3 in for 0x709e959025
02-29 17:19:27.860 22800 22800 E ArmVmp : Match on catch block at 0xc3 in for 0x709e959025
02-29 17:19:27.873 22800 22800 E ArmVmp : Match on catch block at 0xc3 in for 0x709e959025
02-29 17:19:27.876 22800 22800 E ArmVmp : Match on catch block at 0xc3 in for 0x709e959025
02-29 17:19:27.888 22800 22800 E ArmVmp : Match on catch block at 0xc3 in for 0x709e959025
02-29 17:19:27.892 22800 22800 E ArmVmp : Match on catch block at 0xc3 in for 0x709e959025
02-29 17:19:27.905 22800 22800 E ArmVmp : Match on catch block at 0xc3 in for 0x709e959025
02-29 17:19:27.909 22800 22800 E ArmVmp : Match on catch block at 0xc3 in for 0x709e959025
02-29 17:19:27.922 22800 22800 E ArmVmp : Match on catch block at 0xc3 in for 0x709e959025
02-29 17:19:27.927 22800 22800 E ArmVmp : Match on catch block at 0xc3 in for 0x709e959025
02-29 17:19:27.938 22800 22800 E ArmVmp : Match on catch block at 0xc3 in for 0x709e959025
02-29 17:19:27.942 22800 22800 E ArmVmp : Match on catch block at 0xc3 in for 0x709e959025
02-29 17:19:27.955 22800 22800 E ArmVmp : Match on catch block at 0xc3 in for 0x709e959025
02-29 17:19:27.960 22800 22800 E ArmVmp : Match on catch block at 0xc3 in for 0x709e959025
02-29 17:19:27.972 22800 22800 E ArmVmp : Match on catch block at 0xc3 in for 0x709e959025
02-29 17:19:27.979 22800 22800 E ArmVmp : Match on catch block at 0xc3 in for 0x709e959025
02-29 17:19:27.988 22800 22800 E ArmVmp : Match on catch block at 0xc3 in for 0x709e959025
02-29 17:19:27.992 22800 22800 E ArmVmp : Match on catch block at 0xc3 in for 0x709e959025
02-29 17:19:28.006 22800 22800 E ArmVmp : Match on catch block at 0xc3 in for 0x709e959025
02-29 17:19:28.010 22800 22800 E ArmVmp : Match on catch block at 0xc3 in for 0x709e959025
02-29 17:19:28.022 22800 22800 E ArmVmp : Match on catch block at 0xc3 in for 0x709e959025
02-29 17:19:28.027 22800 22800 E ArmVmp : Match on catch block at 0xc3 in for 0x709e959025
02-29 17:19:28.039 22800 22800 E ArmVmp : Match on catch block at 0xc3 in for 0x709e959025
02-29 17:19:28.043 22800 22800 E ArmVmp : Match on catch block at 0xc3 in for 0x709e959025
02-29 17:19:28.055 22800 22800 E ArmVmp : Match on catch block at 0xc3 in for 0x709e959025
02-29 17:19:28.060 22800 22800 E ArmVmp : Match on catch block at 0xc3 in for 0x709e959025
02-29 17:19:28.072 22800 22800 E ArmVmp : Match on catch block at 0xc3 in for 0x709e959025
02-29 17:19:28.077 22800 22800 E ArmVmp : Match on catch block at 0xc3 in for 0x709e959025
02-29 17:19:28.089 22800 22800 E ArmVmp : Match on catch block at 0xc3 in for 0x709e959025
02-29 17:19:28.093 22800 22800 E ArmVmp : Match on catch block at 0xc3 in for 0x709e959025
02-29 17:19:28.456 22800 22800 E ArmVmp : Match on catch block at 0xc3 in for 0x709e959025
02-29 17:19:28.460 22800 22800 E ArmVmp : Match on catch block at 0xc3 in for 0x709e959025
02-29 17:19:28.473 22800 22800 E ArmVmp : Match on catch block at 0xc3 in for 0x709e959025
02-29 17:19:28.477 22800 22800 E ArmVmp : Match on catch block at 0xc3 in for 0x709e959025
02-29 17:19:28.610 22800 22800 E ArmVmp : Match on catch block at 0xc3 in for 0x709e959025
02-29 17:19:28.615 22800 22800 E ArmVmp : Match on catch block at 0xc3 in for 0x709e959025
02-29 17:19:28.625 22800 22800 E ArmVmp : Match on catch block at 0xc3 in for 0x709e959025
02-29 17:19:28.629 22800 22800 E ArmVmp : Match on catch block at 0xc3 in for 0x709e959025
02-29 17:19:28.654 22800 22800 E ArmVmp : Match on catch block at 0xc3 in for 0x709e959025
02-29 17:19:28.659 22800 22800 E ArmVmp : Match on catch block at 0xc3 in for 0x709e959025
02-29 17:19:28.667 22800 22800 E ArmVmp : Match on catch block at 0xc3 in for 0x709e959025
02-29 17:19:28.671 22800 22800 E ArmVmp : Match on catch block at 0xc3 in for 0x709e959025
02-29 17:19:28.680 22800 22800 E ArmVmp : Match on catch block at 0xc3 in for 0x709e959025
02-29 17:19:28.685 22800 22800 E ArmVmp : Match on catch block at 0xc3 in for 0x709e959025
02-29 17:19:28.691 22800 22800 E ArmVmp : Match on catch block at 0xc3 in for 0x709e959025
02-29 17:19:28.695 22800 22800 E ArmVmp : Match on catch block at 0xc3 in for 0x709e959025
02-29 17:19:28.706 22800 22800 E ArmVmp : Match on catch block at 0xc3 in for 0x709e959025
02-29 17:19:28.710 22800 22800 E ArmVmp : Match on catch block at 0xc3 in for 0x709e959025
02-29 17:19:28.723 22800 22800 E ArmVmp : Match on catch block at 0xc3 in for 0x709e959025
02-29 17:19:28.730 22800 22800 E ArmVmp : Match on catch block at 0xc3 in for 0x709e959025
02-29 17:19:28.739 22800 22800 E ArmVmp : Match on catch block at 0xc3 in for 0x709e959025
02-29 17:19:28.745 22800 22800 E ArmVmp : Match on catch block at 0xc3 in for 0x709e959025
02-29 17:19:28.755 22800 22800 E ArmVmp : Match on catch block at 0xc3 in for 0x709e959025
02-29 17:19:28.759 22800 22800 E ArmVmp : Match on catch block at 0xc3 in for 0x709e959025
02-29 17:19:28.772 22800 22800 E ArmVmp : Match on catch block at 0xc3 in for 0x709e959025
02-29 17:19:28.777 22800 22800 E ArmVmp : Match on catch block at 0xc3 in for 0x709e959025
02-29 17:19:28.789 22800 22800 E ArmVmp : Match on catch block at 0xc3 in for 0x709e959025
02-29 17:19:28.794 22800 22800 E ArmVmp : Match on catch block at 0xc3 in for 0x709e959025
02-29 17:19:28.806 22800 22800 E ArmVmp : Match on catch block at 0xc3 in for 0x709e959025
02-29 17:19:28.810 22800 22800 E ArmVmp : Match on catch block at 0xc3 in for 0x709e959025
02-29 17:19:28.822 22800 22800 E ArmVmp : Match on catch block at 0xc3 in for 0x709e959025
02-29 17:19:28.826 22800 22800 E ArmVmp : Match on catch block at 0xc3 in for 0x709e959025
02-29 17:19:28.840 22800 22800 E ArmVmp : Match on catch block at 0xc3 in for 0x709e959025
02-29 17:19:28.844 22800 22800 E ArmVmp : Match on catch block at 0xc3 in for 0x709e959025
02-29 17:19:28.856 22800 22800 E ArmVmp : Match on catch block at 0xc3 in for 0x709e959025
02-29 17:19:28.860 22800 22800 E ArmVmp : Match on catch block at 0xc3 in for 0x709e959025
02-29 17:19:28.872 22800 22800 E ArmVmp : Match on catch block at 0xc3 in for 0x709e959025
02-29 17:19:28.876 22800 22800 E ArmVmp : Match on catch block at 0xc3 in for 0x709e959025
02-29 17:19:28.889 22800 22800 E ArmVmp : Match on catch block at 0xc3 in for 0x709e959025
02-29 17:19:28.893 22800 22800 E ArmVmp : Match on catch block at 0xc3 in for 0x709e959025
02-29 17:19:28.906 22800 22800 E ArmVmp : Match on catch block at 0xc3 in for 0x709e959025
02-29 17:19:28.910 22800 22800 E ArmVmp : Match on catch block at 0xc3 in for 0x709e959025
02-29 17:19:28.923 22800 22800 E ArmVmp : Match on catch block at 0xc3 in for 0x709e959025
02-29 17:19:28.927 22800 22800 E ArmVmp : Match on catch block at 0xc3 in for 0x709e959025
02-29 17:19:28.939 22800 22800 E ArmVmp : Match on catch block at 0xc3 in for 0x709e959025
02-29 17:19:28.944 22800 22800 E ArmVmp : Match on catch block at 0xc3 in for 0x709e959025
02-29 17:19:28.956 22800 22800 E ArmVmp : Match on catch block at 0xc3 in for 0x709e959025
02-29 17:19:28.960 22800 22800 E ArmVmp : Match on catch block at 0xc3 in for 0x709e959025
02-29 17:19:28.973 22800 22800 E ArmVmp : Match on catch block at 0xc3 in for 0x709e959025
02-29 17:19:28.977 22800 22800 E ArmVmp : Match on catch block at 0xc3 in for 0x709e959025
02-29 17:19:28.990 22800 22800 E ArmVmp : Match on catch block at 0xc3 in for 0x709e959025
02-29 17:19:28.994 22800 22800 E ArmVmp : Match on catch block at 0xc3 in for 0x709e959025
02-29 17:19:29.156 22800 22800 E ArmVmp : Match on catch block at 0xc3 in for 0x709e959025
02-29 17:19:29.160 22800 22800 E ArmVmp : Match on catch block at 0xc3 in for 0x709e959025
02-29 17:19:29.656 22800 22800 E ArmVmp : Match on catch block at 0xc3 in for 0x709e959025
02-29 17:19:29.660 22800 22800 E ArmVmp : Match on catch block at 0xc3 in for 0x709e959025
02-29 17:19:30.156 22800 22800 E ArmVmp : Match on catch block at 0xc3 in for 0x709e959025
02-29 17:19:30.160 22800 22800 E ArmVmp : Match on catch block at 0xc3 in for 0x709e959025
02-29 17:19:30.207 22800 22800 E ArmVmp : Match on catch block at 0xc3 in for 0x709e959025
02-29 17:19:30.212 22800 22800 E ArmVmp : Match on catch block at 0xc3 in for 0x709e959025
02-29 17:19:30.224 22800 22800 E ArmVmp : Match on catch block at 0xc3 in for 0x709e959025
02-29 17:19:30.228 22800 22800 E ArmVmp : Match on catch block at 0xc3 in for 0x709e959025
02-29 17:19:30.240 22800 22800 E ArmVmp : Match on catch block at 0xc3 in for 0x709e959025
02-29 17:19:30.244 22800 22800 E ArmVmp : Match on catch block at 0xc3 in for 0x709e959025
02-29 17:19:30.257 22800 22800 E ArmVmp : Match on catch block at 0xc3 in for 0x709e959025
02-29 17:19:30.261 22800 22800 E ArmVmp : Match on catch block at 0xc3 in for 0x709e959025
02-29 17:19:30.273 22800 22800 E ArmVmp : Match on catch block at 0xc3 in for 0x709e959025
02-29 17:19:30.277 22800 22800 E ArmVmp : Match on catch block at 0xc3 in for 0x709e959025
02-29 17:19:30.290 22800 22800 E ArmVmp : Match on catch block at 0xc3 in for 0x709e959025
02-29 17:19:30.294 22800 22800 E ArmVmp : Match on catch block at 0xc3 in for 0x709e959025
02-29 17:19:30.306 22800 22800 E ArmVmp : Match on catch block at 0xc3 in for 0x709e959025
02-29 17:19:30.311 22800 22800 E ArmVmp : Match on catch block at 0xc3 in for 0x709e959025
02-29 17:19:30.323 22800 22800 E ArmVmp : Match on catch block at 0xc3 in for 0x709e959025
02-29 17:19:30.327 22800 22800 E ArmVmp : Match on catch block at 0xc3 in for 0x709e959025
02-29 17:19:30.340 22800 22800 E ArmVmp : Match on catch block at 0xc3 in for 0x709e959025
02-29 17:19:30.344 22800 22800 E ArmVmp : Match on catch block at 0xc3 in for 0x709e959025
02-29 17:19:30.356 22800 22800 E ArmVmp : Match on catch block at 0xc3 in for 0x709e959025
02-29 17:19:30.360 22800 22800 E ArmVmp : Match on catch block at 0xc3 in for 0x709e959025
02-29 17:19:30.373 22800 22800 E ArmVmp : Match on catch block at 0xc3 in for 0x709e959025
02-29 17:19:30.377 22800 22800 E ArmVmp : Match on catch block at 0xc3 in for 0x709e959025
02-29 17:19:30.389 22800 22800 E ArmVmp : Match on catch block at 0xc3 in for 0x709e959025
02-29 17:19:30.394 22800 22800 E ArmVmp : Match on catch block at 0xc3 in for 0x709e959025
02-29 17:19:30.406 22800 22800 E ArmVmp : Match on catch block at 0xc3 in for 0x709e959025
02-29 17:19:30.409 22800 22800 E ArmVmp : Match on catch block at 0xc3 in for 0x709e959025
02-29 17:19:30.422 22800 22800 E ArmVmp : Match on catch block at 0xc3 in for 0x709e959025
02-29 17:19:30.425 22800 22800 E ArmVmp : Match on catch block at 0xc3 in for 0x709e959025
02-29 17:19:30.439 22800 22800 E ArmVmp : Match on catch block at 0xc3 in for 0x709e959025
02-29 17:19:30.443 22800 22800 E ArmVmp : Match on catch block at 0xc3 in for 0x709e959025
02-29 17:19:30.456 22800 22800 E ArmVmp : Match on catch block at 0xc3 in for 0x709e959025
02-29 17:19:30.460 22800 22800 E ArmVmp : Match on catch block at 0xc3 in for 0x709e959025
02-29 17:19:30.472 22800 22800 E ArmVmp : Match on catch block at 0xc3 in for 0x709e959025
02-29 17:19:30.477 22800 22800 E ArmVmp : Match on catch block at 0xc3 in for 0x709e959025
02-29 17:19:30.489 22800 22800 E ArmVmp : Match on catch block at 0xc3 in for 0x709e959025
02-29 17:19:30.493 22800 22800 E ArmVmp : Match on catch block at 0xc3 in for 0x709e959025
02-29 17:19:30.506 22800 22800 E ArmVmp : Match on catch block at 0xc3 in for 0x709e959025
02-29 17:19:30.510 22800 22800 E ArmVmp : Match on catch block at 0xc3 in for 0x709e959025
02-29 17:19:30.522 22800 22800 E ArmVmp : Match on catch block at 0xc3 in for 0x709e959025
02-29 17:19:30.526 22800 22800 E ArmVmp : Match on catch block at 0xc3 in for 0x709e959025
02-29 17:19:30.539 22800 22800 E ArmVmp : Match on catch block at 0xc3 in for 0x709e959025
02-29 17:19:30.543 22800 22800 E ArmVmp : Match on catch block at 0xc3 in for 0x709e959025
02-29 17:19:30.556 22800 22800 E ArmVmp : Match on catch block at 0xc3 in for 0x709e959025
02-29 17:19:30.560 22800 22800 E ArmVmp : Match on catch block at 0xc3 in for 0x709e959025
02-29 17:19:30.572 22800 22800 E ArmVmp : Match on catch block at 0xc3 in for 0x709e959025
02-29 17:19:30.576 22800 22800 E ArmVmp : Match on catch block at 0xc3 in for 0x709e959025
02-29 17:19:30.589 22800 22800 E ArmVmp : Match on catch block at 0xc3 in for 0x709e959025
02-29 17:19:30.593 22800 22800 E ArmVmp : Match on catch block at 0xc3 in for 0x709e959025
02-29 17:19:30.607 22800 22800 E ArmVmp : Match on catch block at 0xc3 in for 0x709e959025
02-29 17:19:30.610 22800 22800 E ArmVmp : Match on catch block at 0xc3 in for 0x709e959025
02-29 17:19:30.656 22800 22800 E ArmVmp : Match on catch block at 0xc3 in for 0x709e959025
02-29 17:19:30.660 22800 22800 E ArmVmp : Match on catch block at 0xc3 in for 0x709e959025
02-29 17:19:31.157 22800 22800 E ArmVmp : Match on catch block at 0xc3 in for 0x709e959025
02-29 17:19:31.161 22800 22800 E ArmVmp : Match on catch block at 0xc3 in for 0x709e959025
02-29 17:19:31.657 22800 22800 E ArmVmp : Match on catch block at 0xc3 in for 0x709e959025
02-29 17:19:31.664 22800 22800 E ArmVmp : Match on catch block at 0xc3 in for 0x709e959025
02-29 17:19:32.613 22800 23050 W SQLiteLog: (28) double-quoted string literal: "92467561D038EB33D5CB5C9E348DE81E"
02-29 17:19:32.613 22800 23050 W SQLiteLog: (28) double-quoted string literal: "CD3B8E81C8A3B81DA4CFAC9DEFA5B6E9"
02-29 17:27:45.534 22800 22800 E ArmVmp : Match on catch block at 0x0a in for 0x709e959035
02-29 17:27:45.542 22800 22800 E ArmVmp : Match on catch block at 0x0a in for 0x709e959035
02-29 17:27:45.698 22800 22800 E ArmVmp : Match on catch block at 0xc3 in for 0x709e959025
02-29 17:27:45.708 22800 22800 E ArmVmp : Match on catch block at 0xc3 in for 0x709e959025
02-29 17:27:45.750 22800 22800 E ArmVmp : Match on catch block at 0xc3 in for 0x709e959025
02-29 17:27:45.758 22800 22800 E ArmVmp : Match on catch block at 0xc3 in for 0x709e959025
02-29 17:27:45.778 22800 22800 E ArmVmp : Match on catch block at 0xc3 in for 0x709e959025
02-29 17:27:45.781 22800 22800 E ArmVmp : Match on catch block at 0xc3 in for 0x709e959025
02-29 17:27:45.794 22800 22800 E ArmVmp : Match on catch block at 0xc3 in for 0x709e959025
02-29 17:27:45.799 22800 22800 E ArmVmp : Match on catch block at 0xc3 in for 0x709e959025
02-29 17:27:45.817 22800 22800 E ArmVmp : Match on catch block at 0xc3 in for 0x709e959025
02-29 17:27:45.827 22800 22800 E ArmVmp : Match on catch block at 0xc3 in for 0x709e959025
02-29 17:27:45.844 22800 22800 E ArmVmp : Match on catch block at 0xc3 in for 0x709e959025
02-29 17:27:45.862 22800 22800 E ArmVmp : Match on catch block at 0xc3 in for 0x709e959025
02-29 17:27:45.883 22800 22800 E ArmVmp : Match on catch block at 0xc3 in for 0x709e959025
02-29 17:27:45.890 22800 22800 E ArmVmp : Match on catch block at 0xc3 in for 0x709e959025
02-29 17:27:45.908 22800 22800 E ArmVmp : Match on catch block at 0xc3 in for 0x709e959025
02-29 17:27:45.936 22800 22800 E ArmVmp : Match on catch block at 0xc3 in for 0x709e959025
02-29 17:27:45.960 22800 22800 E ArmVmp : Match on catch block at 0xc3 in for 0x709e959025
02-29 17:27:45.970 22800 22800 E ArmVmp : Match on catch block at 0xc3 in for 0x709e959025
02-29 17:27:45.992 22800 22800 E ArmVmp : Match on catch block at 0xc3 in for 0x709e959025
02-29 17:27:46.007 22800 22800 E ArmVmp : Match on catch block at 0xc3 in for 0x709e959025
02-29 17:27:46.019 22800 22800 E ArmVmp : Match on catch block at 0xc3 in for 0x709e959025
02-29 17:27:46.030 22800 22800 E ArmVmp : Match on catch block at 0xc3 in for 0x709e959025
02-29 17:27:46.038 22800 22800 E ArmVmp : Match on catch block at 0xc3 in for 0x709e959025
02-29 17:27:46.041 22800 22800 E ArmVmp : Match on catch block at 0xc3 in for 0x709e959025
02-29 17:27:46.066 22800 22800 E ArmVmp : Match on catch block at 0xc3 in for 0x709e959025
02-29 17:27:46.073 22800 22800 E ArmVmp : Match on catch block at 0xc3 in for 0x709e959025
02-29 17:27:46.102 22800 22800 E ArmVmp : Match on catch block at 0xc3 in for 0x709e959025
02-29 17:27:46.107 22800 22800 E ArmVmp : Match on catch block at 0xc3 in for 0x709e959025
02-29 17:27:46.116 22800 22800 E ArmVmp : Match on catch block at 0xc3 in for 0x709e959025
02-29 17:27:46.124 22800 22800 E ArmVmp : Match on catch block at 0xc3 in for 0x709e959025
02-29 17:27:46.146 22800 22800 E ArmVmp : Match on catch block at 0xc3 in for 0x709e959025
02-29 17:27:46.157 22800 22800 E ArmVmp : Match on catch block at 0xc3 in for 0x709e959025
02-29 17:27:46.175 22800 22800 E ArmVmp : Match on catch block at 0xc3 in for 0x709e959025
02-29 17:27:46.181 22800 22800 E ArmVmp : Match on catch block at 0xc3 in for 0x709e959025
02-29 17:27:46.189 22800 22800 E ArmVmp : Match on catch block at 0xc3 in for 0x709e959025
02-29 17:27:46.194 22800 22800 E ArmVmp : Match on catch block at 0xc3 in for 0x709e959025
02-29 17:27:46.221 22800 22800 E ArmVmp : Match on catch block at 0xc3 in for 0x709e959025
02-29 17:27:46.227 22800 22800 E ArmVmp : Match on catch block at 0xc3 in for 0x709e959025
02-29 17:27:46.241 22800 22800 E ArmVmp : Match on catch block at 0xc3 in for 0x709e959025
02-29 17:27:46.253 22800 22800 E ArmVmp : Match on catch block at 0xc3 in for 0x709e959025
02-29 17:27:46.417 22800 22800 E ArmVmp : Match on catch block at 0xc3 in for 0x709e959025
02-29 17:27:46.422 22800 22800 E ArmVmp : Match on catch block at 0xc3 in for 0x709e959025
02-29 17:27:46.442 22800 22800 E ArmVmp : Match on catch block at 0xc3 in for 0x709e959025
02-29 17:27:46.447 22800 22800 E ArmVmp : Match on catch block at 0xc3 in for 0x709e959025
02-29 17:27:46.467 22800 22800 E ArmVmp : Match on catch block at 0xc3 in for 0x709e959025
02-29 17:27:46.473 22800 22800 E ArmVmp : Match on catch block at 0xc3 in for 0x709e959025
02-29 17:27:46.491 22800 22800 E ArmVmp : Match on catch block at 0xc3 in for 0x709e959025
02-29 17:27:46.498 22800 22800 E ArmVmp : Match on catch block at 0xc3 in for 0x709e959025
02-29 17:27:46.516 22800 22800 E ArmVmp : Match on catch block at 0xc3 in for 0x709e959025
02-29 17:27:46.523 22800 22800 E ArmVmp : Match on catch block at 0xc3 in for 0x709e959025
02-29 17:27:46.542 22800 22800 E ArmVmp : Match on catch block at 0xc3 in for 0x709e959025
02-29 17:27:46.549 22800 22800 E ArmVmp : Match on catch block at 0xc3 in for 0x709e959025
02-29 17:27:46.566 22800 22800 E ArmVmp : Match on catch block at 0xc3 in for 0x709e959025
02-29 17:27:46.576 22800 22800 E ArmVmp : Match on catch block at 0xc3 in for 0x709e959025
02-29 17:27:46.602 22800 22800 E ArmVmp : Match on catch block at 0xc3 in for 0x709e959025
02-29 17:27:46.608 22800 22800 E ArmVmp : Match on catch block at 0xc3 in for 0x709e959025
02-29 17:27:46.619 22800 22800 E ArmVmp : Match on catch block at 0xc3 in for 0x709e959025
02-29 17:27:46.622 22800 22800 E ArmVmp : Match on catch block at 0xc3 in for 0x709e959025
02-29 17:27:46.654 22800 22800 E ArmVmp : Match on catch block at 0xc3 in for 0x709e959025
02-29 17:27:46.675 22800 22800 E ArmVmp : Match on catch block at 0xc3 in for 0x709e959025
02-29 17:27:46.684 22800 22800 E ArmVmp : Match on catch block at 0xc3 in for 0x709e959025
02-29 17:27:46.694 22800 22800 E ArmVmp : Match on catch block at 0xc3 in for 0x709e959025
02-29 17:27:46.715 22800 22800 E ArmVmp : Match on catch block at 0xc3 in for 0--------- beginning of main
02-29 17:27:48.064 22800 22800 E ArmVmp : Match on catch block at 0xc3 in for 0x709e959025
02-29 17:27:48.067 22800 22800 E ArmVmp : Match on catch block at 0xc3 in for 0x709e959025
02-29 17:40:42.399 7529 7529 E com.mbwhatsapp: Not starting debugger since process cannot load the jdwp agent.
02-29 17:40:42.417 7529 7529 W ziparchive: Unable to open '/system_ext/framework/unisoc-framework.dm': No such file or directory
02-29 17:40:42.417 7529 7529 W ziparchive: Unable to open '/system_ext/framework/unisoc-framework.dm': No such file or directory
02-29 17:40:42.433 7529 7556 E com.mbwhatsapp: Could not write anonymous vdex /system_ext/framework/oat/arm64/unisoc-framework.vdex: Could not open /system_ext/framework/oat/arm64/unisoc-framework.vdex for writing
02-29 17:40:42.617 7529 7529 W System.err: java.lang.ClassNotFoundException: mbmodsd.mbmodsw.ui.views.btn.BtnBK
02-29 17:40:42.618 7529 7529 W System.err: at java.lang.Runtime.nativeLoad(Native Method)
02-29 17:40:42.618 7529 7529 W System.err: at java.lang.Runtime.nativeLoad(Runtime.java:1126)
02-29 17:40:42.618 7529 7529 W System.err: at java.lang.Runtime.loadLibrary0(Runtime.java:1080)
02-29 17:40:42.618 7529 7529 W System.err: at java.lang.Runtime.loadLibrary0(Runtime.java:1003)
02-29 17:40:42.618 7529 7529 W System.err: at java.lang.System.loadLibrary(System.java:1661)
02-29 17:40:42.618 7529 7529 W System.err: at arm.EpicVm.<clinit>(Unknown Source:2)
02-29 17:40:42.618 7529 7529 W System.err: at java.lang.Class.newInstance(Native Method)
02-29 17:40:42.618 7529 7529 W System.err: at android.app.AppComponentFactory.instantiateApplication(AppComponentFactory.java:76)
02-29 17:40:42.618 7529 7529 W System.err: at androidx.core.app.CoreComponentFactory.instantiateApplication(Unknown Source:0)
02-29 17:40:42.618 7529 7529 W System.err: at android.app.Instrumentation.newApplication(Instrumentation.java:1232)
02-29 17:40:42.618 7529 7529 W System.err: at android.app.LoadedApk.makeApplicationInner(LoadedApk.java:1466)
02-29 17:40:42.618 7529 7529 W System.err: at android.app.LoadedApk.makeApplicationInner(LoadedApk.java:1403)
02-29 17:40:42.618 7529 7529 W System.err: at android.app.ActivityThread.handleBindApplication(ActivityThread.java:6867)
02-29 17:40:42.618 7529 7529 W System.err: at android.app.ActivityThread.-$ $Nest$mhandleBindApplication(Unknown Source:0)
02-29 17:40:42.618 7529 7529 W System.err: at android.app.ActivityThread$H.handleMessage(ActivityThread.java:2219)
02-29 17:40:42.618 7529 7529 W System.err: at android.os.Handler.dispatchMessage(Handler.java:106)
02-29 17:40:42.618 7529 7529 W System.err: at android.os.Looper.loopOnce(Looper.java:201)
02-29 17:40:42.618 7529 7529 W System.err: at android.os.Looper.loop(Looper.java:288)
02-29 17:40:42.618 7529 7529 W System.err: at android.app.ActivityThread.main(ActivityThread.java:8061)
02-29 17:40:42.618 7529 7529 W System.err: at java.lang.reflect.Method.invoke(Native Method)
02-29 17:40:42.618 7529 7529 W System.err: at com.android.internal.os.RuntimeInit$MethodAndArgsCaller.run(RuntimeInit.java:703)
02-29 17:40:42.618 7529 7529 W System.err: at com.android.internal.os.ZygoteInit.main(ZygoteInit.java:911)
02-29 17:40:42.646 7529 7529 E CustomActivityOnCrash: IMPORTANT WARNING! You already have an UncaughtExceptionHandler, are you sure this is correct? If you use a custom UncaughtExceptionHandler, you must initialize it AFTER CustomActivityOnCrash! Installing anyway, but your original handler will not be called.
02-29 17:40:43.151 7529 7529 W com.mbwhatsapp: Accessing hidden method Lcom/android/org/conscrypt/OpenSSLSocketImpl;->setUseSessionTickets(Z)V (max- target-q,core-platform-api, reflection, denied)
02-29 17:40:43.151 7529 7529 W com.mbwhatsapp: Accessing hidden method Lcom/android/org/conscrypt/AbstractConscryptSocket;->setUseSessionTickets(Z)V (max- target-q, reflection, denied)
02-29 17:40:43.202 7529 7529 W com.mbwhatsapp: type=1400 audit(0.0:14096): avc: granted { execute } for path="/data/data/com.mbwhatsapp/files/decompressed/libs.spk.zst/libc++_shared.so" dev="dm-46" ino=100860 scontext=u:r:untrusted_app:s0:c212,c256,c512,c768 tcontext=u:object_r:app_data_file:s0:c212,c256,c512,c768 tclass=file app=com.mbwhatsapp
02-29 17:40:43.218 7529 7529 W com.mbwhatsapp: type=1400 audit(0.0:14097): avc: granted { execute } for path="/data/data/com.mbwhatsapp/files/decompressed/libs.spk.zst/libvlc.so" dev="dm- 46" ino=100820 scontext=u:r:untrusted_app:s0:c212,c256,c512,c768 tcontext=u:object_r:app_data_file:s0:c212,c256,c512,c768 tclass=file app=com.mbwhatsapp
02-29 17:40:43.230 7529 7529 W com.mbwhatsapp: type=1400 audit(0.0:14098): avc: granted { execute } for path="/data/data/com.mbwhatsapp/files/decompressed/libs.spk.zst/libwhatsapp.so" dev="dm-46" ino=100821 scontext=u:r:untrusted_app:s0:c212,c256,c512,c768 tcontext=u:object_r:app_data_file:s0:c212,c256,c512,c768 tclass=file app=com.mbwhatsapp
02-29 17:40:43.306 7529 7529 W com.mbwhatsapp: type=1400 audit(0.0:14099): avc: granted { execute } for path="/data/data/com.mbwhatsapp/files/decompressed/libs.spk.zst/libcurve25519.so" dev="dm-46" ino=100837 scontext=u:r:untrusted_app:s0:c212,c256,c512,c768 tcontext=u:object_r:app_data_file:s0:c212,c256,c512,c768 tclass=file app=com.mbwhatsapp
02-29 17:40:43.322 7529 7529 W com.mbwhatsapp: type=1400 audit(0.0:14100): avc: granted { execute } for path="/data/data/com.mbwhatsapp/files/decompressed/libs.spk.zst/libwhatsapp.so" dev="dm-46" ino=100821 scontext=u:r:untrusted_app:s0:c212,c256,c512,c768 tcontext=u:object_r:app_data_file:s0:c212,c256,c512,c768 tclass=file app=com.mbwhatsapp
02-29 17:40:43.322 7529 7529 W com.mbwhatsapp: type=1400 audit(0.0:14101): avc: granted { execute } for path="/data/data/com.mbwhatsapp/files/decompressed/libs.spk.zst/libwhatsapp.so" dev="dm-46" ino=100821 scontext=u:r:untrusted_app:s0:c212,c256,c512,c768 tcontext=u:object_r:app_data_file:s0:c212,c256,c512,c768 tclass=file app=com.mbwhatsapp
02-29 17:40:43.485 7529 7529 W CheckTime: App running slow: Executing handleBindApplication : callApplicationOnCreate took 768ms
02-29 17:40:43.507 7529 7602 W com.mbwhatsapp: Method void X.2rL.A03(java.lang.Integer) failed lock verification and will run slower.
02-29 17:40:43.507 7529 7602 W com.mbwhatsapp: Common causes for lock verification issues are non-optimized dex code
02-29 17:40:43.507 7529 7602 W com.mbwhatsapp: and incorrect proguard optimizations.
02-29 17:56:21.617 7529 7529 W com.mbwhatsapp: Method void X.0eU.A0h(X.0tK, boolean) failed lock verification and will run slower.
02-29 17:56:21.864 7529 7529 W com.mbwhatsapp: Method void com.mbwhatsapp.HomeActivity.A6e() failed lock verification and will run slower.
02-29 17:56:22.350 7529 7529 E ArmVmp : Match on catch block at 0x0a in for 0x709e959031
02-29 17:56:22.374 7529 7529 E ArmVmp : Match on catch block at 0x0a in for 0x709e95904d
02-29 17:56:22.427 7529 7529 W Activity: Can request only one set of permissions at a time
02-29 17:56:22.576 7529 7529 W CheckTime: App running slow: Executing com.mbwhatsapp.yo.WidgetProvider scheduleReceive took 299ms
02-29 17:56:23.381 7529 7529 E RecyclerView: No adapter attached; skipping layout
02-29 17:56:23.462 7529 10431 W Parcel : Expecting binder but got null!
02-29 17:56:23.469 7529 7529 E ArmVmp : Match on catch block at 0x0a in for 0x709e959035
02-29 17:56:23.536 7529 7529 E RecyclerView: No adapter attached; skipping layout
02-29 17:56:23.717 7529 10472 W LOTTIE : Animation contains merge paths. Merge paths are only supported on KitKat+ and must be manually enabled by calling enableMergePathsForKitKatAndAbove().
02-29 17:56:23.889 7529 7529 W libc : Access denied finding property "persist.unipnp.debug"
02-29 17:56:23.889 7529 7529 W libc : Access denied finding property "persist.unipnp.debug"
02-29 17:56:23.886 7529 7529 W com.mbwhatsapp: type=1400 audit(0.0:14365): avc: denied { read } for name="u:object_r:unipnp_prop:s0" dev="tmpfs" ino=12234 scontext=u:r:untrusted_app:s0:c212,c256,c512,c768 tcontext=u:object_r:unipnp_prop:s0 tclass=file permissive=0 app=com.mbwhatsapp
02-29 17:56:23.886 7529 7529 W com.mbwhatsapp: type=1400 audit(0.0:14366): avc: denied { read } for name="u:object_r:unipnp_prop:s0" dev="tmpfs" ino=12234 scontext=u:r:untrusted_app:s0:c212,c256,c512,c768 tcontext=u:object_r:unipnp_prop:s0 tclass=file permissive=0 app=com.mbwhatsapp
02-29 17:56:23.890 7529 7529 W ziparchive: Unable to open '/system_ext/framework/unipnp-framework.dm': No such file or directory
02-29 17:56:23.890 7529 7529 W ziparchive: Unable to open '/system_ext/framework/unipnp-framework.dm': No such file or directory
02-29 17:56:23.908 7529 7529 W LOTTIE : Animation contains merge paths but they are disabled.
02-29 17:56:24.085 7529 7529 E ArmVmp : Match on catch block at 0x5b in for 0x709e95901d
02-29 17:56:24.700 7529 10485 E RenderScript: Failed to find hal setup entry points: undefined symbol: rsdHalAbort
02-29 17:56:24.700 7529 10485 E RenderScript: Failed to load runtime , loading default
02-29 17:56:24.776 7529 7529 E ArmVmp : Match on catch block at 0x0a in for 0x709e95905d
02-29 17:56:24.824 7529 10431 W Parcel : Expecting binder but got null!
02-29 17:56:25.541 7529 7529 E RippleDrawable: The RippleDrawable.STYLE_PATTERNED animation is not supported for a non-hardware accelerated Canvas. Skipping animation.
02-29 17:56:25.556 7529 7529 E RippleDrawable: The RippleDrawable.STYLE_PATTERNED animation is not supported for a non-hardware accelerated Canvas. Skipping animation.
02-29 17:56:25.576 7529 7529 E RippleDrawable: The RippleDrawable.STYLE_PATTERNED animation is not supported for a non-hardware accelerated Canvas. Skipping animation.
02-29 17:56:25.590 7529 7529 E RippleDrawable: The RippleDrawable.STYLE_PATTERNED animation is not supported for a non-hardware accelerated Canvas. Skipping animation.
02-29 17:56:25.607 7529 7529 E RippleDrawable: The RippleDrawable.STYLE_PATTERNED animation is not supported for a non-hardware accelerated Canvas. Skipping animation.
02-29 17:56:25.622 7529 7529 E RippleDrawable: The RippleDrawable.STYLE_PATTERNED animation is not supported for a non-hardware accelerated Canvas. Skipping animation.
02-29 17:56:25.641 7529 7529 E RippleDrawable: The RippleDrawable.STYLE_PATTERNED animation is not supported for a non-hardware accelerated Canvas. Skipping animation.
02-29 17:56:25.878 7529 10431 W Parcel : Expecting binder but got null!
02-29 17:56:26.583 7529 7550 W com.mbwhatsapp: Cleared Reference was only reachable from finalizer (only reported once)
02-29 17:56:26.616 7529 7552 W System : A resource failed to call close.
02-29 17:57:16.685 7529 10434 W com.mbwhatsapp: Accessing hidden method Lcom/android/org/conscrypt/ConscryptEngineSocket;->setUseSessionTickets(Z)V (max- target-q,core-platform-api, reflection, denied)
