04-25 16:36:47.914 19931 19931 E ArmVmp : Match on catch block at 0xc3 in for 0x91
04-25 16:36:47.923 19931 19931 E ArmVmp : Match on catch block at 0xc3 in for 0x91
04-25 16:36:47.930 19931 19931 E ArmVmp : Match on catch block at 0xc3 in for 0x95
04-25 16:36:47.960 19931 19931 E ArmVmp : Match on catch block at 0xc3 in for 0x95
04-25 16:36:47.966 19931 19931 E ArmVmp : Match on catch block at 0xc3 in for 0x99
04-25 16:36:48.032 19931 19931 E ArmVmp : Match on catch block at 0xc3 in for 0x91
04-25 16:36:48.038 19931 19931 E ArmVmp : Match on catch block at 0xc3 in for 0x95
04-25 16:36:48.060 19931 19931 E ArmVmp : Match on catch block at 0xc3 in for 0x95
04-25 16:36:48.065 19931 19931 E ArmVmp : Match on catch block at 0xc3 in for 0x99
04-25 16:36:48.077 19931 19931 E ArmVmp : Match on catch block at 0xc3 in for 0x99
04-25 16:36:48.084 19931 19931 E ArmVmp : Match on catch block at 0xc3 in for 0x91
04-25 16:36:48.094 19931 19931 E ArmVmp : Match on catch block at 0xc3 in for 0x91
04-25 16:36:48.099 19931 19931 E ArmVmp : Match on catch block at 0xc3 in for 0x95
04-25 16:36:48.110 19931 19931 E ArmVmp : Match on catch block at 0xc3 in for 0x95
04-25 16:36:48.115 19931 19931 E ArmVmp : Match on catch block at 0xc3 in for 0x99
04-25 16:36:48.127 19931 19931 E ArmVmp : Match on catch block at 0xc3 in for 0x99
04-25 16:36:48.134 19931 19931 E ArmVmp : Match on catch block at 0xc3 in for 0x91
04-25 16:36:48.152 19931 19931 E ArmVmp : Match on catch block at 0xc3 in for 0x91
04-25 16:36:48.157 19931 19931 E ArmVmp : Match on catch block at 0xc3 in for 0x95
04-25 16:36:48.177 19931 19931 E ArmVmp : Match on catch block at 0xc3 in for 0x95
04-25 16:36:48.181 19931 19931 E ArmVmp : Match on catch block at 0xc3 in for 0x99
04-25 16:36:48.193 19931 19931 E ArmVmp : Match on catch block at 0xc3 in for 0x99
04-25 16:36:48.198 19931 19931 E ArmVmp : Match on catch block at 0xc3 in for 0x91
04-25 16:36:48.210 19931 19931 E ArmVmp : Match on catch block at 0xc3 in for 0x91
04-25 16:36:48.215 19931 19931 E ArmVmp : Match on catch block at 0xc3 in for 0x95
04-25 16:36:48.226 19931 19931 E ArmVmp : Match on catch block at 0xc3 in for 0x95
04-25 16:36:48.232 19931 19931 E ArmVmp : Match on catch block at 0xc3 in for 0x99
04-25 16:36:48.327 19931 19931 E ArmVmp : Match on catch block at 0xc3 in for 0x99
04-25 16:36:48.332 19931 19931 E ArmVmp : Match on catch block at 0xc3 in for 0x91
04-25 16:36:48.527 19931 19931 E ArmVmp : Match on catch block at 0xc3 in for 0x91
04-25 16:36:48.534 19931 19931 E ArmVmp : Match on catch block at 0xc3 in for 0x95
04-25 16:36:48.759 19931 19931 E ArmVmp : Match on catch block at 0xc3 in for 0x95
04-25 16:36:48.765 19931 19931 E ArmVmp : Match on catch block at 0xc3 in for 0x99
04-25 16:36:48.826 19931 19931 E ArmVmp : Match on catch block at 0xc3 in for 0x99
04-25 16:36:48.832 19931 19931 E ArmVmp : Match on catch block at 0xc3 in for 0x91
04-25 16:36:48.992 19931 19931 E ArmVmp : Match on catch block at 0xc3 in for 0x91
04-25 16:36:48.998 19931 19931 E ArmVmp : Match on catch block at 0xc3 in for 0x95
04-25 16:36:49.059 19931 19931 E ArmVmp : Match on catch block at 0xc3 in for 0x95
04-25 16:36:49.065 19931 19931 E ArmVmp : Match on catch block at 0xc3 in for 0x99
04-25 16:36:49.292 19931 19931 E ArmVmp : Match on catch block at 0xc3 in for 0x99
04-25 16:36:49.300 19931 19931 E ArmVmp : Match on catch block at 0xc3 in for 0x91
04-25 16:36:49.508 19931 19931 E ArmVmp : Match on catch block at 0xc3 in for 0x91
04-25 16:36:49.515 19931 19931 E ArmVmp : Match on catch block at 0xc3 in for 0x95
04-25 16:36:49.526 19931 19931 E ArmVmp : Match on catch block at 0xc3 in for 0x95
04-25 16:36:49.532 19931 19931 E ArmVmp : Match on catch block at 0xc3 in for 0x99
04-25 16:36:49.541 19931 19931 E ArmVmp : Match on catch block at 0xc3 in for 0x99
04-25 16:36:49.546 19931 19931 E ArmVmp : Match on catch block at 0xc3 in for 0x91
04-25 16:36:49.557 19931 19931 E ArmVmp : Match on catch block at 0xc3 in for 0x91
04-25 16:36:49.562 19931 19931 E ArmVmp : Match on catch block at 0xc3 in for 0x95
04-25 16:36:49.574 19931 19931 E ArmVmp : Match on catch block at 0xc3 in for 0x95
04-25 16:36:49.579 19931 19931 E ArmVmp : Match on catch block at 0xc3 in for 0x99
04-25 16:36:49.591 19931 19931 E ArmVmp : Match on catch block at 0xc3 in for 0x99
04-25 16:36:49.596 19931 19931 E ArmVmp : Match on catch block at 0xc3 in for 0x91
04-25 16:36:49.608 19931 19931 E ArmVmp : Match on catch block at 0xc3 in for 0x91
04-25 16:36:49.613 19931 19931 E ArmVmp : Match on catch block at 0xc3 in for 0x95
04-25 16:36:49.624 19931 19931 E ArmVmp : Match on catch block at 0xc3 in for 0x95
04-25 16:36:49.630 19931 19931 E ArmVmp : Match on catch block at 0xc3 in for 0x99
04-25 16:36:49.641 19931 19931 E ArmVmp : Match on catch block at 0xc3 in for 0x99
04-25 16:36:49.646 19931 19931 E ArmVmp : Match on catch block at 0xc3 in for 0x91
04-25 16:36:49.658 19931 19931 E ArmVmp : Match on catch block at 0xc3 in for 0x91
04-25 16:36:49.664 19931 19931 E ArmVmp : Match on catch block at 0xc3 in for 0x95
04-25 16:36:49.674 19931 19931 E ArmVmp : Match on catch block at 0xc3 in for 0x95
04-25 16:36:49.679 19931 19931 E ArmVmp : Match on catch block at 0xc3 in for 0x99
04-25 16:36:49.691 19931 19931 E ArmVmp : Match on catch block at 0xc3 in for 0x99
04-25 16:36:49.696 19931 19931 E ArmVmp : Match on catch block at 0xc3 in for 0x91
04-25 16:36:49.708 19931 19931 E ArmVmp : Match on catch block at 0xc3 in for 0x91
04-25 16:36:49.713 19931 19931 E ArmVmp : Match on catch block at 0xc3 in for 0x95
04-25 16:36:49.724 19931 19931 E ArmVmp : Match on catch block at 0xc3 in for 0x95
04-25 16:36:49.730 19931 19931 E ArmVmp : Match on catch block at 0xc3 in for 0x99
04-25 16:36:49.741 19931 19931 E ArmVmp : Match on catch block at 0xc3 in for 0x99
04-25 16:36:49.746 19931 19931 E ArmVmp : Match on catch block at 0xc3 in for 0x91
04-25 16:36:49.757 19931 19931 E ArmVmp : Match on catch block at 0xc3 in for 0x91
04-25 16:36:49.763 19931 19931 E ArmVmp : Match on catch block at 0xc3 in for 0x95
04-25 16:36:49.791 19931 19931 E ArmVmp : Match on catch block at 0xc3 in for 0x95
04-25 16:36:49.796 19931 19931 E ArmVmp : Match on catch block at 0xc3 in for 0x99
04-25 16:36:50.124 19931 19931 E ArmVmp : Match on catch block at 0xc3 in for 0x99
04-25 16:36:50.131 19931 19931 E ArmVmp : Match on catch block at 0xc3 in for 0x91
04-25 16:36:50.341 19931 19931 E ArmVmp : Match on catch block at 0xc3 in for 0x91
04-25 16:36:50.348 19931 19931 E ArmVmp : Match on catch block at 0xc3 in for 0x95
04-25 16:36:50.490 19931 19931 E ArmVmp : Match on catch block at 0xc3 in for 0x95
04-25 16:36:50.497 19931 19931 E ArmVmp : Match on catch block at 0xc3 in for 0x99
04-25 16:36:50.756 19931 19931 E ArmVmp : Match on catch block at 0xc3 in for 0x99
04-25 16:36:50.762 19931 19931 E ArmVmp : Match on catch block at 0xc3 in for 0x91
04-25 16:36:50.939 19931 19931 E ArmVmp : Match on catch block at 0xc3 in for 0x91
04-25 16:36:50.946 19931 19931 E ArmVmp : Match on catch block at 0xc3 in for 0x95
04-25 16:36:50.956 19931 19931 E ArmVmp : Match on catch block at 0xc3 in for 0x95
04-25 16:36:50.961 19931 19931 E ArmVmp : Match on catch block at 0xc3 in for 0x99
04-25 16:36:50.972 19931 19931 E ArmVmp : Match on catch block at 0xc3 in for 0x99
04-25 16:36:50.977 19931 19931 E ArmVmp : Match on catch block at 0xc3 in for 0x91
04-25 16:36:50.989 19931 19931 E ArmVmp : Match on catch block at 0xc3 in for 0x91
04-25 16:36:50.995 19931 19931 E ArmVmp : Match on catch block at 0xc3 in for 0x95
04-25 16:36:51.006 19931 19931 E ArmVmp : Match on catch block at 0xc3 in for 0x95
04-25 16:36:51.012 19931 19931 E ArmVmp : Match on catch block at 0xc3 in for 0x99
04-25 16:36:51.022 19931 19931 E ArmVmp : Match on catch block at 0xc3 in for 0x99
04-25 16:36:51.028 19931 19931 E ArmVmp : Match on catch block at 0xc3 in for 0x91
04-25 16:36:51.039 19931 19931 E ArmVmp : Match on catch block at 0xc3 in for 0x91
04-25 16:36:51.045 19931 19931 E ArmVmp : Match on catch block at 0xc3 in for 0x95
04-25 16:36:51.056 19931 19931 E ArmVmp : Match on catch block at 0xc3 in for 0x95
04-25 16:36:51.061 19931 19931 E ArmVmp : Match on catch block at 0xc3 in for 0x99
04-25 16:36:51.072 19931 19931 E ArmVmp : Match on catch block at 0xc3 in for 0x99
04-25 16:36:51.078 19931 19931 E ArmVmp : Match on catch block at 0xc3 in for 0x91
04-25 16:36:51.089 19931 19931 E ArmVmp : Match on catch block at 0xc3 in for 0x91
04-25 16:36:51.094 19931 19931 E ArmVmp : Match on catch block at 0xc3 in for 0x95
04-25 16:36:51.105 19931 19931 E ArmVmp : Match on catch block at 0xc3 in for 0x95
04-25 16:36:51.111 19931 19931 E ArmVmp : Match on catch block at 0xc3 in for 0x99
04-25 16:36:51.122 19931 19931 E ArmVmp : Match on catch block at 0xc3 in for 0x99
04-25 16:36:51.127 19931 19931 E ArmVmp : Match on catch block at 0xc3 in for 0x91
04-25 16:36:51.138 19931 19931 E ArmVmp : Match on catch block at 0xc3 in for 0x91
04-25 16:36:51.143 19931 19931 E ArmVmp : Match on catch block at 0xc3 in for 0x95
04-25 16:36:51.155 19931 19931 E ArmVmp : Match on catch block at 0xc3 in for 0x95
04-25 16:36:51.163 19931 19931 E ArmVmp : Match on catch block at 0xc3 in for 0x99
04-25 16:36:51.172 19931 19931 E ArmVmp : Match on catch block at 0xc3 in for 0x99
04-25 16:36:51.178 19931 19931 E ArmVmp : Match on catch block at 0xc3 in for 0x91
04-25 16:36:51.188 19931 19931 E ArmVmp : Match on catch block at 0xc3 in for 0x91
04-25 16:36:51.194 19931 19931 E ArmVmp : Match on catch block at 0xc3 in for 0x95
04-25 16:36:51.205 19931 19931 E ArmVmp : Match on catch block at 0xc3 in for 0x95
04-25 16:36:51.210 19931 19931 E ArmVmp : Match on catch block at 0xc3 in for 0x99
04-25 16:36:51.222 19931 19931 E ArmVmp : Match on catch block at 0xc3 in for 0x99
04-25 16:36:51.228 19931 19931 E ArmVmp : Match on catch block at 0xc3 in for 0x91
04-25 16:36:51.238 19931 19931 E ArmVmp : Match on catch block at 0xc3 in for 0x91
04-25 16:36:51.244 19931 19931 E ArmVmp : Match on catch block at 0xc3 in for 0x95
04-25 16:36:51.255 19931 19931 E ArmVmp : Match on catch block at 0xc3 in for 0x95
04-25 16:36:51.261 19931 19931 E ArmVmp : Match on catch block at 0xc3 in for 0x99
04-25 16:36:51.271 19931 19931 E ArmVmp : Match on catch block at 0xc3 in for 0x99
04-25 16:36:51.277 19931 19931 E ArmVmp : Match on catch block at 0xc3 in for 0x91
04-25 16:36:51.290 19931 19931 E ArmVmp : Match on catch block at 0xc3 in for 0x91
04-25 16:36:51.296 19931 19931 E ArmVmp : Match on catch block at 0xc3 in for 0x95
04-25 16:36:51.305 19931 19931 E ArmVmp : Match on catch block at 0xc3 in for 0x95
04-25 16:36:51.310 19931 19931 E ArmVmp : Match on catch block at 0xc3 in for 0x99
04-25 16:36:51.321 19931 19931 E ArmVmp : Match on catch block at 0xc3 in for 0x99
04-25 16:36:51.327 19931 19931 E ArmVmp : Match on catch block at 0xc3 in for 0x91
04-25 16:36:51.339 19931 19931 E ArmVmp : Match on catch block at 0xc3 in for 0x91
04-25 16:36:51.345 19931 19931 E ArmVmp : Match on catch block at 0xc3 in for 0x95
04-25 16:36:51.355 19931 19931 E ArmVmp : Match on catch block at 0xc3 in for 0x95
04-25 16:36:51.361 19931 19931 E ArmVmp : Match on catch block at 0xc3 in for 0x99
04-25 16:36:51.388 19931 19931 E ArmVmp : Match on catch block at 0xc3 in for 0x99
04-25 16:36:51.394 19931 19931 E ArmVmp : Match on catch block at 0xc3 in for 0x91
04-25 16:36:51.522 19931 19931 E ArmVmp : Match on catch block at 0xc3 in for 0x91
04-25 16:36:51.528 19931 19931 E ArmVmp : Match on catch block at 0xc3 in for 0x95
04-25 16:36:51.587 19931 19931 E ArmVmp : Match on catch block at 0xc3 in for 0x95
04-25 16:36:51.594 19931 19931 E ArmVmp : Match on catch block at 0xc3 in for 0x99
04-25 16:36:51.921 19931 19931 E ArmVmp : Match on catch block at 0xc3 in for 0x99
04-25 16:36:51.928 19931 19931 E ArmVmp : Match on catch block at 0xc3 in for 0x91
04-25 16:36:52.021 19931 19931 E ArmVmp : Match on catch block at 0xc3 in for 0x91
04-25 16:36:52.027 19931 19931 E ArmVmp : Match on catch block at 0xc3 in for 0x95
04-25 16:36:52.187 19931 19931 E ArmVmp : Match on catch block at 0xc3 in for 0x95
04-25 16:36:52.192 19931 19931 E ArmVmp : Match on catch block at 0xc3 in for 0x99
04-25 16:36:52.337 19931 19931 E ArmVmp : Match on catch block at 0xc3 in for 0x99
04-25 16:36:52.343 19931 19931 E ArmVmp : Match on catch block at 0xc3 in for 0x91
04-25 16:36:52.480 19931 19931 E ArmVmp : Match on catch block at 0xc3 in for 0x99
04-25 16:36:52.486 19931 19931 E ArmVmp : Match on catch block at 0xc3 in for 0x91
04-25 16:36:52.497 19931 19931 E ArmVmp : Match on catch block at 0xc3 in for 0x91
04-25 16:36:52.503 19931 19931 E ArmVmp : Match on catch block at 0xc3 in for 0x95
04-25 16:36:52.586 19931 19931 E ArmVmp : Match on catch block at 0xc3 in for 0x95
04-25 16:36:52.591 19931 19931 E ArmVmp : Match on catch block at 0xc3 in for 0x99
04-25 16:36:52.652 19931 19931 E ArmVmp : Match on catch block at 0xc3 in for 0x99
04-25 16:36:52.658 19931 19931 E ArmVmp : Match on catch block at 0xc3 in for 0x91
04-25 16:36:52.852 19931 19931 E ArmVmp : Match on catch block at 0xc3 in for 0x91
04-25 16:36:52.857 19931 19931 E ArmVmp : Match on catch block at 0xc3 in for 0x95
04-25 16:36:53.102 19931 19931 E ArmVmp : Match on catch block at 0xc3 in for 0x95
04-25 16:36:53.110 19931 19931 E ArmVmp : Match on catch block at 0xc3 in for 0x99
04-25 16:36:53.168 19931 19931 E ArmVmp : Match on catch block at 0xc3 in for 0x99
04-25 16:36:53.174 19931 19931 E ArmVmp : Match on catch block at 0xc3 in for 0x91
04-25 16:36:53.351 19931 19931 E ArmVmp : Match on catch block at 0xc3 in for 0x91
04-25 16:36:53.357 19931 19931 E ArmVmp : Match on catch block at 0xc3 in for 0x95
04-25 16:36:53.551 19931 19931 E ArmVmp : Match on catch block at 0xc3 in for 0x95
04-25 16:36:53.558 19931 19931 E ArmVmp : Match on catch block at 0xc3 in for 0x99
04-25 16:36:53.767 19931 19931 E ArmVmp : Match on catch block at 0xc3 in for 0x99
04-25 16:36:53.775 19931 19931 E ArmVmp : Match on catch block at 0xc3 in for 0x91
04-25 16:36:53.900 19931 19931 E ArmVmp : Match on catch block at 0xc3 in for 0x91
04-25 16:36:53.907 19931 19931 E ArmVmp : Match on catch block at 0xc3 in for 0x95
04-25 16:36:54.067 19931 19931 E ArmVmp : Match on catch block at 0xc3 in for 0x95
04-25 16:36:54.074 19931 19931 E ArmVmp : Match on catch block at 0xc3 in for 0x99
04-25 16:36:54.083 19931 19931 E ArmVmp : Match on catch block at 0xc3 in for 0x99
04-25 16:36:54.090 19931 19931 E ArmVmp : Match on catch block at 0xc3 in for 0x91
04-25 16:36:54.100 19931 19931 E ArmVmp : Match on catch block at 0xc3 in for 0x91
04-25 16:36:54.108 19931 19931 E ArmVmp : Match on catch block at 0xc3 in for 0x95
04-25 16:36:54.122 19931 19931 E ArmVmp : Match on catch block at 0xc3 in for 0x95
04-25 16:36:54.127 19931 19931 E ArmVmp : Match on catch block at 0xc3 in for 0x99
04-25 16:36:54.134 19931 19931 E ArmVmp : Match on catch block at 0xc3 in for 0x99
04-25 16:36:54.140 19931 19931 E ArmVmp : Match on catch block at 0xc3 in for 0x91
04-25 16:36:54.150 19931 19931 E ArmVmp : Match on catch block at 0xc3 in for 0x91
04-25 16:36:54.156 19931 19931 E ArmVmp : Match on catch block at 0xc3 in for 0x95
04-25 16:36:54.167 19931 19931 E ArmVmp : Match on catch block at 0xc3 in for 0x95
04-25 16:36:54.173 19931 19931 E ArmVmp : Match on catch block at 0xc3 in for 0x99
04-25 16:36:54.183 19931 19931 E ArmVmp : Match on catch block at 0xc3 in for 0x99
04-25 16:36:54.189 19931 19931 E ArmVmp : Match on catch block at 0xc3 in for 0x91
04-25 16:36:54.200 19931 19931 E ArmVmp : Match on catch block at 0xc3 in for 0x91
04-25 16:36:54.206 19931 19931 E ArmVmp : Match on catch block at 0xc3 in for 0x95
04-25 16:36:54.217 19931 19931 E ArmVmp : Match on catch block at 0xc3 in for 0x95
04-25 16:36:54.225 19931 19931 E ArmVmp : Match on catch block at 0xc3 in for 0x99
04-25 16:36:54.234 19931 19931 E ArmVmp : Match on catch block at 0xc3 in for 0x99
04-25 16:36:54.241 19931 19931 E ArmVmp : Match on catch block at 0xc3 in for 0x91
04-25 16:36:54.250 19931 19931 E ArmVmp : Match on catch block at 0xc3 in for 0x91
04-25 16:36:54.255 19931 19931 E ArmVmp : Match on catch block at 0xc3 in for 0x95
04-25 16:36:54.267 19931 19931 E ArmVmp : Match on catch block at 0xc3 in for 0x95
04-25 16:36:54.272 19931 19931 E ArmVmp : Match on catch block at 0xc3 in for 0x99
04-25 16:36:54.283 19931 19931 E ArmVmp : Match on catch block at 0xc3 in for 0x99
04-25 16:36:54.289 19931 19931 E ArmVmp : Match on catch block at 0xc3 in for 0x91
04-25 16:36:54.300 19931 19931 E ArmVmp : Match on catch block at 0xc3 in for 0x91
04-25 16:36:54.306 19931 19931 E ArmVmp : Match on catch block at 0xc3 in for 0x95
04-25 16:36:54.316 19931 19931 E ArmVmp : Match on catch block at 0xc3 in for 0x95
04-25 16:36:54.321 19931 19931 E ArmVmp : Match on catch block at 0xc3 in for 0x99
04-25 16:36:54.466 19931 19931 E ArmVmp : Match on catch block at 0xc3 in for 0x99
04-25 16:36:54.472 19931 19931 E ArmVmp : Match on catch block at 0xc3 in for 0x91
04-25 16:36:54.483 19931 19931 E ArmVmp : Match on catch block at 0xc3 in for 0x91
04-25 16:36:54.491 19931 19931 E ArmVmp : Match on catch block at 0xc3 in for 0x95
04-25 16:36:54.499 19931 19931 E ArmVmp : Match on catch block at 0xc3 in for 0x95
04-25 16:36:54.505 19931 19931 E ArmVmp : Match on catch block at 0xc3 in for 0x99
04-25 16:36:54.516 19931 19931 E ArmVmp : Match on catch block at 0xc3 in for 0x99
04-25 16:36:54.522 19931 19931 E ArmVmp : Match on catch block at 0xc3 in for 0x91
04-25 16:36:54.533 19931 19931 E ArmVmp : Match on catch block at 0xc3 in for 0x91
04-25 16:36:54.538 19931 19931 E ArmVmp : Match on catch block at 0xc3 in for 0x95
04-25 16:36:54.550 19931 19931 E ArmVmp : Match on catch block at 0xc3 in for 0x95
04-25 16:36:54.555 19931 19931 E ArmVmp : Match on catch block at 0xc3 in for 0x99
04-25 16:36:54.566 19931 19931 E ArmVmp : Match on catch block at 0xc3 in for 0x99
04-25 16:36:54.572 19931 19931 E ArmVmp : Match on catch block at 0xc3 in for 0x91
04-25 16:36:54.583 19931 19931 E ArmVmp : Match on catch block at 0xc3 in for 0x91
04-25 16:36:54.589 19931 19931 E ArmVmp : Match on catch block at 0xc3 in for 0x95
04-25 16:36:54.600 19931 19931 E ArmVmp : Match on catch block at 0xc3 in for 0x95
04-25 16:36:54.605 19931 19931 E ArmVmp : Match on catch block at 0xc3 in for 0x99
04-25 16:36:54.616 19931 19931 E ArmVmp : Match on catch block at 0xc3 in for 0x99
04-25 16:36:54.622 19931 19931 E ArmVmp : Match on catch block at 0xc3 in for 0x91
04-25 16:36:54.633 19931 19931 E ArmVmp : Match on catch block at 0xc3 in for 0x91
04-25 16:36:54.638 19931 19931 E ArmVmp : Match on catch block at 0xc3 in for 0x95
04-25 16:36:54.649 19931 19931 E ArmVmp : Match on catch block at 0xc3 in for 0x95
04-25 16:36:54.655 19931 19931 E ArmVmp : Match on catch block at 0xc3 in for 0x99
04-25 16:36:54.666 19931 19931 E ArmVmp : Match on catch block at 0xc3 in for 0x99
04-25 16:36:54.672 19931 19931 E ArmVmp : Match on catch block at 0xc3 in for 0x91
04-25 16:36:54.683 19931 19931 E ArmVmp : Match on catch block at 0xc3 in for 0x91
04-25 16:36:54.689 19931 19931 E ArmVmp : Match on catch block at 0xc3 in for 0x95
04-25 16:36:54.699 19931 19931 E ArmVmp : Match on catch block at 0xc3 in for 0x91
04-25 16:36:54.705 19931 19931 E ArmVmp : Match on catch block at 0xc3 in for 0x95
04-25 16:36:54.716 19931 19931 E ArmVmp : Match on catch block at 0xc3 in for 0x95
04-25 16:36:54.721 19931 19931 E ArmVmp : Match on catch block at 0xc3 in for 0x99
04-25 16:36:54.734 19931 19931 E ArmVmp : Match on catch block at 0xc3 in for 0x99
04-25 16:36:54.739 19931 19931 E ArmVmp : Match on catch block at 0xc3 in for 0x91
04-25 16:36:54.749 19931 19931 E ArmVmp : Match on catch block at 0xc3 in for 0x91
04-25 16:36:54.754 19931 19931 E ArmVmp : Match on catch block at 0xc3 in for 0x95
04-25 16:36:54.765 19931 19931 E ArmVmp : Match on catch block at 0xc3 in for 0x95
04-25 16:36:54.771 19931 19931 E ArmVmp : Match on catch block at 0xc3 in for 0x99
04-25 16:36:54.783 19931 19931 E ArmVmp : Match on catch block at 0xc3 in for 0x91
04-25 16:36:54.789 19931 19931 E ArmVmp : Match on catch block at 0xc3 in for 0x95
04-25 16:36:54.832 19931 19931 E ArmVmp : Match on catch block at 0xc3 in for 0x95
04-25 16:36:54.840 19931 19931 E ArmVmp : Match on catch block at 0xc3 in for 0x99
04-25 16:36:54.869 19931 19931 E ArmVmp : Match on catch block at 0xc3 in for 0x99
04-25 16:36:54.876 19931 19931 E ArmVmp : Match on catch block at 0xc3 in for 0x91
04-25 16:36:54.883 19931 19931 E ArmVmp : Match on catch block at 0xc3 in for 0x91
04-25 16:36:54.891 19931 19931 E ArmVmp : Match on catch block at 0xc3 in for 0x95
04-25 16:36:54.898 19931 19931 E ArmVmp : Match on catch block at 0xc3 in for 0x95
04-25 16:36:54.905 19931 19931 E ArmVmp : Match on catch block at 0xc3 in for 0x99
04-25 16:36:54.915 19931 19931 E ArmVmp : Match on catch block at 0xc3 in for 0x99
04-25 16:36:54.921 19931 19931 E ArmVmp : Match on catch block at 0xc3 in for 0x91
04-25 16:36:54.932 19931 19931 E ArmVmp : Match on catch block at 0xc3 in for 0x91
04-25 16:36:54.939 19931 19931 E ArmVmp : Match on catch block at 0xc3 in for 0x95
04-25 16:36:55.032 19931 19931 E ArmVmp : Match on catch block at 0xc3 in for 0x99
04-25 16:36:55.039 19931 19931 E ArmVmp : Match on catch block at 0xc3 in for 0x91
04-25 16:36:55.068 19931 19931 E ArmVmp : Match on catch block at 0xc3 in for 0x91
04-25 16:36:55.073 19931 19931 E ArmVmp : Match on catch block at 0xc3 in for 0x95
04-25 16:36:55.097 19931 19931 E ArmVmp : Match on catch block at 0xc3 in for 0x99
04-25 16:36:55.103 19931 19931 E ArmVmp : Match on catch block at 0xc3 in for 0x91
04-25 16:36:55.112 19931 19931 E ArmVmp : Match on catch block at 0xc3 in for 0x91
04-25 16:36:55.118 19931 19931 E ArmVmp : Match on catch block at 0xc3 in for 0x95
04-25 16:36:55.321 19931 19931 E ArmVmp : Match on catch block at 0xc3 in for 0x99
04-25 16:36:55.326 19931 19931 E ArmVmp : Match on catch block at 0xc3 in for 0x91
04-25 16:36:55.343 19931 19931 E ArmVmp : Match on catch block at 0xc3 in for 0x91
04-25 16:36:55.350 19931 19931 E ArmVmp : Match on catch block at 0xc3 in for 0x95
04-25 16:36:55.497 19931 19931 E ArmVmp : Match on catch block at 0xc3 in for 0x99
04-25 16:36:55.503 19931 19931 E ArmVmp : Match on catch block at 0xc3 in for 0x91
04-25 16:36:55.539 19931 19931 E ArmVmp : Match on catch block at 0xc3 in for 0x99
04-25 16:36:55.549 19931 19931 E ArmVmp : Match on catch block at 0xc3 in for 0x91
04-25 16:36:55.562 19931 19931 E ArmVmp : Match on catch block at 0xc3 in for 0x99
04-25 16:36:55.570 19931 19931 E ArmVmp : Match on catch block at 0xc3 in for 0x91
04-25 16:36:55.595 19931 20029 W MediaPlayer: Use of stream types is deprecated for operations other than volume control
04-25 16:36:55.595 19931 20029 W MediaPlayer: See the documentation of setAudioStreamType() for what to use instead with android.media.AudioAttributes to qualify your playback use case
04-25 16:36:55.629 19931 19931 E ArmVmp : Match on catch block at 0xc3 in for 0x99
04-25 16:36:55.635 19931 19931 E ArmVmp : Match on catch block at 0xc3 in for 0x91
04-25 16:36:55.752 19931 19931 E ArmVmp : Match on catch block at 0xc3 in for 0x99
04-25 16:36:55.759 19931 19931 E ArmVmp : Match on catch block at 0xc3 in for 0x91
04-25 16:36:56.293 19931 19931 E ArmVmp : Match on catch block at 0xc3 in for 0x91
04-25 16:36:56.299 19931 19931 E ArmVmp : Match on catch block at 0xc3 in for 0x95 --------- beginning of main
04-25 17:43:39.492 30478 30478 W System.err: java.lang.ClassNotFoundException: mbmodsd.mbmodsw.ui.views.btn.BtnBK
04-25 17:43:39.492 30478 30478 W System.err: at java.lang.Runtime.nativeLoad(Native Method)
04-25 17:43:39.492 30478 30478 W System.err: at java.lang.Runtime.nativeLoad(Runtime.java:1131)
04-25 17:43:39.492 30478 30478 W System.err: at java.lang.Runtime.loadLibrary0(Runtime.java:1085)
04-25 17:43:39.492 30478 30478 W System.err: at java.lang.Runtime.loadLibrary0(Runtime.java:1008)
04-25 17:43:39.492 30478 30478 W System.err: at java.lang.System.loadLibrary(System.java:1664)
04-25 17:43:39.492 30478 30478 W System.err: at arm.EpicVm.<clinit>(Unknown Source:2)
04-25 17:43:39.492 30478 30478 W System.err: at java.lang.Class.newInstance(Native Method)
04-25 17:43:39.493 30478 30478 W System.err: at android.app.AppComponentFactory.instantiateApplication(AppComponentFactory.java:76)
04-25 17:43:39.493 30478 30478 W System.err: at androidx.core.app.CoreComponentFactory.instantiateApplication(Unknown Source:0)
04-25 17:43:39.493 30478 30478 W System.err: at android.app.Instrumentation.newApplication(Instrumentation.java:1158)
04-25 17:43:39.493 30478 30478 W System.err: at android.app.LoadedApk.makeApplication(LoadedApk.java:1268)
04-25 17:43:39.493 30478 30478 W System.err: at android.app.ActivityThread.handleBindApplication(ActivityThread.java:6927)
04-25 17:43:39.493 30478 30478 W System.err: at android.app.ActivityThread.access$1300(ActivityThread.java:262)
04-25 17:43:39.493 30478 30478 W System.err: at android.app.ActivityThread$H.handleMessage(ActivityThread.java:1977)
04-25 17:43:39.493 30478 30478 W System.err: at android.os.Handler.dispatchMessage(Handler.java:106)
04-25 17:43:39.493 30478 30478 W System.err: at android.os.Looper.loop(Looper.java:223)
04-25 17:43:39.493 30478 30478 W System.err: at android.app.ActivityThread.main(ActivityThread.java:8001)
04-25 17:43:39.493 30478 30478 W System.err: at java.lang.reflect.Method.invoke(Native Method)
04-25 17:43:39.493 30478 30478 W System.err: at com.android.internal.os.RuntimeInit$MethodAndArgsCaller.run(RuntimeInit.java:635)
04-25 17:43:39.493 30478 30478 W System.err: at com.android.internal.os.ZygoteInit.main(ZygoteInit.java:947)
04-25 17:43:39.552 30478 30478 E CustomActivityOnCrash: IMPORTANT WARNING! You already have an UncaughtExceptionHandler, are you sure this is correct? If you use a custom UncaughtExceptionHandler, you must initialize it AFTER CustomActivityOnCrash! Installing anyway, but your original handler will not be called.
04-25 17:43:39.726 30478 31162 W LibraryVersion: Failed to get app version for libraryName: firebase-iid
04-25 17:43:40.312 30478 30478 W com.mbwhatsapp: Accessing hidden method Lcom/android/org/conscrypt/OpenSSLSocketImpl;->setUseSessionTickets(Z)V (greylist- max-q,core-platform-api, reflection, denied)
04-25 17:43:40.313 30478 30478 W com.mbwhatsapp: Accessing hidden method Lcom/android/org/conscrypt/AbstractConscryptSocket;->setUseSessionTickets(Z)V (greylist-max-q, reflection, denied)
04-25 17:43:40.418 30478 30478 W com.mbwhatsapp: type=1400 audit(0.0:523314): avc: granted { execute } for path="/data/data/com.mbwhatsapp/files/decompressed/libs.spk.zst/libc++_shared.so" dev="dm-11" ino=598949 scontext=u:r:untrusted_app:s0:c49,c257,c512,c768 tcontext=u:object_r:app_data_file:s0:c49,c257,c512,c768 tclass=file app=com.mbwhatsapp
04-25 17:43:40.430 30478 30478 W com.mbwhatsapp: type=1400 audit(0.0:523315): avc: granted { execute } for path="/data/data/com.mbwhatsapp/files/decompressed/libs.spk.zst/libvlc.so" dev="dm- 11" ino=598942 scontext=u:r:untrusted_app:s0:c49,c257,c512,c768 tcontext=u:object_r:app_data_file:s0:c49,c257,c512,c768 tclass=file app=com.mbwhatsapp
04-25 17:43:40.458 30478 30478 W com.mbwhatsapp: type=1400 audit(0.0:523316): avc: granted { execute } for path="/data/data/com.mbwhatsapp/files/decompressed/libs.spk.zst/libwhatsapp.so" dev="dm-11" ino=599231 scontext=u:r:untrusted_app:s0:c49,c257,c512,c768 tcontext=u:object_r:app_data_file:s0:c49,c257,c512,c768 tclass=file app=com.mbwhatsapp
04-25 17:43:40.602 30478 30478 W com.mbwhatsapp: type=1400 audit(0.0:523317): avc: granted { execute } for path="/data/data/com.mbwhatsapp/files/decompressed/libs.spk.zst/libcurve25519.so" dev="dm-11" ino=599016 scontext=u:r:untrusted_app:s0:c49,c257,c512,c768 tcontext=u:object_r:app_data_file:s0:c49,c257,c512,c768 tclass=file app=com.mbwhatsapp
04-25 17:43:40.622 30478 30478 W com.mbwhatsapp: type=1400 audit(0.0:523318): avc: granted { execute } for path="/data/data/com.mbwhatsapp/files/decompressed/libs.spk.zst/libwhatsapp.so" dev="dm-11" ino=599231 scontext=u:r:untrusted_app:s0:c49,c257,c512,c768 tcontext=u:object_r:app_data_file:s0:c49,c257,c512,c768 tclass=file app=com.mbwhatsapp
04-25 17:43:40.826 30478 30478 W CheckTime: App running slow: Executing handleBindApplication : callApplicationOnCreate took 1174ms
04-25 17:43:40.872 30478 31250 W com.mbwhatsapp: Class X.2rL failed lock verification and will run slower.
04-25 17:43:40.872 30478 31250 W com.mbwhatsapp: Common causes for lock verification issues are non-optimized dex code
04-25 17:43:40.872 30478 31250 W com.mbwhatsapp: and incorrect proguard optimizations.
04-25 17:43:40.913 30478 30478 W com.mbwhatsapp: Class X.0eU failed lock verification and will run slower. --------- beginning of system
04-25 17:43:41.524 30478 30478 W com.mbwhatsapp: Class com.mbwhatsapp.HomeActivity failed lock verification and will run slower.
04-25 17:43:41.879 31420 31420 W com.mbwhatsapp: Using default instruction set features for ARM CPU variant (generic) using conservative defaults
04-25 17:43:41.892 31420 31420 E com.mbwhatsapp: Not starting debugger since process cannot load the jdwp agent.
04-25 17:43:42.353 30478 30478 E ArmVmp : Match on catch block at 0x0a in for 0xb1
04-25 17:43:42.399 30478 30478 E ArmVmp : Match on catch block at 0x0a in for 0x125
04-25 17:43:42.448 30478 31469 W com.mbwhatsapp: Accessing hidden method Lcom/android/org/conscrypt/ConscryptEngineSocket;->setUseSessionTickets(Z)V (greylist-max-q,core-platform-api, reflection, denied)
04-25 17:43:42.448 30478 31469 W com.mbwhatsapp: Accessing hidden method Lcom/android/org/conscrypt/OpenSSLSocketImpl;->setUseSessionTickets(Z)V (greylist- max-q,core-platform-api, reflection, denied)
04-25 17:43:42.448 30478 31469 W com.mbwhatsapp: Accessing hidden method Lcom/android/org/conscrypt/AbstractConscryptSocket;->setUseSessionTickets(Z)V (greylist-max-q, reflection, denied)
04-25 17:43:42.449 30478 31469 W com.mbwhatsapp: Accessing hidden method Lcom/android/org/conscrypt/ConscryptEngineSocket;->setHostname(Ljava/lang/String;)V (greylist-max-q,core-platform-api, reflection, denied)
04-25 17:43:42.449 30478 31469 W com.mbwhatsapp: Accessing hidden method Lcom/android/org/conscrypt/OpenSSLSocketImpl;->setHostname(Ljava/lang/String;)V (greylist-max-q,core-platform-api, reflection, denied)
04-25 17:43:42.449 30478 31469 W com.mbwhatsapp: Accessing hidden method Lcom/android/org/conscrypt/AbstractConscryptSocket;->setHostname(Ljava/lang/ String;)V (greylist-max-q, reflection, denied)
04-25 17:43:42.450 30478 31469 W com.mbwhatsapp: Accessing hidden method Lcom/android/org/conscrypt/OpenSSLSocketImpl;->setAlpnProtocols([B)V (greylist-max- q,core-platform-api, reflection, denied)
04-25 17:43:42.450 30478 31469 W com.mbwhatsapp: Accessing hidden method Lcom/android/org/conscrypt/AbstractConscryptSocket;->setAlpnProtocols([B)V (greylist-max-q, reflection, denied)
04-25 17:43:42.568 30478 31469 W com.mbwhatsapp: Accessing hidden method Lcom/android/org/conscrypt/OpenSSLSocketImpl;->getAlpnSelectedProtocol()[B (greylist-max-q,core-platform-api, reflection, denied)
04-25 17:43:42.568 30478 31469 W com.mbwhatsapp: Accessing hidden method Lcom/android/org/conscrypt/AbstractConscryptSocket;->getAlpnSelectedProtocol()[B (greylist-max-q, reflection, denied)
04-25 17:43:42.697 30478 30478 W CheckTime: App running slow: Executing activity onCreate took 1147ms
04-25 17:43:42.957 30478 30478 W CheckTime: App running slow: Executing com.google.firebase.iid.FirebaseInstanceIdReceiver scheduleReceive took 1078ms
04-25 17:43:42.957 30478 30478 W ActivityThread: Main thread can not be idle for a long time.
04-25 17:43:45.469 30478 30478 E OpenGLRenderer: ~SkiaDisplayList() ##### pid = 30478
04-25 17:43:45.846 30478 30478 W CheckTime: App running slow: Executing com.google.firebase.iid.FirebaseInstanceIdReceiver scheduleReceive took 2874ms
04-25 17:43:45.846 30478 30478 W ActivityThread: Main thread can not be idle for a long time.
04-25 17:43:46.497 30478 30478 E ArmVmp : Match on catch block at 0x0a in for 0xc9
04-25 17:43:47.790 30478 31713 W LOTTIE : Animation contains merge paths. Merge paths are only supported on KitKat+ and must be manually enabled by calling enableMergePathsForKitKatAndAbove().
04-25 17:43:47.980 30478 31605 W FirebaseMessaging: Message ack failed: java.util.concurrent.TimeoutException: Timed out waiting for Task
04-25 17:43:48.785 30478 30478 W LOTTIE : Animation contains merge paths but they are disabled.
04-25 17:43:50.730 30478 30478 W pool-9-thread-1: type=1400 audit(0.0:523405): avc: granted { execute } for path="/data/data/com.mbwhatsapp/files/decompressed/libs.spk.zst/libgifimage.so" dev="dm-11" ino=598945 scontext=u:r:untrusted_app:s0:c49,c257,c512,c768 tcontext=u:object_r:app_data_file:s0:c49,c257,c512,c768 tclass=file app=com.mbwhatsapp --------- beginning of main
04-25 19:08:00.214 6256 6256 W System.err: java.lang.ClassNotFoundException: mbmodsd.mbmodsw.ui.views.btn.BtnBK
04-25 19:08:00.216 6256 6256 W System.err: at java.lang.Runtime.nativeLoad(Native Method)
04-25 19:08:00.216 6256 6256 W System.err: at java.lang.Runtime.nativeLoad(Runtime.java:1131)
04-25 19:08:00.216 6256 6256 W System.err: at java.lang.Runtime.loadLibrary0(Runtime.java:1085)
04-25 19:08:00.216 6256 6256 W System.err: at java.lang.Runtime.loadLibrary0(Runtime.java:1008)
04-25 19:08:00.217 6256 6256 W System.err: at java.lang.System.loadLibrary(System.java:1664)
04-25 19:08:00.217 6256 6256 W System.err: at arm.EpicVm.<clinit>(Unknown Source:2)
04-25 19:08:00.217 6256 6256 W System.err: at java.lang.Class.newInstance(Native Method)
04-25 19:08:00.217 6256 6256 W System.err: at android.app.AppComponentFactory.instantiateApplication(AppComponentFactory.java:76)
04-25 19:08:00.217 6256 6256 W System.err: at androidx.core.app.CoreComponentFactory.instantiateApplication(Unknown Source:0)
04-25 19:08:00.217 6256 6256 W System.err: at android.app.Instrumentation.newApplication(Instrumentation.java:1158)
04-25 19:08:00.217 6256 6256 W System.err: at android.app.LoadedApk.makeApplication(LoadedApk.java:1268)
04-25 19:08:00.217 6256 6256 W System.err: at android.app.ActivityThread.handleBindApplication(ActivityThread.java:6927)
04-25 19:08:00.217 6256 6256 W System.err: at android.app.ActivityThread.access$1300(ActivityThread.java:262)
04-25 19:08:00.217 6256 6256 W System.err: at android.app.ActivityThread$H.handleMessage(ActivityThread.java:1977)
04-25 19:08:00.217 6256 6256 W System.err: at android.os.Handler.dispatchMessage(Handler.java:106)
04-25 19:08:00.217 6256 6256 W System.err: at android.os.Looper.loop(Looper.java:223)
04-25 19:08:00.217 6256 6256 W System.err: at android.app.ActivityThread.main(ActivityThread.java:8001)
04-25 19:08:00.217 6256 6256 W System.err: at java.lang.reflect.Method.invoke(Native Method)
04-25 19:08:00.217 6256 6256 W System.err: at com.android.internal.os.RuntimeInit$MethodAndArgsCaller.run(RuntimeInit.java:635)
04-25 19:08:00.217 6256 6256 W System.err: at com.android.internal.os.ZygoteInit.main(ZygoteInit.java:947)
04-25 19:08:00.266 6256 6256 E CustomActivityOnCrash: IMPORTANT WARNING! You already have an UncaughtExceptionHandler, are you sure this is correct? If you use a custom UncaughtExceptionHandler, you must initialize it AFTER CustomActivityOnCrash! Installing anyway, but your original handler will not be called.
04-25 19:08:00.447 6256 17769 W LibraryVersion: Failed to get app version for libraryName: firebase-iid
04-25 19:08:01.079 6256 6256 W com.mbwhatsapp: Accessing hidden method Lcom/android/org/conscrypt/OpenSSLSocketImpl;->setUseSessionTickets(Z)V (greylist- max-q,core-platform-api, reflection, denied)
04-25 19:08:01.081 6256 6256 W com.mbwhatsapp: Accessing hidden method Lcom/android/org/conscrypt/AbstractConscryptSocket;->setUseSessionTickets(Z)V (greylist-max-q, reflection, denied)
04-25 19:08:01.233 6256 6270 W com.mbwhatsapp: Reducing the number of considered missed Gc histogram windows from 487 to 100
04-25 19:08:01.290 6256 6256 W com.mbwhatsapp: type=1400 audit(0.0:535754): avc: granted { execute } for path="/data/data/com.mbwhatsapp/files/decompressed/libs.spk.zst/libc++_shared.so" dev="dm-11" ino=598949 scontext=u:r:untrusted_app:s0:c49,c257,c512,c768 tcontext=u:object_r:app_data_file:s0:c49,c257,c512,c768 tclass=file app=com.mbwhatsapp
04-25 19:08:01.306 6256 6256 W com.mbwhatsapp: type=1400 audit(0.0:535755): avc: granted { execute } for path="/data/data/com.mbwhatsapp/files/decompressed/libs.spk.zst/libvlc.so" dev="dm- 11" ino=598942 scontext=u:r:untrusted_app:s0:c49,c257,c512,c768 tcontext=u:object_r:app_data_file:s0:c49,c257,c512,c768 tclass=file app=com.mbwhatsapp
04-25 19:08:01.342 6256 6256 W com.mbwhatsapp: type=1400 audit(0.0:535756): avc: granted { execute } for path="/data/data/com.mbwhatsapp/files/decompressed/libs.spk.zst/libwhatsapp.so" dev="dm-11" ino=599231 scontext=u:r:untrusted_app:s0:c49,c257,c512,c768 tcontext=u:object_r:app_data_file:s0:c49,c257,c512,c768 tclass=file app=com.mbwhatsapp
04-25 19:08:01.474 6256 6256 W com.mbwhatsapp: type=1400 audit(0.0:535757): avc: granted { execute } for path="/data/data/com.mbwhatsapp/files/decompressed/libs.spk.zst/libcurve25519.so" dev="dm-11" ino=599016 scontext=u:r:untrusted_app:s0:c49,c257,c512,c768 tcontext=u:object_r:app_data_file:s0:c49,c257,c512,c768 tclass=file app=com.mbwhatsapp
04-25 19:08:01.490 6256 6256 W com.mbwhatsapp: type=1400 audit(0.0:535758): avc: granted { execute } for path="/data/data/com.mbwhatsapp/files/decompressed/libs.spk.zst/libwhatsapp.so" dev="dm-11" ino=599231 scontext=u:r:untrusted_app:s0:c49,c257,c512,c768 tcontext=u:object_r:app_data_file:s0:c49,c257,c512,c768 tclass=file app=com.mbwhatsapp
04-25 19:08:01.739 6256 6256 W CheckTime: App running slow: Executing handleBindApplication : callApplicationOnCreate took 1361ms
04-25 19:08:01.767 6256 17818 W com.mbwhatsapp: Class X.2rL failed lock verification and will run slower.
04-25 19:08:01.767 6256 17818 W com.mbwhatsapp: Common causes for lock verification issues are non-optimized dex code
04-25 19:08:01.767 6256 17818 W com.mbwhatsapp: and incorrect proguard optimizations.
04-25 19:08:01.768 6256 6256 W CheckTime: App running slow: Executing com.google.firebase.iid.FirebaseInstanceIdReceiver scheduleReceive took 2181ms --------- beginning of system
04-25 19:08:01.769 6256 6256 W ActivityThread: Main thread can not be idle for a long time.
04-25 19:08:01.788 6256 6256 W CheckTime: App running slow: Executing com.google.firebase.iid.FirebaseInstanceIdReceiver scheduleReceive took 626ms
04-25 19:08:01.788 6256 6256 W ActivityThread: Main thread can not be idle for a long time.
04-25 19:08:02.506 17863 17863 W com.mbwhatsapp: Using default instruction set features for ARM CPU variant (generic) using conservative defaults
04-25 19:08:02.517 17863 17863 E com.mbwhatsapp: Not starting debugger since process cannot load the jdwp agent. --------- beginning of system
04-25 19:08:22.887 6256 6256 W ActivityThread: com.google.firebase.iid.FirebaseInstanceIdReceiver running onReceive took long time
04-25 19:08:22.887 6256 6256 W ActivityThread: Main thread can not be idle for a long time. --------- beginning of main
04-25 19:09:35.058 20572 20572 W com.mbwhatsapp: Using default instruction set features for ARM CPU variant (generic) using conservative defaults
04-25 19:09:35.076 20572 20572 E com.mbwhatsapp: Not starting debugger since process cannot load the jdwp agent.
04-25 19:09:37.289 20572 20572 W System.err: java.lang.ClassNotFoundException: mbmodsd.mbmodsw.ui.views.btn.BtnBK
04-25 19:09:37.293 20572 20572 W System.err: at java.lang.Runtime.nativeLoad(Native Method)
04-25 19:09:37.293 20572 20572 W System.err: at java.lang.Runtime.nativeLoad(Runtime.java:1131)
04-25 19:09:37.293 20572 20572 W System.err: at java.lang.Runtime.loadLibrary0(Runtime.java:1085)
04-25 19:09:37.293 20572 20572 W System.err: at java.lang.Runtime.loadLibrary0(Runtime.java:1008)
04-25 19:09:37.293 20572 20572 W System.err: at java.lang.System.loadLibrary(System.java:1664)
04-25 19:09:37.293 20572 20572 W System.err: at arm.EpicVm.<clinit>(Unknown Source:2)
04-25 19:09:37.293 20572 20572 W System.err: at java.lang.Class.newInstance(Native Method)
04-25 19:09:37.293 20572 20572 W System.err: at android.app.AppComponentFactory.instantiateApplication(AppComponentFactory.java:76)
04-25 19:09:37.293 20572 20572 W System.err: at androidx.core.app.CoreComponentFactory.instantiateApplication(Unknown Source:0)
04-25 19:09:37.293 20572 20572 W System.err: at android.app.Instrumentation.newApplication(Instrumentation.java:1158)
04-25 19:09:37.293 20572 20572 W System.err: at android.app.LoadedApk.makeApplication(LoadedApk.java:1268)
04-25 19:09:37.293 20572 20572 W System.err: at android.app.ActivityThread.handleBindApplication(ActivityThread.java:6927)
04-25 19:09:37.293 20572 20572 W System.err: at android.app.ActivityThread.access$1300(ActivityThread.java:262)
04-25 19:09:37.293 20572 20572 W System.err: at android.app.ActivityThread$H.handleMessage(ActivityThread.java:1977)
04-25 19:09:37.293 20572 20572 W System.err: at android.os.Handler.dispatchMessage(Handler.java:106)
04-25 19:09:37.293 20572 20572 W System.err: at android.os.Looper.loop(Looper.java:223)
04-25 19:09:37.293 20572 20572 W System.err: at android.app.ActivityThread.main(ActivityThread.java:8001)
04-25 19:09:37.293 20572 20572 W System.err: at java.lang.reflect.Method.invoke(Native Method)
04-25 19:09:37.293 20572 20572 W System.err: at com.android.internal.os.RuntimeInit$MethodAndArgsCaller.run(RuntimeInit.java:635)
04-25 19:09:37.293 20572 20572 W System.err: at com.android.internal.os.ZygoteInit.main(ZygoteInit.java:947)
04-25 19:09:37.344 20572 20572 E CustomActivityOnCrash: IMPORTANT WARNING! You already have an UncaughtExceptionHandler, are you sure this is correct? If you use a custom UncaughtExceptionHandler, you must initialize it AFTER CustomActivityOnCrash! Installing anyway, but your original handler will not be called.
04-25 19:09:37.841 20572 20572 W com.mbwhatsapp: Accessing hidden method Lcom/android/org/conscrypt/OpenSSLSocketImpl;->setUseSessionTickets(Z)V (greylist- max-q,core-platform-api, reflection, denied)
04-25 19:09:37.842 20572 20572 W com.mbwhatsapp: Accessing hidden method Lcom/android/org/conscrypt/AbstractConscryptSocket;->setUseSessionTickets(Z)V (greylist-max-q, reflection, denied)
04-25 19:09:37.918 20572 20572 W com.mbwhatsapp: type=1400 audit(0.0:536633): avc: granted { execute } for path="/data/data/com.mbwhatsapp/files/decompressed/libs.spk.zst/libc++_shared.so" dev="dm-11" ino=598949 scontext=u:r:untrusted_app:s0:c49,c257,c512,c768 tcontext=u:object_r:app_data_file:s0:c49,c257,c512,c768 tclass=file app=com.mbwhatsapp
04-25 19:09:37.922 20572 20572 W com.mbwhatsapp: type=1400 audit(0.0:536634): avc: granted { execute } for path="/data/data/com.mbwhatsapp/files/decompressed/libs.spk.zst/libvlc.so" dev="dm- 11" ino=598942 scontext=u:r:untrusted_app:s0:c49,c257,c512,c768 tcontext=u:object_r:app_data_file:s0:c49,c257,c512,c768 tclass=file app=com.mbwhatsapp
04-25 19:09:37.934 20572 20572 W com.mbwhatsapp: type=1400 audit(0.0:536635): avc: granted { execute } for path="/data/data/com.mbwhatsapp/files/decompressed/libs.spk.zst/libwhatsapp.so" dev="dm-11" ino=599231 scontext=u:r:untrusted_app:s0:c49,c257,c512,c768 tcontext=u:object_r:app_data_file:s0:c49,c257,c512,c768 tclass=file app=com.mbwhatsapp
04-25 19:09:38.014 20572 20572 W com.mbwhatsapp: type=1400 audit(0.0:536636): avc: granted { execute } for path="/data/data/com.mbwhatsapp/files/decompressed/libs.spk.zst/libcurve25519.so" dev="dm-11" ino=599016 scontext=u:r:untrusted_app:s0:c49,c257,c512,c768 tcontext=u:object_r:app_data_file:s0:c49,c257,c512,c768 tclass=file app=com.mbwhatsapp
04-25 19:09:38.022 20572 20572 W com.mbwhatsapp: type=1400 audit(0.0:536637): avc: granted { execute } for path="/data/data/com.mbwhatsapp/files/decompressed/libs.spk.zst/libwhatsapp.so" dev="dm-11" ino=599231 scontext=u:r:untrusted_app:s0:c49,c257,c512,c768 tcontext=u:object_r:app_data_file:s0:c49,c257,c512,c768 tclass=file app=com.mbwhatsapp
04-25 19:09:38.022 20572 20572 W com.mbwhatsapp: type=1400 audit(0.0:536638): avc: granted { execute } for path="/data/data/com.mbwhatsapp/files/decompressed/libs.spk.zst/libwhatsapp.so" dev="dm-11" ino=599231 scontext=u:r:untrusted_app:s0:c49,c257,c512,c768 tcontext=u:object_r:app_data_file:s0:c49,c257,c512,c768 tclass=file app=com.mbwhatsapp
04-25 19:09:38.022 20572 20572 W com.mbwhatsapp: type=1400 audit(0.0:536639): avc: granted { execute } for path="/data/data/com.mbwhatsapp/files/decompressed/libs.spk.zst/libwhatsapp.so" dev="dm-11" ino=599231 scontext=u:r:untrusted_app:s0:c49,c257,c512,c768 tcontext=u:object_r:app_data_file:s0:c49,c257,c512,c768 tclass=file app=com.mbwhatsapp
04-25 19:09:38.022 20572 20572 W com.mbwhatsapp: type=1400 audit(0.0:536640): avc: denied { execmod } for path="/apex/com.android.runtime/lib/bionic/libc.so" dev="dm- 5" ino=389 scontext=u:r:untrusted_app:s0:c49,c257,c512,c768 tcontext=u:object_r:system_lib_file:s0 tclass=file permissive=0 app=com.mbwhatsapp
04-25 19:09:38.165 20572 20572 W CheckTime: App running slow: Executing handleBindApplication : callApplicationOnCreate took 745ms
04-25 19:09:38.171 20572 20738 W com.mbwhatsapp: Class X.2rL failed lock verification and will run slower.
04-25 19:09:38.171 20572 20738 W com.mbwhatsapp: Common causes for lock verification issues are non-optimized dex code
04-25 19:09:38.171 20572 20738 W com.mbwhatsapp: and incorrect proguard optimizations.
04-25 19:09:38.211 20572 20572 W com.mbwhatsapp: Class X.0eU failed lock verification and will run slower.
04-25 19:09:38.482 20572 20572 W com.mbwhatsapp: Class com.mbwhatsapp.HomeActivity failed lock verification and will run slower.
04-25 19:09:38.484 20775 20775 W com.mbwhatsapp: Using default instruction set features for ARM CPU variant (generic) using conservative defaults
04-25 19:09:38.489 20775 20775 E com.mbwhatsapp: Not starting debugger since process cannot load the jdwp agent.
04-25 19:09:38.989 20572 20572 E ArmVmp : Match on catch block at 0x0a in for 0xb9
04-25 19:09:39.024 20572 20572 E ArmVmp : Match on catch block at 0x0a in for 0x121
04-25 19:09:39.096 20572 20801 W com.mbwhatsapp: Accessing hidden method Lcom/android/org/conscrypt/ConscryptEngineSocket;->setUseSessionTickets(Z)V (greylist-max-q,core-platform-api, reflection, denied)
04-25 19:09:39.096 20572 20801 W com.mbwhatsapp: Accessing hidden method Lcom/android/org/conscrypt/OpenSSLSocketImpl;->setUseSessionTickets(Z)V (greylist- max-q,core-platform-api, reflection, denied)
04-25 19:09:39.096 20572 20801 W com.mbwhatsapp: Accessing hidden method Lcom/android/org/conscrypt/AbstractConscryptSocket;->setUseSessionTickets(Z)V (greylist-max-q, reflection, denied)
04-25 19:09:39.096 20572 20801 W com.mbwhatsapp: Accessing hidden method Lcom/android/org/conscrypt/ConscryptEngineSocket;->setHostname(Ljava/lang/String;)V (greylist-max-q,core-platform-api, reflection, denied)
04-25 19:09:39.096 20572 20801 W com.mbwhatsapp: Accessing hidden method Lcom/android/org/conscrypt/OpenSSLSocketImpl;->setHostname(Ljava/lang/String;)V (greylist-max-q,core-platform-api, reflection, denied)
04-25 19:09:39.097 20572 20801 W com.mbwhatsapp: Accessing hidden method Lcom/android/org/conscrypt/AbstractConscryptSocket;->setHostname(Ljava/lang/ String;)V (greylist-max-q, reflection, denied)
04-25 19:09:39.097 20572 20801 W com.mbwhatsapp: Accessing hidden method Lcom/android/org/conscrypt/OpenSSLSocketImpl;->setAlpnProtocols([B)V (greylist-max- q,core-platform-api, reflection, denied)
04-25 19:09:39.097 20572 20801 W com.mbwhatsapp: Accessing hidden method Lcom/android/org/conscrypt/AbstractConscryptSocket;->setAlpnProtocols([B)V (greylist-max-q, reflection, denied)
04-25 19:09:39.314 20572 20801 W com.mbwhatsapp: Accessing hidden method Lcom/android/org/conscrypt/OpenSSLSocketImpl;->getAlpnSelectedProtocol()[B (greylist-max-q,core-platform-api, reflection, denied)
04-25 19:09:39.314 20572 20801 W com.mbwhatsapp: Accessing hidden method Lcom/android/org/conscrypt/AbstractConscryptSocket;->getAlpnSelectedProtocol()[B (greylist-max-q, reflection, denied)
04-25 19:09:40.694 20572 20572 E OpenGLRenderer: ~SkiaDisplayList() ##### pid = 20572
04-25 19:09:40.999 20572 20572 E ArmVmp : Match on catch block at 0x0a in for 0xc1
04-25 19:09:41.229 20572 20846 W LOTTIE : Animation contains merge paths. Merge paths are only supported on KitKat+ and must be manually enabled by calling enableMergePathsForKitKatAndAbove().
04-25 19:09:41.451 20572 20572 W LOTTIE : Animation contains merge paths but they are disabled.
04-25 19:09:42.106 20572 20572 W pool-6-thread-1: type=1400 audit(0.0:536643): avc: granted { execute } for path="/data/data/com.mbwhatsapp/files/decompressed/libs.spk.zst/libgifimage.so" dev="dm-11" ino=598945 scontext=u:r:untrusted_app:s0:c49,c257,c512,c768 tcontext=u:object_r:app_data_file:s0:c49,c257,c512,c768 tclass=file app=com.mbwhatsapp --------- beginning of main
04-25 20:07:11.006 5422 5422 W System.err: java.lang.ClassNotFoundException: mbmodsd.mbmodsw.ui.views.btn.BtnBK
04-25 20:07:11.006 5422 5422 W System.err: at java.lang.Runtime.nativeLoad(Native Method)
04-25 20:07:11.006 5422 5422 W System.err: at java.lang.Runtime.nativeLoad(Runtime.java:1131)
04-25 20:07:11.006 5422 5422 W System.err: at java.lang.Runtime.loadLibrary0(Runtime.java:1085)
04-25 20:07:11.006 5422 5422 W System.err: at java.lang.Runtime.loadLibrary0(Runtime.java:1008)
04-25 20:07:11.006 5422 5422 W System.err: at java.lang.System.loadLibrary(System.java:1664)
04-25 20:07:11.006 5422 5422 W System.err: at arm.EpicVm.<clinit>(Unknown Source:2)
04-25 20:07:11.006 5422 5422 W System.err: at java.lang.Class.newInstance(Native Method)
