04-24 22:14:50.479 11961 11961 E ArmVmp : Match on catch block at 0xc3 in for 0x99
04-24 22:14:50.968 11961 11961 E ArmVmp : Match on catch block at 0xc3 in for 0x91
04-24 22:14:50.975 11961 11961 E ArmVmp : Match on catch block at 0xc3 in for 0x95
04-24 22:14:50.979 11961 11961 E ArmVmp : Match on catch block at 0xc3 in for 0x95
04-24 22:14:51.484 11961 11961 E ArmVmp : Match on catch block at 0xc3 in for 0x99
04-24 22:14:51.491 11961 11961 E ArmVmp : Match on catch block at 0xc3 in for 0x91
04-24 22:14:51.497 11961 11961 E ArmVmp : Match on catch block at 0xc3 in for 0x91
04-24 22:14:51.966 11961 11961 E ArmVmp : Match on catch block at 0xc3 in for 0x99
04-24 22:14:51.972 11961 11961 E ArmVmp : Match on catch block at 0xc3 in for 0x91
04-24 22:14:51.977 11961 11961 E ArmVmp : Match on catch block at 0xc3 in for 0x91
04-24 22:14:52.466 11961 11961 E ArmVmp : Match on catch block at 0xc3 in for 0x95
04-24 22:14:52.473 11961 11961 E ArmVmp : Match on catch block at 0xc3 in for 0x99
04-24 22:14:52.478 11961 11961 E ArmVmp : Match on catch block at 0xc3 in for 0x99
04-24 22:14:52.799 11961 11961 E ArmVmp : Match on catch block at 0xc3 in for 0x91
04-24 22:14:52.806 11961 11961 E ArmVmp : Match on catch block at 0xc3 in for 0x95
04-24 22:14:52.811 11961 11961 E ArmVmp : Match on catch block at 0xc3 in for 0x95
04-24 22:14:53.297 11961 11961 E ArmVmp : Match on catch block at 0xc3 in for 0x99
04-24 22:14:53.303 11961 11961 E ArmVmp : Match on catch block at 0xc3 in for 0x91
04-24 22:14:53.308 11961 11961 E ArmVmp : Match on catch block at 0xc3 in for 0x91
04-24 22:14:53.598 11961 11961 E ArmVmp : Match on catch block at 0xc3 in for 0x99
04-24 22:14:53.605 11961 11961 E ArmVmp : Match on catch block at 0xc3 in for 0x91
04-24 22:14:53.609 11961 11961 E ArmVmp : Match on catch block at 0xc3 in for 0x91
04-24 22:14:53.631 11961 11961 E ArmVmp : Match on catch block at 0xc3 in for 0x99
04-24 22:14:53.639 11961 11961 E ArmVmp : Match on catch block at 0xc3 in for 0x91
04-24 22:14:53.645 11961 11961 E ArmVmp : Match on catch block at 0xc3 in for 0x91
04-24 22:14:53.711 11961 11961 E ArmVmp : Match on catch block at 0xc3 in for 0x99
04-24 22:14:53.718 11961 11961 E ArmVmp : Match on catch block at 0xc3 in for 0x91
04-24 22:14:53.724 11961 11961 E ArmVmp : Match on catch block at 0xc3 in for 0x91
04-24 22:14:53.776 11961 11961 E ArmVmp : Match on catch block at 0xc3 in for 0x95
04-24 22:14:53.784 11961 11961 E ArmVmp : Match on catch block at 0xc3 in for 0x99
04-24 22:14:53.800 11961 11961 E ArmVmp : Match on catch block at 0xc3 in for 0x95
04-24 22:14:53.810 11961 11961 E ArmVmp : Match on catch block at 0xc3 in for 0x99
04-24 22:14:53.829 11961 11961 E ArmVmp : Match on catch block at 0xc3 in for 0x95
04-24 22:14:53.835 11961 11961 E ArmVmp : Match on catch block at 0xc3 in for 0x99
04-24 22:14:53.845 11961 11961 E ArmVmp : Match on catch block at 0xc3 in for 0x95
04-24 22:14:53.852 11961 11961 E ArmVmp : Match on catch block at 0xc3 in for 0x99
04-24 22:14:53.947 11961 11961 E ArmVmp : Match on catch block at 0xc3 in for 0x95
04-24 22:14:53.956 11961 11961 E ArmVmp : Match on catch block at 0xc3 in for 0x99
04-24 22:14:53.999 11961 11961 E ArmVmp : Match on catch block at 0xc3 in for 0x99
04-24 22:14:54.009 11961 11961 E ArmVmp : Match on catch block at 0xc3 in for 0x91
04-24 22:14:54.047 11961 11961 E ArmVmp : Match on catch block at 0xc3 in for 0x91
04-24 22:14:54.053 11961 11961 E ArmVmp : Match on catch block at 0xc3 in for 0x95
04-24 22:14:54.179 11961 11961 E ArmVmp : Match on catch block at 0xc3 in for 0x91
04-24 22:14:54.188 11961 11961 E ArmVmp : Match on catch block at 0xc3 in for 0x95
04-24 22:14:54.247 11961 11961 E ArmVmp : Match on catch block at 0xc3 in for 0x95
04-24 22:14:54.270 11961 11961 E ArmVmp : Match on catch block at 0xc3 in for 0x99
04-24 22:14:54.354 11961 5417 W MediaPlayer: Use of stream types is deprecated for operations other than volume control
04-24 22:14:54.355 11961 5417 W MediaPlayer: See the documentation of setAudioStreamType() for what to use instead with android.media.AudioAttributes to qualify your playback use case
04-24 22:14:54.457 11961 11961 E ArmVmp : Match on catch block at 0xc3 in for 0x99
04-24 22:14:54.464 11961 11961 E ArmVmp : Match on catch block at 0xc3 in for 0x91
04-24 22:14:54.543 11961 11961 E ArmVmp : Match on catch block at 0xc3 in for 0x95
04-24 22:14:54.550 11961 11961 E ArmVmp : Match on catch block at 0xc3 in for 0x99
04-24 22:14:54.723 11961 11961 E ArmVmp : Match on catch block at 0xc3 in for 0x91
04-24 22:14:54.734 11961 11961 E ArmVmp : Match on catch block at 0xc3 in for 0x95
04-24 22:14:54.772 11961 11961 E ArmVmp : Match on catch block at 0xc3 in for 0x91
04-24 22:14:54.777 11961 11961 E ArmVmp : Match on catch block at 0xc3 in for 0x95
04-24 22:14:54.862 11961 11961 E ArmVmp : Match on catch block at 0xc3 in for 0x91
04-24 22:14:54.868 11961 11961 E ArmVmp : Match on catch block at 0xc3 in for 0x95
04-24 22:14:55.433 11961 11961 E ArmVmp : Match on catch block at 0xc3 in for 0x99
04-24 22:14:55.440 11961 11961 E ArmVmp : Match on catch block at 0xc3 in for 0x91
04-24 22:14:55.524 11961 11961 E ArmVmp : Match on catch block at 0xc3 in for 0x99
04-24 22:14:55.532 11961 11961 E ArmVmp : Match on catch block at 0xc3 in for 0x91
04-24 22:14:56.409 11961 11961 E ArmVmp : Match on catch block at 0x0a in for 0xb9
04-24 22:14:56.416 11961 11961 E ArmVmp : Match on catch block at 0x0a in for 0xb5
04-24 22:14:56.759 11961 11961 W StickerImageFil: type=1400 audit(0.0:346942): avc: granted { execute } for path="/data/data/com.mbwhatsapp/files/decompressed/libs.spk.zst/libstatic-webp.so" dev="dm-11" ino=598842 scontext=u:r:untrusted_app:s0:c49,c257,c512,c768 tcontext=u:object_r:app_data_file:s0:c49,c257,c512,c768 tclass=file app=com.mbwhatsapp
04-24 22:14:57.152 11961 11961 E ArmVmp : Match on catch block at 0xc3 in for 0xa1
04-24 22:14:57.162 11961 11961 E ArmVmp : Match on catch block at 0xc3 in for 0xa1
04-24 22:14:57.170 11961 11961 E ArmVmp : Match on catch block at 0xc3 in for 0xa1
04-24 22:14:57.346 11961 11961 E ArmVmp : Match on catch block at 0xc3 in for 0x91
04-24 22:14:57.356 11961 11961 E ArmVmp : Match on catch block at 0xc3 in for 0x95
04-24 22:14:57.365 11961 11961 E ArmVmp : Match on catch block at 0xc3 in for 0x95
04-24 22:14:57.526 11961 11961 E ArmVmp : Match on catch block at 0xc3 in for 0x95
04-24 22:14:57.533 11961 11961 E ArmVmp : Match on catch block at 0xc3 in for 0x99
04-24 22:14:57.536 11961 11961 E ArmVmp : Match on catch block at 0xc3 in for 0x99
04-24 22:14:57.664 11961 11961 E ArmVmp : Match on catch block at 0xc3 in for 0x99
04-24 22:14:57.669 11961 11961 E ArmVmp : Match on catch block at 0xc3 in for 0x91
04-24 22:14:57.678 11961 11961 E ArmVmp : Match on catch block at 0xc3 in for 0x91
04-24 22:14:57.821 11961 11961 E ArmVmp : Match on catch block at 0xc3 in for 0x95
04-24 22:14:57.826 11961 11961 E ArmVmp : Match on catch block at 0xc3 in for 0x99
04-24 22:14:57.830 11961 11961 E ArmVmp : Match on catch block at 0xc3 in for 0x99
04-24 22:14:57.926 11961 11961 E ArmVmp : Match on catch block at 0xc3 in for 0x95
04-24 22:14:57.931 11961 11961 E ArmVmp : Match on catch block at 0xc3 in for 0x99
04-24 22:14:57.936 11961 11961 E ArmVmp : Match on catch block at 0xc3 in for 0x99
04-24 22:14:57.988 11961 11961 E ArmVmp : Match on catch block at 0xc3 in for 0x95
04-24 22:14:57.993 11961 11961 E ArmVmp : Match on catch block at 0xc3 in for 0x99
04-24 22:14:57.997 11961 11961 E ArmVmp : Match on catch block at 0xc3 in for 0x99
04-24 22:14:58.123 11961 11961 E ArmVmp : Match on catch block at 0xc3 in for 0x95
04-24 22:14:58.132 11961 11961 E ArmVmp : Match on catch block at 0xc3 in for 0x99
04-24 22:14:58.136 11961 11961 E ArmVmp : Match on catch block at 0xc3 in for 0x99
04-24 22:14:58.164 11961 11961 E ArmVmp : Match on catch block at 0xc3 in for 0x91
04-24 22:14:58.171 11961 11961 E ArmVmp : Match on catch block at 0xc3 in for 0x95
04-24 22:14:58.176 11961 11961 E ArmVmp : Match on catch block at 0xc3 in for 0x95
04-24 22:14:58.208 11961 11961 E ArmVmp : Match on catch block at 0xc3 in for 0x99
04-24 22:14:58.217 11961 11961 E ArmVmp : Match on catch block at 0xc3 in for 0x91
04-24 22:14:58.222 11961 11961 E ArmVmp : Match on catch block at 0xc3 in for 0x91
04-24 22:14:58.251 11961 11961 E ArmVmp : Match on catch block at 0xc3 in for 0x95
04-24 22:14:58.256 11961 11961 E ArmVmp : Match on catch block at 0xc3 in for 0x99
04-24 22:14:58.262 11961 11961 E ArmVmp : Match on catch block at 0xc3 in for 0x99
04-24 22:14:58.283 11961 11961 E ArmVmp : Match on catch block at 0xc3 in for 0x91
04-24 22:14:58.287 11961 11961 E ArmVmp : Match on catch block at 0xc3 in for 0x95
04-24 22:14:58.291 11961 11961 E ArmVmp : Match on catch block at 0xc3 in for 0x95
04-24 22:14:58.315 11961 11961 E ArmVmp : Match on catch block at 0xc3 in for 0x91
04-24 22:14:58.321 11961 11961 E ArmVmp : Match on catch block at 0xc3 in for 0x95
04-24 22:14:58.325 11961 11961 E ArmVmp : Match on catch block at 0xc3 in for 0x95
04-24 22:14:58.350 11961 11961 E ArmVmp : Match on catch block at 0xc3 in for 0x99
04-24 22:14:58.355 11961 11961 E ArmVmp : Match on catch block at 0xc3 in for 0x91
04-24 22:14:58.361 11961 11961 E ArmVmp : Match on catch block at 0xc3 in for 0x91
04-24 22:14:58.372 11961 5370 E SQLiteDatabase: Error inserting transferred=1 media_job_uuid=337f3331-1b5a-478e-b9e5-0b03292b6b94 transcoded=0 gif_attribution=0 first_scan_length=0 direct_path=/v/t62.7117- 24/11883269_1095998914813070_506720319901960576_n.enc?ccb=11- 4&oh=01_Q5AaIM4EQseEgbPKgoP9eNIb33xP2zPEpCJ75rIXQMN7nOyv&oe=66512FD0&_nc_sid=5e03e0 thumbnail_height_width_ratio=0.0 is_animated_sticker=0 file_hash=LOf2UX3CZBDUb5e9nnS3Lg5gLEbzUwoA4BOojI+y4j4= file_path=Media/MBWhatsApp Voice Notes/202417/PTT-20240424-WA0048.opus file_size=8358 partial_media_hash=null face_x=0 face_y=0 height=0 trim_to=0 media_key_timestamp=1714011313000 message_url=https://mmg.whatsapp.net/v/t62.7117- 24/11883269_1095998914813070_506720319901960576_n.enc?ccb=11- 4&oh=01_Q5AaIM4EQseEgbPKgoP9eNIb33xP2zPEpCJ75rIXQMN7nOyv&oe=66512FD0&_nc_sid=5e03e0 &mms3=true media_caption=null trim_from=0 mime_type=audio/ogg; codecs=opus partial_media_enc_hash=null width=0 original_file_hash=null has_streaming_sidecar=0 autotransfer_retry_enabled=1 media_upload_handle=null message_row_id=6344 multicast_id=null enc_file_hash=upVeUbm0oeNpHU5VSTs4jw0yJvYi10P6hcydBPtKNko= mute_video=0 page_count=0 first_scan_sidecar=null suspicious_content=0 file_length=8358 media_name=null media_duration=3 chat_row_id=492 media_key=[B@12e503a
04-24 22:14:58.372 11961 5370 E SQLiteDatabase: android.database.sqlite.SQLiteConstraintException: UNIQUE constraint failed: message_media.message_row_id (code 1555 SQLITE_CONSTRAINT_PRIMARYKEY)
04-24 22:14:58.372 11961 5370 E SQLiteDatabase: at android.database.sqlite.SQLiteConnection.nativeExecuteForLastInsertedRowId(Native Method)
04-24 22:14:58.372 11961 5370 E SQLiteDatabase: at android.database.sqlite.SQLiteConnection.executeForLastInsertedRowId(SQLiteConnecti on.java:938)
04-24 22:14:58.372 11961 5370 E SQLiteDatabase: at android.database.sqlite.SQLiteSession.executeForLastInsertedRowId(SQLiteSession.jav a:790)
04-24 22:14:58.372 11961 5370 E SQLiteDatabase: at android.database.sqlite.SQLiteStatement.executeInsert(SQLiteStatement.java:88)
04-24 22:14:58.372 11961 5370 E SQLiteDatabase: at android.database.sqlite.SQLiteDatabase.insertWithOnConflict(SQLiteDatabase.java:170 1)
04-24 22:14:58.372 11961 5370 E SQLiteDatabase: at android.database.sqlite.SQLiteDatabase.insert(SQLiteDatabase.java:1570)
04-24 22:14:58.372 11961 5370 E SQLiteDatabase: at X.2tm.A08(Unknown Source:6)
04-24 22:14:58.372 11961 5370 E SQLiteDatabase: at X.35Y.A07(Unknown Source:212)
04-24 22:14:58.372 11961 5370 E SQLiteDatabase: at X.3QF.A14(Unknown Source:470)
04-24 22:14:58.372 11961 5370 E SQLiteDatabase: at X.3gU.run(Unknown Source:982)
04-24 22:14:58.372 11961 5370 E SQLiteDatabase: at android.os.Handler.handleCallback(Handler.java:938)
04-24 22:14:58.372 11961 5370 E SQLiteDatabase: at android.os.Handler.dispatchMessage(Handler.java:99)
04-24 22:14:58.372 11961 5370 E SQLiteDatabase: at X.0zq.dispatchMessage(Unknown Source:4)
04-24 22:14:58.372 11961 5370 E SQLiteDatabase: at android.os.Looper.loop(Looper.java:223)
04-24 22:14:58.372 11961 5370 E SQLiteDatabase: at android.os.HandlerThread.run(HandlerThread.java:67)
04-24 22:14:58.383 11961 11961 E ArmVmp : Match on catch block at 0xc3 in for 0x95
04-24 22:14:58.388 11961 11961 E ArmVmp : Match on catch block at 0xc3 in for 0x99
04-24 22:14:58.393 11961 11961 E ArmVmp : Match on catch block at 0xc3 in for 0x99
04-24 22:14:58.416 11961 11961 E ArmVmp : Match on catch block at 0xc3 in for 0x91
04-24 22:14:58.420 11961 11961 E ArmVmp : Match on catch block at 0xc3 in for 0x95
04-24 22:14:58.424 11961 11961 E ArmVmp : Match on catch block at 0xc3 in for 0x95
04-24 22:14:58.450 11961 11961 E ArmVmp : Match on catch block at 0xc3 in for 0x95
04-24 22:14:58.454 11961 11961 E ArmVmp : Match on catch block at 0xc3 in for 0x99
04-24 22:14:58.460 11961 11961 E ArmVmp : Match on catch block at 0xc3 in for 0x99
04-24 22:14:58.473 11961 11961 E ArmVmp : Match on catch block at 0xc3 in for 0x95
04-24 22:14:58.479 11961 11961 E ArmVmp : Match on catch block at 0xc3 in for 0x99
04-24 22:14:58.482 11961 11961 E ArmVmp : Match on catch block at 0xc3 in for 0x99
04-24 22:14:58.499 11961 11961 W AudioManager: Use of stream types is deprecated for operations other than volume control
04-24 22:14:58.499 11961 11961 W AudioManager: See the documentation of requestAudioFocus() for what to use instead with android.media.AudioAttributes to qualify your playback use case
04-24 22:14:58.601 11961 5370 E SQLiteDatabase: Error inserting transferred=1 media_job_uuid=f5948ecd-4510-493e-96a5-99de18e974a5 transcoded=0 gif_attribution=0 first_scan_length=0 direct_path=/v/t62.7117- 24/19919707_733419148979660_4995285286318696197_n.enc?ccb=11- 4&oh=01_Q5AaIA22xWHS_vRIVh-M7wtb6ucJ06L22irlfQgLGX05a-DQ&oe=665116E6&_nc_sid=5e03e0 thumbnail_height_width_ratio=0.0 is_animated_sticker=0 file_hash=+P+/6CrMizevGe4EaDQuYrnXCExeUBmicDbHj8P7e4U= file_path=Media/MBWhatsApp Voice Notes/202417/PTT-20240424-WA0047.opus file_size=9271 partial_media_hash=null face_x=0 face_y=0 height=0 trim_to=0 media_key_timestamp=1714011291000 message_url=https://mmg.whatsapp.net/v/t62.7117- 24/19919707_733419148979660_4995285286318696197_n.enc?ccb=11- 4&oh=01_Q5AaIA22xWHS_vRIVh-M7wtb6ucJ06L22irlfQgLGX05a- DQ&oe=665116E6&_nc_sid=5e03e0&mms3=true media_caption=null trim_from=0 mime_type=audio/ogg; codecs=opus partial_media_enc_hash=null width=0 original_file_hash=null has_streaming_sidecar=0 autotransfer_retry_enabled=1 media_upload_handle=null message_row_id=6340 multicast_id=null enc_file_hash=g2GWJdW24fzpj3bjbNWfGT/wTvg/rmtly6US7jAHxVg= mute_video=0 page_count=0 first_scan_sidecar=null suspicious_content=0 file_length=9271 media_name=PTT-20240424-WA0047.opus media_duration=3 chat_row_id=492 media_key=[B@c3638bc
04-24 22:14:58.601 11961 5370 E SQLiteDatabase: android.database.sqlite.SQLiteConstraintException: UNIQUE constraint failed: message_media.message_row_id (code 1555 SQLITE_CONSTRAINT_PRIMARYKEY)
04-24 22:14:58.601 11961 5370 E SQLiteDatabase: at android.database.sqlite.SQLiteConnection.nativeExecuteForLastInsertedRowId(Native Method)
04-24 22:14:58.601 11961 5370 E SQLiteDatabase: at android.database.sqlite.SQLiteConnection.executeForLastInsertedRowId(SQLiteConnecti on.java:938)
04-24 22:14:58.601 11961 5370 E SQLiteDatabase: at android.database.sqlite.SQLiteSession.executeForLastInsertedRowId(SQLiteSession.jav a:790)
04-24 22:14:58.601 11961 5370 E SQLiteDatabase: at android.database.sqlite.SQLiteStatement.executeInsert(SQLiteStatement.java:88)
04-24 22:14:58.601 11961 5370 E SQLiteDatabase: at android.database.sqlite.SQLiteDatabase.insertWithOnConflict(SQLiteDatabase.java:170 1)
04-24 22:14:58.601 11961 5370 E SQLiteDatabase: at android.database.sqlite.SQLiteDatabase.insert(SQLiteDatabase.java:1570)
04-24 22:14:58.601 11961 5370 E SQLiteDatabase: at X.2tm.A08(Unknown Source:6)
04-24 22:14:58.601 11961 5370 E SQLiteDatabase: at X.35Y.A07(Unknown Source:212)
04-24 22:14:58.601 11961 5370 E SQLiteDatabase: at X.3QF.A14(Unknown Source:470)
04-24 22:14:58.601 11961 5370 E SQLiteDatabase: at X.31e.A03(Unknown Source:174)
04-24 22:14:58.601 11961 5370 E SQLiteDatabase: at X.3g7.run(Unknown Source:1017)
04-24 22:14:58.601 11961 5370 E SQLiteDatabase: at android.os.Handler.handleCallback(Handler.java:938)
04-24 22:14:58.601 11961 5370 E SQLiteDatabase: at android.os.Handler.dispatchMessage(Handler.java:99)
04-24 22:14:58.601 11961 5370 E SQLiteDatabase: at X.0zq.dispatchMessage(Unknown Source:4)
04-24 22:14:58.601 11961 5370 E SQLiteDatabase: at android.os.Looper.loop(Looper.java:223)
04-24 22:14:58.601 11961 5370 E SQLiteDatabase: at android.os.HandlerThread.run(HandlerThread.java:67)
04-24 22:14:58.700 11961 11961 E ArmVmp : Match on catch block at 0xc3 in for 0x99
04-24 22:14:58.704 11961 11961 E ArmVmp : Match on catch block at 0xc3 in for 0x91
04-24 22:14:58.709 11961 11961 E ArmVmp : Match on catch block at 0xc3 in for 0x91
04-24 22:14:58.749 11961 11961 E ArmVmp : Match on catch block at 0xc3 in for 0x91
04-24 22:14:58.755 11961 11961 E ArmVmp : Match on catch block at 0xc3 in for 0x95
04-24 22:14:58.762 11961 11961 E ArmVmp : Match on catch block at 0xc3 in for 0x95
04-24 22:14:58.802 11961 11961 E ArmVmp : Match on catch block at 0xc3 in for 0x99
04-24 22:14:58.811 11961 11961 E ArmVmp : Match on catch block at 0xc3 in for 0x91
04-24 22:14:58.816 11961 11961 E ArmVmp : Match on catch block at 0xc3 in for 0x91
04-24 22:14:58.825 11961 11961 E ArmVmp : Match on catch block at 0xc3 in for 0x95
04-24 22:14:58.832 11961 11961 E ArmVmp : Match on catch block at 0xc3 in for 0x99
04-24 22:14:58.839 11961 11961 E ArmVmp : Match on catch block at 0xc3 in for 0x99
04-24 22:14:58.848 11961 11961 E ArmVmp : Match on catch block at 0xc3 in for 0x91
04-24 22:14:58.864 11961 11961 E ArmVmp : Match on catch block at 0xc3 in for 0x95
04-24 22:14:58.867 11961 11961 E ArmVmp : Match on catch block at 0xc3 in for 0x95
04-24 22:14:58.876 11961 11961 E ArmVmp : Match on catch block at 0xc3 in for 0x99
04-24 22:14:58.883 11961 11961 E ArmVmp : Match on catch block at 0xc3 in for 0x91
04-24 22:14:58.888 11961 11961 E ArmVmp : Match on catch block at 0xc3 in for 0x91
04-24 22:14:58.896 11961 5673 W AudioTrack: getTimestamp_l(1814): retrograde timestamp time corrected, 139457916640443 < 139458041046059
04-24 22:14:58.897 11961 11961 E ArmVmp : Match on catch block at 0xc3 in for 0x95
04-24 22:14:58.903 11961 11961 E ArmVmp : Match on catch block at 0xc3 in for 0x99
04-24 22:14:58.912 11961 11961 E ArmVmp : Match on catch block at 0xc3 in for 0x99
04-24 22:14:58.921 11961 11961 E ArmVmp : Match on catch block at 0xc3 in for 0x91
04-24 22:14:58.927 11961 11961 E ArmVmp : Match on catch block at 0xc3 in for 0x95
04-24 22:14:58.930 11961 11961 E ArmVmp : Match on catch block at 0xc3 in for 0x95
04-24 22:14:58.938 11961 11961 E ArmVmp : Match on catch block at 0xc3 in for 0x99
04-24 22:14:58.945 11961 11961 E ArmVmp : Match on catch block at 0xc3 in for 0x91
04-24 22:14:58.950 11961 11961 E ArmVmp : Match on catch block at 0xc3 in for 0x91
04-24 22:14:58.958 11961 11961 E ArmVmp : Match on catch block at 0xc3 in for 0x95
04-24 22:14:58.966 11961 11961 E ArmVmp : Match on catch block at 0xc3 in for 0x99
04-24 22:14:58.969 11961 11961 E ArmVmp : Match on catch block at 0xc3 in for 0x99
04-24 22:14:58.978 11961 11961 E ArmVmp : Match on catch block at 0xc3 in for 0x91
04-24 22:14:58.983 11961 11961 E ArmVmp : Match on catch block at 0xc3 in for 0x95
04-24 22:14:58.987 11961 11961 E ArmVmp : Match on catch block at 0xc3 in for 0x95
04-24 22:14:59.004 11961 11961 E ArmVmp : Match on catch block at 0xc3 in for 0x99
04-24 22:14:59.012 11961 11961 E ArmVmp : Match on catch block at 0xc3 in for 0x91
04-24 22:14:59.019 11961 11961 E ArmVmp : Match on catch block at 0xc3 in for 0x91
04-24 22:14:59.054 11961 11961 E ArmVmp : Match on catch block at 0xc3 in for 0x99
04-24 22:14:59.061 11961 11961 E ArmVmp : Match on catch block at 0xc3 in for 0x91
04-24 22:14:59.066 11961 11961 E ArmVmp : Match on catch block at 0xc3 in for 0x91
04-24 22:14:59.104 11961 11961 E ArmVmp : Match on catch block at 0xc3 in for 0x95
04-24 22:14:59.113 11961 11961 E ArmVmp : Match on catch block at 0xc3 in for 0x99
04-24 22:14:59.117 11961 11961 E ArmVmp : Match on catch block at 0xc3 in for 0x99
04-24 22:14:59.141 11961 5371 E SQLiteDatabase: Error inserting transferred=1 media_job_uuid=f5948ecd-4510-493e-96a5-99de18e974a5 transcoded=0 gif_attribution=0 first_scan_length=0 direct_path=/v/t62.7117- 24/19919707_733419148979660_4995285286318696197_n.enc?ccb=11- 4&oh=01_Q5AaIA22xWHS_vRIVh-M7wtb6ucJ06L22irlfQgLGX05a-DQ&oe=665116E6&_nc_sid=5e03e0 thumbnail_height_width_ratio=0.0 is_animated_sticker=0 file_hash=+P+/6CrMizevGe4EaDQuYrnXCExeUBmicDbHj8P7e4U= file_path=Media/MBWhatsApp Voice Notes/202417/PTT-20240424-WA0047.opus file_size=9271 partial_media_hash=null face_x=0 face_y=0 height=0 trim_to=0 media_key_timestamp=1714011291000 message_url=https://mmg.whatsapp.net/v/t62.7117- 24/19919707_733419148979660_4995285286318696197_n.enc?ccb=11- 4&oh=01_Q5AaIA22xWHS_vRIVh-M7wtb6ucJ06L22irlfQgLGX05a- DQ&oe=665116E6&_nc_sid=5e03e0&mms3=true media_caption=null trim_from=0 mime_type=audio/ogg; codecs=opus partial_media_enc_hash=null width=0 original_file_hash=null has_streaming_sidecar=0 autotransfer_retry_enabled=1 media_upload_handle=null message_row_id=6340 multicast_id=null enc_file_hash=g2GWJdW24fzpj3bjbNWfGT/wTvg/rmtly6US7jAHxVg= mute_video=0 page_count=0 first_scan_sidecar=null suspicious_content=0 file_length=9271 media_name=PTT-20240424-WA0047.opus media_duration=3 chat_row_id=492 media_key=[B@c3638bc
04-24 22:14:59.141 11961 5371 E SQLiteDatabase: android.database.sqlite.SQLiteConstraintException: UNIQUE constraint failed: message_media.message_row_id (code 1555 SQLITE_CONSTRAINT_PRIMARYKEY)
04-24 22:14:59.141 11961 5371 E SQLiteDatabase: at android.database.sqlite.SQLiteConnection.nativeExecuteForLastInsertedRowId(Native Method)
04-24 22:14:59.141 11961 5371 E SQLiteDatabase: at android.database.sqlite.SQLiteConnection.executeForLastInsertedRowId(SQLiteConnecti on.java:938)
04-24 22:14:59.141 11961 5371 E SQLiteDatabase: at android.database.sqlite.SQLiteSession.executeForLastInsertedRowId(SQLiteSession.jav a:790)
04-24 22:14:59.141 11961 5371 E SQLiteDatabase: at android.database.sqlite.SQLiteStatement.executeInsert(SQLiteStatement.java:88)
04-24 22:14:59.141 11961 5371 E SQLiteDatabase: at android.database.sqlite.SQLiteDatabase.insertWithOnConflict(SQLiteDatabase.java:170 1)
04-24 22:14:59.141 11961 5371 E SQLiteDatabase: at android.database.sqlite.SQLiteDatabase.insert(SQLiteDatabase.java:1570)
04-24 22:14:59.141 11961 5371 E SQLiteDatabase: at X.2tm.A08(Unknown Source:6)
04-24 22:14:59.141 11961 5371 E SQLiteDatabase: at X.35Y.A07(Unknown Source:212)
04-24 22:14:59.141 11961 5371 E SQLiteDatabase: at X.3QF.A14(Unknown Source:470)
04-24 22:14:59.141 11961 5371 E SQLiteDatabase: at X.31e.A03(Unknown Source:174)
04-24 22:14:59.141 11961 5371 E SQLiteDatabase: at X.3Uz.A07(Unknown Source:381)
04-24 22:14:59.141 11961 5371 E SQLiteDatabase: at X.3Uz.A02(Unknown Source:692)
04-24 22:14:59.141 11961 5371 E SQLiteDatabase: at X.3eS.run(Unknown Source:4041)
04-24 22:14:59.141 11961 5371 E SQLiteDatabase: at android.os.Handler.handleCallback(Handler.java:938)
04-24 22:14:59.141 11961 5371 E SQLiteDatabase: at android.os.Handler.dispatchMessage(Handler.java:99)
04-24 22:14:59.141 11961 5371 E SQLiteDatabase: at X.0zr.dispatchMessage(Unknown Source:4)
04-24 22:14:59.141 11961 5371 E SQLiteDatabase: at android.os.Looper.loop(Looper.java:223)
04-24 22:14:59.141 11961 5371 E SQLiteDatabase: at android.os.HandlerThread.run(HandlerThread.java:67)
04-24 22:14:59.162 11961 11961 E ArmVmp : Match on catch block at 0xc3 in for 0x95
04-24 22:14:59.167 11961 11961 E ArmVmp : Match on catch block at 0xc3 in for 0x99
04-24 22:14:59.170 11961 11961 E ArmVmp : Match on catch block at 0xc3 in for 0x99
04-24 22:14:59.183 11961 11961 E ArmVmp : Match on catch block at 0xc3 in for 0x99
04-24 22:14:59.190 11961 11961 E ArmVmp : Match on catch block at 0xc3 in for 0x91
04-24 22:14:59.198 11961 11961 E ArmVmp : Match on catch block at 0xc3 in for 0x91
04-24 22:14:59.237 11961 11961 E ArmVmp : Match on catch block at 0xc3 in for 0x91
04-24 22:14:59.244 11961 11961 E ArmVmp : Match on catch block at 0xc3 in for 0x95
04-24 22:14:59.247 11961 11961 E ArmVmp : Match on catch block at 0xc3 in for 0x95
04-24 22:14:59.271 11961 11961 E ArmVmp : Match on catch block at 0xc3 in for 0x99
04-24 22:14:59.278 11961 11961 E ArmVmp : Match on catch block at 0xc3 in for 0x91
04-24 22:14:59.282 11961 11961 E ArmVmp : Match on catch block at 0xc3 in for 0x91
04-24 22:14:59.321 11961 11961 E ArmVmp : Match on catch block at 0xc3 in for 0x91
04-24 22:14:59.328 11961 11961 E ArmVmp : Match on catch block at 0xc3 in for 0x95
04-24 22:14:59.333 11961 11961 E ArmVmp : Match on catch block at 0xc3 in for 0x95
04-24 22:14:59.370 11961 11961 E ArmVmp : Match on catch block at 0xc3 in for 0x99
04-24 22:14:59.377 11961 11961 E ArmVmp : Match on catch block at 0xc3 in for 0x91
04-24 22:14:59.382 11961 11961 E ArmVmp : Match on catch block at 0xc3 in for 0x91
04-24 22:14:59.420 11961 11961 E ArmVmp : Match on catch block at 0xc3 in for 0x95
04-24 22:14:59.430 11961 11961 E ArmVmp : Match on catch block at 0xc3 in for 0x99
04-24 22:14:59.436 11961 11961 E ArmVmp : Match on catch block at 0xc3 in for 0x99
04-24 22:14:59.470 11961 11961 E ArmVmp : Match on catch block at 0xc3 in for 0x95
04-24 22:14:59.478 11961 11961 E ArmVmp : Match on catch block at 0xc3 in for 0x99
04-24 22:14:59.487 11961 11961 E ArmVmp : Match on catch block at 0xc3 in for 0x99
04-24 22:14:59.521 11961 11961 E ArmVmp : Match on catch block at 0xc3 in for 0x99
04-24 22:14:59.528 11961 11961 E ArmVmp : Match on catch block at 0xc3 in for 0x91
04-24 22:14:59.532 11961 11961 E ArmVmp : Match on catch block at 0xc3 in for 0x91
04-24 22:14:59.578 11961 11961 E ArmVmp : Match on catch block at 0xc3 in for 0x99
04-24 22:14:59.579 11961 5370 E SQLiteDatabase: Error inserting transferred=1 media_job_uuid=89f6c304-50ba-4b3f-8d9f-cf9c8de6c146 transcoded=0 gif_attribution=0 first_scan_length=0 direct_path=/v/t62.7117- 24/32511515_1630110971136527_6534596482584892278_n.enc?ccb=11- 4&oh=01_Q5AaIN8yEXq3MRsPubumRCJQ7E-_jBS3S4yfSXt9yQA8OADd&oe=6651445F&_nc_sid=5e03e0 thumbnail_height_width_ratio=0.0 is_animated_sticker=0 file_hash=XS/2t3RnPx+gKEc/4v4v2CJJJz97e0kNV6B6yHdNIlo= file_path=Media/MBWhatsApp Voice Notes/202417/PTT-20240424-WA0049.opus file_size=12571 partial_media_hash=null face_x=0 face_y=0 height=0 trim_to=0 media_key_timestamp=1714011325000 message_url=https://mmg.whatsapp.net/v/t62.7117- 24/32511515_1630110971136527_6534596482584892278_n.enc?ccb=11- 4&oh=01_Q5AaIN8yEXq3MRsPubumRCJQ7E- _jBS3S4yfSXt9yQA8OADd&oe=6651445F&_nc_sid=5e03e0&mms3=true media_caption=null trim_from=0 mime_type=audio/ogg; codecs=opus partial_media_enc_hash=null width=0 original_file_hash=null has_streaming_sidecar=0 autotransfer_retry_enabled=1 media_upload_handle=null message_row_id=6348 multicast_id=null enc_file_hash=mV1/GkrupEAktObgQ5W/KEGFPf6IwCiIaxqZWHrQ42Q= mute_video=0 page_count=0 first_scan_sidecar=null suspicious_content=0 file_length=12571 media_name=null media_duration=5 chat_row_id=492 media_key=[B@28fee4d
04-24 22:14:59.579 11961 5370 E SQLiteDatabase: android.database.sqlite.SQLiteConstraintException: UNIQUE constraint failed: message_media.message_row_id (code 1555 SQLITE_CONSTRAINT_PRIMARYKEY)
04-24 22:14:59.579 11961 5370 E SQLiteDatabase: at android.database.sqlite.SQLiteConnection.nativeExecuteForLastInsertedRowId(Native Method)
04-24 22:14:59.579 11961 5370 E SQLiteDatabase: at android.database.sqlite.SQLiteConnection.executeForLastInsertedRowId(SQLiteConnecti on.java:938)
04-24 22:14:59.579 11961 5370 E SQLiteDatabase: at android.database.sqlite.SQLiteSession.executeForLastInsertedRowId(SQLiteSession.jav a:790)
04-24 22:14:59.579 11961 5370 E SQLiteDatabase: at android.database.sqlite.SQLiteStatement.executeInsert(SQLiteStatement.java:88)
04-24 22:14:59.579 11961 5370 E SQLiteDatabase: at android.database.sqlite.SQLiteDatabase.insertWithOnConflict(SQLiteDatabase.java:170 1)
04-24 22:14:59.579 11961 5370 E SQLiteDatabase: at android.database.sqlite.SQLiteDatabase.insert(SQLiteDatabase.java:1570)
04-24 22:14:59.579 11961 5370 E SQLiteDatabase: at X.2tm.A08(Unknown Source:6)
04-24 22:14:59.579 11961 5370 E SQLiteDatabase: at X.35Y.A07(Unknown Source:212)
04-24 22:14:59.579 11961 5370 E SQLiteDatabase: at X.3QF.A14(Unknown Source:470)
04-24 22:14:59.579 11961 5370 E SQLiteDatabase: at X.3gU.run(Unknown Source:982)
04-24 22:14:59.579 11961 5370 E SQLiteDatabase: at android.os.Handler.handleCallback(Handler.java:938)
04-24 22:14:59.579 11961 5370 E SQLiteDatabase: at android.os.Handler.dispatchMessage(Handler.java:99)
04-24 22:14:59.579 11961 5370 E SQLiteDatabase: at X.0zq.dispatchMessage(Unknown Source:4)
04-24 22:14:59.579 11961 5370 E SQLiteDatabase: at android.os.Looper.loop(Looper.java:223)
04-24 22:14:59.579 11961 5370 E SQLiteDatabase: at android.os.HandlerThread.run(HandlerThread.java:67)
04-24 22:14:59.589 11961 11961 E ArmVmp : Match on catch block at 0xc3 in for 0x91
04-24 22:14:59.593 11961 11961 E ArmVmp : Match on catch block at 0xc3 in for 0x91
04-24 22:14:59.636 11961 11961 E ArmVmp : Match on catch block at 0xc3 in for 0x95
04-24 22:14:59.642 11961 11961 E ArmVmp : Match on catch block at 0xc3 in for 0x99
04-24 22:14:59.646 11961 11961 E ArmVmp : Match on catch block at 0xc3 in for 0x99
04-24 22:14:59.689 11961 11961 E ArmVmp : Match on catch block at 0xc3 in for 0x95
04-24 22:14:59.696 11961 11961 E ArmVmp : Match on catch block at 0xc3 in for 0x99
04-24 22:14:59.700 11961 11961 E ArmVmp : Match on catch block at 0xc3 in for 0x99
04-24 22:14:59.736 11961 11961 E ArmVmp : Match on catch block at 0xc3 in for 0x91
04-24 22:14:59.742 11961 11961 E ArmVmp : Match on catch block at 0xc3 in for 0x95
04-24 22:14:59.747 11961 11961 E ArmVmp : Match on catch block at 0xc3 in for 0x95
04-24 22:14:59.769 11961 11961 E ArmVmp : Match on catch block at 0xc3 in for 0x99
04-24 22:14:59.777 11961 11961 E ArmVmp : Match on catch block at 0xc3 in for 0x91
04-24 22:14:59.782 11961 11961 E ArmVmp : Match on catch block at 0xc3 in for 0x91
04-24 22:14:59.819 11961 11961 E ArmVmp : Match on catch block at 0xc3 in for 0x95
04-24 22:14:59.825 11961 11961 E ArmVmp : Match on catch block at 0xc3 in for 0x99
04-24 22:14:59.828 11961 11961 E ArmVmp : Match on catch block at 0xc3 in for 0x99
04-24 22:14:59.869 11961 11961 E ArmVmp : Match on catch block at 0xc3 in for 0x91
04-24 22:14:59.874 11961 11961 E ArmVmp : Match on catch block at 0xc3 in for 0x95
04-24 22:14:59.879 11961 11961 E ArmVmp : Match on catch block at 0xc3 in for 0x95
04-24 22:14:59.919 11961 11961 E ArmVmp : Match on catch block at 0xc3 in for 0x95
04-24 22:14:59.924 11961 11961 E ArmVmp : Match on catch block at 0xc3 in for 0x99
04-24 22:14:59.928 11961 11961 E ArmVmp : Match on catch block at 0xc3 in for 0x99
04-24 22:14:59.982 11961 11961 E ArmVmp : Match on catch block at 0xc3 in for 0x99
04-24 22:14:59.988 11961 11961 E ArmVmp : Match on catch block at 0xc3 in for 0x91
04-24 22:14:59.993 11961 11961 E ArmVmp : Match on catch block at 0xc3 in for 0x91
04-24 22:15:00.005 11961 11961 E ArmVmp : Match on catch block at 0xc3 in for 0x95
04-24 22:15:00.016 11961 11961 E ArmVmp : Match on catch block at 0xc3 in for 0x99
04-24 22:15:00.022 11961 11961 E ArmVmp : Match on catch block at 0xc3 in for 0x99
04-24 22:15:00.069 11961 11961 E ArmVmp : Match on catch block at 0xc3 in for 0x95
04-24 22:15:00.074 11961 11961 E ArmVmp : Match on catch block at 0xc3 in for 0x99
04-24 22:15:00.077 11961 11961 E ArmVmp : Match on catch block at 0xc3 in for 0x99
04-24 22:15:00.093 11961 5370 E SQLiteDatabase: Error inserting transferred=1 media_job_uuid=ec04b6af-a363-4f64-ab5b-79718d90ed51 transcoded=0 gif_attribution=0 first_scan_length=0 direct_path=/v/t62.15575- 24/35279525_449228664161255_4641036282574432680_n.enc?ccb=11- 4&oh=01_Q5AaIGLVBxM6xpqZnT6IfaMIRYuolUXYjdr3lqtzyt4Bo3hd&oe=66512246&_nc_sid=5e03e0 thumbnail_height_width_ratio=1.0 is_animated_sticker=0 file_hash=mCw719iTqivjSksXZA4pUkxXUD/huhcQN56W5LRqhsw= file_path=Media/MBWhatsApp Stickers/STK-20240424-WA0050.webp file_size=16448 partial_media_hash=null face_x=0 face_y=0 height=64 trim_to=0 media_key_timestamp=1713923763000 message_url=https://mmg.whatsapp.net/v/t62.15575- 24/35279525_449228664161255_4641036282574432680_n.enc?ccb=11- 4&oh=01_Q5AaIGLVBxM6xpqZnT6IfaMIRYuolUXYjdr3lqtzyt4Bo3hd&oe=66512246&_nc_sid=5e03e0 &mms3=true media_caption=null trim_from=0 mime_type=image/webp partial_media_enc_hash=null width=64 original_file_hash=null has_streaming_sidecar=0 autotransfer_retry_enabled=1 media_upload_handle=null message_row_id=6347 multicast_id=null enc_file_hash=SXs3+mj4yZbXq6fNezNxDgR68qeDP1sBtiTD0lLCEkc= mute_video=0 page_count=0 first_scan_sidecar=null suspicious_content=0 file_length=16448 media_name=null media_duration=0 chat_row_id=492 media_key=[B@7c9f0d6
04-24 22:15:00.093 11961 5370 E SQLiteDatabase: android.database.sqlite.SQLiteConstraintException: UNIQUE constraint failed: message_media.message_row_id (code 1555 SQLITE_CONSTRAINT_PRIMARYKEY)
04-24 22:15:00.093 11961 5370 E SQLiteDatabase: at android.database.sqlite.SQLiteConnection.nativeExecuteForLastInsertedRowId(Native Method)
04-24 22:15:00.093 11961 5370 E SQLiteDatabase: at android.database.sqlite.SQLiteConnection.executeForLastInsertedRowId(SQLiteConnecti on.java:938)
04-24 22:15:00.093 11961 5370 E SQLiteDatabase: at android.database.sqlite.SQLiteSession.executeForLastInsertedRowId(SQLiteSession.jav a:790)
04-24 22:15:00.093 11961 5370 E SQLiteDatabase: at android.database.sqlite.SQLiteStatement.executeInsert(SQLiteStatement.java:88)
04-24 22:15:00.093 11961 5370 E SQLiteDatabase: at android.database.sqlite.SQLiteDatabase.insertWithOnConflict(SQLiteDatabase.java:170 1)
04-24 22:15:00.093 11961 5370 E SQLiteDatabase: at android.database.sqlite.SQLiteDatabase.insert(SQLiteDatabase.java:1570)
04-24 22:15:00.093 11961 5370 E SQLiteDatabase: at X.2tm.A08(Unknown Source:6)
04-24 22:15:00.093 11961 5370 E SQLiteDatabase: at X.35Y.A07(Unknown Source:212)
04-24 22:15:00.093 11961 5370 E SQLiteDatabase: at X.3QF.A14(Unknown Source:470)
04-24 22:15:00.093 11961 5370 E SQLiteDatabase: at X.3gU.run(Unknown Source:982)
04-24 22:15:00.093 11961 5370 E SQLiteDatabase: at android.os.Handler.handleCallback(Handler.java:938)
04-24 22:15:00.093 11961 5370 E SQLiteDatabase: at android.os.Handler.dispatchMessage(Handler.java:99)
04-24 22:15:00.093 11961 5370 E SQLiteDatabase: at X.0zq.dispatchMessage(Unknown Source:4)
04-24 22:15:00.093 11961 5370 E SQLiteDatabase: at android.os.Looper.loop(Looper.java:223)
04-24 22:15:00.093 11961 5370 E SQLiteDatabase: at android.os.HandlerThread.run(HandlerThread.java:67)
04-24 22:15:00.135 11961 11961 E ArmVmp : Match on catch block at 0xc3 in for 0x95
04-24 22:15:00.143 11961 11961 E ArmVmp : Match on catch block at 0xc3 in for 0x99
04-24 22:15:00.147 11961 11961 E ArmVmp : Match on catch block at 0xc3 in for 0x99
04-24 22:15:00.187 11961 11961 E ArmVmp : Match on catch block at 0xc3 in for 0x91
04-24 22:15:00.193 11961 11961 E ArmVmp : Match on catch block at 0xc3 in for 0x95
04-24 22:15:00.197 11961 11961 E ArmVmp : Match on catch block at 0xc3 in for 0x95
04-24 22:15:00.235 11961 11961 E ArmVmp : Match on catch block at 0xc3 in for 0x99
04-24 22:15:00.241 11961 11961 E ArmVmp : Match on catch block at 0xc3 in for 0x91
04-24 22:15:00.245 11961 11961 E ArmVmp : Match on catch block at 0xc3 in for 0x91
04-24 22:15:00.268 11961 11961 E ArmVmp : Match on catch block at 0xc3 in for 0x95
04-24 22:15:00.275 11961 11961 E ArmVmp : Match on catch block at 0xc3 in for 0x99
04-24 22:15:00.279 11961 11961 E ArmVmp : Match on catch block at 0xc3 in for 0x99
04-24 22:15:00.302 11961 11961 E ArmVmp : Match on catch block at 0xc3 in for 0x91
04-24 22:15:00.308 11961 11961 E ArmVmp : Match on catch block at 0xc3 in for 0x95
04-24 22:15:00.312 11961 11961 E ArmVmp : Match on catch block at 0xc3 in for 0x95
04-24 22:15:00.352 11961 11961 E ArmVmp : Match on catch block at 0xc3 in for 0x99
04-24 22:15:00.359 11961 11961 E ArmVmp : Match on catch block at 0xc3 in for 0x91
04-24 22:15:00.363 11961 11961 E ArmVmp : Match on catch block at 0xc3 in for 0x91
04-24 22:15:00.406 11961 11961 E ArmVmp : Match on catch block at 0xc3 in for 0x91
04-24 22:15:00.413 11961 11961 E ArmVmp : Match on catch block at 0xc3 in for 0x95
04-24 22:15:00.417 11961 11961 E ArmVmp : Match on catch block at 0xc3 in for 0x95
04-24 22:15:00.451 11961 11961 E ArmVmp : Match on catch block at 0xc3 in for 0x95
04-24 22:15:00.459 11961 11961 E ArmVmp : Match on catch block at 0xc3 in for 0x99
04-24 22:15:00.467 11961 11961 E ArmVmp : Match on catch block at 0xc3 in for 0x99
04-24 22:15:00.503 11961 11961 E ArmVmp : Match on catch block at 0xc3 in for 0x91
04-24 22:15:00.509 11961 11961 E ArmVmp : Match on catch block at 0xc3 in for 0x95
04-24 22:15:00.513 11961 11961 E ArmVmp : Match on catch block at 0xc3 in for 0x95
04-24 22:15:00.568 11961 11961 E ArmVmp : Match on catch block at 0xc3 in for 0x99
04-24 22:15:00.573 11961 11961 E ArmVmp : Match on catch block at 0xc3 in for 0x91
04-24 22:15:00.577 11961 11961 E ArmVmp : Match on catch block at 0xc3 in for 0x91
04-24 22:15:00.618 11961 11961 E ArmVmp : Match on catch block at 0xc3 in for 0x95
04-24 22:15:00.623 11961 11961 E ArmVmp : Match on catch block at 0xc3 in for 0x99
04-24 22:15:00.627 11961 11961 E ArmVmp : Match on catch block at 0xc3 in for 0x99
04-24 22:15:00.651 11961 5370 E SQLiteDatabase: Error inserting transferred=1 media_job_uuid=a0ebb6fa-d386-497b-9a0d-1c9f949b05fa transcoded=0 gif_attribution=0 first_scan_length=0 direct_path=/v/t62.15575- 24/31983300_1653052192216990_4915181007546744257_n.enc?ccb=11- 4&oh=01_Q5AaIP2gXojBs71Y6YmQcoqOdifu_tJx4uwukDfMb9T7tVlL&oe=66512165&_nc_sid=5e03e0 thumbnail_height_width_ratio=1.0 is_animated_sticker=0 file_hash=92uffAchB/iEZb1lLMpf9sqq2CSwJO6CWotRFD7VkfI= file_path=Media/MBWhatsApp Stickers/STK-20240424-WA0051.webp file_size=69624 partial_media_hash=null face_x=0 face_y=0 height=64 trim_to=0 media_key_timestamp=1714011317000 message_url=https://mmg.whatsapp.net/v/t62.15575- 24/31983300_1653052192216990_4915181007546744257_n.enc?ccb=11- 4&oh=01_Q5AaIP2gXojBs71Y6YmQcoqOdifu_tJx4uwukDfMb9T7tVlL&oe=66512165&_nc_sid=5e03e0 &mms3=true media_caption=null trim_from=0 mime_type=image/webp partial_media_enc_hash=null width=64 original_file_hash=null has_streaming_sidecar=0 autotransfer_retry_enabled=1 media_upload_handle=null message_row_id=6346 multicast_id=null enc_file_hash=ONzhiqqEiy3JVwhECR08mejyQIH/Uz6wDbJUMlU8UKo= mute_video=0 page_count=0 first_scan_sidecar=null suspicious_content=0 file_length=69624 media_name=null media_duration=0 chat_row_id=492 media_key=[B@9c8a1c3
04-24 22:15:00.651 11961 5370 E SQLiteDatabase: android.database.sqlite.SQLiteConstraintException: UNIQUE constraint failed: message_media.message_row_id (code 1555 SQLITE_CONSTRAINT_PRIMARYKEY)
04-24 22:15:00.651 11961 5370 E SQLiteDatabase: at android.database.sqlite.SQLiteConnection.nativeExecuteForLastInsertedRowId(Native Method)
04-24 22:15:00.651 11961 5370 E SQLiteDatabase: at android.database.sqlite.SQLiteConnection.executeForLastInsertedRowId(SQLiteConnecti on.java:938)
04-24 22:15:00.651 11961 5370 E SQLiteDatabase: at android.database.sqlite.SQLiteSession.executeForLastInsertedRowId(SQLiteSession.jav a:790)
04-24 22:15:00.651 11961 5370 E SQLiteDatabase: at android.database.sqlite.SQLiteStatement.executeInsert(SQLiteStatement.java:88)
04-24 22:15:00.651 11961 5370 E SQLiteDatabase: at android.database.sqlite.SQLiteDatabase.insertWithOnConflict(SQLiteDatabase.java:170 1)
04-24 22:15:00.651 11961 5370 E SQLiteDatabase: at android.database.sqlite.SQLiteDatabase.insert(SQLiteDatabase.java:1570)
04-24 22:15:00.651 11961 5370 E SQLiteDatabase: at X.2tm.A08(Unknown Source:6)
04-24 22:15:00.651 11961 5370 E SQLiteDatabase: at X.35Y.A07(Unknown Source:212)
04-24 22:15:00.651 11961 5370 E SQLiteDatabase: at X.3QF.A14(Unknown Source:470)
04-24 22:15:00.651 11961 5370 E SQLiteDatabase: at X.3gU.run(Unknown Source:982)
04-24 22:15:00.651 11961 5370 E SQLiteDatabase: at android.os.Handler.handleCallback(Handler.java:938)
04-24 22:15:00.651 11961 5370 E SQLiteDatabase: at android.os.Handler.dispatchMessage(Handler.java:99)
04-24 22:15:00.651 11961 5370 E SQLiteDatabase: at X.0zq.dispatchMessage(Unknown Source:4)
04-24 22:15:00.651 11961 5370 E SQLiteDatabase: at android.os.Looper.loop(Looper.java:223)
04-24 22:15:00.651 11961 5370 E SQLiteDatabase: at android.os.HandlerThread.run(HandlerThread.java:67)
04-24 22:15:00.668 11961 11961 E ArmVmp : Match on catch block at 0xc3 in for 0x99
04-24 22:15:00.673 11961 11961 E ArmVmp : Match on catch block at 0xc3 in for 0x91
04-24 22:15:00.681 11961 11961 E ArmVmp : Match on catch block at 0xc3 in for 0x91
04-24 22:15:00.719 11961 11961 E ArmVmp : Match on catch block at 0xc3 in for 0x99
04-24 22:15:00.725 11961 11961 E ArmVmp : Match on catch block at 0xc3 in for 0x91
04-24 22:15:00.730 11961 11961 E ArmVmp : Match on catch block at 0xc3 in for 0x91
04-24 22:15:00.768 11961 11961 E ArmVmp : Match on catch block at 0xc3 in for 0x95
04-24 22:15:00.772 11961 11961 E ArmVmp : Match on catch block at 0xc3 in for 0x99
04-24 22:15:00.777 11961 11961 E ArmVmp : Match on catch block at 0xc3 in for 0x99
04-24 22:15:00.801 11961 11961 E ArmVmp : Match on catch block at 0xc3 in for 0x91
04-24 22:15:00.807 11961 11961 E ArmVmp : Match on catch block at 0xc3 in for 0x95
04-24 22:15:00.810 11961 11961 E ArmVmp : Match on catch block at 0xc3 in for 0x95
04-24 22:15:00.851 11961 11961 E ArmVmp : Match on catch block at 0xc3 in for 0x99
04-24 22:15:00.856 11961 11961 E ArmVmp : Match on catch block at 0xc3 in for 0x91
04-24 22:15:00.861 11961 11961 E ArmVmp : Match on catch block at 0xc3 in for 0x91
04-24 22:15:00.884 11961 11961 E ArmVmp : Match on catch block at 0xc3 in for 0x91
04-24 22:15:00.889 11961 11961 E ArmVmp : Match on catch block at 0xc3 in for 0x95
04-24 22:15:00.896 11961 11961 E ArmVmp : Match on catch block at 0xc3 in for 0x95
04-24 22:15:00.917 11961 11961 E ArmVmp : Match on catch block at 0xc3 in for 0x99
04-24 22:15:00.923 11961 11961 E ArmVmp : Match on catch block at 0xc3 in for 0x91
04-24 22:15:00.929 11961 11961 E ArmVmp : Match on catch block at 0xc3 in for 0x91
04-24 22:15:00.967 11961 11961 E ArmVmp : Match on catch block at 0xc3 in for 0x95
04-24 22:15:00.972 11961 11961 E ArmVmp : Match on catch block at 0xc3 in for 0x99
04-24 22:15:00.976 11961 11961 E ArmVmp : Match on catch block at 0xc3 in for 0x99
04-24 22:15:01.034 11961 11961 E ArmVmp : Match on catch block at 0xc3 in for 0x95
04-24 22:15:01.040 11961 11961 E ArmVmp : Match on catch block at 0xc3 in for 0x99
04-24 22:15:01.047 11961 11961 E ArmVmp : Match on catch block at 0xc3 in for 0x99
04-24 22:15:01.084 11961 11961 E ArmVmp : Match on catch block at 0xc3 in for 0x91
04-24 22:15:01.088 11961 11961 E ArmVmp : Match on catch block at 0xc3 in for 0x95
04-24 22:15:01.092 11961 11961 E ArmVmp : Match on catch block at 0xc3 in for 0x95
04-24 22:15:01.134 11961 11961 E ArmVmp : Match on catch block at 0xc3 in for 0x91
04-24 22:15:01.144 11961 11961 E ArmVmp : Match on catch block at 0xc3 in for 0x95
04-24 22:15:01.148 11961 11961 E ArmVmp : Match on catch block at 0xc3 in for 0x95
04-24 22:15:01.184 11961 11961 E ArmVmp : Match on catch block at 0xc3 in for 0x91
04-24 22:15:01.196 11961 11961 E ArmVmp : Match on catch block at 0xc3 in for 0x95
04-24 22:15:01.199 11961 11961 E ArmVmp : Match on catch block at 0xc3 in for 0x95
04-24 22:15:01.234 11961 11961 E ArmVmp : Match on catch block at 0xc3 in for 0x91
04-24 22:15:01.238 11961 11961 E ArmVmp : Match on catch block at 0xc3 in for 0x95
04-24 22:15:01.242 11961 11961 E ArmVmp : Match on catch block at 0xc3 in for 0x95
04-24 22:15:01.283 11961 11961 E ArmVmp : Match on catch block at 0xc3 in for 0x91
04-24 22:15:01.290 11961 11961 E ArmVmp : Match on catch block at 0xc3 in for 0x95
04-24 22:15:01.293 11961 11961 E ArmVmp : Match on catch block at 0xc3 in for 0x95
04-24 22:15:01.333 11961 11961 E ArmVmp : Match on catch block at 0xc3 in for 0x99
04-24 22:15:01.338 11961 11961 E ArmVmp : Match on catch block at 0xc3 in for 0x91
04-24 22:15:01.341 11961 11961 E ArmVmp : Match on catch block at 0xc3 in for 0x91
04-24 22:15:01.384 11961 11961 E ArmVmp : Match on catch block at 0xc3 in for 0x95
04-24 22:15:01.388 11961 11961 E ArmVmp : Match on catch block at 0xc3 in for 0x99
04-24 22:15:01.393 11961 11961 E ArmVmp : Match on catch block at 0xc3 in for 0x99
04-24 22:15:01.450 11961 11961 E ArmVmp : Match on catch block at 0xc3 in for 0x91
04-24 22:15:01.456 11961 11961 E ArmVmp : Match on catch block at 0xc3 in for 0x95
04-24 22:15:01.461 11961 11961 E ArmVmp : Match on catch block at 0xc3 in for 0x95
04-24 22:15:01.489 11961 11961 E ArmVmp : Match on catch block at 0xc3 in for 0x91
04-24 22:15:01.494 11961 11961 E ArmVmp : Match on catch block at 0xc3 in for 0x95
04-24 22:15:01.498 11961 11961 E ArmVmp : Match on catch block at 0xc3 in for 0x95
04-24 22:15:01.508 11961 11961 E ArmVmp : Match on catch block at 0xc3 in for 0x99
04-24 22:15:01.514 11961 11961 E ArmVmp : Match on catch block at 0xc3 in for 0x91
04-24 22:15:01.518 11961 11961 E ArmVmp : Match on catch block at 0xc3 in for 0x91
04-24 22:15:01.566 11961 11961 E ArmVmp : Match on catch block at 0xc3 in for 0x95
04-24 22:15:01.573 11961 11961 E ArmVmp : Match on catch block at 0xc3 in for 0x99
04-24 22:15:01.577 11961 11961 E ArmVmp : Match on catch block at 0xc3 in for 0x99
04-24 22:15:01.616 11961 11961 E ArmVmp : Match on catch block at 0xc3 in for 0x91
04-24 22:15:01.623 11961 11961 E ArmVmp : Match on catch block at 0xc3 in for 0x95
04-24 22:15:01.627 11961 11961 E ArmVmp : Match on catch block at 0xc3 in for 0x95
04-24 22:15:01.668 11961 11961 E ArmVmp : Match on catch block at 0xc3 in for 0x99
04-24 22:15:01.673 11961 11961 E ArmVmp : Match on catch block at 0xc3 in for 0x91
04-24 22:15:01.676 11961 11961 E ArmVmp : Match on catch block at 0xc3 in for 0x91
04-24 22:15:01.721 11961 11961 E ArmVmp : Match on catch block at 0xc3 in for 0x99
04-24 22:15:01.726 11961 11961 E ArmVmp : Match on catch block at 0xc3 in for 0x91
04-24 22:15:01.729 11961 11961 E ArmVmp : Match on catch block at 0xc3 in for 0x91
04-24 22:15:01.782 11961 11961 E ArmVmp : Match on catch block at 0xc3 in for 0x95
04-24 22:15:01.789 11961 11961 E ArmVmp : Match on catch block at 0xc3 in for 0x99
04-24 22:15:01.792 11961 11961 E ArmVmp : Match on catch block at 0xc3 in for 0x99
04-24 22:15:01.816 11961 11961 E ArmVmp : Match on catch block at 0xc3 in for 0x91
04-24 22:15:01.821 11961 11961 E ArmVmp : Match on catch block at 0xc3 in for 0x95
04-24 22:15:01.825 11961 11961 E ArmVmp : Match on catch block at 0xc3 in for 0x95
04-24 22:15:01.849 11961 11961 E ArmVmp : Match on catch block at 0xc3 in for 0x99
04-24 22:15:01.854 11961 11961 E ArmVmp : Match on catch block at 0xc3 in for 0x91
04-24 22:15:01.857 11961 11961 E ArmVmp : Match on catch block at 0xc3 in for 0x91
04-24 22:15:01.899 11961 11961 E ArmVmp : Match on catch block at 0xc3 in for 0x95
04-24 22:15:01.904 11961 11961 E ArmVmp : Match on catch block at 0xc3 in for 0x99
04-24 22:15:01.908 11961 11961 E ArmVmp : Match on catch block at 0xc3 in for 0x99
04-24 22:15:01.949 11961 11961 E ArmVmp : Match on catch block at 0xc3 in for 0x91
04-24 22:15:01.955 11961 11961 E ArmVmp : Match on catch block at 0xc3 in for 0x95
04-24 22:15:01.960 11961 11961 E ArmVmp : Match on catch block at 0xc3 in for 0x95
04-24 22:15:01.982 11961 11961 E ArmVmp : Match on catch block at 0xc3 in for 0x95
04-24 22:15:01.988 11961 11961 E ArmVmp : Match on catch block at 0xc3 in for 0x99
04-24 22:15:01.991 11961 11961 E ArmVmp : Match on catch block at 0xc3 in for 0x99
04-24 22:15:02.016 11961 11961 E ArmVmp : Match on catch block at 0xc3 in for 0x91
04-24 22:15:02.022 11961 11961 E ArmVmp : Match on catch block at 0xc3 in for 0x95
04-24 22:15:02.025 11961 11961 E ArmVmp : Match on catch block at 0xc3 in for 0x95
04-24 22:15:02.199 11961 11961 E ArmVmp : Match on catch block at 0xc3 in for 0x95
04-24 22:15:02.204 11961 11961 E ArmVmp : Match on catch block at 0xc3 in for 0x99
04-24 22:15:02.213 11961 11961 E ArmVmp : Match on catch block at 0xc3 in for 0x99
04-24 22:15:02.315 11961 11961 E ArmVmp : Match on catch block at 0xc3 in for 0x91
04-24 22:15:02.320 11961 11961 E ArmVmp : Match on catch block at 0xc3 in for 0x95
04-24 22:15:02.323 11961 11961 E ArmVmp : Match on catch block at 0xc3 in for 0x95
04-24 22:15:02.571 11961 11961 E ArmVmp : Match on catch block at 0xc3 in for 0x99
04-24 22:15:02.576 11961 11961 E ArmVmp : Match on catch block at 0xc3 in for 0x91
04-24 22:15:02.579 11961 11961 E ArmVmp : Match on catch block at 0xc3 in for 0x91
04-24 22:15:02.589 11961 11961 E ArmVmp : Match on catch block at 0xc3 in for 0x95
04-24 22:15:02.595 11961 11961 E ArmVmp : Match on catch block at 0xc3 in for 0x99
04-24 22:15:02.599 11961 11961 E ArmVmp : Match on catch block at 0xc3 in for 0x99
04-24 22:15:02.814 11961 11961 E ArmVmp : Match on catch block at 0xc3 in for 0x95
04-24 22:15:02.819 11961 11961 E ArmVmp : Match on catch block at 0xc3 in for 0x99
