04-25 22:37:23.620 6285 6421 E SQLiteDatabase: Error inserting transferred=1 media_job_uuid=13b29bd0-d015-4eea-b267-687e8fdc1835 transcoded=0 gif_attribution=0 first_scan_length=7932 direct_path=/o1/v/t62.7118-24/f1/m232/up-oil-image-44b89af0- 94f6-449e-9477-4fa76d2e6c03?ccb=9- 4&oh=01_Q5AaIOis25ElBFKzn5GAaoL0d5ueFHF6o2yN6b1i105kYSRv&oe=66526B67&_nc_sid=000000 thumbnail_height_width_ratio=0.7761194 is_animated_sticker=0 file_hash=StyXOIuzrwlvX770/1Xk7xeRlu0IAxps6OQ0XbW3h3w= file_path=Media/.Statuses/e4605d739b274b97b951e18e86e250b4.jpg file_size=89149 partial_media_hash=PhSqdiOy9nmQlUI9HLyoAhgDqsQKXgKxDIxI/HaisTA= face_x=0 face_y=0 height=832 trim_to=0 media_key_timestamp=1714097533000 message_url=https://mmg.whatsapp.net/o1/v/t62.7118-24/f1/m232/up-oil-image- 44b89af0-94f6-449e-9477-4fa76d2e6c03?ccb=9- 4&oh=01_Q5AaIOis25ElBFKzn5GAaoL0d5ueFHF6o2yN6b1i105kYSRv&oe=66526B67&_nc_sid=000000 &mms3=true media_caption=null trim_from=0 mime_type=image/jpeg partial_media_enc_hash=null width=1080 original_file_hash=null has_streaming_sidecar=1 autotransfer_retry_enabled=1 media_upload_handle=null message_row_id=7572 multicast_id=null enc_file_hash=Fjwu0pacDPR+d8UUdF2SBDqFS0dONXfeVcRhGLJUdrw= mute_video=0 page_count=0 first_scan_sidecar=[B@ccd4622 suspicious_content=0 file_length=89149 media_name=null media_duration=0 chat_row_id=4 media_key=[B@f1168b3
04-25 22:37:23.620 6285 6421 E SQLiteDatabase: android.database.sqlite.SQLiteConstraintException: UNIQUE constraint failed: message_media.message_row_id (code 1555 SQLITE_CONSTRAINT_PRIMARYKEY)
04-25 22:37:23.620 6285 6421 E SQLiteDatabase: at android.database.sqlite.SQLiteConnection.nativeExecuteForLastInsertedRowId(Native Method)
04-25 22:37:23.620 6285 6421 E SQLiteDatabase: at android.database.sqlite.SQLiteConnection.executeForLastInsertedRowId(SQLiteConnecti on.java:938)
04-25 22:37:23.620 6285 6421 E SQLiteDatabase: at android.database.sqlite.SQLiteSession.executeForLastInsertedRowId(SQLiteSession.jav a:790)
04-25 22:37:23.620 6285 6421 E SQLiteDatabase: at android.database.sqlite.SQLiteStatement.executeInsert(SQLiteStatement.java:88)
04-25 22:37:23.620 6285 6421 E SQLiteDatabase: at android.database.sqlite.SQLiteDatabase.insertWithOnConflict(SQLiteDatabase.java:170 1)
04-25 22:37:23.620 6285 6421 E SQLiteDatabase: at android.database.sqlite.SQLiteDatabase.insert(SQLiteDatabase.java:1570)
04-25 22:37:23.620 6285 6421 E SQLiteDatabase: at X.2tm.A08(Unknown Source:6)
04-25 22:37:23.620 6285 6421 E SQLiteDatabase: at X.35Y.A07(Unknown Source:212)
04-25 22:37:23.620 6285 6421 E SQLiteDatabase: at X.3QF.A14(Unknown Source:470)
04-25 22:37:23.620 6285 6421 E SQLiteDatabase: at X.3gU.run(Unknown Source:982)
04-25 22:37:23.620 6285 6421 E SQLiteDatabase: at android.os.Handler.handleCallback(Handler.java:938)
04-25 22:37:23.620 6285 6421 E SQLiteDatabase: at android.os.Handler.dispatchMessage(Handler.java:99)
04-25 22:37:23.620 6285 6421 E SQLiteDatabase: at X.0zq.dispatchMessage(Unknown Source:4)
04-25 22:37:23.620 6285 6421 E SQLiteDatabase: at android.os.Looper.loop(Looper.java:223)
04-25 22:37:23.620 6285 6421 E SQLiteDatabase: at android.os.HandlerThread.run(HandlerThread.java:67) --------- beginning of system
04-26 05:47:20.632 6285 6285 W ActivityThread: com.google.firebase.iid.FirebaseInstanceIdReceiver running onReceive took long time --------- beginning of main
04-26 05:47:29.067 6441 6441 W System.err: java.lang.ClassNotFoundException: mbmodsd.mbmodsw.ui.views.btn.BtnBK
04-26 05:47:29.068 6441 6441 W System.err: at java.lang.Runtime.nativeLoad(Native Method)
04-26 05:47:29.068 6441 6441 W System.err: at java.lang.Runtime.nativeLoad(Runtime.java:1131)
04-26 05:47:29.068 6441 6441 W System.err: at java.lang.Runtime.loadLibrary0(Runtime.java:1085)
04-26 05:47:29.068 6441 6441 W System.err: at java.lang.Runtime.loadLibrary0(Runtime.java:1008)
04-26 05:47:29.068 6441 6441 W System.err: at java.lang.System.loadLibrary(System.java:1664)
04-26 05:47:29.068 6441 6441 W System.err: at arm.EpicVm.<clinit>(Unknown Source:2)
04-26 05:47:29.068 6441 6441 W System.err: at java.lang.Class.newInstance(Native Method)
04-26 05:47:29.068 6441 6441 W System.err: at android.app.AppComponentFactory.instantiateApplication(AppComponentFactory.java:76)
04-26 05:47:29.068 6441 6441 W System.err: at androidx.core.app.CoreComponentFactory.instantiateApplication(Unknown Source:0)
04-26 05:47:29.068 6441 6441 W System.err: at android.app.Instrumentation.newApplication(Instrumentation.java:1158)
04-26 05:47:29.068 6441 6441 W System.err: at android.app.LoadedApk.makeApplication(LoadedApk.java:1268)
04-26 05:47:29.068 6441 6441 W System.err: at android.app.ActivityThread.handleBindApplication(ActivityThread.java:6927)
04-26 05:47:29.068 6441 6441 W System.err: at android.app.ActivityThread.access$1300(ActivityThread.java:262)
04-26 05:47:29.068 6441 6441 W System.err: at android.app.ActivityThread$H.handleMessage(ActivityThread.java:1977)
04-26 05:47:29.068 6441 6441 W System.err: at android.os.Handler.dispatchMessage(Handler.java:106)
04-26 05:47:29.068 6441 6441 W System.err: at android.os.Looper.loop(Looper.java:223)
04-26 05:47:29.068 6441 6441 W System.err: at android.app.ActivityThread.main(ActivityThread.java:8001)
04-26 05:47:29.068 6441 6441 W System.err: at java.lang.reflect.Method.invoke(Native Method)
04-26 05:47:29.069 6441 6441 W System.err: at com.android.internal.os.RuntimeInit$MethodAndArgsCaller.run(RuntimeInit.java:635)
04-26 05:47:29.069 6441 6441 W System.err: at com.android.internal.os.ZygoteInit.main(ZygoteInit.java:947)
04-26 05:47:29.130 6441 6441 E CustomActivityOnCrash: IMPORTANT WARNING! You already have an UncaughtExceptionHandler, are you sure this is correct? If you use a custom UncaughtExceptionHandler, you must initialize it AFTER CustomActivityOnCrash! Installing anyway, but your original handler will not be called.
04-26 05:47:29.883 6441 6473 W com.mbwhatsapp: Reducing the number of considered missed Gc histogram windows from 2581 to 100
04-26 05:47:29.963 6441 6441 W com.mbwhatsapp: Accessing hidden method Lcom/android/org/conscrypt/OpenSSLSocketImpl;->setUseSessionTickets(Z)V (greylist- max-q,core-platform-api, reflection, denied)
04-26 05:47:29.964 6441 6441 W com.mbwhatsapp: Accessing hidden method Lcom/android/org/conscrypt/AbstractConscryptSocket;->setUseSessionTickets(Z)V (greylist-max-q, reflection, denied)
04-26 05:47:30.090 6441 6441 W com.mbwhatsapp: type=1400 audit(0.0:605788): avc: granted { execute } for path="/data/data/com.mbwhatsapp/files/decompressed/libs.spk.zst/libc++_shared.so" dev="dm-11" ino=598949 scontext=u:r:untrusted_app:s0:c49,c257,c512,c768 tcontext=u:object_r:app_data_file:s0:c49,c257,c512,c768 tclass=file app=com.mbwhatsapp
04-26 05:47:30.126 6441 6441 W com.mbwhatsapp: type=1400 audit(0.0:605789): avc: granted { execute } for path="/data/data/com.mbwhatsapp/files/decompressed/libs.spk.zst/libvlc.so" dev="dm- 11" ino=598942 scontext=u:r:untrusted_app:s0:c49,c257,c512,c768 tcontext=u:object_r:app_data_file:s0:c49,c257,c512,c768 tclass=file app=com.mbwhatsapp
04-26 05:47:30.142 6441 6441 W com.mbwhatsapp: type=1400 audit(0.0:605791): avc: granted { execute } for path="/data/data/com.mbwhatsapp/files/decompressed/libs.spk.zst/libwhatsapp.so" dev="dm-11" ino=599231 scontext=u:r:untrusted_app:s0:c49,c257,c512,c768 tcontext=u:object_r:app_data_file:s0:c49,c257,c512,c768 tclass=file app=com.mbwhatsapp
04-26 05:47:30.944 6441 6441 W CheckTime: App running slow: Executing handleBindApplication : callApplicationOnCreate took 1674ms
04-26 05:47:31.047 28237 28237 W com.mbwhatsapp: Using default instruction set features for ARM CPU variant (generic) using conservative defaults
04-26 05:47:31.059 28237 28237 E com.mbwhatsapp: Not starting debugger since process cannot load the jdwp agent.
04-26 05:47:31.138 6441 28218 W com.mbwhatsapp: Class X.2rL failed lock verification and will run slower.
04-26 05:47:31.138 6441 28218 W com.mbwhatsapp: Common causes for lock verification issues are non-optimized dex code
04-26 05:47:31.138 6441 28218 W com.mbwhatsapp: and incorrect proguard optimizations.
04-26 05:47:31.233 6441 6441 W com.mbwhatsapp: Class X.0eU failed lock verification and will run slower.
04-26 05:47:31.462 6441 6441 W CheckTime: App running slow: Executing instantiate activity took 340ms --------- beginning of system --------- beginning of main
04-26 05:48:00.396 29051 29051 W System.err: java.lang.ClassNotFoundException: mbmodsd.mbmodsw.ui.views.btn.BtnBK
04-26 05:48:00.399 29051 29051 W System.err: at java.lang.Runtime.nativeLoad(Native Method)
04-26 05:48:00.400 29051 29051 W System.err: at java.lang.Runtime.nativeLoad(Runtime.java:1131)
04-26 05:48:00.400 29051 29051 W System.err: at java.lang.Runtime.loadLibrary0(Runtime.java:1085)
04-26 05:48:00.400 29051 29051 W System.err: at java.lang.Runtime.loadLibrary0(Runtime.java:1008)
04-26 05:48:00.400 29051 29051 W System.err: at java.lang.System.loadLibrary(System.java:1664)
04-26 05:48:00.400 29051 29051 W System.err: at arm.EpicVm.<clinit>(Unknown Source:2)
04-26 05:48:00.400 29051 29051 W System.err: at java.lang.Class.newInstance(Native Method)
04-26 05:48:00.400 29051 29051 W System.err: at android.app.AppComponentFactory.instantiateApplication(AppComponentFactory.java:76)
04-26 05:48:00.400 29051 29051 W System.err: at androidx.core.app.CoreComponentFactory.instantiateApplication(Unknown Source:0)
04-26 05:48:00.400 29051 29051 W System.err: at android.app.Instrumentation.newApplication(Instrumentation.java:1158)
04-26 05:48:00.400 29051 29051 W System.err: at android.app.LoadedApk.makeApplication(LoadedApk.java:1268)
04-26 05:48:00.400 29051 29051 W System.err: at android.app.ActivityThread.handleBindApplication(ActivityThread.java:6927)
04-26 05:48:00.400 29051 29051 W System.err: at android.app.ActivityThread.access$1300(ActivityThread.java:262)
04-26 05:48:00.400 29051 29051 W System.err: at android.app.ActivityThread$H.handleMessage(ActivityThread.java:1977)
04-26 05:48:00.400 29051 29051 W System.err: at android.os.Handler.dispatchMessage(Handler.java:106)
04-26 05:48:00.400 29051 29051 W System.err: at android.os.Looper.loop(Looper.java:223)
04-26 05:48:00.401 29051 29051 W System.err: at android.app.ActivityThread.main(ActivityThread.java:8001)
04-26 05:48:00.401 29051 29051 W System.err: at java.lang.reflect.Method.invoke(Native Method)
04-26 05:48:00.401 29051 29051 W System.err: at com.android.internal.os.RuntimeInit$MethodAndArgsCaller.run(RuntimeInit.java:635)
04-26 05:48:00.401 29051 29051 W System.err: at com.android.internal.os.ZygoteInit.main(ZygoteInit.java:947)
04-26 05:48:00.445 29051 29051 E CustomActivityOnCrash: IMPORTANT WARNING! You already have an UncaughtExceptionHandler, are you sure this is correct? If you use a custom UncaughtExceptionHandler, you must initialize it AFTER CustomActivityOnCrash! Installing anyway, but your original handler will not be called.
04-26 05:48:01.176 29051 29051 W com.mbwhatsapp: Accessing hidden method Lcom/android/org/conscrypt/OpenSSLSocketImpl;->setUseSessionTickets(Z)V (greylist- max-q,core-platform-api, reflection, denied)
04-26 05:48:01.177 29051 29051 W com.mbwhatsapp: Accessing hidden method Lcom/android/org/conscrypt/AbstractConscryptSocket;->setUseSessionTickets(Z)V (greylist-max-q, reflection, denied)
04-26 05:48:01.326 29051 29051 W com.mbwhatsapp: type=1400 audit(0.0:606033): avc: granted { execute } for path="/data/data/com.mbwhatsapp/files/decompressed/libs.spk.zst/libc++_shared.so" dev="dm-11" ino=598949 scontext=u:r:untrusted_app:s0:c49,c257,c512,c768 tcontext=u:object_r:app_data_file:s0:c49,c257,c512,c768 tclass=file app=com.mbwhatsapp
04-26 05:48:01.342 29051 29051 W com.mbwhatsapp: type=1400 audit(0.0:606034): avc: granted { execute } for path="/data/data/com.mbwhatsapp/files/decompressed/libs.spk.zst/libvlc.so" dev="dm- 11" ino=598942 scontext=u:r:untrusted_app:s0:c49,c257,c512,c768 tcontext=u:object_r:app_data_file:s0:c49,c257,c512,c768 tclass=file app=com.mbwhatsapp
04-26 05:48:01.370 29051 29051 W com.mbwhatsapp: type=1400 audit(0.0:606035): avc: granted { execute } for path="/data/data/com.mbwhatsapp/files/decompressed/libs.spk.zst/libwhatsapp.so" dev="dm-11" ino=599231 scontext=u:r:untrusted_app:s0:c49,c257,c512,c768 tcontext=u:object_r:app_data_file:s0:c49,c257,c512,c768 tclass=file app=com.mbwhatsapp
04-26 05:48:01.771 29051 29051 W CheckTime: App running slow: Executing handleBindApplication : callApplicationOnCreate took 1192ms
04-26 05:48:01.806 29051 29051 W CheckTime: App running slow: Executing com.google.firebase.iid.FirebaseInstanceIdReceiver scheduleReceive took 1893ms
04-26 05:48:01.806 29051 29051 W ActivityThread: Main thread can not be idle for a long time.
04-26 05:48:01.865 29051 29118 W com.mbwhatsapp: Class X.2rL failed lock verification and will run slower.
04-26 05:48:01.865 29051 29118 W com.mbwhatsapp: Common causes for lock verification issues are non-optimized dex code
04-26 05:48:01.865 29051 29118 W com.mbwhatsapp: and incorrect proguard optimizations. --------- beginning of main
04-26 06:28:00.918 10756 10756 W System.err: java.lang.ClassNotFoundException: mbmodsd.mbmodsw.ui.views.btn.BtnBK
04-26 06:28:00.918 10756 10756 W System.err: at java.lang.Runtime.nativeLoad(Native Method)
04-26 06:28:00.918 10756 10756 W System.err: at java.lang.Runtime.nativeLoad(Runtime.java:1131)
04-26 06:28:00.918 10756 10756 W System.err: at java.lang.Runtime.loadLibrary0(Runtime.java:1085)
04-26 06:28:00.918 10756 10756 W System.err: at java.lang.Runtime.loadLibrary0(Runtime.java:1008)
04-26 06:28:00.918 10756 10756 W System.err: at java.lang.System.loadLibrary(System.java:1664)
04-26 06:28:00.918 10756 10756 W System.err: at arm.EpicVm.<clinit>(Unknown Source:2)
04-26 06:28:00.918 10756 10756 W System.err: at java.lang.Class.newInstance(Native Method)
04-26 06:28:00.918 10756 10756 W System.err: at android.app.AppComponentFactory.instantiateApplication(AppComponentFactory.java:76)
04-26 06:28:00.918 10756 10756 W System.err: at androidx.core.app.CoreComponentFactory.instantiateApplication(Unknown Source:0)
04-26 06:28:00.918 10756 10756 W System.err: at android.app.Instrumentation.newApplication(Instrumentation.java:1158)
04-26 06:28:00.918 10756 10756 W System.err: at android.app.LoadedApk.makeApplication(LoadedApk.java:1268)
04-26 06:28:00.918 10756 10756 W System.err: at android.app.ActivityThread.handleBindApplication(ActivityThread.java:6927)
04-26 06:28:00.918 10756 10756 W System.err: at android.app.ActivityThread.access$1300(ActivityThread.java:262)
04-26 06:28:00.918 10756 10756 W System.err: at android.app.ActivityThread$H.handleMessage(ActivityThread.java:1977)
04-26 06:28:00.918 10756 10756 W System.err: at android.os.Handler.dispatchMessage(Handler.java:106)
04-26 06:28:00.918 10756 10756 W System.err: at android.os.Looper.loop(Looper.java:223)
04-26 06:28:00.918 10756 10756 W System.err: at android.app.ActivityThread.main(ActivityThread.java:8001)
04-26 06:28:00.919 10756 10756 W System.err: at java.lang.reflect.Method.invoke(Native Method)
04-26 06:28:00.919 10756 10756 W System.err: at com.android.internal.os.RuntimeInit$MethodAndArgsCaller.run(RuntimeInit.java:635)
04-26 06:28:00.919 10756 10756 W System.err: at com.android.internal.os.ZygoteInit.main(ZygoteInit.java:947)
04-26 06:28:00.960 10756 10756 E CustomActivityOnCrash: IMPORTANT WARNING! You already have an UncaughtExceptionHandler, are you sure this is correct? If you use a custom UncaughtExceptionHandler, you must initialize it AFTER CustomActivityOnCrash! Installing anyway, but your original handler will not be called.
04-26 06:28:01.081 10756 11350 W LibraryVersion: Failed to get app version for libraryName: firebase-iid
04-26 06:28:01.168 11357 11357 W com.mbwhatsapp: Using default instruction set features for ARM CPU variant (generic) using conservative defaults
04-26 06:28:01.173 11357 11357 E com.mbwhatsapp: Not starting debugger since process cannot load the jdwp agent.
04-26 06:28:01.523 10756 10756 W com.mbwhatsapp: Accessing hidden method Lcom/android/org/conscrypt/OpenSSLSocketImpl;->setUseSessionTickets(Z)V (greylist- max-q,core-platform-api, reflection, denied)
04-26 06:28:01.524 10756 10756 W com.mbwhatsapp: Accessing hidden method Lcom/android/org/conscrypt/AbstractConscryptSocket;->setUseSessionTickets(Z)V (greylist-max-q, reflection, denied)
04-26 06:28:01.917 10756 10756 W CheckTime: App running slow: Executing handleBindApplication : callApplicationOnCreate took 865ms
04-26 06:28:01.938 10756 11424 W com.mbwhatsapp: Class X.2rL failed lock verification and will run slower.
04-26 06:28:01.938 10756 11424 W com.mbwhatsapp: Common causes for lock verification issues are non-optimized dex code
04-26 06:28:01.938 10756 11424 W com.mbwhatsapp: and incorrect proguard optimizations.
04-26 06:28:01.967 10756 10756 W com.mbwhatsapp: Class X.0eU failed lock verification and will run slower. --------- beginning of system --------- beginning of system --------- beginning of main
04-26 06:36:48.150 11357 11357 W com.mbwhatsapp: type=1400 audit(0.0:615389): avc: granted { execute } for path="/data/data/com.mbwhatsapp/files/decompressed/libs.spk.zst/libcurve25519.so" dev="dm-11" ino=599016 scontext=u:r:untrusted_app:s0:c49,c257,c512,c768 tcontext=u:object_r:app_data_file:s0:c49,c257,c512,c768 tclass=file app=com.mbwhatsapp
04-26 06:36:48.170 11357 11357 W com.mbwhatsapp: type=1400 audit(0.0:615390): avc: granted { execute } for path="/data/data/com.mbwhatsapp/files/decompressed/libs.spk.zst/libwhatsapp.so" dev="dm-11" ino=599231 scontext=u:r:untrusted_app:s0:c49,c257,c512,c768 tcontext=u:object_r:app_data_file:s0:c49,c257,c512,c768 tclass=file app=com.mbwhatsapp
04-26 06:36:48.170 11357 11357 W com.mbwhatsapp: type=1400 audit(0.0:615391): avc: granted { execute } for path="/data/data/com.mbwhatsapp/files/decompressed/libs.spk.zst/libwhatsapp.so" dev="dm-11" ino=599231 scontext=u:r:untrusted_app:s0:c49,c257,c512,c768 tcontext=u:object_r:app_data_file:s0:c49,c257,c512,c768 tclass=file app=com.mbwhatsapp
04-26 06:36:48.170 11357 11357 W com.mbwhatsapp: type=1400 audit(0.0:615392): avc: granted { execute } for path="/data/data/com.mbwhatsapp/files/decompressed/libs.spk.zst/libwhatsapp.so" dev="dm-11" ino=599231 scontext=u:r:untrusted_app:s0:c49,c257,c512,c768 tcontext=u:object_r:app_data_file:s0:c49,c257,c512,c768 tclass=file app=com.mbwhatsapp
04-26 06:36:48.170 11357 11357 W com.mbwhatsapp: type=1400 audit(0.0:615393): avc: denied { execmod } for path="/apex/com.android.runtime/lib/bionic/libc.so" dev="dm- 5" ino=389 scontext=u:r:untrusted_app:s0:c49,c257,c512,c768 tcontext=u:object_r:system_lib_file:s0 tclass=file permissive=0 app=com.mbwhatsapp
04-26 06:36:48.352 11357 11357 W CheckTime: App running slow: Executing handleBindApplication : callApplicationOnCreate took 922ms
04-26 06:36:48.384 11357 13300 W com.mbwhatsapp: Class X.2rL failed lock verification and will run slower.
04-26 06:36:48.384 11357 13300 W com.mbwhatsapp: Common causes for lock verification issues are non-optimized dex code
04-26 06:36:48.384 11357 13300 W com.mbwhatsapp: and incorrect proguard optimizations.
04-26 06:36:48.411 11357 11357 W com.mbwhatsapp: Class X.0eU failed lock verification and will run slower.
04-26 06:36:48.720 13315 13315 W com.mbwhatsapp: Using default instruction set features for ARM CPU variant (generic) using conservative defaults
04-26 06:36:48.745 13315 13315 E com.mbwhatsapp: Not starting debugger since process cannot load the jdwp agent.
04-26 06:36:48.865 11357 11357 W com.mbwhatsapp: Class com.mbwhatsapp.HomeActivity failed lock verification and will run slower.
04-26 06:36:49.488 11357 11357 E ArmVmp : Match on catch block at 0x0a in for 0xb9
04-26 06:36:49.531 11357 11357 E ArmVmp : Match on catch block at 0x0a in for 0x129
04-26 06:36:49.590 11357 13385 W com.mbwhatsapp: Accessing hidden method Lcom/android/org/conscrypt/ConscryptEngineSocket;->setUseSessionTickets(Z)V (greylist-max-q,core-platform-api, reflection, denied)
04-26 06:36:49.590 11357 13385 W com.mbwhatsapp: Accessing hidden method Lcom/android/org/conscrypt/OpenSSLSocketImpl;->setUseSessionTickets(Z)V (greylist- max-q,core-platform-api, reflection, denied)
04-26 06:36:49.591 11357 13385 W com.mbwhatsapp: Accessing hidden method Lcom/android/org/conscrypt/AbstractConscryptSocket;->setUseSessionTickets(Z)V (greylist-max-q, reflection, denied)
04-26 06:36:49.591 11357 13385 W com.mbwhatsapp: Accessing hidden method Lcom/android/org/conscrypt/ConscryptEngineSocket;->setHostname(Ljava/lang/String;)V (greylist-max-q,core-platform-api, reflection, denied)
04-26 06:36:49.591 11357 13385 W com.mbwhatsapp: Accessing hidden method Lcom/android/org/conscrypt/OpenSSLSocketImpl;->setHostname(Ljava/lang/String;)V (greylist-max-q,core-platform-api, reflection, denied)
04-26 06:36:49.591 11357 13385 W com.mbwhatsapp: Accessing hidden method Lcom/android/org/conscrypt/AbstractConscryptSocket;->setHostname(Ljava/lang/ String;)V (greylist-max-q, reflection, denied)
04-26 06:36:49.591 11357 13385 W com.mbwhatsapp: Accessing hidden method Lcom/android/org/conscrypt/OpenSSLSocketImpl;->setAlpnProtocols([B)V (greylist-max- q,core-platform-api, reflection, denied)
04-26 06:36:49.591 11357 13385 W com.mbwhatsapp: Accessing hidden method Lcom/android/org/conscrypt/AbstractConscryptSocket;->setAlpnProtocols([B)V (greylist-max-q, reflection, denied)
04-26 06:36:49.693 11357 13385 W com.mbwhatsapp: Accessing hidden method Lcom/android/org/conscrypt/OpenSSLSocketImpl;->getAlpnSelectedProtocol()[B (greylist-max-q,core-platform-api, reflection, denied)
04-26 06:36:49.693 11357 13385 W com.mbwhatsapp: Accessing hidden method Lcom/android/org/conscrypt/AbstractConscryptSocket;->getAlpnSelectedProtocol()[B (greylist-max-q, reflection, denied)
04-26 06:36:49.827 11357 11357 W CheckTime: App running slow: Executing activity onCreate took 954ms
04-26 06:36:49.988 11357 11357 W CheckTime: App running slow: Executing com.mbwhatsapp.yo.WidgetProvider scheduleReceive took 548ms
04-26 06:36:49.988 11357 11357 W ActivityThread: Main thread can not be idle for a long time.
04-26 06:36:52.490 11357 11357 E OpenGLRenderer: ~SkiaDisplayList() ##### pid = 11357
04-26 06:36:53.844 11357 11357 E ArmVmp : Match on catch block at 0x0a in for 0xc5
04-26 06:36:54.768 11357 13169 W LibraryVersion: Failed to get app version for libraryName: firebase-iid
04-26 06:36:54.923 11357 13704 W LOTTIE : Animation contains merge paths. Merge paths are only supported on KitKat+ and must be manually enabled by calling enableMergePathsForKitKatAndAbove().
04-26 06:36:55.621 11357 11357 W LOTTIE : Animation contains merge paths but they are disabled.
04-26 06:36:56.090 11357 11357 W pool-7-thread-1: type=1400 audit(0.0:615398): avc: granted { execute } for path="/data/data/com.mbwhatsapp/files/decompressed/libs.spk.zst/libgifimage.so" dev="dm-11" ino=598945 scontext=u:r:untrusted_app:s0:c49,c257,c512,c768 tcontext=u:object_r:app_data_file:s0:c49,c257,c512,c768 tclass=file app=com.mbwhatsapp
04-26 06:36:56.950 11357 11357 W com.mbwhatsapp: Verification of void X.5pH.A1Z(android.os.Bundle) took 122.001ms (83056.51 bytecodes/s) (163536B approximate peak alloc)
04-26 06:36:57.234 11357 13758 E linker : library "" ("/apex/com.android.vndk.v30/lib") needed or dlopened by "/apex/com.android.vndk.v30/lib/libRS_internal.so" is not accessible for the namespace: [name="rs", ld_library_paths="", default_library_paths="/apex/com.android.vndk.v30/lib:/vendor/lib", permitted_paths="/odm/lib:/vendor/lib:/system/vendor/lib:/data"]
04-26 06:36:57.235 11357 13758 E RenderScript: Failed loading RS driver: dlopen failed: library "" needed or dlopened by "/apex/com.android.vndk.v30/lib/libRS_internal.so" is not accessible for the namespace "rs"
04-26 06:36:57.235 11357 13758 E RenderScript: Failed to load runtime , loading default
04-26 06:36:57.874 11357 11357 W CheckTime: App running slow: Executing activity onCreate took 1102ms
04-26 06:36:57.954 11357 11357 E ArmVmp : Match on catch block at 0x0a in for 0xb5
04-26 06:36:57.963 11357 11357 E ArmVmp : Match on catch block at 0x0a in for 0xb9
04-26 06:36:58.514 11357 11357 W StickerImageFil: type=1400 audit(0.0:615402): avc: granted { execute } for path="/data/data/com.mbwhatsapp/files/decompressed/libs.spk.zst/libstatic-webp.so" dev="dm-11" ino=598842 scontext=u:r:untrusted_app:s0:c49,c257,c512,c768 tcontext=u:object_r:app_data_file:s0:c49,c257,c512,c768 tclass=file app=com.mbwhatsapp
04-26 06:36:58.705 11357 11357 E ArmVmp : Match on catch block at 0xc3 in for 0xa5
04-26 06:36:58.716 11357 11357 E ArmVmp : Match on catch block at 0xc3 in for 0xa1
04-26 06:36:58.721 11357 11357 E ArmVmp : Match on catch block at 0xc3 in for 0xa1
04-26 06:36:59.081 11357 11357 E ArmVmp : Match on catch block at 0xc3 in for 0x99
04-26 06:36:59.092 11357 11357 E ArmVmp : Match on catch block at 0xc3 in for 0x95
04-26 06:36:59.098 11357 11357 E ArmVmp : Match on catch block at 0xc3 in for 0x95
04-26 06:36:59.254 11357 11357 E ArmVmp : Match on catch block at 0xc3 in for 0x99
04-26 06:36:59.270 11357 11357 E ArmVmp : Match on catch block at 0xc3 in for 0x91
04-26 06:36:59.279 11357 11357 E ArmVmp : Match on catch block at 0xc3 in for 0x91
04-26 06:36:59.354 11357 11357 E ArmVmp : Match on catch block at 0xc3 in for 0x91
04-26 06:36:59.363 11357 11357 E ArmVmp : Match on catch block at 0xc3 in for 0x95
04-26 06:36:59.375 11357 11357 E ArmVmp : Match on catch block at 0xc3 in for 0x95
04-26 06:36:59.443 11357 11357 E ArmVmp : Match on catch block at 0xc3 in for 0x91
04-26 06:36:59.451 11357 11357 E ArmVmp : Match on catch block at 0xc3 in for 0x95
04-26 06:36:59.456 11357 11357 E ArmVmp : Match on catch block at 0xc3 in for 0x95
04-26 06:36:59.499 11357 11357 E ArmVmp : Match on catch block at 0xc3 in for 0x91
04-26 06:36:59.506 11357 11357 E ArmVmp : Match on catch block at 0xc3 in for 0x95
04-26 06:36:59.510 11357 11357 E ArmVmp : Match on catch block at 0xc3 in for 0x95
04-26 06:36:59.523 11357 11357 E ArmVmp : Match on catch block at 0xc3 in for 0x91
04-26 06:36:59.531 11357 11357 E ArmVmp : Match on catch block at 0xc3 in for 0x95
04-26 06:36:59.535 11357 11357 E ArmVmp : Match on catch block at 0xc3 in for 0x95
04-26 06:36:59.601 11357 11357 E ArmVmp : Match on catch block at 0xc3 in for 0x99
04-26 06:36:59.607 11357 11357 E ArmVmp : Match on catch block at 0xc3 in for 0x91
04-26 06:36:59.611 11357 11357 E ArmVmp : Match on catch block at 0xc3 in for 0x91
04-26 06:36:59.650 11357 11357 E ArmVmp : Match on catch block at 0xc3 in for 0x91
04-26 06:36:59.658 11357 11357 E ArmVmp : Match on catch block at 0xc3 in for 0x95
04-26 06:36:59.661 11357 11357 E ArmVmp : Match on catch block at 0xc3 in for 0x95
04-26 06:36:59.701 11357 11357 E ArmVmp : Match on catch block at 0xc3 in for 0x99
04-26 06:36:59.709 11357 11357 E ArmVmp : Match on catch block at 0xc3 in for 0x91
04-26 06:36:59.713 11357 11357 E ArmVmp : Match on catch block at 0xc3 in for 0x91
04-26 06:36:59.734 11357 11357 E ArmVmp : Match on catch block at 0xc3 in for 0x95
04-26 06:36:59.740 11357 11357 E ArmVmp : Match on catch block at 0xc3 in for 0x99
04-26 06:36:59.743 11357 11357 E ArmVmp : Match on catch block at 0xc3 in for 0x99
04-26 06:36:59.767 11357 11357 E ArmVmp : Match on catch block at 0xc3 in for 0x91
04-26 06:36:59.777 11357 11357 E ArmVmp : Match on catch block at 0xc3 in for 0x95
04-26 06:36:59.781 11357 11357 E ArmVmp : Match on catch block at 0xc3 in for 0x95
04-26 06:36:59.817 11357 11357 E ArmVmp : Match on catch block at 0xc3 in for 0x99
04-26 06:36:59.824 11357 11357 E ArmVmp : Match on catch block at 0xc3 in for 0x91
04-26 06:36:59.828 11357 11357 E ArmVmp : Match on catch block at 0xc3 in for 0x91
04-26 06:36:59.867 11357 11357 E ArmVmp : Match on catch block at 0xc3 in for 0x91
04-26 06:36:59.874 11357 11357 E ArmVmp : Match on catch block at 0xc3 in for 0x95
04-26 06:36:59.880 11357 11357 E ArmVmp : Match on catch block at 0xc3 in for 0x95
04-26 06:36:59.917 11357 11357 E ArmVmp : Match on catch block at 0xc3 in for 0x99
04-26 06:36:59.928 11357 11357 E ArmVmp : Match on catch block at 0xc3 in for 0x91
04-26 06:36:59.932 11357 11357 E ArmVmp : Match on catch block at 0xc3 in for 0x91
04-26 06:36:59.967 11357 11357 E ArmVmp : Match on catch block at 0xc3 in for 0x95
04-26 06:36:59.974 11357 11357 E ArmVmp : Match on catch block at 0xc3 in for 0x99
04-26 06:36:59.978 11357 11357 E ArmVmp : Match on catch block at 0xc3 in for 0x99
04-26 06:37:00.017 11357 11357 E ArmVmp : Match on catch block at 0xc3 in for 0x91
04-26 06:37:00.023 11357 11357 E ArmVmp : Match on catch block at 0xc3 in for 0x95
04-26 06:37:00.026 11357 11357 E ArmVmp : Match on catch block at 0xc3 in for 0x95
04-26 06:37:00.067 11357 11357 E ArmVmp : Match on catch block at 0xc3 in for 0x99
04-26 06:37:00.074 11357 11357 E ArmVmp : Match on catch block at 0xc3 in for 0x91
04-26 06:37:00.077 11357 11357 E ArmVmp : Match on catch block at 0xc3 in for 0x91
04-26 06:37:00.116 11357 11357 E ArmVmp : Match on catch block at 0xc3 in for 0x95
04-26 06:37:00.124 11357 11357 E ArmVmp : Match on catch block at 0xc3 in for 0x99
04-26 06:37:00.127 11357 11357 E ArmVmp : Match on catch block at 0xc3 in for 0x99
04-26 06:37:00.166 11357 11357 E ArmVmp : Match on catch block at 0xc3 in for 0x95
04-26 06:37:00.179 11357 11357 E ArmVmp : Match on catch block at 0xc3 in for 0x99
04-26 06:37:00.183 11357 11357 E ArmVmp : Match on catch block at 0xc3 in for 0x99
04-26 06:37:00.217 11357 11357 E ArmVmp : Match on catch block at 0xc3 in for 0x91
04-26 06:37:00.224 11357 11357 E ArmVmp : Match on catch block at 0xc3 in for 0x95
04-26 06:37:00.229 11357 11357 E ArmVmp : Match on catch block at 0xc3 in for 0x95
04-26 06:37:00.249 11357 11357 E ArmVmp : Match on catch block at 0xc3 in for 0x99
04-26 06:37:00.257 11357 11357 E ArmVmp : Match on catch block at 0xc3 in for 0x91
04-26 06:37:00.260 11357 11357 E ArmVmp : Match on catch block at 0xc3 in for 0x91
04-26 06:37:00.283 11357 11357 E ArmVmp : Match on catch block at 0xc3 in for 0x95
04-26 06:37:00.291 11357 11357 E ArmVmp : Match on catch block at 0xc3 in for 0x99
04-26 06:37:00.296 11357 11357 E ArmVmp : Match on catch block at 0xc3 in for 0x99
04-26 06:37:00.334 11357 11357 E ArmVmp : Match on catch block at 0xc3 in for 0x91
04-26 06:37:00.342 11357 11357 E ArmVmp : Match on catch block at 0xc3 in for 0x95
04-26 06:37:00.349 11357 11357 E ArmVmp : Match on catch block at 0xc3 in for 0x95
04-26 06:37:00.383 11357 11357 E ArmVmp : Match on catch block at 0xc3 in for 0x99
04-26 06:37:00.390 11357 11357 E ArmVmp : Match on catch block at 0xc3 in for 0x91
04-26 06:37:00.394 11357 11357 E ArmVmp : Match on catch block at 0xc3 in for 0x91
04-26 06:37:00.433 11357 11357 E ArmVmp : Match on catch block at 0xc3 in for 0x95
04-26 06:37:00.440 11357 11357 E ArmVmp : Match on catch block at 0xc3 in for 0x99
04-26 06:37:00.443 11357 11357 E ArmVmp : Match on catch block at 0xc3 in for 0x99
04-26 06:37:00.483 11357 11357 E ArmVmp : Match on catch block at 0xc3 in for 0x91
04-26 06:37:00.489 11357 11357 E ArmVmp : Match on catch block at 0xc3 in for 0x95
04-26 06:37:00.494 11357 11357 E ArmVmp : Match on catch block at 0xc3 in for 0x95
04-26 06:37:00.532 11357 11357 E ArmVmp : Match on catch block at 0xc3 in for 0x99
04-26 06:37:00.539 11357 11357 E ArmVmp : Match on catch block at 0xc3 in for 0x91
04-26 06:37:00.542 11357 11357 E ArmVmp : Match on catch block at 0xc3 in for 0x91
04-26 06:37:00.582 11357 11357 E ArmVmp : Match on catch block at 0xc3 in for 0x95
04-26 06:37:00.590 11357 11357 E ArmVmp : Match on catch block at 0xc3 in for 0x99
04-26 06:37:00.596 11357 11357 E ArmVmp : Match on catch block at 0xc3 in for 0x99
04-26 06:37:00.632 11357 11357 E ArmVmp : Match on catch block at 0xc3 in for 0x91
04-26 06:37:00.640 11357 11357 E ArmVmp : Match on catch block at 0xc3 in for 0x95
04-26 06:37:00.644 11357 11357 E ArmVmp : Match on catch block at 0xc3 in for 0x95
04-26 06:37:00.682 11357 11357 E ArmVmp : Match on catch block at 0xc3 in for 0x99
04-26 06:37:00.688 11357 11357 E ArmVmp : Match on catch block at 0xc3 in for 0x91
04-26 06:37:00.692 11357 11357 E ArmVmp : Match on catch block at 0xc3 in for 0x91
04-26 06:37:00.732 11357 11357 E ArmVmp : Match on catch block at 0xc3 in for 0x95
04-26 06:37:00.739 11357 11357 E ArmVmp : Match on catch block at 0xc3 in for 0x99
04-26 06:37:00.745 11357 11357 E ArmVmp : Match on catch block at 0xc3 in for 0x99
04-26 06:37:00.765 11357 11357 E ArmVmp : Match on catch block at 0xc3 in for 0x91
04-26 06:37:00.771 11357 11357 E ArmVmp : Match on catch block at 0xc3 in for 0x95
04-26 06:37:00.777 11357 11357 E ArmVmp : Match on catch block at 0xc3 in for 0x95
04-26 06:37:00.799 11357 11357 E ArmVmp : Match on catch block at 0xc3 in for 0x99
04-26 06:37:00.805 11357 11357 E ArmVmp : Match on catch block at 0xc3 in for 0x91
04-26 06:37:00.809 11357 11357 E ArmVmp : Match on catch block at 0xc3 in for 0x91
04-26 06:37:00.820 11357 11357 E ArmVmp : Match on catch block at 0xc3 in for 0x95
04-26 06:37:00.827 11357 11357 E ArmVmp : Match on catch block at 0xc3 in for 0x99
04-26 06:37:00.832 11357 11357 E ArmVmp : Match on catch block at 0xc3 in for 0x99
04-26 06:37:00.842 11357 11357 E ArmVmp : Match on catch block at 0xc3 in for 0x91
04-26 06:37:00.849 11357 11357 E ArmVmp : Match on catch block at 0xc3 in for 0x95
04-26 06:37:00.858 11357 11357 E ArmVmp : Match on catch block at 0xc3 in for 0x95
04-26 06:37:00.869 11357 11357 E ArmVmp : Match on catch block at 0xc3 in for 0x99
04-26 06:37:00.888 11357 11357 E ArmVmp : Match on catch block at 0xc3 in for 0x91
04-26 06:37:00.893 11357 11357 E ArmVmp : Match on catch block at 0xc3 in for 0x91
04-26 06:37:00.907 11357 11357 E ArmVmp : Match on catch block at 0xc3 in for 0x95
04-26 06:37:00.916 11357 11357 E ArmVmp : Match on catch block at 0xc3 in for 0x99
04-26 06:37:00.924 11357 11357 E ArmVmp : Match on catch block at 0xc3 in for 0x99
04-26 06:37:00.936 11357 11357 E ArmVmp : Match on catch block at 0xc3 in for 0x91
04-26 06:37:00.946 11357 11357 E ArmVmp : Match on catch block at 0xc3 in for 0x95
04-26 06:37:00.951 11357 11357 E ArmVmp : Match on catch block at 0xc3 in for 0x95
04-26 06:37:00.965 11357 11357 E ArmVmp : Match on catch block at 0xc3 in for 0x99
04-26 06:37:00.971 11357 11357 E ArmVmp : Match on catch block at 0xc3 in for 0x91
04-26 06:37:00.974 11357 11357 E ArmVmp : Match on catch block at 0xc3 in for 0x91
04-26 06:37:00.982 11357 11357 E ArmVmp : Match on catch block at 0xc3 in for 0x95
04-26 06:37:00.989 11357 11357 E ArmVmp : Match on catch block at 0xc3 in for 0x99
04-26 06:37:00.994 11357 11357 E ArmVmp : Match on catch block at 0xc3 in for 0x99
04-26 06:37:01.012 11357 11357 E ArmVmp : Match on catch block at 0xc3 in for 0x91
04-26 06:37:01.026 11357 11357 E ArmVmp : Match on catch block at 0xc3 in for 0x95
04-26 06:37:01.038 11357 11357 E ArmVmp : Match on catch block at 0xc3 in for 0x95
04-26 06:37:01.053 11357 11357 E ArmVmp : Match on catch block at 0xc3 in for 0x99
04-26 06:37:01.068 11357 11357 E ArmVmp : Match on catch block at 0xc3 in for 0x91
04-26 06:37:01.076 11357 11357 E ArmVmp : Match on catch block at 0xc3 in for 0x91
04-26 06:37:01.113 11357 11357 E ArmVmp : Match on catch block at 0xc3 in for 0x91
04-26 06:37:01.119 11357 11357 E ArmVmp : Match on catch block at 0xc3 in for 0x95
04-26 06:37:01.123 11357 11357 E ArmVmp : Match on catch block at 0xc3 in for 0x95
04-26 06:37:01.165 11357 11357 E ArmVmp : Match on catch block at 0xc3 in for 0x99
04-26 06:37:01.172 11357 11357 E ArmVmp : Match on catch block at 0xc3 in for 0x91
04-26 06:37:01.179 11357 11357 E ArmVmp : Match on catch block at 0xc3 in for 0x91
04-26 06:37:01.215 11357 11357 E ArmVmp : Match on catch block at 0xc3 in for 0x95
04-26 06:37:01.221 11357 11357 E ArmVmp : Match on catch block at 0xc3 in for 0x99
04-26 06:37:01.225 11357 11357 E ArmVmp : Match on catch block at 0xc3 in for 0x99
04-26 06:37:01.265 11357 11357 E ArmVmp : Match on catch block at 0xc3 in for 0x91
04-26 06:37:01.273 11357 11357 E ArmVmp : Match on catch block at 0xc3 in for 0x95
04-26 06:37:01.280 11357 11357 E ArmVmp : Match on catch block at 0xc3 in for 0x95
04-26 06:37:01.421 11357 11357 E ArmVmp : Match on catch block at 0xc3 in for 0x99
04-26 06:37:01.428 11357 11357 E ArmVmp : Match on catch block at 0xc3 in for 0x91
04-26 06:37:01.433 11357 11357 E ArmVmp : Match on catch block at 0xc3 in for 0x91
04-26 06:37:01.445 11357 11357 E ArmVmp : Match on catch block at 0xc3 in for 0x95
04-26 06:37:01.452 11357 11357 E ArmVmp : Match on catch block at 0xc3 in for 0x99
04-26 06:37:01.455 11357 11357 E ArmVmp : Match on catch block at 0xc3 in for 0x99
04-26 06:37:01.499 11357 11357 E ArmVmp : Match on catch block at 0xc3 in for 0x91
04-26 06:37:01.505 11357 11357 E ArmVmp : Match on catch block at 0xc3 in for 0x95
04-26 06:37:01.509 11357 11357 E ArmVmp : Match on catch block at 0xc3 in for 0x95
04-26 06:37:01.547 11357 11357 E ArmVmp : Match on catch block at 0xc3 in for 0x99
04-26 06:37:01.554 11357 11357 E ArmVmp : Match on catch block at 0xc3 in for 0x91
04-26 06:37:01.559 11357 11357 E ArmVmp : Match on catch block at 0xc3 in for 0x91
04-26 06:37:01.598 11357 11357 E ArmVmp : Match on catch block at 0xc3 in for 0x95
04-26 06:37:01.604 11357 11357 E ArmVmp : Match on catch block at 0xc3 in for 0x99
04-26 06:37:01.610 11357 11357 E ArmVmp : Match on catch block at 0xc3 in for 0x99
04-26 06:37:01.647 11357 11357 E ArmVmp : Match on catch block at 0xc3 in for 0x91
04-26 06:37:01.654 11357 11357 E ArmVmp : Match on catch block at 0xc3 in for 0x95
04-26 06:37:01.658 11357 11357 E ArmVmp : Match on catch block at 0xc3 in for 0x95
04-26 06:37:01.698 11357 11357 E ArmVmp : Match on catch block at 0xc3 in for 0x99
04-26 06:37:01.704 11357 11357 E ArmVmp : Match on catch block at 0xc3 in for 0x91
04-26 06:37:01.713 11357 11357 E ArmVmp : Match on catch block at 0xc3 in for 0x91
04-26 06:37:01.747 11357 11357 E ArmVmp : Match on catch block at 0xc3 in for 0x95
04-26 06:37:01.754 11357 11357 E ArmVmp : Match on catch block at 0xc3 in for 0x99
04-26 06:37:01.758 11357 11357 E ArmVmp : Match on catch block at 0xc3 in for 0x99
04-26 06:37:01.797 11357 11357 E ArmVmp : Match on catch block at 0xc3 in for 0x91
04-26 06:37:01.804 11357 11357 E ArmVmp : Match on catch block at 0xc3 in for 0x95
04-26 06:37:01.807 11357 11357 E ArmVmp : Match on catch block at 0xc3 in for 0x95
04-26 06:37:01.831 11357 11357 E ArmVmp : Match on catch block at 0xc3 in for 0x99
04-26 06:37:01.845 11357 11357 E ArmVmp : Match on catch block at 0xc3 in for 0x91
04-26 06:37:01.850 11357 11357 E ArmVmp : Match on catch block at 0xc3 in for 0x91
04-26 06:37:01.883 11357 11357 E ArmVmp : Match on catch block at 0xc3 in for 0x95
04-26 06:37:01.893 11357 11357 E ArmVmp : Match on catch block at 0xc3 in for 0x99
04-26 06:37:01.904 11357 11357 E ArmVmp : Match on catch block at 0xc3 in for 0x99
04-26 06:37:01.932 11357 11357 E ArmVmp : Match on catch block at 0xc3 in for 0x91
04-26 06:37:01.951 11357 11357 E ArmVmp : Match on catch block at 0xc3 in for 0x95
04-26 06:37:01.956 11357 11357 E ArmVmp : Match on catch block at 0xc3 in for 0x95
04-26 06:37:01.980 11357 11357 E ArmVmp : Match on catch block at 0xc3 in for 0x99
04-26 06:37:01.988 11357 11357 E ArmVmp : Match on catch block at 0xc3 in for 0x91
04-26 06:37:01.992 11357 11357 E ArmVmp : Match on catch block at 0xc3 in for 0x91
04-26 06:37:02.030 11357 11357 E ArmVmp : Match on catch block at 0xc3 in for 0x95
04-26 06:37:02.037 11357 11357 E ArmVmp : Match on catch block at 0xc3 in for 0x99
04-26 06:37:02.044 11357 11357 E ArmVmp : Match on catch block at 0xc3 in for 0x99
04-26 06:37:02.080 11357 11357 E ArmVmp : Match on catch block at 0xc3 in for 0x91
04-26 06:37:02.087 11357 11357 E ArmVmp : Match on catch block at 0xc3 in for 0x95
04-26 06:37:02.092 11357 11357 E ArmVmp : Match on catch block at 0xc3 in for 0x95
04-26 06:37:02.131 11357 11357 E ArmVmp : Match on catch block at 0xc3 in for 0x99
04-26 06:37:02.138 11357 11357 E ArmVmp : Match on catch block at 0xc3 in for 0x91
04-26 06:37:02.142 11357 11357 E ArmVmp : Match on catch block at 0xc3 in for 0x91
04-26 06:37:02.179 11357 11357 E ArmVmp : Match on catch block at 0xc3 in for 0x95
04-26 06:37:02.187 11357 11357 E ArmVmp : Match on catch block at 0xc3 in for 0x99
04-26 06:37:02.190 11357 11357 E ArmVmp : Match on catch block at 0xc3 in for 0x99
04-26 06:37:02.230 11357 11357 E ArmVmp : Match on catch block at 0xc3 in for 0x91
04-26 06:37:02.238 11357 11357 E ArmVmp : Match on catch block at 0xc3 in for 0x95
04-26 06:37:02.243 11357 11357 E ArmVmp : Match on catch block at 0xc3 in for 0x95
04-26 06:37:02.280 11357 11357 E ArmVmp : Match on catch block at 0xc3 in for 0x99
04-26 06:37:02.286 11357 11357 E ArmVmp : Match on catch block at 0xc3 in for 0x91
04-26 06:37:02.290 11357 11357 E ArmVmp : Match on catch block at 0xc3 in for 0x91
04-26 06:37:02.313 11357 11357 E ArmVmp : Match on catch block at 0xc3 in for 0x95
04-26 06:37:02.320 11357 11357 E ArmVmp : Match on catch block at 0xc3 in for 0x99
04-26 06:37:02.325 11357 11357 E ArmVmp : Match on catch block at 0xc3 in for 0x99
04-26 06:37:02.346 11357 11357 E ArmVmp : Match on catch block at 0xc3 in for 0x91
04-26 06:37:02.353 11357 11357 E ArmVmp : Match on catch block at 0xc3 in for 0x95
04-26 06:37:02.357 11357 11357 E ArmVmp : Match on catch block at 0xc3 in for 0x95
04-26 06:37:02.396 11357 11357 E ArmVmp : Match on catch block at 0xc3 in for 0x99
04-26 06:37:02.405 11357 11357 E ArmVmp : Match on catch block at 0xc3 in for 0x91
04-26 06:37:02.409 11357 11357 E ArmVmp : Match on catch block at 0xc3 in for 0x91
04-26 06:37:02.446 11357 11357 E ArmVmp : Match on catch block at 0xc3 in for 0x95
04-26 06:37:02.457 11357 11357 E ArmVmp : Match on catch block at 0xc3 in for 0x99
04-26 06:37:02.463 11357 11357 E ArmVmp : Match on catch block at 0xc3 in for 0x99
04-26 06:37:02.496 11357 11357 E ArmVmp : Match on catch block at 0xc3 in for 0x91
04-26 06:37:02.503 11357 11357 E ArmVmp : Match on catch block at 0xc3 in for 0x95
04-26 06:37:02.509 11357 11357 E ArmVmp : Match on catch block at 0xc3 in for 0x95
04-26 06:37:02.550 11357 11357 E ArmVmp : Match on catch block at 0xc3 in for 0x99
04-26 06:37:02.558 11357 11357 E ArmVmp : Match on catch block at 0xc3 in for 0x91
04-26 06:37:02.564 11357 11357 E ArmVmp : Match on catch block at 0xc3 in for 0x91
04-26 06:37:02.596 11357 11357 E ArmVmp : Match on catch block at 0xc3 in for 0x95
04-26 06:37:02.605 11357 11357 E ArmVmp : Match on catch block at 0xc3 in for 0x99
04-26 06:37:02.609 11357 11357 E ArmVmp : Match on catch block at 0xc3 in for 0x99
04-26 06:37:02.649 11357 11357 E ArmVmp : Match on catch block at 0xc3 in for 0x91
04-26 06:37:02.658 11357 11357 E ArmVmp : Match on catch block at 0xc3 in for 0x95
04-26 06:37:02.664 11357 11357 E ArmVmp : Match on catch block at 0xc3 in for 0x95
04-26 06:37:02.695 11357 11357 E ArmVmp : Match on catch block at 0xc3 in for 0x99
04-26 06:37:02.703 11357 11357 E ArmVmp : Match on catch block at 0xc3 in for 0x91
04-26 06:37:02.707 11357 11357 E ArmVmp : Match on catch block at 0xc3 in for 0x91
04-26 06:37:02.745 11357 11357 E ArmVmp : Match on catch block at 0xc3 in for 0x95
04-26 06:37:02.751 11357 11357 E ArmVmp : Match on catch block at 0xc3 in for 0x99
04-26 06:37:02.755 11357 11357 E ArmVmp : Match on catch block at 0xc3 in for 0x99
04-26 06:37:02.795 11357 11357 E ArmVmp : Match on catch block at 0xc3 in for 0x91
04-26 06:37:02.801 11357 11357 E ArmVmp : Match on catch block at 0xc3 in for 0x95
04-26 06:37:02.805 11357 11357 E ArmVmp : Match on catch block at 0xc3 in for 0x95
04-26 06:37:02.828 11357 11357 E ArmVmp : Match on catch block at 0xc3 in for 0x99
04-26 06:37:02.836 11357 11357 E ArmVmp : Match on catch block at 0xc3 in for 0x91
04-26 06:37:02.839 11357 11357 E ArmVmp : Match on catch block at 0xc3 in for 0x91
04-26 06:37:02.862 11357 11357 E ArmVmp : Match on catch block at 0xc3 in for 0x95
04-26 06:37:02.868 11357 11357 E ArmVmp : Match on catch block at 0xc3 in for 0x99
04-26 06:37:02.874 11357 11357 E ArmVmp : Match on catch block at 0xc3 in for 0x99
04-26 06:37:02.912 11357 11357 E ArmVmp : Match on catch block at 0xc3 in for 0x91
04-26 06:37:02.919 11357 11357 E ArmVmp : Match on catch block at 0xc3 in for 0x95
04-26 06:37:02.923 11357 11357 E ArmVmp : Match on catch block at 0xc3 in for 0x95
04-26 06:37:02.962 11357 11357 E ArmVmp : Match on catch block at 0xc3 in for 0x99
04-26 06:37:02.968 11357 11357 E ArmVmp : Match on catch block at 0xc3 in for 0x91
04-26 06:37:02.973 11357 11357 E ArmVmp : Match on catch block at 0xc3 in for 0x91
04-26 06:37:03.012 11357 11357 E ArmVmp : Match on catch block at 0xc3 in for 0x95
04-26 06:37:03.020 11357 11357 E ArmVmp : Match on catch block at 0xc3 in for 0x99
04-26 06:37:03.025 11357 11357 E ArmVmp : Match on catch block at 0xc3 in for 0x99
04-26 06:37:03.062 11357 11357 E ArmVmp : Match on catch block at 0xc3 in for 0x91
04-26 06:37:03.068 11357 11357 E ArmVmp : Match on catch block at 0xc3 in for 0x95
04-26 06:37:03.074 11357 11357 E ArmVmp : Match on catch block at 0xc3 in for 0x95
04-26 06:37:03.112 11357 11357 E ArmVmp : Match on catch block at 0xc3 in for 0x99
04-26 06:37:03.120 11357 11357 E ArmVmp : Match on catch block at 0xc3 in for 0x91
04-26 06:37:03.123 11357 11357 E ArmVmp : Match on catch block at 0xc3 in for 0x91
04-26 06:37:03.161 11357 11357 E ArmVmp : Match on catch block at 0xc3 in for 0x95
04-26 06:37:03.169 11357 11357 E ArmVmp : Match on catch block at 0xc3 in for 0x99
04-26 06:37:03.173 11357 11357 E ArmVmp : Match on catch block at 0xc3 in for 0x99
04-26 06:37:03.211 11357 11357 E ArmVmp : Match on catch block at 0xc3 in for 0x91
04-26 06:37:03.219 11357 11357 E ArmVmp : Match on catch block at 0xc3 in for 0x95
04-26 06:37:03.223 11357 11357 E ArmVmp : Match on catch block at 0xc3 in for 0x95
04-26 06:37:03.261 11357 11357 E ArmVmp : Match on catch block at 0xc3 in for 0x99
04-26 06:37:03.267 11357 11357 E ArmVmp : Match on catch block at 0xc3 in for 0x91
04-26 06:37:03.270 11357 11357 E ArmVmp : Match on catch block at 0xc3 in for 0x91
04-26 06:37:03.311 11357 11357 E ArmVmp : Match on catch block at 0xc3 in for 0x95
04-26 06:37:03.318 11357 11357 E ArmVmp : Match on catch block at 0xc3 in for 0x99
04-26 06:37:03.322 11357 11357 E ArmVmp : Match on catch block at 0xc3 in for 0x99
04-26 06:37:03.344 11357 11357 E ArmVmp : Match on catch block at 0xc3 in for 0x91
04-26 06:37:03.350 11357 11357 E ArmVmp : Match on catch block at 0xc3 in for 0x95
04-26 06:37:03.354 11357 11357 E ArmVmp : Match on catch block at 0xc3 in for 0x95
04-26 06:37:03.378 11357 11357 E ArmVmp : Match on catch block at 0xc3 in for 0x99
04-26 06:37:03.385 11357 11357 E ArmVmp : Match on catch block at 0xc3 in for 0x91
04-26 06:37:03.389 11357 11357 E ArmVmp : Match on catch block at 0xc3 in for 0x91
04-26 06:37:03.428 11357 11357 E ArmVmp : Match on catch block at 0xc3 in for 0x95
04-26 06:37:03.439 11357 11357 E ArmVmp : Match on catch block at 0xc3 in for 0x99
04-26 06:37:03.443 11357 11357 E ArmVmp : Match on catch block at 0xc3 in for 0x99
04-26 06:37:03.477 11357 11357 E ArmVmp : Match on catch block at 0xc3 in for 0x91
04-26 06:37:03.484 11357 11357 E ArmVmp : Match on catch block at 0xc3 in for 0x95
04-26 06:37:03.487 11357 11357 E ArmVmp : Match on catch block at 0xc3 in for 0x95
04-26 06:37:03.527 11357 11357 E ArmVmp : Match on catch block at 0xc3 in for 0x99
04-26 06:37:03.533 11357 11357 E ArmVmp : Match on catch block at 0xc3 in for 0x91
04-26 06:37:03.537 11357 11357 E ArmVmp : Match on catch block at 0xc3 in for 0x91
04-26 06:37:03.578 11357 11357 E ArmVmp : Match on catch block at 0xc3 in for 0x95
04-26 06:37:03.585 11357 11357 E ArmVmp : Match on catch block at 0xc3 in for 0x99
04-26 06:37:03.589 11357 11357 E ArmVmp : Match on catch block at 0xc3 in for 0x99
04-26 06:37:03.628 11357 11357 E ArmVmp : Match on catch block at 0xc3 in for 0x91
04-26 06:37:03.635 11357 11357 E ArmVmp : Match on catch block at 0xc3 in for 0x95
04-26 06:37:03.638 11357 11357 E ArmVmp : Match on catch block at 0xc3 in for 0x95
04-26 06:37:03.678 11357 11357 E ArmVmp : Match on catch block at 0xc3 in for 0x99
04-26 06:37:03.685 11357 11357 E ArmVmp : Match on catch block at 0xc3 in for 0x91
04-26 06:37:03.691 11357 11357 E ArmVmp : Match on catch block at 0xc3 in for 0x91
04-26 06:37:03.727 11357 11357 E ArmVmp : Match on catch block at 0xc3 in for 0x95
04-26 06:37:03.733 11357 11357 E ArmVmp : Match on catch block at 0xc3 in for 0x99
04-26 06:37:03.737 11357 11357 E ArmVmp : Match on catch block at 0xc3 in for 0x99
04-26 06:37:03.777 11357 11357 E ArmVmp : Match on catch block at 0xc3 in for 0x91
04-26 06:37:03.783 11357 11357 E ArmVmp : Match on catch block at 0xc3 in for 0x95
04-26 06:37:03.788 11357 11357 E ArmVmp : Match on catch block at 0xc3 in for 0x95
04-26 06:37:03.827 11357 11357 E ArmVmp : Match on catch block at 0xc3 in for 0x99
04-26 06:37:03.834 11357 11357 E ArmVmp : Match on catch block at 0xc3 in for 0x91
04-26 06:37:03.839 11357 11357 E ArmVmp : Match on catch block at 0xc3 in for 0x91
04-26 06:37:03.860 11357 11357 E ArmVmp : Match on catch block at 0xc3 in for 0x95
04-26 06:37:03.868 11357 11357 E ArmVmp : Match on catch block at 0xc3 in for 0x99
04-26 06:37:03.872 11357 11357 E ArmVmp : Match on catch block at 0xc3 in for 0x99
04-26 06:37:03.894 11357 11357 E ArmVmp : Match on catch block at 0xc3 in for 0x91
04-26 06:37:03.906 11357 11357 E ArmVmp : Match on catch block at 0xc3 in for 0x95
04-26 06:37:03.912 11357 11357 E ArmVmp : Match on catch block at 0xc3 in for 0x95
04-26 06:37:03.943 11357 11357 E ArmVmp : Match on catch block at 0xc3 in for 0x99
04-26 06:37:03.950 11357 11357 E ArmVmp : Match on catch block at 0xc3 in for 0x91
04-26 06:37:03.954 11357 11357 E ArmVmp : Match on catch block at 0xc3 in for 0x91
