04-25 20:07:11.006 5422 5422 W System.err: at android.app.AppComponentFactory.instantiateApplication(AppComponentFactory.java:76)
04-25 20:07:11.006 5422 5422 W System.err: at androidx.core.app.CoreComponentFactory.instantiateApplication(Unknown Source:0)
04-25 20:07:11.006 5422 5422 W System.err: at android.app.Instrumentation.newApplication(Instrumentation.java:1158)
04-25 20:07:11.006 5422 5422 W System.err: at android.app.LoadedApk.makeApplication(LoadedApk.java:1268)
04-25 20:07:11.006 5422 5422 W System.err: at android.app.ActivityThread.handleBindApplication(ActivityThread.java:6927)
04-25 20:07:11.006 5422 5422 W System.err: at android.app.ActivityThread.access$1300(ActivityThread.java:262)
04-25 20:07:11.006 5422 5422 W System.err: at android.app.ActivityThread$H.handleMessage(ActivityThread.java:1977)
04-25 20:07:11.007 5422 5422 W System.err: at android.os.Handler.dispatchMessage(Handler.java:106)
04-25 20:07:11.007 5422 5422 W System.err: at android.os.Looper.loop(Looper.java:223)
04-25 20:07:11.007 5422 5422 W System.err: at android.app.ActivityThread.main(ActivityThread.java:8001)
04-25 20:07:11.007 5422 5422 W System.err: at java.lang.reflect.Method.invoke(Native Method)
04-25 20:07:11.007 5422 5422 W System.err: at com.android.internal.os.RuntimeInit$MethodAndArgsCaller.run(RuntimeInit.java:635)
04-25 20:07:11.007 5422 5422 W System.err: at com.android.internal.os.ZygoteInit.main(ZygoteInit.java:947)
04-25 20:07:11.053 5422 5422 W CheckTime: App running slow: Executing handleBindApplication : makeApplication took 243ms
04-25 20:07:11.066 5422 5422 E CustomActivityOnCrash: IMPORTANT WARNING! You already have an UncaughtExceptionHandler, are you sure this is correct? If you use a custom UncaughtExceptionHandler, you must initialize it AFTER CustomActivityOnCrash! Installing anyway, but your original handler will not be called.
04-25 20:07:11.175 5422 9367 W LibraryVersion: Failed to get app version for libraryName: firebase-iid
04-25 20:07:11.673 5422 5422 W com.mbwhatsapp: Accessing hidden method Lcom/android/org/conscrypt/OpenSSLSocketImpl;->setUseSessionTickets(Z)V (greylist- max-q,core-platform-api, reflection, denied)
04-25 20:07:11.673 5422 5422 W com.mbwhatsapp: Accessing hidden method Lcom/android/org/conscrypt/AbstractConscryptSocket;->setUseSessionTickets(Z)V (greylist-max-q, reflection, denied)
04-25 20:07:11.750 5422 5422 W com.mbwhatsapp: type=1400 audit(0.0:547593): avc: granted { execute } for path="/data/data/com.mbwhatsapp/files/decompressed/libs.spk.zst/libc++_shared.so" dev="dm-11" ino=598949 scontext=u:r:untrusted_app:s0:c49,c257,c512,c768 tcontext=u:object_r:app_data_file:s0:c49,c257,c512,c768 tclass=file app=com.mbwhatsapp
04-25 20:07:11.762 5422 5422 W com.mbwhatsapp: type=1400 audit(0.0:547595): avc: granted { execute } for path="/data/data/com.mbwhatsapp/files/decompressed/libs.spk.zst/libvlc.so" dev="dm- 11" ino=598942 scontext=u:r:untrusted_app:s0:c49,c257,c512,c768 tcontext=u:object_r:app_data_file:s0:c49,c257,c512,c768 tclass=file app=com.mbwhatsapp
04-25 20:07:12.098 5422 5422 W CheckTime: App running slow: Executing handleBindApplication : callApplicationOnCreate took 946ms
04-25 20:07:12.106 5422 9425 W com.mbwhatsapp: Class X.2rL failed lock verification and will run slower.
04-25 20:07:12.106 5422 9425 W com.mbwhatsapp: Common causes for lock verification issues are non-optimized dex code
04-25 20:07:12.106 5422 9425 W com.mbwhatsapp: and incorrect proguard optimizations.
04-25 20:07:12.139 5422 5422 W com.mbwhatsapp: Class X.0eU failed lock verification and will run slower. --------- beginning of system
04-25 20:07:12.389 5422 5422 W com.mbwhatsapp: Class com.mbwhatsapp.HomeActivity failed lock verification and will run slower.
04-25 20:07:12.400 9444 9444 W com.mbwhatsapp: Using default instruction set features for ARM CPU variant (generic) using conservative defaults
04-25 20:07:12.405 9444 9444 E com.mbwhatsapp: Not starting debugger since process cannot load the jdwp agent.
04-25 20:07:12.880 5422 5422 E ArmVmp : Match on catch block at 0x0a in for 0xb1
04-25 20:07:12.914 5422 5422 E ArmVmp : Match on catch block at 0x0a in for 0x121
04-25 20:07:12.971 5422 9474 W com.mbwhatsapp: Accessing hidden method Lcom/android/org/conscrypt/ConscryptEngineSocket;->setUseSessionTickets(Z)V (greylist-max-q,core-platform-api, reflection, denied)
04-25 20:07:12.971 5422 9474 W com.mbwhatsapp: Accessing hidden method Lcom/android/org/conscrypt/OpenSSLSocketImpl;->setUseSessionTickets(Z)V (greylist- max-q,core-platform-api, reflection, denied)
04-25 20:07:12.972 5422 9474 W com.mbwhatsapp: Accessing hidden method Lcom/android/org/conscrypt/AbstractConscryptSocket;->setUseSessionTickets(Z)V (greylist-max-q, reflection, denied)
04-25 20:07:12.972 5422 9474 W com.mbwhatsapp: Accessing hidden method Lcom/android/org/conscrypt/ConscryptEngineSocket;->setHostname(Ljava/lang/String;)V (greylist-max-q,core-platform-api, reflection, denied)
04-25 20:07:12.972 5422 9474 W com.mbwhatsapp: Accessing hidden method Lcom/android/org/conscrypt/OpenSSLSocketImpl;->setHostname(Ljava/lang/String;)V (greylist-max-q,core-platform-api, reflection, denied)
04-25 20:07:12.972 5422 9474 W com.mbwhatsapp: Accessing hidden method Lcom/android/org/conscrypt/AbstractConscryptSocket;->setHostname(Ljava/lang/ String;)V (greylist-max-q, reflection, denied)
04-25 20:07:12.972 5422 9474 W com.mbwhatsapp: Accessing hidden method Lcom/android/org/conscrypt/OpenSSLSocketImpl;->setAlpnProtocols([B)V (greylist-max- q,core-platform-api, reflection, denied)
04-25 20:07:12.972 5422 9474 W com.mbwhatsapp: Accessing hidden method Lcom/android/org/conscrypt/AbstractConscryptSocket;->setAlpnProtocols([B)V (greylist-max-q, reflection, denied)
04-25 20:07:13.079 5422 9474 W com.mbwhatsapp: Accessing hidden method Lcom/android/org/conscrypt/OpenSSLSocketImpl;->getAlpnSelectedProtocol()[B (greylist-max-q,core-platform-api, reflection, denied)
04-25 20:07:13.079 5422 9474 W com.mbwhatsapp: Accessing hidden method Lcom/android/org/conscrypt/AbstractConscryptSocket;->getAlpnSelectedProtocol()[B (greylist-max-q, reflection, denied)
04-25 20:07:14.866 5422 5422 E OpenGLRenderer: ~SkiaDisplayList() ##### pid = 5422
04-25 20:07:15.413 5422 5422 E ArmVmp : Match on catch block at 0x0a in for 0xc1
04-25 20:07:16.012 5422 9535 W LOTTIE : Animation contains merge paths. Merge paths are only supported on KitKat+ and must be manually enabled by calling enableMergePathsForKitKatAndAbove().
04-25 20:07:16.455 5422 5422 W LOTTIE : Animation contains merge paths but they are disabled.
04-25 20:07:17.218 5422 5422 W pool-8-thread-1: type=1400 audit(0.0:547621): avc: granted { execute } for path="/data/data/com.mbwhatsapp/files/decompressed/libs.spk.zst/libgifimage.so" dev="dm-11" ino=598945 scontext=u:r:untrusted_app:s0:c49,c257,c512,c768 tcontext=u:object_r:app_data_file:s0:c49,c257,c512,c768 tclass=file app=com.mbwhatsapp
04-25 20:07:18.835 5422 5422 W com.mbwhatsapp: Verification of void X.5pH.A1Z(android.os.Bundle) took 358.625ms (28255.09 bytecodes/s) (163536B approximate peak alloc)
04-25 20:07:19.034 5422 9578 E linker : library "" ("/apex/com.android.vndk.v30/lib") needed or dlopened by "/apex/com.android.vndk.v30/lib/libRS_internal.so" is not accessible for the namespace: [name="rs", ld_library_paths="", default_library_paths="/apex/com.android.vndk.v30/lib:/vendor/lib", permitted_paths="/odm/lib:/vendor/lib:/system/vendor/lib:/data"]
04-25 20:07:19.035 5422 9578 E RenderScript: Failed loading RS driver: dlopen failed: library "" needed or dlopened by "/apex/com.android.vndk.v30/lib/libRS_internal.so" is not accessible for the namespace "rs"
04-25 20:07:19.035 5422 9578 E RenderScript: Failed to load runtime , loading default
04-25 20:07:19.369 5422 5422 W CheckTime: App running slow: Executing activity onCreate took 976ms
04-25 20:07:19.414 5422 5422 E ArmVmp : Match on catch block at 0x0a in for 0xb1
04-25 20:07:19.422 5422 5422 E ArmVmp : Match on catch block at 0x0a in for 0xb1
04-25 20:07:19.780 5422 5422 E ArmVmp : Match on catch block at 0xc3 in for 0xa9
04-25 20:07:19.787 5422 5422 E ArmVmp : Match on catch block at 0xc3 in for 0xa5
04-25 20:07:19.791 5422 5422 E ArmVmp : Match on catch block at 0xc3 in for 0xa5
04-25 20:07:19.953 5422 5422 E ArmVmp : Match on catch block at 0xc3 in for 0x91
04-25 20:07:19.958 5422 5422 E ArmVmp : Match on catch block at 0xc3 in for 0x99
04-25 20:07:19.965 5422 5422 E ArmVmp : Match on catch block at 0xc3 in for 0x99
04-25 20:07:20.149 5422 5422 E ArmVmp : Match on catch block at 0xc3 in for 0x95
04-25 20:07:20.153 5422 5422 E ArmVmp : Match on catch block at 0xc3 in for 0x99
04-25 20:07:20.157 5422 5422 E ArmVmp : Match on catch block at 0xc3 in for 0x99
04-25 20:07:20.399 5422 5422 E ArmVmp : Match on catch block at 0xc3 in for 0x95
04-25 20:07:20.403 5422 5422 E ArmVmp : Match on catch block at 0xc3 in for 0x99
04-25 20:07:20.406 5422 5422 E ArmVmp : Match on catch block at 0xc3 in for 0x99
04-25 20:07:20.490 5422 5422 E ArmVmp : Match on catch block at 0xc3 in for 0x99
04-25 20:07:20.494 5422 5422 E ArmVmp : Match on catch block at 0xc3 in for 0x91
04-25 20:07:20.497 5422 5422 E ArmVmp : Match on catch block at 0xc3 in for 0x91
04-25 20:07:20.513 5422 5422 E ArmVmp : Match on catch block at 0xc3 in for 0x91
04-25 20:07:20.516 5422 5422 E ArmVmp : Match on catch block at 0xc3 in for 0x95
04-25 20:07:20.520 5422 5422 E ArmVmp : Match on catch block at 0xc3 in for 0x95
04-25 20:07:20.537 5422 5422 E ArmVmp : Match on catch block at 0xc3 in for 0x99
04-25 20:07:20.541 5422 5422 E ArmVmp : Match on catch block at 0xc3 in for 0x91
04-25 20:07:20.546 5422 5422 E ArmVmp : Match on catch block at 0xc3 in for 0x91
04-25 20:07:20.553 5422 5422 E ArmVmp : Match on catch block at 0xc3 in for 0x95
04-25 20:07:20.557 5422 5422 E ArmVmp : Match on catch block at 0xc3 in for 0x99
04-25 20:07:20.559 5422 5422 E ArmVmp : Match on catch block at 0xc3 in for 0x99
04-25 20:07:20.570 5422 5422 E ArmVmp : Match on catch block at 0xc3 in for 0x91
04-25 20:07:20.573 5422 5422 E ArmVmp : Match on catch block at 0xc3 in for 0x95
04-25 20:07:20.577 5422 5422 E ArmVmp : Match on catch block at 0xc3 in for 0x95
04-25 20:07:20.586 5422 5422 E ArmVmp : Match on catch block at 0xc3 in for 0x99
04-25 20:07:20.590 5422 5422 E ArmVmp : Match on catch block at 0xc3 in for 0x91
04-25 20:07:20.594 5422 5422 E ArmVmp : Match on catch block at 0xc3 in for 0x91
04-25 20:07:20.603 5422 5422 E ArmVmp : Match on catch block at 0xc3 in for 0x95
04-25 20:07:20.608 5422 5422 E ArmVmp : Match on catch block at 0xc3 in for 0x99
04-25 20:07:20.611 5422 5422 E ArmVmp : Match on catch block at 0xc3 in for 0x99
04-25 20:07:20.620 5422 5422 E ArmVmp : Match on catch block at 0xc3 in for 0x91
04-25 20:07:20.623 5422 5422 E ArmVmp : Match on catch block at 0xc3 in for 0x95
04-25 20:07:20.627 5422 5422 E ArmVmp : Match on catch block at 0xc3 in for 0x95
04-25 20:07:20.636 5422 5422 E ArmVmp : Match on catch block at 0xc3 in for 0x99
04-25 20:07:20.640 5422 5422 E ArmVmp : Match on catch block at 0xc3 in for 0x91
04-25 20:07:20.643 5422 5422 E ArmVmp : Match on catch block at 0xc3 in for 0x91
04-25 20:07:20.653 5422 5422 E ArmVmp : Match on catch block at 0xc3 in for 0x95
04-25 20:07:20.657 5422 5422 E ArmVmp : Match on catch block at 0xc3 in for 0x99
04-25 20:07:20.661 5422 5422 E ArmVmp : Match on catch block at 0xc3 in for 0x99
04-25 20:07:20.669 5422 5422 E ArmVmp : Match on catch block at 0xc3 in for 0x91
04-25 20:07:20.673 5422 5422 E ArmVmp : Match on catch block at 0xc3 in for 0x95
04-25 20:07:20.676 5422 5422 E ArmVmp : Match on catch block at 0xc3 in for 0x95
04-25 20:07:20.686 5422 5422 E ArmVmp : Match on catch block at 0xc3 in for 0x99
04-25 20:07:20.691 5422 5422 E ArmVmp : Match on catch block at 0xc3 in for 0x91
04-25 20:07:20.695 5422 5422 E ArmVmp : Match on catch block at 0xc3 in for 0x91
04-25 20:07:20.705 5422 5422 E ArmVmp : Match on catch block at 0xc3 in for 0x95
04-25 20:07:20.708 5422 5422 E ArmVmp : Match on catch block at 0xc3 in for 0x99
04-25 20:07:20.711 5422 5422 E ArmVmp : Match on catch block at 0xc3 in for 0x99
04-25 20:07:20.719 5422 5422 E ArmVmp : Match on catch block at 0xc3 in for 0x91
04-25 20:07:20.723 5422 5422 E ArmVmp : Match on catch block at 0xc3 in for 0x95
04-25 20:07:20.725 5422 5422 E ArmVmp : Match on catch block at 0xc3 in for 0x95
04-25 20:07:20.736 5422 5422 E ArmVmp : Match on catch block at 0xc3 in for 0x99
04-25 20:07:20.739 5422 5422 E ArmVmp : Match on catch block at 0xc3 in for 0x91
04-25 20:07:20.742 5422 5422 E ArmVmp : Match on catch block at 0xc3 in for 0x91
04-25 20:07:20.753 5422 5422 E ArmVmp : Match on catch block at 0xc3 in for 0x95
04-25 20:07:20.757 5422 5422 E ArmVmp : Match on catch block at 0xc3 in for 0x99
04-25 20:07:20.760 5422 5422 E ArmVmp : Match on catch block at 0xc3 in for 0x99
04-25 20:07:20.769 5422 5422 E ArmVmp : Match on catch block at 0xc3 in for 0x95
04-25 20:07:20.773 5422 5422 E ArmVmp : Match on catch block at 0xc3 in for 0x99
04-25 20:07:20.776 5422 5422 E ArmVmp : Match on catch block at 0xc3 in for 0x99
04-25 20:07:20.786 5422 5422 E ArmVmp : Match on catch block at 0xc3 in for 0x91
04-25 20:07:20.790 5422 5422 E ArmVmp : Match on catch block at 0xc3 in for 0x95
04-25 20:07:20.793 5422 5422 E ArmVmp : Match on catch block at 0xc3 in for 0x95
04-25 20:07:21.069 5422 5422 E ArmVmp : Match on catch block at 0xc3 in for 0x99
04-25 20:07:21.075 5422 5422 E ArmVmp : Match on catch block at 0xc3 in for 0x91
04-25 20:07:21.080 5422 5422 E ArmVmp : Match on catch block at 0xc3 in for 0x91
04-25 20:07:21.570 5422 5422 E ArmVmp : Match on catch block at 0xc3 in for 0x95
04-25 20:07:21.574 5422 5422 E ArmVmp : Match on catch block at 0xc3 in for 0x99
04-25 20:07:21.577 5422 5422 E ArmVmp : Match on catch block at 0xc3 in for 0x99
04-25 20:07:21.686 5422 5422 E ArmVmp : Match on catch block at 0xc3 in for 0x91
04-25 20:07:21.691 5422 5422 E ArmVmp : Match on catch block at 0xc3 in for 0x95
04-25 20:07:21.695 5422 5422 E ArmVmp : Match on catch block at 0xc3 in for 0x95
04-25 20:07:21.708 5422 5422 E ArmVmp : Match on catch block at 0xc3 in for 0x95
04-25 20:07:21.712 5422 5422 E ArmVmp : Match on catch block at 0xc3 in for 0x99
04-25 20:07:21.716 5422 5422 E ArmVmp : Match on catch block at 0xc3 in for 0x99
04-25 20:07:21.725 5422 5422 E ArmVmp : Match on catch block at 0xc3 in for 0x91
04-25 20:07:21.727 5422 9422 E SQLiteDatabase: Error inserting transferred=1 media_job_uuid=d32ccd7d-8a98-4cfa-8667-d3bd4f999b49 transcoded=0 gif_attribution=0 first_scan_length=5577 direct_path=/v/t62.7118- 24/19263293_1607011416809468_7281740250115701453_n.enc?ccb=11- 4&oh=01_Q5AaIFWhfdKtjR- Toje_Cmhe1naM_vLIn4naMjIUFmp63eak&oe=66512F0D&_nc_sid=5e03e0&_nc_hot=1714090004 thumbnail_height_width_ratio=0.5625 is_animated_sticker=0 file_hash=dFpSXI368z34gvX7+SkZhWPt8iJEv1PAzjKMJ3qtYII= file_path=Media/.Statuses/62b3342a88ea4211ac6b9bf2c42c303b.jpg file_size=34031 partial_media_hash=sd8I+rfwQJZpCss0YQ/PWuO1/CcDTTF4wwaA9jDSAFQ= face_x=0 face_y=0 height=576 trim_to=0 media_key_timestamp=1714012704000 message_url=https://mmg.whatsapp.net/v/t62.7118- 24/19263293_1607011416809468_7281740250115701453_n.enc?ccb=11- 4&oh=01_Q5AaIFWhfdKtjR- Toje_Cmhe1naM_vLIn4naMjIUFmp63eak&oe=66512F0D&_nc_sid=5e03e0&mms3=true media_caption=null trim_from=0 mime_type=image/jpeg partial_media_enc_hash=null width=1024 original_file_hash=null has_streaming_sidecar=1 autotransfer_retry_enabled=1 media_upload_handle=null message_row_id=7372 multicast_id=null enc_file_hash=5ULLyA58BPxkmhHQ4oWoXDBzwUN78eWmtTGNTtHFhD0= mute_video=0 page_count=0 first_scan_sidecar=[B@1db4b13 suspicious_content=0 file_length=34031 media_name=null media_duration=0 chat_row_id=4 media_key=[B@ef0f150
04-25 20:07:21.727 5422 9422 E SQLiteDatabase: android.database.sqlite.SQLiteConstraintException: UNIQUE constraint failed: message_media.message_row_id (code 1555 SQLITE_CONSTRAINT_PRIMARYKEY)
04-25 20:07:21.727 5422 9422 E SQLiteDatabase: at android.database.sqlite.SQLiteConnection.nativeExecuteForLastInsertedRowId(Native Method)
04-25 20:07:21.727 5422 9422 E SQLiteDatabase: at android.database.sqlite.SQLiteConnection.executeForLastInsertedRowId(SQLiteConnecti on.java:938)
04-25 20:07:21.727 5422 9422 E SQLiteDatabase: at android.database.sqlite.SQLiteSession.executeForLastInsertedRowId(SQLiteSession.jav a:790)
04-25 20:07:21.727 5422 9422 E SQLiteDatabase: at android.database.sqlite.SQLiteStatement.executeInsert(SQLiteStatement.java:88)
04-25 20:07:21.727 5422 9422 E SQLiteDatabase: at android.database.sqlite.SQLiteDatabase.insertWithOnConflict(SQLiteDatabase.java:170 1)
04-25 20:07:21.727 5422 9422 E SQLiteDatabase: at android.database.sqlite.SQLiteDatabase.insert(SQLiteDatabase.java:1570)
04-25 20:07:21.727 5422 9422 E SQLiteDatabase: at X.2tm.A08(Unknown Source:6)
04-25 20:07:21.727 5422 9422 E SQLiteDatabase: at X.35Y.A07(Unknown Source:212)
04-25 20:07:21.727 5422 9422 E SQLiteDatabase: at X.3QF.A14(Unknown Source:470)
04-25 20:07:21.727 5422 9422 E SQLiteDatabase: at X.3gU.run(Unknown Source:982)
04-25 20:07:21.727 5422 9422 E SQLiteDatabase: at android.os.Handler.handleCallback(Handler.java:938)
04-25 20:07:21.727 5422 9422 E SQLiteDatabase: at android.os.Handler.dispatchMessage(Handler.java:99)
04-25 20:07:21.727 5422 9422 E SQLiteDatabase: at X.0zq.dispatchMessage(Unknown Source:4)
04-25 20:07:21.727 5422 9422 E SQLiteDatabase: at android.os.Looper.loop(Looper.java:223)
04-25 20:07:21.727 5422 9422 E SQLiteDatabase: at android.os.HandlerThread.run(HandlerThread.java:67)
04-25 20:07:21.729 5422 5422 E ArmVmp : Match on catch block at 0xc3 in for 0x95
04-25 20:07:21.733 5422 5422 E ArmVmp : Match on catch block at 0xc3 in for 0x95
04-25 20:07:21.740 5422 5422 E ArmVmp : Match on catch block at 0xc3 in for 0x99
04-25 20:07:21.745 5422 5422 E ArmVmp : Match on catch block at 0xc3 in for 0x91
04-25 20:07:21.748 5422 5422 E ArmVmp : Match on catch block at 0xc3 in for 0x91
04-25 20:07:21.755 5422 5422 E ArmVmp : Match on catch block at 0xc3 in for 0x95
04-25 20:07:21.760 5422 5422 E ArmVmp : Match on catch block at 0xc3 in for 0x99
04-25 20:07:21.763 5422 5422 E ArmVmp : Match on catch block at 0xc3 in for 0x99
04-25 20:07:21.771 5422 5422 E ArmVmp : Match on catch block at 0xc3 in for 0x95
04-25 20:07:21.776 5422 5422 E ArmVmp : Match on catch block at 0xc3 in for 0x99
04-25 20:07:21.781 5422 5422 E ArmVmp : Match on catch block at 0xc3 in for 0x99
04-25 20:07:21.806 5422 5422 E ArmVmp : Match on catch block at 0xc3 in for 0x99
04-25 20:07:21.811 5422 5422 E ArmVmp : Match on catch block at 0xc3 in for 0x91
04-25 20:07:21.814 5422 5422 E ArmVmp : Match on catch block at 0xc3 in for 0x91
04-25 20:07:21.822 5422 5422 E ArmVmp : Match on catch block at 0xc3 in for 0x95
04-25 20:07:21.825 5422 5422 E ArmVmp : Match on catch block at 0xc3 in for 0x99
04-25 20:07:21.829 5422 5422 E ArmVmp : Match on catch block at 0xc3 in for 0x99
04-25 20:07:21.836 5422 5422 E ArmVmp : Match on catch block at 0xc3 in for 0x91
04-25 20:07:21.840 5422 5422 E ArmVmp : Match on catch block at 0xc3 in for 0x95
04-25 20:07:21.844 5422 5422 E ArmVmp : Match on catch block at 0xc3 in for 0x95
04-25 20:07:21.851 5422 5422 E ArmVmp : Match on catch block at 0xc3 in for 0x99
04-25 20:07:21.856 5422 5422 E ArmVmp : Match on catch block at 0xc3 in for 0x91
04-25 20:07:21.860 5422 5422 E ArmVmp : Match on catch block at 0xc3 in for 0x91
04-25 20:07:21.868 5422 5422 E ArmVmp : Match on catch block at 0xc3 in for 0x95
04-25 20:07:21.871 5422 5422 E ArmVmp : Match on catch block at 0xc3 in for 0x99
04-25 20:07:21.874 5422 5422 E ArmVmp : Match on catch block at 0xc3 in for 0x99
04-25 20:07:21.884 5422 5422 E ArmVmp : Match on catch block at 0xc3 in for 0x91
04-25 20:07:21.888 5422 5422 E ArmVmp : Match on catch block at 0xc3 in for 0x95
04-25 20:07:21.891 5422 5422 E ArmVmp : Match on catch block at 0xc3 in for 0x95
04-25 20:07:21.901 5422 5422 E ArmVmp : Match on catch block at 0xc3 in for 0x99
04-25 20:07:21.905 5422 5422 E ArmVmp : Match on catch block at 0xc3 in for 0x91
04-25 20:07:21.908 5422 5422 E ArmVmp : Match on catch block at 0xc3 in for 0x91
04-25 20:07:21.918 5422 5422 E ArmVmp : Match on catch block at 0xc3 in for 0x95
04-25 20:07:21.922 5422 5422 E ArmVmp : Match on catch block at 0xc3 in for 0x99
04-25 20:07:21.925 5422 5422 E ArmVmp : Match on catch block at 0xc3 in for 0x99
04-25 20:07:21.934 5422 5422 E ArmVmp : Match on catch block at 0xc3 in for 0x91
04-25 20:07:21.938 5422 5422 E ArmVmp : Match on catch block at 0xc3 in for 0x95
04-25 20:07:21.941 5422 5422 E ArmVmp : Match on catch block at 0xc3 in for 0x95
04-25 20:07:22.068 5422 5422 E ArmVmp : Match on catch block at 0xc3 in for 0x91
04-25 20:07:22.073 5422 5422 E ArmVmp : Match on catch block at 0xc3 in for 0x95
04-25 20:07:22.078 5422 5422 E ArmVmp : Match on catch block at 0xc3 in for 0x95
04-25 20:07:22.566 5422 5422 E ArmVmp : Match on catch block at 0xc3 in for 0x91
04-25 20:07:22.571 5422 5422 E ArmVmp : Match on catch block at 0xc3 in for 0x95
04-25 20:07:22.575 5422 5422 E ArmVmp : Match on catch block at 0xc3 in for 0x95
04-25 20:07:22.810 5422 9422 E SQLiteDatabase: Error inserting transferred=1 media_job_uuid=a466f293-78f5-45d2-b3cd-439b30712fa5 transcoded=0 gif_attribution=0 first_scan_length=2585 direct_path=/v/t62.7118- 24/24247089_416428067854547_8383159326157974116_n.enc?ccb=11- 4&oh=01_Q5AaIAJRPNjbOzCWHFpLmhwL4iOQeWKe9FR3c8kTlg7oLVsV&oe=6652557B&_nc_sid=5e03e0 thumbnail_height_width_ratio=1.7777778 is_animated_sticker=0 file_hash=J5m9BHMzfF+kDE08tSMP3f1/H1K+6qLO3s0uwbW36qg= file_path=Media/.Statuses/5201afecbf76444f9e1eb1d0938027ae.jpg file_size=13351 partial_media_hash=EX5Txsm1cnoQLQUrC47Xy/xSOFwqDa/1R+8kIMik7jE= face_x=0 face_y=0 height=1080 trim_to=0 media_key_timestamp=1714089744000 message_url=https://mmg.whatsapp.net/v/t62.7118- 24/24247089_416428067854547_8383159326157974116_n.enc?ccb=11- 4&oh=01_Q5AaIAJRPNjbOzCWHFpLmhwL4iOQeWKe9FR3c8kTlg7oLVsV&oe=6652557B&_nc_sid=5e03e0 &mms3=true media_caption=null trim_from=0 mime_type=image/jpeg partial_media_enc_hash=null width=608 original_file_hash=null has_streaming_sidecar=1 autotransfer_retry_enabled=1 media_upload_handle=null message_row_id=7371 multicast_id=null enc_file_hash=j6GKHeilu/OQINOmgRoXaf9EmN4XpNcMU9AyRtrIVXU= mute_video=0 page_count=0 first_scan_sidecar=[B@d16d2ac suspicious_content=0 file_length=13351 media_name=null media_duration=0 chat_row_id=4 media_key=[B@3f04b75
04-25 20:07:22.810 5422 9422 E SQLiteDatabase: android.database.sqlite.SQLiteConstraintException: UNIQUE constraint failed: message_media.message_row_id (code 1555 SQLITE_CONSTRAINT_PRIMARYKEY)
04-25 20:07:22.810 5422 9422 E SQLiteDatabase: at android.database.sqlite.SQLiteConnection.nativeExecuteForLastInsertedRowId(Native Method)
04-25 20:07:22.810 5422 9422 E SQLiteDatabase: at android.database.sqlite.SQLiteConnection.executeForLastInsertedRowId(SQLiteConnecti on.java:938)
04-25 20:07:22.810 5422 9422 E SQLiteDatabase: at android.database.sqlite.SQLiteSession.executeForLastInsertedRowId(SQLiteSession.jav a:790)
04-25 20:07:22.810 5422 9422 E SQLiteDatabase: at android.database.sqlite.SQLiteStatement.executeInsert(SQLiteStatement.java:88)
04-25 20:07:22.810 5422 9422 E SQLiteDatabase: at android.database.sqlite.SQLiteDatabase.insertWithOnConflict(SQLiteDatabase.java:170 1)
04-25 20:07:22.810 5422 9422 E SQLiteDatabase: at android.database.sqlite.SQLiteDatabase.insert(SQLiteDatabase.java:1570)
04-25 20:07:22.810 5422 9422 E SQLiteDatabase: at X.2tm.A08(Unknown Source:6)
04-25 20:07:22.810 5422 9422 E SQLiteDatabase: at X.35Y.A07(Unknown Source:212)
04-25 20:07:22.810 5422 9422 E SQLiteDatabase: at X.3QF.A14(Unknown Source:470)
04-25 20:07:22.810 5422 9422 E SQLiteDatabase: at X.3gU.run(Unknown Source:982)
04-25 20:07:22.810 5422 9422 E SQLiteDatabase: at android.os.Handler.handleCallback(Handler.java:938)
04-25 20:07:22.810 5422 9422 E SQLiteDatabase: at android.os.Handler.dispatchMessage(Handler.java:99)
04-25 20:07:22.810 5422 9422 E SQLiteDatabase: at X.0zq.dispatchMessage(Unknown Source:4)
04-25 20:07:22.810 5422 9422 E SQLiteDatabase: at android.os.Looper.loop(Looper.java:223)
04-25 20:07:22.810 5422 9422 E SQLiteDatabase: at android.os.HandlerThread.run(HandlerThread.java:67)
04-25 20:07:23.116 5422 5422 E ArmVmp : Match on catch block at 0xc3 in for 0x99
04-25 20:07:23.121 5422 5422 E ArmVmp : Match on catch block at 0xc3 in for 0x91
04-25 20:07:23.125 5422 5422 E ArmVmp : Match on catch block at 0xc3 in for 0x91
04-25 20:07:23.616 5422 5422 E ArmVmp : Match on catch block at 0xc3 in for 0x99
04-25 20:07:23.621 5422 5422 E ArmVmp : Match on catch block at 0xc3 in for 0x91
04-25 20:07:23.626 5422 5422 E ArmVmp : Match on catch block at 0xc3 in for 0x91
04-25 20:07:24.116 5422 5422 E ArmVmp : Match on catch block at 0xc3 in for 0x99
04-25 20:07:24.120 5422 5422 E ArmVmp : Match on catch block at 0xc3 in for 0x91
04-25 20:07:24.124 5422 5422 E ArmVmp : Match on catch block at 0xc3 in for 0x91
04-25 20:07:24.614 5422 5422 E ArmVmp : Match on catch block at 0xc3 in for 0x99
04-25 20:07:24.619 5422 5422 E ArmVmp : Match on catch block at 0xc3 in for 0x91
04-25 20:07:24.625 5422 5422 E ArmVmp : Match on catch block at 0xc3 in for 0x91
04-25 20:07:25.114 5422 5422 E ArmVmp : Match on catch block at 0xc3 in for 0x99
04-25 20:07:25.119 5422 5422 E ArmVmp : Match on catch block at 0xc3 in for 0x91
04-25 20:07:25.124 5422 5422 E ArmVmp : Match on catch block at 0xc3 in for 0x91
04-25 20:07:25.613 5422 5422 E ArmVmp : Match on catch block at 0xc3 in for 0x99
04-25 20:07:25.617 5422 5422 E ArmVmp : Match on catch block at 0xc3 in for 0x91
04-25 20:07:25.621 5422 5422 E ArmVmp : Match on catch block at 0xc3 in for 0x91
04-25 20:07:26.112 5422 5422 E ArmVmp : Match on catch block at 0xc3 in for 0x99
04-25 20:07:26.117 5422 5422 E ArmVmp : Match on catch block at 0xc3 in for 0x91
04-25 20:07:26.121 5422 5422 E ArmVmp : Match on catch block at 0xc3 in for 0x91
04-25 20:07:26.612 5422 5422 E ArmVmp : Match on catch block at 0xc3 in for 0x99
04-25 20:07:26.617 5422 5422 E ArmVmp : Match on catch block at 0xc3 in for 0x91
04-25 20:07:26.623 5422 5422 E ArmVmp : Match on catch block at 0xc3 in for 0x91
04-25 20:07:27.110 5422 5422 E ArmVmp : Match on catch block at 0xc3 in for 0x99
04-25 20:07:27.114 5422 5422 E ArmVmp : Match on catch block at 0xc3 in for 0x91
04-25 20:07:27.118 5422 5422 E ArmVmp : Match on catch block at 0xc3 in for 0x91
04-25 20:07:27.559 5422 5422 E ArmVmp : Match on catch block at 0xc3 in for 0x95
04-25 20:07:27.563 5422 5422 E ArmVmp : Match on catch block at 0xc3 in for 0x99
04-25 20:07:27.567 5422 5422 E ArmVmp : Match on catch block at 0xc3 in for 0x99
04-25 20:07:27.632 5422 5422 E Dialog : show dialog view=DecorView@de23be[Conversation]
04-25 20:07:27.679 5422 5422 E ArmVmp : Match on catch block at 0xc3 in for 0x99
04-25 20:07:27.685 5422 5422 E ArmVmp : Match on catch block at 0xc3 in for 0x91
04-25 20:07:27.689 5422 5422 E ArmVmp : Match on catch block at 0xc3 in for 0x91
04-25 20:07:27.702 5422 5422 E ArmVmp : Match on catch block at 0xc3 in for 0x95
04-25 20:07:27.706 5422 5422 E ArmVmp : Match on catch block at 0xc3 in for 0x99
04-25 20:07:27.711 5422 5422 E ArmVmp : Match on catch block at 0xc3 in for 0x99
04-25 20:07:28.620 5422 9422 E SQLiteDatabase: Error inserting transferred=0 media_job_uuid=9e6f7a3f-1b04-4357-b74a-ad3e71eb5028 transcoded=0 gif_attribution=0 first_scan_length=0 direct_path=/v/t62.7161- 24/32703995_449322844176837_1405820192706657951_n.enc?ccb=11-4&oh=01_Q5AaIFzoI- YMojXthMZU9fy8y8jq8ycsyPpP6NnOUkLiNjT0&oe=66526F1A&_nc_sid=5e03e0 thumbnail_height_width_ratio=1.7777778 is_animated_sticker=0 file_hash=rLB7mlbU+QxQ5d6N/ThhXW+81iYrJjlUMFZXK5Ga5Mc= file_path=null file_size=0 partial_media_hash=null face_x=0 face_y=0 height=1024 trim_to=0 media_key_timestamp=1714089326000 message_url=https://mmg.whatsapp.net/v/t62.7161- 24/32703995_449322844176837_1405820192706657951_n.enc?ccb=11-4&oh=01_Q5AaIFzoI- YMojXthMZU9fy8y8jq8ycsyPpP6NnOUkLiNjT0&oe=66526F1A&_nc_sid=5e03e0&mms3=true media_caption=null trim_from=0 mime_type=video/mp4 partial_media_enc_hash=null width=576 original_file_hash=null has_streaming_sidecar=1 autotransfer_retry_enabled=1 media_upload_handle=null message_row_id=7369 multicast_id=null enc_file_hash=ooEt9hDRpd7c6LVNRFAgzUkGPsKxpIQy9NArLddbK7g= mute_video=0 page_count=0 first_scan_sidecar=null suspicious_content=0 file_length=1883579 media_name=null media_duration=12 chat_row_id=4 media_key=[B@354bdca
04-25 20:07:28.620 5422 9422 E SQLiteDatabase: android.database.sqlite.SQLiteConstraintException: UNIQUE constraint failed: message_media.message_row_id (code 1555 SQLITE_CONSTRAINT_PRIMARYKEY)
04-25 20:07:28.620 5422 9422 E SQLiteDatabase: at android.database.sqlite.SQLiteConnection.nativeExecuteForLastInsertedRowId(Native Method)
04-25 20:07:28.620 5422 9422 E SQLiteDatabase: at android.database.sqlite.SQLiteConnection.executeForLastInsertedRowId(SQLiteConnecti on.java:938)
04-25 20:07:28.620 5422 9422 E SQLiteDatabase: at android.database.sqlite.SQLiteSession.executeForLastInsertedRowId(SQLiteSession.jav a:790)
04-25 20:07:28.620 5422 9422 E SQLiteDatabase: at android.database.sqlite.SQLiteStatement.executeInsert(SQLiteStatement.java:88)
04-25 20:07:28.620 5422 9422 E SQLiteDatabase: at android.database.sqlite.SQLiteDatabase.insertWithOnConflict(SQLiteDatabase.java:170 1)
04-25 20:07:28.620 5422 9422 E SQLiteDatabase: at android.database.sqlite.SQLiteDatabase.insert(SQLiteDatabase.java:1570)
04-25 20:07:28.620 5422 9422 E SQLiteDatabase: at X.2tm.A08(Unknown Source:6)
04-25 20:07:28.620 5422 9422 E SQLiteDatabase: at X.35Y.A07(Unknown Source:212)
04-25 20:07:28.620 5422 9422 E SQLiteDatabase: at X.3QF.A14(Unknown Source:470)
04-25 20:07:28.620 5422 9422 E SQLiteDatabase: at X.3gU.run(Unknown Source:982)
04-25 20:07:28.620 5422 9422 E SQLiteDatabase: at android.os.Handler.handleCallback(Handler.java:938)
04-25 20:07:28.620 5422 9422 E SQLiteDatabase: at android.os.Handler.dispatchMessage(Handler.java:99)
04-25 20:07:28.620 5422 9422 E SQLiteDatabase: at X.0zq.dispatchMessage(Unknown Source:4)
04-25 20:07:28.620 5422 9422 E SQLiteDatabase: at android.os.Looper.loop(Looper.java:223)
04-25 20:07:28.620 5422 9422 E SQLiteDatabase: at android.os.HandlerThread.run(HandlerThread.java:67) --------- beginning of system
04-25 20:33:51.368 5422 5422 W ActivityThread: Main thread can not be idle for a long time. --------- beginning of main
04-25 20:39:36.014 18695 18695 W System.err: java.lang.ClassNotFoundException: mbmodsd.mbmodsw.ui.views.btn.BtnBK
04-25 20:39:36.015 18695 18695 W System.err: at java.lang.Runtime.nativeLoad(Native Method)
04-25 20:39:36.015 18695 18695 W System.err: at java.lang.Runtime.nativeLoad(Runtime.java:1131)
04-25 20:39:36.015 18695 18695 W System.err: at java.lang.Runtime.loadLibrary0(Runtime.java:1085)
04-25 20:39:36.015 18695 18695 W System.err: at java.lang.Runtime.loadLibrary0(Runtime.java:1008)
04-25 20:39:36.015 18695 18695 W System.err: at java.lang.System.loadLibrary(System.java:1664)
04-25 20:39:36.015 18695 18695 W System.err: at arm.EpicVm.<clinit>(Unknown Source:2)
04-25 20:39:36.015 18695 18695 W System.err: at java.lang.Class.newInstance(Native Method)
04-25 20:39:36.015 18695 18695 W System.err: at android.app.AppComponentFactory.instantiateApplication(AppComponentFactory.java:76)
04-25 20:39:36.015 18695 18695 W System.err: at androidx.core.app.CoreComponentFactory.instantiateApplication(Unknown Source:0)
04-25 20:39:36.015 18695 18695 W System.err: at android.app.Instrumentation.newApplication(Instrumentation.java:1158)
04-25 20:39:36.015 18695 18695 W System.err: at android.app.LoadedApk.makeApplication(LoadedApk.java:1268)
04-25 20:39:36.015 18695 18695 W System.err: at android.app.ActivityThread.handleBindApplication(ActivityThread.java:6927)
04-25 20:39:36.015 18695 18695 W System.err: at android.app.ActivityThread.access$1300(ActivityThread.java:262)
04-25 20:39:36.015 18695 18695 W System.err: at android.app.ActivityThread$H.handleMessage(ActivityThread.java:1977)
04-25 20:39:36.015 18695 18695 W System.err: at android.os.Handler.dispatchMessage(Handler.java:106)
04-25 20:39:36.015 18695 18695 W System.err: at android.os.Looper.loop(Looper.java:223)
04-25 20:39:36.015 18695 18695 W System.err: at android.app.ActivityThread.main(ActivityThread.java:8001)
04-25 20:39:36.015 18695 18695 W System.err: at java.lang.reflect.Method.invoke(Native Method)
04-25 20:39:36.015 18695 18695 W System.err: at com.android.internal.os.RuntimeInit$MethodAndArgsCaller.run(RuntimeInit.java:635)
04-25 20:39:36.015 18695 18695 W System.err: at com.android.internal.os.ZygoteInit.main(ZygoteInit.java:947)
04-25 20:39:36.060 18695 18695 E CustomActivityOnCrash: IMPORTANT WARNING! You already have an UncaughtExceptionHandler, are you sure this is correct? If you use a custom UncaughtExceptionHandler, you must initialize it AFTER CustomActivityOnCrash! Installing anyway, but your original handler will not be called.
04-25 20:39:36.543 18695 18695 W com.mbwhatsapp: Accessing hidden method Lcom/android/org/conscrypt/OpenSSLSocketImpl;->setUseSessionTickets(Z)V (greylist- max-q,core-platform-api, reflection, denied)
04-25 20:39:36.544 18695 18695 W com.mbwhatsapp: Accessing hidden method Lcom/android/org/conscrypt/AbstractConscryptSocket;->setUseSessionTickets(Z)V (greylist-max-q, reflection, denied)
04-25 20:39:36.626 18695 18695 W com.mbwhatsapp: type=1400 audit(0.0:552816): avc: granted { execute } for path="/data/data/com.mbwhatsapp/files/decompressed/libs.spk.zst/libc++_shared.so" dev="dm-11" ino=598949 scontext=u:r:untrusted_app:s0:c49,c257,c512,c768 tcontext=u:object_r:app_data_file:s0:c49,c257,c512,c768 tclass=file app=com.mbwhatsapp
04-25 20:39:36.634 18695 18695 W com.mbwhatsapp: type=1400 audit(0.0:552817): avc: granted { execute } for path="/data/data/com.mbwhatsapp/files/decompressed/libs.spk.zst/libvlc.so" dev="dm- 11" ino=598942 scontext=u:r:untrusted_app:s0:c49,c257,c512,c768 tcontext=u:object_r:app_data_file:s0:c49,c257,c512,c768 tclass=file app=com.mbwhatsapp
04-25 20:39:36.650 18695 18695 W com.mbwhatsapp: type=1400 audit(0.0:552818): avc: granted { execute } for path="/data/data/com.mbwhatsapp/files/decompressed/libs.spk.zst/libwhatsapp.so" dev="dm-11" ino=599231 scontext=u:r:untrusted_app:s0:c49,c257,c512,c768 tcontext=u:object_r:app_data_file:s0:c49,c257,c512,c768 tclass=file app=com.mbwhatsapp
04-25 20:39:36.758 18695 18695 W com.mbwhatsapp: type=1400 audit(0.0:552819): avc: granted { execute } for path="/data/data/com.mbwhatsapp/files/decompressed/libs.spk.zst/libcurve25519.so" dev="dm-11" ino=599016 scontext=u:r:untrusted_app:s0:c49,c257,c512,c768 tcontext=u:object_r:app_data_file:s0:c49,c257,c512,c768 tclass=file app=com.mbwhatsapp
04-25 20:39:36.774 18695 18695 W com.mbwhatsapp: type=1400 audit(0.0:552820): avc: granted { execute } for path="/data/data/com.mbwhatsapp/files/decompressed/libs.spk.zst/libwhatsapp.so" dev="dm-11" ino=599231 scontext=u:r:untrusted_app:s0:c49,c257,c512,c768 tcontext=u:object_r:app_data_file:s0:c49,c257,c512,c768 tclass=file app=com.mbwhatsapp
04-25 20:39:36.774 18695 18695 W com.mbwhatsapp: type=1400 audit(0.0:552821): avc: granted { execute } for path="/data/data/com.mbwhatsapp/files/decompressed/libs.spk.zst/libwhatsapp.so" dev="dm-11" ino=599231 scontext=u:r:untrusted_app:s0:c49,c257,c512,c768 tcontext=u:object_r:app_data_file:s0:c49,c257,c512,c768 tclass=file app=com.mbwhatsapp
04-25 20:39:36.774 18695 18695 W com.mbwhatsapp: type=1400 audit(0.0:552822): avc: granted { execute } for path="/data/data/com.mbwhatsapp/files/decompressed/libs.spk.zst/libwhatsapp.so" dev="dm-11" ino=599231 scontext=u:r:untrusted_app:s0:c49,c257,c512,c768 tcontext=u:object_r:app_data_file:s0:c49,c257,c512,c768 tclass=file app=com.mbwhatsapp
04-25 20:39:36.774 18695 18695 W com.mbwhatsapp: type=1400 audit(0.0:552823): avc: denied { execmod } for path="/apex/com.android.runtime/lib/bionic/libc.so" dev="dm- 5" ino=389 scontext=u:r:untrusted_app:s0:c49,c257,c512,c768 tcontext=u:object_r:system_lib_file:s0 tclass=file permissive=0 app=com.mbwhatsapp
04-25 20:39:36.896 18695 18695 W CheckTime: App running slow: Executing handleBindApplication : callApplicationOnCreate took 751ms
04-25 20:39:36.903 18695 19416 W com.mbwhatsapp: Class X.2rL failed lock verification and will run slower.
04-25 20:39:36.903 18695 19416 W com.mbwhatsapp: Common causes for lock verification issues are non-optimized dex code
04-25 20:39:36.903 18695 19416 W com.mbwhatsapp: and incorrect proguard optimizations.
04-25 20:39:36.935 18695 18695 W com.mbwhatsapp: Class X.0eU failed lock verification and will run slower.
04-25 20:39:37.175 18695 18695 W com.mbwhatsapp: Class com.mbwhatsapp.HomeActivity failed lock verification and will run slower.
04-25 20:39:37.193 19455 19455 W com.mbwhatsapp: Using default instruction set features for ARM CPU variant (generic) using conservative defaults
04-25 20:39:37.199 19455 19455 E com.mbwhatsapp: Not starting debugger since process cannot load the jdwp agent.
04-25 20:39:37.711 18695 18695 E ArmVmp : Match on catch block at 0x0a in for 0xb5
04-25 20:39:37.746 18695 18695 E ArmVmp : Match on catch block at 0x0a in for 0x129
04-25 20:39:37.848 18695 19487 W com.mbwhatsapp: Accessing hidden method Lcom/android/org/conscrypt/ConscryptEngineSocket;->setUseSessionTickets(Z)V (greylist-max-q,core-platform-api, reflection, denied)
04-25 20:39:37.848 18695 19487 W com.mbwhatsapp: Accessing hidden method Lcom/android/org/conscrypt/OpenSSLSocketImpl;->setUseSessionTickets(Z)V (greylist- max-q,core-platform-api, reflection, denied)
04-25 20:39:37.848 18695 19487 W com.mbwhatsapp: Accessing hidden method Lcom/android/org/conscrypt/AbstractConscryptSocket;->setUseSessionTickets(Z)V (greylist-max-q, reflection, denied)
04-25 20:39:37.848 18695 19487 W com.mbwhatsapp: Accessing hidden method Lcom/android/org/conscrypt/ConscryptEngineSocket;->setHostname(Ljava/lang/String;)V (greylist-max-q,core-platform-api, reflection, denied)
04-25 20:39:37.849 18695 19487 W com.mbwhatsapp: Accessing hidden method Lcom/android/org/conscrypt/OpenSSLSocketImpl;->setHostname(Ljava/lang/String;)V (greylist-max-q,core-platform-api, reflection, denied)
04-25 20:39:37.849 18695 19487 W com.mbwhatsapp: Accessing hidden method Lcom/android/org/conscrypt/AbstractConscryptSocket;->setHostname(Ljava/lang/ String;)V (greylist-max-q, reflection, denied)
04-25 20:39:37.849 18695 19487 W com.mbwhatsapp: Accessing hidden method Lcom/android/org/conscrypt/OpenSSLSocketImpl;->setAlpnProtocols([B)V (greylist-max- q,core-platform-api, reflection, denied)
04-25 20:39:37.849 18695 19487 W com.mbwhatsapp: Accessing hidden method Lcom/android/org/conscrypt/AbstractConscryptSocket;->setAlpnProtocols([B)V (greylist-max-q, reflection, denied)
04-25 20:39:39.308 18695 18695 E OpenGLRenderer: ~SkiaDisplayList() ##### pid = 18695
04-25 20:39:39.593 18695 18695 E ArmVmp : Match on catch block at 0x0a in for 0xc9
04-25 20:39:39.831 18695 19563 W LOTTIE : Animation contains merge paths. Merge paths are only supported on KitKat+ and must be manually enabled by calling enableMergePathsForKitKatAndAbove().
04-25 20:39:40.220 18695 18695 W LOTTIE : Animation contains merge paths but they are disabled.
04-25 20:39:40.465 18695 19487 W com.mbwhatsapp: Accessing hidden method Lcom/android/org/conscrypt/OpenSSLSocketImpl;->getAlpnSelectedProtocol()[B (greylist-max-q,core-platform-api, reflection, denied)
04-25 20:39:40.465 18695 19487 W com.mbwhatsapp: Accessing hidden method Lcom/android/org/conscrypt/AbstractConscryptSocket;->getAlpnSelectedProtocol()[B (greylist-max-q, reflection, denied)
04-25 20:39:40.686 18695 18695 W pool-6-thread-1: type=1400 audit(0.0:552826): avc: granted { execute } for path="/data/data/com.mbwhatsapp/files/decompressed/libs.spk.zst/libgifimage.so" dev="dm-11" ino=598945 scontext=u:r:untrusted_app:s0:c49,c257,c512,c768 tcontext=u:object_r:app_data_file:s0:c49,c257,c512,c768 tclass=file app=com.mbwhatsapp
04-25 20:39:41.275 18695 19586 W GmsClient: unable to connect to service: com.google.android.gms.wearable.BIND on com.google.android.gms
04-25 20:39:42.568 18695 19373 W LibraryVersion: Failed to get app version for libraryName: firebase-iid --------- beginning of system
04-25 20:47:46.443 18695 18695 W ActivityThread: Main thread can not be idle for a long time. --------- beginning of main
04-25 20:53:57.782 19455 19455 W System.err: java.lang.ClassNotFoundException: mbmodsd.mbmodsw.ui.views.btn.BtnBK
04-25 20:53:57.782 19455 19455 W System.err: at java.lang.Runtime.nativeLoad(Native Method)
04-25 20:53:57.782 19455 19455 W System.err: at java.lang.Runtime.nativeLoad(Runtime.java:1131)
04-25 20:53:57.782 19455 19455 W System.err: at java.lang.Runtime.loadLibrary0(Runtime.java:1085)
04-25 20:53:57.782 19455 19455 W System.err: at java.lang.Runtime.loadLibrary0(Runtime.java:1008)
04-25 20:53:57.782 19455 19455 W System.err: at java.lang.System.loadLibrary(System.java:1664)
04-25 20:53:57.782 19455 19455 W System.err: at arm.EpicVm.<clinit>(Unknown Source:2)
04-25 20:53:57.782 19455 19455 W System.err: at java.lang.Class.newInstance(Native Method)
04-25 20:53:57.782 19455 19455 W System.err: at android.app.AppComponentFactory.instantiateApplication(AppComponentFactory.java:76)
04-25 20:53:57.783 19455 19455 W System.err: at androidx.core.app.CoreComponentFactory.instantiateApplication(Unknown Source:0)
04-25 20:53:57.783 19455 19455 W System.err: at android.app.Instrumentation.newApplication(Instrumentation.java:1158)
04-25 20:53:57.783 19455 19455 W System.err: at android.app.LoadedApk.makeApplication(LoadedApk.java:1268)
04-25 20:53:57.783 19455 19455 W System.err: at android.app.ActivityThread.handleBindApplication(ActivityThread.java:6927)
04-25 20:53:57.783 19455 19455 W System.err: at android.app.ActivityThread.access$1300(ActivityThread.java:262)
04-25 20:53:57.783 19455 19455 W System.err: at android.app.ActivityThread$H.handleMessage(ActivityThread.java:1977)
04-25 20:53:57.783 19455 19455 W System.err: at android.os.Handler.dispatchMessage(Handler.java:106)
04-25 20:53:57.783 19455 19455 W System.err: at android.os.Looper.loop(Looper.java:223)
04-25 20:53:57.783 19455 19455 W System.err: at android.app.ActivityThread.main(ActivityThread.java:8001)
04-25 20:53:57.783 19455 19455 W System.err: at java.lang.reflect.Method.invoke(Native Method)
04-25 20:53:57.783 19455 19455 W System.err: at com.android.internal.os.RuntimeInit$MethodAndArgsCaller.run(RuntimeInit.java:635)
04-25 20:53:57.783 19455 19455 W System.err: at com.android.internal.os.ZygoteInit.main(ZygoteInit.java:947)
04-25 20:53:57.823 19455 19455 E CustomActivityOnCrash: IMPORTANT WARNING! You already have an UncaughtExceptionHandler, are you sure this is correct? If you use a custom UncaughtExceptionHandler, you must initialize it AFTER CustomActivityOnCrash! Installing anyway, but your original handler will not be called.
04-25 20:53:57.913 19455 24076 W LibraryVersion: Failed to get app version for libraryName: firebase-iid
04-25 20:53:58.256 19455 19455 W com.mbwhatsapp: Accessing hidden method Lcom/android/org/conscrypt/OpenSSLSocketImpl;->setUseSessionTickets(Z)V (greylist- max-q,core-platform-api, reflection, denied)
04-25 20:53:58.257 19455 19455 W com.mbwhatsapp: Accessing hidden method Lcom/android/org/conscrypt/AbstractConscryptSocket;->setUseSessionTickets(Z)V (greylist-max-q, reflection, denied)
04-25 20:53:58.322 19455 19455 W com.mbwhatsapp: type=1400 audit(0.0:555229): avc: granted { execute } for path="/data/data/com.mbwhatsapp/files/decompressed/libs.spk.zst/libc++_shared.so" dev="dm-11" ino=598949 scontext=u:r:untrusted_app:s0:c49,c257,c512,c768 tcontext=u:object_r:app_data_file:s0:c49,c257,c512,c768 tclass=file app=com.mbwhatsapp
04-25 20:53:58.334 19455 19455 W com.mbwhatsapp: type=1400 audit(0.0:555230): avc: granted { execute } for path="/data/data/com.mbwhatsapp/files/decompressed/libs.spk.zst/libvlc.so" dev="dm- 11" ino=598942 scontext=u:r:untrusted_app:s0:c49,c257,c512,c768 tcontext=u:object_r:app_data_file:s0:c49,c257,c512,c768 tclass=file app=com.mbwhatsapp
04-25 20:53:58.350 19455 19455 W com.mbwhatsapp: type=1400 audit(0.0:555231): avc: granted { execute } for path="/data/data/com.mbwhatsapp/files/decompressed/libs.spk.zst/libwhatsapp.so" dev="dm-11" ino=599231 scontext=u:r:untrusted_app:s0:c49,c257,c512,c768 tcontext=u:object_r:app_data_file:s0:c49,c257,c512,c768 tclass=file app=com.mbwhatsapp
04-25 20:53:58.454 19455 19455 W com.mbwhatsapp: type=1400 audit(0.0:555232): avc: granted { execute } for path="/data/data/com.mbwhatsapp/files/decompressed/libs.spk.zst/libcurve25519.so" dev="dm-11" ino=599016 scontext=u:r:untrusted_app:s0:c49,c257,c512,c768 tcontext=u:object_r:app_data_file:s0:c49,c257,c512,c768 tclass=file app=com.mbwhatsapp
04-25 20:53:58.470 19455 19455 W com.mbwhatsapp: type=1400 audit(0.0:555233): avc: granted { execute } for path="/data/data/com.mbwhatsapp/files/decompressed/libs.spk.zst/libwhatsapp.so" dev="dm-11" ino=599231 scontext=u:r:untrusted_app:s0:c49,c257,c512,c768 tcontext=u:object_r:app_data_file:s0:c49,c257,c512,c768 tclass=file app=com.mbwhatsapp
04-25 20:53:58.470 19455 19455 W com.mbwhatsapp: type=1400 audit(0.0:555234): avc: granted { execute } for path="/data/data/com.mbwhatsapp/files/decompressed/libs.spk.zst/libwhatsapp.so" dev="dm-11" ino=599231 scontext=u:r:untrusted_app:s0:c49,c257,c512,c768 tcontext=u:object_r:app_data_file:s0:c49,c257,c512,c768 tclass=file app=com.mbwhatsapp
04-25 20:53:58.470 19455 19455 W com.mbwhatsapp: type=1400 audit(0.0:555235): avc: granted { execute } for path="/data/data/com.mbwhatsapp/files/decompressed/libs.spk.zst/libwhatsapp.so" dev="dm-11" ino=599231 scontext=u:r:untrusted_app:s0:c49,c257,c512,c768 tcontext=u:object_r:app_data_file:s0:c49,c257,c512,c768 tclass=file app=com.mbwhatsapp
04-25 20:53:58.470 19455 19455 W com.mbwhatsapp: type=1400 audit(0.0:555236): avc: denied { execmod } for path="/apex/com.android.runtime/lib/bionic/libc.so" dev="dm- 5" ino=389 scontext=u:r:untrusted_app:s0:c49,c257,c512,c768 tcontext=u:object_r:system_lib_file:s0 tclass=file permissive=0 app=com.mbwhatsapp
04-25 20:53:58.612 19455 19455 W CheckTime: App running slow: Executing handleBindApplication : callApplicationOnCreate took 707ms
04-25 20:53:58.645 19455 24109 W com.mbwhatsapp: Class X.2rL failed lock verification and will run slower.
04-25 20:53:58.645 19455 24109 W com.mbwhatsapp: Common causes for lock verification issues are non-optimized dex code
04-25 20:53:58.645 19455 24109 W com.mbwhatsapp: and incorrect proguard optimizations.
04-25 20:53:58.660 19455 19455 W com.mbwhatsapp: Class X.0eU failed lock verification and will run slower.
04-25 20:53:58.915 24120 24120 W com.mbwhatsapp: Using default instruction set features for ARM CPU variant (generic) using conservative defaults
04-25 20:53:58.930 24120 24120 E com.mbwhatsapp: Not starting debugger since process cannot load the jdwp agent.
04-25 20:53:58.972 19455 19455 W com.mbwhatsapp: Class com.mbwhatsapp.HomeActivity failed lock verification and will run slower.
04-25 20:53:59.533 19455 19455 E ArmVmp : Match on catch block at 0x0a in for 0xb1
04-25 20:53:59.568 19455 19455 E ArmVmp : Match on catch block at 0x0a in for 0x129
04-25 20:53:59.671 19455 24152 W com.mbwhatsapp: Accessing hidden method Lcom/android/org/conscrypt/ConscryptEngineSocket;->setUseSessionTickets(Z)V (greylist-max-q,core-platform-api, reflection, denied)
04-25 20:53:59.671 19455 24152 W com.mbwhatsapp: Accessing hidden method Lcom/android/org/conscrypt/OpenSSLSocketImpl;->setUseSessionTickets(Z)V (greylist- max-q,core-platform-api, reflection, denied)
04-25 20:53:59.671 19455 24152 W com.mbwhatsapp: Accessing hidden method Lcom/android/org/conscrypt/AbstractConscryptSocket;->setUseSessionTickets(Z)V (greylist-max-q, reflection, denied)
04-25 20:53:59.671 19455 24152 W com.mbwhatsapp: Accessing hidden method Lcom/android/org/conscrypt/ConscryptEngineSocket;->setHostname(Ljava/lang/String;)V (greylist-max-q,core-platform-api, reflection, denied)
04-25 20:53:59.672 19455 24152 W com.mbwhatsapp: Accessing hidden method Lcom/android/org/conscrypt/OpenSSLSocketImpl;->setHostname(Ljava/lang/String;)V (greylist-max-q,core-platform-api, reflection, denied)
04-25 20:53:59.672 19455 24152 W com.mbwhatsapp: Accessing hidden method Lcom/android/org/conscrypt/AbstractConscryptSocket;->setHostname(Ljava/lang/ String;)V (greylist-max-q, reflection, denied)
04-25 20:53:59.672 19455 24152 W com.mbwhatsapp: Accessing hidden method Lcom/android/org/conscrypt/OpenSSLSocketImpl;->setAlpnProtocols([B)V (greylist-max- q,core-platform-api, reflection, denied)
04-25 20:53:59.672 19455 24152 W com.mbwhatsapp: Accessing hidden method Lcom/android/org/conscrypt/AbstractConscryptSocket;->setAlpnProtocols([B)V (greylist-max-q, reflection, denied)
04-25 20:53:59.791 19455 24152 W com.mbwhatsapp: Accessing hidden method Lcom/android/org/conscrypt/OpenSSLSocketImpl;->getAlpnSelectedProtocol()[B (greylist-max-q,core-platform-api, reflection, denied)
04-25 20:53:59.791 19455 24152 W com.mbwhatsapp: Accessing hidden method Lcom/android/org/conscrypt/AbstractConscryptSocket;->getAlpnSelectedProtocol()[B (greylist-max-q, reflection, denied)
04-25 20:53:59.799 19455 19455 W CheckTime: App running slow: Executing activity onCreate took 821ms
04-25 20:54:01.692 19455 19455 E OpenGLRenderer: ~SkiaDisplayList() ##### pid = 19455
04-25 20:54:02.043 19455 19455 E ArmVmp : Match on catch block at 0x0a in for 0xc1
04-25 20:54:02.366 19455 24260 W LOTTIE : Animation contains merge paths. Merge paths are only supported on KitKat+ and must be manually enabled by calling enableMergePathsForKitKatAndAbove().
