04-23 22:55:30.711 19671 19671 E ArmVmp : Match on catch block at 0xc3 in for 0x95
04-23 22:55:30.715 19671 19671 E ArmVmp : Match on catch block at 0xc3 in for 0x99
04-23 22:55:30.761 19671 19671 E ArmVmp : Match on catch block at 0xc3 in for 0x99
04-23 22:55:30.765 19671 19671 E ArmVmp : Match on catch block at 0xc3 in for 0x91
04-23 22:55:30.828 19671 19671 E ArmVmp : Match on catch block at 0xc3 in for 0x91
04-23 22:55:30.833 19671 19671 E ArmVmp : Match on catch block at 0xc3 in for 0x95
04-23 22:55:30.877 19671 19671 E ArmVmp : Match on catch block at 0xc3 in for 0x95
04-23 22:55:30.882 19671 19671 E ArmVmp : Match on catch block at 0xc3 in for 0x99
04-23 22:55:30.927 19671 19671 E ArmVmp : Match on catch block at 0xc3 in for 0x99
04-23 22:55:30.930 19671 19671 E ArmVmp : Match on catch block at 0xc3 in for 0x91
04-23 22:55:30.943 19671 19671 E ArmVmp : Match on catch block at 0xc3 in for 0x91
04-23 22:55:30.948 19671 19671 E ArmVmp : Match on catch block at 0xc3 in for 0x95
04-23 22:55:30.960 19671 19671 E ArmVmp : Match on catch block at 0xc3 in for 0x95
04-23 22:55:30.965 19671 19671 E ArmVmp : Match on catch block at 0xc3 in for 0x99
04-23 22:55:30.977 19671 19671 E ArmVmp : Match on catch block at 0xc3 in for 0x99
04-23 22:55:30.983 19671 19671 E ArmVmp : Match on catch block at 0xc3 in for 0x91
04-23 22:55:30.994 19671 19671 E ArmVmp : Match on catch block at 0xc3 in for 0x91
04-23 22:55:30.998 19671 19671 E ArmVmp : Match on catch block at 0xc3 in for 0x95
04-23 22:55:31.010 19671 19671 E ArmVmp : Match on catch block at 0xc3 in for 0x95
04-23 22:55:31.016 19671 19671 E ArmVmp : Match on catch block at 0xc3 in for 0x99
04-23 22:55:31.027 19671 19671 E ArmVmp : Match on catch block at 0xc3 in for 0x99
04-23 22:55:31.031 19671 19671 E ArmVmp : Match on catch block at 0xc3 in for 0x91
04-23 22:55:31.043 19671 19671 E ArmVmp : Match on catch block at 0xc3 in for 0x91
04-23 22:55:31.047 19671 19671 E ArmVmp : Match on catch block at 0xc3 in for 0x95
04-23 22:55:31.060 19671 19671 E ArmVmp : Match on catch block at 0xc3 in for 0x95
04-23 22:55:31.064 19671 19671 E ArmVmp : Match on catch block at 0xc3 in for 0x99
04-23 22:55:31.077 19671 19671 E ArmVmp : Match on catch block at 0xc3 in for 0x99
04-23 22:55:31.082 19671 19671 E ArmVmp : Match on catch block at 0xc3 in for 0x91
04-23 22:55:31.093 19671 19671 E ArmVmp : Match on catch block at 0xc3 in for 0x91
04-23 22:55:31.098 19671 19671 E ArmVmp : Match on catch block at 0xc3 in for 0x95
04-23 22:55:31.110 19671 19671 E ArmVmp : Match on catch block at 0xc3 in for 0x95
04-23 22:55:31.114 19671 19671 E ArmVmp : Match on catch block at 0xc3 in for 0x99
04-23 22:55:31.127 19671 19671 E ArmVmp : Match on catch block at 0xc3 in for 0x99
04-23 22:55:31.133 19671 19671 E ArmVmp : Match on catch block at 0xc3 in for 0x91
04-23 22:55:31.144 19671 19671 E ArmVmp : Match on catch block at 0xc3 in for 0x91
04-23 22:55:31.149 19671 19671 E ArmVmp : Match on catch block at 0xc3 in for 0x95
04-23 22:55:31.160 19671 19671 E ArmVmp : Match on catch block at 0xc3 in for 0x95
04-23 22:55:31.165 19671 19671 E ArmVmp : Match on catch block at 0xc3 in for 0x99
04-23 22:55:31.177 19671 19671 E ArmVmp : Match on catch block at 0xc3 in for 0x99
04-23 22:55:31.181 19671 19671 E ArmVmp : Match on catch block at 0xc3 in for 0x91
04-23 22:55:31.194 19671 19671 E ArmVmp : Match on catch block at 0xc3 in for 0x91
04-23 22:55:31.199 19671 19671 E ArmVmp : Match on catch block at 0xc3 in for 0x95
04-23 22:55:31.210 19671 19671 E ArmVmp : Match on catch block at 0xc3 in for 0x95
04-23 22:55:31.214 19671 19671 E ArmVmp : Match on catch block at 0xc3 in for 0x99
04-23 22:55:31.227 19671 19671 E ArmVmp : Match on catch block at 0xc3 in for 0x99
04-23 22:55:31.231 19671 19671 E ArmVmp : Match on catch block at 0xc3 in for 0x91
04-23 22:55:31.276 19671 19671 E ArmVmp : Match on catch block at 0xc3 in for 0x91
04-23 22:55:31.281 19671 19671 E ArmVmp : Match on catch block at 0xc3 in for 0x95
04-23 22:55:31.343 19671 19671 E ArmVmp : Match on catch block at 0xc3 in for 0x95
04-23 22:55:31.347 19671 19671 E ArmVmp : Match on catch block at 0xc3 in for 0x99
04-23 22:55:31.393 19671 19671 E ArmVmp : Match on catch block at 0xc3 in for 0x91
04-23 22:55:31.396 19671 19671 E ArmVmp : Match on catch block at 0xc3 in for 0x95
04-23 22:55:31.444 19671 19671 E ArmVmp : Match on catch block at 0xc3 in for 0x95
04-23 22:55:31.449 19671 19671 E ArmVmp : Match on catch block at 0xc3 in for 0x99
04-23 22:55:31.460 19671 19671 E ArmVmp : Match on catch block at 0xc3 in for 0x99
04-23 22:55:31.464 19671 19671 E ArmVmp : Match on catch block at 0xc3 in for 0x91
04-23 22:55:31.493 19671 19671 E ArmVmp : Match on catch block at 0xc3 in for 0x91
04-23 22:55:31.497 19671 19671 E ArmVmp : Match on catch block at 0xc3 in for 0x95
04-23 22:55:31.543 19671 19671 E ArmVmp : Match on catch block at 0xc3 in for 0x95
04-23 22:55:31.549 19671 19671 E ArmVmp : Match on catch block at 0xc3 in for 0x99
04-23 22:55:31.593 19671 19671 E ArmVmp : Match on catch block at 0xc3 in for 0x99
04-23 22:55:31.599 19671 19671 E ArmVmp : Match on catch block at 0xc3 in for 0x91
04-23 22:55:31.643 19671 19671 E ArmVmp : Match on catch block at 0xc3 in for 0x91
04-23 22:55:31.646 19671 19671 E ArmVmp : Match on catch block at 0xc3 in for 0x95
04-23 22:55:31.709 19671 19671 E ArmVmp : Match on catch block at 0xc3 in for 0x95
04-23 22:55:31.712 19671 19671 E ArmVmp : Match on catch block at 0xc3 in for 0x99
04-23 22:55:31.759 19671 19671 E ArmVmp : Match on catch block at 0xc3 in for 0x99
04-23 22:55:31.763 19671 19671 E ArmVmp : Match on catch block at 0xc3 in for 0x91
04-23 22:55:31.809 19671 19671 E ArmVmp : Match on catch block at 0xc3 in for 0x91
04-23 22:55:31.815 19671 19671 E ArmVmp : Match on catch block at 0xc3 in for 0x95
04-23 22:55:31.859 19671 19671 E ArmVmp : Match on catch block at 0xc3 in for 0x95
04-23 22:55:31.865 19671 19671 E ArmVmp : Match on catch block at 0xc3 in for 0x99
04-23 22:55:31.909 19671 19671 E ArmVmp : Match on catch block at 0xc3 in for 0x99
04-23 22:55:31.914 19671 19671 E ArmVmp : Match on catch block at 0xc3 in for 0x91
04-23 22:55:31.959 19671 19671 E ArmVmp : Match on catch block at 0xc3 in for 0x91
04-23 22:55:31.964 19671 19671 E ArmVmp : Match on catch block at 0xc3 in for 0x95
04-23 22:55:31.992 19671 19671 E ArmVmp : Match on catch block at 0xc3 in for 0x95
04-23 22:55:31.997 19671 19671 E ArmVmp : Match on catch block at 0xc3 in for 0x99
04-23 22:55:32.009 19671 19671 E ArmVmp : Match on catch block at 0xc3 in for 0x99
04-23 22:55:32.013 19671 19671 E ArmVmp : Match on catch block at 0xc3 in for 0x91
04-23 22:55:32.058 19671 19671 E ArmVmp : Match on catch block at 0xc3 in for 0x91
04-23 22:55:32.063 19671 19671 E ArmVmp : Match on catch block at 0xc3 in for 0x95
04-23 22:55:32.125 19671 19671 E ArmVmp : Match on catch block at 0xc3 in for 0x95
04-23 22:55:32.130 19671 19671 E ArmVmp : Match on catch block at 0xc3 in for 0x99
04-23 22:55:32.175 19671 19671 E ArmVmp : Match on catch block at 0xc3 in for 0x99
04-23 22:55:32.181 19671 19671 E ArmVmp : Match on catch block at 0xc3 in for 0x91
04-23 22:55:32.226 19671 19671 E ArmVmp : Match on catch block at 0xc3 in for 0x91
04-23 22:55:32.231 19671 19671 E ArmVmp : Match on catch block at 0xc3 in for 0x95
04-23 22:55:32.275 19671 19671 E ArmVmp : Match on catch block at 0xc3 in for 0x95
04-23 22:55:32.281 19671 19671 E ArmVmp : Match on catch block at 0xc3 in for 0x99
04-23 22:55:32.325 19671 19671 E ArmVmp : Match on catch block at 0xc3 in for 0x99
04-23 22:55:32.330 19671 19671 E ArmVmp : Match on catch block at 0xc3 in for 0x91
04-23 22:55:32.375 19671 19671 E ArmVmp : Match on catch block at 0xc3 in for 0x91
04-23 22:55:32.381 19671 19671 E ArmVmp : Match on catch block at 0xc3 in for 0x95
04-23 22:55:32.426 19671 19671 E ArmVmp : Match on catch block at 0xc3 in for 0x99
04-23 22:55:32.431 19671 19671 E ArmVmp : Match on catch block at 0xc3 in for 0x91
04-23 22:55:32.458 19671 19671 E ArmVmp : Match on catch block at 0xc3 in for 0x99
04-23 22:55:32.462 19671 19671 E ArmVmp : Match on catch block at 0xc3 in for 0x91
04-23 22:55:32.498 19671 19671 E ArmVmp : Match on catch block at 0xc3 in for 0x91
04-23 22:55:32.502 19671 19671 E ArmVmp : Match on catch block at 0xc3 in for 0x95
04-23 22:55:32.513 19671 19671 E ArmVmp : Match on catch block at 0xc3 in for 0x95
04-23 22:55:32.518 19671 19671 E ArmVmp : Match on catch block at 0xc3 in for 0x99
04-23 22:55:32.525 19671 19671 E ArmVmp : Match on catch block at 0xc3 in for 0x99
04-23 22:55:32.530 19671 19671 E ArmVmp : Match on catch block at 0xc3 in for 0x91
04-23 22:55:33.007 19671 19671 E ArmVmp : Match on catch block at 0xc3 in for 0x91
04-23 22:55:33.013 19671 19671 E ArmVmp : Match on catch block at 0xc3 in for 0x95
04-23 22:55:33.057 19671 19671 E ArmVmp : Match on catch block at 0xc3 in for 0x91
04-23 22:55:33.061 19671 19671 E ArmVmp : Match on catch block at 0xc3 in for 0x95
04-23 22:55:33.158 19671 19671 E ArmVmp : Match on catch block at 0xc3 in for 0x99
04-23 22:55:33.165 19671 19671 E ArmVmp : Match on catch block at 0xc3 in for 0x91
04-23 22:55:33.396 19671 19671 E ArmVmp : Match on catch block at 0xc3 in for 0x99
04-23 22:55:33.402 19671 19671 E ArmVmp : Match on catch block at 0xc3 in for 0x91
04-23 22:55:33.673 19671 19671 E ArmVmp : Match on catch block at 0xc3 in for 0x95
04-23 22:55:33.677 19671 19671 E ArmVmp : Match on catch block at 0xc3 in for 0x99 --------- beginning of main
04-24 08:29:06.158 32083 32083 W System.err: java.lang.ClassNotFoundException: mbmodsd.mbmodsw.ui.views.btn.BtnBK
04-24 08:29:06.159 32083 32083 W System.err: at java.lang.Runtime.nativeLoad(Native Method)
04-24 08:29:06.159 32083 32083 W System.err: at java.lang.Runtime.nativeLoad(Runtime.java:1131)
04-24 08:29:06.159 32083 32083 W System.err: at java.lang.Runtime.loadLibrary0(Runtime.java:1085)
04-24 08:29:06.159 32083 32083 W System.err: at java.lang.Runtime.loadLibrary0(Runtime.java:1008)
04-24 08:29:06.159 32083 32083 W System.err: at java.lang.System.loadLibrary(System.java:1664)
04-24 08:29:06.159 32083 32083 W System.err: at arm.EpicVm.<clinit>(Unknown Source:2)
04-24 08:29:06.159 32083 32083 W System.err: at java.lang.Class.newInstance(Native Method)
04-24 08:29:06.159 32083 32083 W System.err: at android.app.AppComponentFactory.instantiateApplication(AppComponentFactory.java:76)
04-24 08:29:06.159 32083 32083 W System.err: at androidx.core.app.CoreComponentFactory.instantiateApplication(Unknown Source:0)
04-24 08:29:06.159 32083 32083 W System.err: at android.app.Instrumentation.newApplication(Instrumentation.java:1158)
04-24 08:29:06.159 32083 32083 W System.err: at android.app.LoadedApk.makeApplication(LoadedApk.java:1268)
04-24 08:29:06.159 32083 32083 W System.err: at android.app.ActivityThread.handleBindApplication(ActivityThread.java:6927)
04-24 08:29:06.159 32083 32083 W System.err: at android.app.ActivityThread.access$1300(ActivityThread.java:262)
04-24 08:29:06.159 32083 32083 W System.err: at android.app.ActivityThread$H.handleMessage(ActivityThread.java:1977)
04-24 08:29:06.159 32083 32083 W System.err: at android.os.Handler.dispatchMessage(Handler.java:106)
04-24 08:29:06.159 32083 32083 W System.err: at android.os.Looper.loop(Looper.java:223)
04-24 08:29:06.159 32083 32083 W System.err: at android.app.ActivityThread.main(ActivityThread.java:8001)
04-24 08:29:06.159 32083 32083 W System.err: at java.lang.reflect.Method.invoke(Native Method)
04-24 08:29:06.159 32083 32083 W System.err: at com.android.internal.os.RuntimeInit$MethodAndArgsCaller.run(RuntimeInit.java:635)
04-24 08:29:06.159 32083 32083 W System.err: at com.android.internal.os.ZygoteInit.main(ZygoteInit.java:947)
04-24 08:29:06.271 32083 32099 W com.mbwhatsapp: Reducing the number of considered missed Gc histogram windows from 3443 to 100
04-24 08:29:06.374 32083 32083 W CheckTime: App running slow: Executing handleBindApplication : makeApplication took 584ms
04-24 08:29:06.382 32083 32083 E CustomActivityOnCrash: IMPORTANT WARNING! You already have an UncaughtExceptionHandler, are you sure this is correct? If you use a custom UncaughtExceptionHandler, you must initialize it AFTER CustomActivityOnCrash! Installing anyway, but your original handler will not be called.
04-24 08:29:06.592 32083 8285 W LibraryVersion: Failed to get app version for libraryName: firebase-iid
04-24 08:29:07.106 32083 32083 W com.mbwhatsapp: Accessing hidden method Lcom/android/org/conscrypt/OpenSSLSocketImpl;->setUseSessionTickets(Z)V (greylist- max-q,core-platform-api, reflection, denied)
04-24 08:29:07.107 32083 32083 W com.mbwhatsapp: Accessing hidden method Lcom/android/org/conscrypt/AbstractConscryptSocket;->setUseSessionTickets(Z)V (greylist-max-q, reflection, denied)
04-24 08:29:07.467 32083 32083 W com.mbwhatsapp: type=1400 audit(0.0:233584): avc: granted { execute } for path="/data/data/com.mbwhatsapp/files/decompressed/libs.spk.zst/libcurve25519.so" dev="dm-11" ino=599016 scontext=u:r:untrusted_app:s0:c49,c257,c512,c768 tcontext=u:object_r:app_data_file:s0:c49,c257,c512,c768 tclass=file app=com.mbwhatsapp
04-24 08:29:07.487 32083 32083 W com.mbwhatsapp: type=1400 audit(0.0:233586): avc: granted { execute } for path="/data/data/com.mbwhatsapp/files/decompressed/libs.spk.zst/libwhatsapp.so" dev="dm-11" ino=599231 scontext=u:r:untrusted_app:s0:c49,c257,c512,c768 tcontext=u:object_r:app_data_file:s0:c49,c257,c512,c768 tclass=file app=com.mbwhatsapp
04-24 08:29:07.819 32083 32083 W CheckTime: App running slow: Executing handleBindApplication : callApplicationOnCreate took 1315ms
04-24 08:29:07.939 32083 8380 W com.mbwhatsapp: Class X.2rL failed lock verification and will run slower.
04-24 08:29:07.939 32083 8380 W com.mbwhatsapp: Common causes for lock verification issues are non-optimized dex code
04-24 08:29:07.939 32083 8380 W com.mbwhatsapp: and incorrect proguard optimizations.
04-24 08:29:08.110 32083 32083 W com.mbwhatsapp: Class com.mbwhatsapp.HomeActivity failed lock verification and will run slower.
04-24 08:29:08.146 32083 32083 W com.mbwhatsapp: Class X.0eU failed lock verification and will run slower.
04-24 08:29:08.153 32083 32083 W CheckTime: App running slow: Executing instantiate activity took 299ms --------- beginning of system
04-24 08:29:09.744 32083 32083 E ArmVmp : Match on catch block at 0x0a in for 0xb1
04-24 08:29:09.796 32083 32083 E ArmVmp : Match on catch block at 0x0a in for 0x125
04-24 08:29:10.114 32083 32083 W CheckTime: App running slow: Executing activity onCreate took 1925ms
04-24 08:29:11.109 32083 8498 W LOTTIE : Animation contains merge paths. Merge paths are only supported on KitKat+ and must be manually enabled by calling enableMergePathsForKitKatAndAbove().
04-24 08:29:11.209 32083 32083 W CheckTime: App running slow: Executing com.mbwhatsapp.yo.WidgetProvider scheduleReceive took 1530ms
04-24 08:29:11.209 32083 32083 W ActivityThread: Main thread can not be idle for a long time.
04-24 08:29:11.321 8572 8572 W com.mbwhatsapp: Using default instruction set features for ARM CPU variant (generic) using conservative defaults
04-24 08:29:11.335 8572 8572 E com.mbwhatsapp: Not starting debugger since process cannot load the jdwp agent.
04-24 08:29:11.396 32083 32083 E ArmVmp : Match on catch block at 0x0a in for 0xc9
04-24 08:29:15.661 32083 32083 W LOTTIE : Animation contains merge paths but they are disabled. --------- beginning of main
04-24 08:37:33.316 8572 8572 W System.err: java.lang.ClassNotFoundException: mbmodsd.mbmodsw.ui.views.btn.BtnBK
04-24 08:37:33.316 8572 8572 W System.err: at java.lang.Runtime.nativeLoad(Native Method)
04-24 08:37:33.316 8572 8572 W System.err: at java.lang.Runtime.nativeLoad(Runtime.java:1131)
04-24 08:37:33.316 8572 8572 W System.err: at java.lang.Runtime.loadLibrary0(Runtime.java:1085)
04-24 08:37:33.316 8572 8572 W System.err: at java.lang.Runtime.loadLibrary0(Runtime.java:1008)
04-24 08:37:33.316 8572 8572 W System.err: at java.lang.System.loadLibrary(System.java:1664)
04-24 08:37:33.316 8572 8572 W System.err: at arm.EpicVm.<clinit>(Unknown Source:2)
04-24 08:37:33.316 8572 8572 W System.err: at java.lang.Class.newInstance(Native Method)
04-24 08:37:33.316 8572 8572 W System.err: at android.app.AppComponentFactory.instantiateApplication(AppComponentFactory.java:76)
04-24 08:37:33.316 8572 8572 W System.err: at androidx.core.app.CoreComponentFactory.instantiateApplication(Unknown Source:0)
04-24 08:37:33.316 8572 8572 W System.err: at android.app.Instrumentation.newApplication(Instrumentation.java:1158)
04-24 08:37:33.316 8572 8572 W System.err: at android.app.LoadedApk.makeApplication(LoadedApk.java:1268)
04-24 08:37:33.316 8572 8572 W System.err: at android.app.ActivityThread.handleBindApplication(ActivityThread.java:6927)
04-24 08:37:33.317 8572 8572 W System.err: at android.app.ActivityThread.access$1300(ActivityThread.java:262)
04-24 08:37:33.317 8572 8572 W System.err: at android.app.ActivityThread$H.handleMessage(ActivityThread.java:1977)
04-24 08:37:33.317 8572 8572 W System.err: at android.os.Handler.dispatchMessage(Handler.java:106)
04-24 08:37:33.317 8572 8572 W System.err: at android.os.Looper.loop(Looper.java:223)
04-24 08:37:33.317 8572 8572 W System.err: at android.app.ActivityThread.main(ActivityThread.java:8001)
04-24 08:37:33.317 8572 8572 W System.err: at java.lang.reflect.Method.invoke(Native Method)
04-24 08:37:33.317 8572 8572 W System.err: at com.android.internal.os.RuntimeInit$MethodAndArgsCaller.run(RuntimeInit.java:635)
04-24 08:37:33.317 8572 8572 W System.err: at com.android.internal.os.ZygoteInit.main(ZygoteInit.java:947)
04-24 08:37:33.412 8572 8572 E CustomActivityOnCrash: IMPORTANT WARNING! You already have an UncaughtExceptionHandler, are you sure this is correct? If you use a custom UncaughtExceptionHandler, you must initialize it AFTER CustomActivityOnCrash! Installing anyway, but your original handler will not be called.
04-24 08:37:33.849 8572 8572 W com.mbwhatsapp: Accessing hidden method Lcom/android/org/conscrypt/OpenSSLSocketImpl;->setUseSessionTickets(Z)V (greylist- max-q,core-platform-api, reflection, denied)
04-24 08:37:33.849 8572 8572 W com.mbwhatsapp: Accessing hidden method Lcom/android/org/conscrypt/AbstractConscryptSocket;->setUseSessionTickets(Z)V (greylist-max-q, reflection, denied)
04-24 08:37:33.939 8572 8572 W com.mbwhatsapp: type=1400 audit(0.0:235664): avc: granted { execute } for path="/data/data/com.mbwhatsapp/files/decompressed/libs.spk.zst/libc++_shared.so" dev="dm-11" ino=598949 scontext=u:r:untrusted_app:s0:c49,c257,c512,c768 tcontext=u:object_r:app_data_file:s0:c49,c257,c512,c768 tclass=file app=com.mbwhatsapp
04-24 08:37:33.951 8572 8572 W com.mbwhatsapp: type=1400 audit(0.0:235665): avc: granted { execute } for path="/data/data/com.mbwhatsapp/files/decompressed/libs.spk.zst/libvlc.so" dev="dm- 11" ino=598942 scontext=u:r:untrusted_app:s0:c49,c257,c512,c768 tcontext=u:object_r:app_data_file:s0:c49,c257,c512,c768 tclass=file app=com.mbwhatsapp
04-24 08:37:33.967 8572 8572 W com.mbwhatsapp: type=1400 audit(0.0:235666): avc: granted { execute } for path="/data/data/com.mbwhatsapp/files/decompressed/libs.spk.zst/libwhatsapp.so" dev="dm-11" ino=599231 scontext=u:r:untrusted_app:s0:c49,c257,c512,c768 tcontext=u:object_r:app_data_file:s0:c49,c257,c512,c768 tclass=file app=com.mbwhatsapp
04-24 08:37:34.067 8572 8572 W com.mbwhatsapp: type=1400 audit(0.0:235667): avc: granted { execute } for path="/data/data/com.mbwhatsapp/files/decompressed/libs.spk.zst/libcurve25519.so" dev="dm-11" ino=599016 scontext=u:r:untrusted_app:s0:c49,c257,c512,c768 tcontext=u:object_r:app_data_file:s0:c49,c257,c512,c768 tclass=file app=com.mbwhatsapp
04-24 08:37:34.075 8572 8572 W com.mbwhatsapp: type=1400 audit(0.0:235668): avc: granted { execute } for path="/data/data/com.mbwhatsapp/files/decompressed/libs.spk.zst/libwhatsapp.so" dev="dm-11" ino=599231 scontext=u:r:untrusted_app:s0:c49,c257,c512,c768 tcontext=u:object_r:app_data_file:s0:c49,c257,c512,c768 tclass=file app=com.mbwhatsapp
04-24 08:37:34.075 8572 8572 W com.mbwhatsapp: type=1400 audit(0.0:235669): avc: granted { execute } for path="/data/data/com.mbwhatsapp/files/decompressed/libs.spk.zst/libwhatsapp.so" dev="dm-11" ino=599231 scontext=u:r:untrusted_app:s0:c49,c257,c512,c768 tcontext=u:object_r:app_data_file:s0:c49,c257,c512,c768 tclass=file app=com.mbwhatsapp
04-24 08:37:34.075 8572 8572 W com.mbwhatsapp: type=1400 audit(0.0:235670): avc: granted { execute } for path="/data/data/com.mbwhatsapp/files/decompressed/libs.spk.zst/libwhatsapp.so" dev="dm-11" ino=599231 scontext=u:r:untrusted_app:s0:c49,c257,c512,c768 tcontext=u:object_r:app_data_file:s0:c49,c257,c512,c768 tclass=file app=com.mbwhatsapp
04-24 08:37:34.270 8572 8572 W CheckTime: App running slow: Executing handleBindApplication : callApplicationOnCreate took 797ms
04-24 08:37:34.289 8572 15863 W com.mbwhatsapp: Class X.2rL failed lock verification and will run slower.
04-24 08:37:34.289 8572 15863 W com.mbwhatsapp: Common causes for lock verification issues are non-optimized dex code
04-24 08:37:34.289 8572 15863 W com.mbwhatsapp: and incorrect proguard optimizations.
04-24 08:37:34.311 8572 8572 W com.mbwhatsapp: Class X.0eU failed lock verification and will run slower. --------- beginning of system
04-24 08:37:34.650 15904 15904 W com.mbwhatsapp: Using default instruction set features for ARM CPU variant (generic) using conservative defaults
04-24 08:37:34.660 15904 15904 E com.mbwhatsapp: Not starting debugger since process cannot load the jdwp agent.
04-24 08:37:34.725 8572 8572 W com.mbwhatsapp: Class com.mbwhatsapp.HomeActivity failed lock verification and will run slower.
04-24 08:37:35.351 8572 8572 E ArmVmp : Match on catch block at 0x0a in for 0xb9
04-24 08:37:35.389 8572 8572 E ArmVmp : Match on catch block at 0x0a in for 0x121
04-24 08:37:35.621 8572 8572 W CheckTime: App running slow: Executing activity onCreate took 884ms
04-24 08:37:37.390 8572 8572 E OpenGLRenderer: ~SkiaDisplayList() ##### pid = 8572
04-24 08:37:37.689 8572 8572 E ArmVmp : Match on catch block at 0x0a in for 0xc9
04-24 08:37:38.005 8572 15965 W LOTTIE : Animation contains merge paths. Merge paths are only supported on KitKat+ and must be manually enabled by calling enableMergePathsForKitKatAndAbove().
04-24 08:37:38.350 8572 8572 W LOTTIE : Animation contains merge paths but they are disabled.
04-24 08:37:40.361 8572 15943 W com.mbwhatsapp: Accessing hidden method Lcom/android/org/conscrypt/ConscryptEngineSocket;->setUseSessionTickets(Z)V (greylist-max-q,core-platform-api, reflection, denied)
04-24 08:37:40.362 8572 15943 W com.mbwhatsapp: Accessing hidden method Lcom/android/org/conscrypt/OpenSSLSocketImpl;->setUseSessionTickets(Z)V (greylist- max-q,core-platform-api, reflection, denied)
04-24 08:37:40.362 8572 15943 W com.mbwhatsapp: Accessing hidden method Lcom/android/org/conscrypt/AbstractConscryptSocket;->setUseSessionTickets(Z)V (greylist-max-q, reflection, denied)
04-24 08:37:40.362 8572 15943 W com.mbwhatsapp: Accessing hidden method Lcom/android/org/conscrypt/ConscryptEngineSocket;->setHostname(Ljava/lang/String;)V (greylist-max-q,core-platform-api, reflection, denied)
04-24 08:37:40.363 8572 15943 W com.mbwhatsapp: Accessing hidden method Lcom/android/org/conscrypt/OpenSSLSocketImpl;->setHostname(Ljava/lang/String;)V (greylist-max-q,core-platform-api, reflection, denied)
04-24 08:37:40.363 8572 15943 W com.mbwhatsapp: Accessing hidden method Lcom/android/org/conscrypt/AbstractConscryptSocket;->setHostname(Ljava/lang/ String;)V (greylist-max-q, reflection, denied)
04-24 08:37:40.364 8572 15943 W com.mbwhatsapp: Accessing hidden method Lcom/android/org/conscrypt/OpenSSLSocketImpl;->setAlpnProtocols([B)V (greylist-max- q,core-platform-api, reflection, denied)
04-24 08:37:40.364 8572 15943 W com.mbwhatsapp: Accessing hidden method Lcom/android/org/conscrypt/AbstractConscryptSocket;->setAlpnProtocols([B)V (greylist-max-q, reflection, denied)
04-24 08:37:40.686 8572 8572 W BottomSheetBehavior: BottomSheetBehavior now supports multiple callbacks. `setBottomSheetCallback()` removes all existing callbacks, including ones set internally by library authors, which may result in unintended behavior. This may change in the future. Please use `addBottomSheetCallback()` and `removeBottomSheetCallback()` instead to set your own callbacks.
04-24 08:37:40.687 8572 8572 W BottomSheetBehavior: BottomSheetBehavior now supports multiple callbacks. `setBottomSheetCallback()` removes all existing callbacks, including ones set internally by library authors, which may result in unintended behavior. This may change in the future. Please use `addBottomSheetCallback()` and `removeBottomSheetCallback()` instead to set your own callbacks.
04-24 08:37:41.560 8572 8572 W BottomSheetBehavior: BottomSheetBehavior now supports multiple callbacks. `setBottomSheetCallback()` removes all existing callbacks, including ones set internally by library authors, which may result in unintended behavior. This may change in the future. Please use `addBottomSheetCallback()` and `removeBottomSheetCallback()` instead to set your own callbacks.
04-24 08:37:41.560 8572 8572 W BottomSheetBehavior: BottomSheetBehavior now supports multiple callbacks. `setBottomSheetCallback()` removes all existing callbacks, including ones set internally by library authors, which may result in unintended behavior. This may change in the future. Please use `addBottomSheetCallback()` and `removeBottomSheetCallback()` instead to set your own callbacks.
04-24 08:37:41.640 8572 15994 W AudioCapabilities: Unsupported mime audio/mpeg-L1
04-24 08:37:41.640 8572 15994 W AudioCapabilities: Unsupported mime audio/mpeg-L2
04-24 08:37:41.652 8572 15994 W VideoCapabilities: Unrecognized profile/level 32768/2 for video/mp4v-es
04-24 08:37:41.652 8572 15994 W VideoCapabilities: Unrecognized profile/level 32768/64 for video/mp4v-es
04-24 08:37:41.786 8572 15999 E ACodec : [OMX.sprd.h264.decoder] setPortMode on output to DynamicANWBuffer failed w/ err -2147483648
04-24 08:37:41.995 8572 16004 W Codec2Client: query -- param skipped: index = 1107298332.
04-24 08:37:41.995 8572 16004 W CCodec : This behavior is subject to change. It is recommended that app developers double check whether the requested max input size is in reasonable range.
04-24 08:37:42.003 8572 16004 W Codec2Client: query -- param skipped: index = 1342179345.
04-24 08:37:42.003 8572 16004 W Codec2Client: query -- param skipped: index = 2415921170.
04-24 08:37:42.003 8572 16004 W Codec2Client: query -- param skipped: index = 1610614798.
04-24 08:37:42.006 8572 16004 E FMQ : grantorIdx must be less than 3
04-24 08:37:42.006 8572 16004 E FMQ : grantorIdx must be less than 3
04-24 08:37:42.041 8572 16004 E ion : ioctl c0044901 failed with code -1: Inappropriate ioctl for device
04-24 08:37:42.045 8572 16004 E FMQ : grantorIdx must be less than 3
04-24 08:37:42.063 8572 16000 E FMQ : grantorIdx must be less than 3
04-24 08:37:42.256 8572 15994 W AudioTrack: getTimestamp_l(669): retrograde timestamp time corrected, 90421221693402 < 90421391571209 --------- beginning of main
04-24 09:58:50.046 28683 28683 W System.err: java.lang.ClassNotFoundException: mbmodsd.mbmodsw.ui.views.btn.BtnBK
04-24 09:58:50.046 28683 28683 W System.err: at java.lang.Runtime.nativeLoad(Native Method)
04-24 09:58:50.046 28683 28683 W System.err: at java.lang.Runtime.nativeLoad(Runtime.java:1131)
04-24 09:58:50.047 28683 28683 W System.err: at java.lang.Runtime.loadLibrary0(Runtime.java:1085)
04-24 09:58:50.047 28683 28683 W System.err: at java.lang.Runtime.loadLibrary0(Runtime.java:1008)
04-24 09:58:50.047 28683 28683 W System.err: at java.lang.System.loadLibrary(System.java:1664)
04-24 09:58:50.047 28683 28683 W System.err: at arm.EpicVm.<clinit>(Unknown Source:2)
04-24 09:58:50.047 28683 28683 W System.err: at java.lang.Class.newInstance(Native Method)
04-24 09:58:50.047 28683 28683 W System.err: at android.app.AppComponentFactory.instantiateApplication(AppComponentFactory.java:76)
04-24 09:58:50.047 28683 28683 W System.err: at androidx.core.app.CoreComponentFactory.instantiateApplication(Unknown Source:0)
04-24 09:58:50.047 28683 28683 W System.err: at android.app.Instrumentation.newApplication(Instrumentation.java:1158)
04-24 09:58:50.047 28683 28683 W System.err: at android.app.LoadedApk.makeApplication(LoadedApk.java:1268)
04-24 09:58:50.047 28683 28683 W System.err: at android.app.ActivityThread.handleBindApplication(ActivityThread.java:6927)
04-24 09:58:50.047 28683 28683 W System.err: at android.app.ActivityThread.access$1300(ActivityThread.java:262)
04-24 09:58:50.047 28683 28683 W System.err: at android.app.ActivityThread$H.handleMessage(ActivityThread.java:1977)
04-24 09:58:50.047 28683 28683 W System.err: at android.os.Handler.dispatchMessage(Handler.java:106)
04-24 09:58:50.047 28683 28683 W System.err: at android.os.Looper.loop(Looper.java:223)
04-24 09:58:50.047 28683 28683 W System.err: at android.app.ActivityThread.main(ActivityThread.java:8001)
04-24 09:58:50.047 28683 28683 W System.err: at java.lang.reflect.Method.invoke(Native Method)
04-24 09:58:50.047 28683 28683 W System.err: at com.android.internal.os.RuntimeInit$MethodAndArgsCaller.run(RuntimeInit.java:635)
04-24 09:58:50.047 28683 28683 W System.err: at com.android.internal.os.ZygoteInit.main(ZygoteInit.java:947)
04-24 09:58:50.201 28683 28683 W CheckTime: App running slow: Executing handleBindApplication : makeApplication took 348ms
04-24 09:58:50.206 28683 28683 E CustomActivityOnCrash: IMPORTANT WARNING! You already have an UncaughtExceptionHandler, are you sure this is correct? If you use a custom UncaughtExceptionHandler, you must initialize it AFTER CustomActivityOnCrash! Installing anyway, but your original handler will not be called.
04-24 09:58:50.781 28683 28697 W com.mbwhatsapp: Reducing the number of considered missed Gc histogram windows from 273 to 100
04-24 09:58:50.785 28683 28683 W com.mbwhatsapp: Accessing hidden method Lcom/android/org/conscrypt/OpenSSLSocketImpl;->setUseSessionTickets(Z)V (greylist- max-q,core-platform-api, reflection, denied)
04-24 09:58:50.786 28683 28683 W com.mbwhatsapp: Accessing hidden method Lcom/android/org/conscrypt/AbstractConscryptSocket;->setUseSessionTickets(Z)V (greylist-max-q, reflection, denied)
04-24 09:58:50.883 28683 28683 W com.mbwhatsapp: type=1400 audit(0.0:251866): avc: granted { execute } for path="/data/data/com.mbwhatsapp/files/decompressed/libs.spk.zst/libc++_shared.so" dev="dm-11" ino=598949 scontext=u:r:untrusted_app:s0:c49,c257,c512,c768 tcontext=u:object_r:app_data_file:s0:c49,c257,c512,c768 tclass=file app=com.mbwhatsapp
04-24 09:58:50.895 28683 28683 W com.mbwhatsapp: type=1400 audit(0.0:251867): avc: granted { execute } for path="/data/data/com.mbwhatsapp/files/decompressed/libs.spk.zst/libvlc.so" dev="dm- 11" ino=598942 scontext=u:r:untrusted_app:s0:c49,c257,c512,c768 tcontext=u:object_r:app_data_file:s0:c49,c257,c512,c768 tclass=file app=com.mbwhatsapp
04-24 09:58:50.907 28683 28683 W com.mbwhatsapp: type=1400 audit(0.0:251868): avc: granted { execute } for path="/data/data/com.mbwhatsapp/files/decompressed/libs.spk.zst/libwhatsapp.so" dev="dm-11" ino=599231 scontext=u:r:untrusted_app:s0:c49,c257,c512,c768 tcontext=u:object_r:app_data_file:s0:c49,c257,c512,c768 tclass=file app=com.mbwhatsapp
04-24 09:58:51.011 28683 28683 W com.mbwhatsapp: type=1400 audit(0.0:251869): avc: granted { execute } for path="/data/data/com.mbwhatsapp/files/decompressed/libs.spk.zst/libcurve25519.so" dev="dm-11" ino=599016 scontext=u:r:untrusted_app:s0:c49,c257,c512,c768 tcontext=u:object_r:app_data_file:s0:c49,c257,c512,c768 tclass=file app=com.mbwhatsapp
04-24 09:58:51.035 28683 28683 W com.mbwhatsapp: type=1400 audit(0.0:251870): avc: granted { execute } for path="/data/data/com.mbwhatsapp/files/decompressed/libs.spk.zst/libwhatsapp.so" dev="dm-11" ino=599231 scontext=u:r:untrusted_app:s0:c49,c257,c512,c768 tcontext=u:object_r:app_data_file:s0:c49,c257,c512,c768 tclass=file app=com.mbwhatsapp
04-24 09:58:51.243 28683 28683 W CheckTime: App running slow: Executing handleBindApplication : callApplicationOnCreate took 953ms
04-24 09:58:51.255 28683 29956 W com.mbwhatsapp: Class X.2rL failed lock verification and will run slower.
04-24 09:58:51.255 28683 29956 W com.mbwhatsapp: Common causes for lock verification issues are non-optimized dex code
04-24 09:58:51.255 28683 29956 W com.mbwhatsapp: and incorrect proguard optimizations.
04-24 09:58:51.288 28683 28683 W com.mbwhatsapp: Class X.0eU failed lock verification and will run slower. --------- beginning of system
04-24 09:58:51.567 29964 29964 W com.mbwhatsapp: Using default instruction set features for ARM CPU variant (generic) using conservative defaults
04-24 09:58:51.575 29964 29964 E com.mbwhatsapp: Not starting debugger since process cannot load the jdwp agent.
04-24 09:58:51.647 28683 28683 W com.mbwhatsapp: Class com.mbwhatsapp.HomeActivity failed lock verification and will run slower.
04-24 09:58:52.246 28683 28683 E ArmVmp : Match on catch block at 0x0a in for 0xb9
04-24 09:58:52.282 28683 28683 E ArmVmp : Match on catch block at 0x0a in for 0x125
04-24 09:58:52.341 28683 29991 E ArmVmp : No matching catch block at 0x07
04-24 09:58:52.341 28683 29991 E ArmVmp : Match on catch block at 0x02 in for 0x25
04-24 09:58:52.342 28683 29991 W System.err: java.net.UnknownHostException: Unable to resolve host "pastebin.com": No address associated with hostname
04-24 09:58:52.342 28683 29991 W System.err:
04-24 09:58:52.343 28683 29991 W System.err: at java.net.Inet6AddressImpl.lookupHostByName(Inet6AddressImpl.java:156)
04-24 09:58:52.343 28683 29991 W System.err:
04-24 09:58:52.343 28683 29991 W System.err: at java.net.Inet6AddressImpl.lookupAllHostAddr(Inet6AddressImpl.java:103)
04-24 09:58:52.343 28683 29991 W System.err:
04-24 09:58:52.344 28683 29991 W System.err: at java.net.InetAddress.getAllByName(InetAddress.java:1152)
04-24 09:58:52.344 28683 29991 W System.err:
04-24 09:58:52.344 28683 29991 W System.err: at com.android.okhttp.Dns$1.lookup(Dns.java:41)
04-24 09:58:52.344 28683 29991 W System.err:
04-24 09:58:52.344 28683 29991 W System.err: at com.android.okhttp.internal.http.RouteSelector.resetNextInetSocketAddress(RouteSele ctor.java:178)
04-24 09:58:52.345 28683 29991 W System.err:
04-24 09:58:52.345 28683 29991 W System.err: at com.android.okhttp.internal.http.RouteSelector.nextProxy(RouteSelector.java:144)
04-24 09:58:52.345 28683 29991 W System.err:
04-24 09:58:52.345 28683 29991 W System.err: at com.android.okhttp.internal.http.RouteSelector.next(RouteSelector.java:86)
04-24 09:58:52.345 28683 29991 W System.err:
04-24 09:58:52.345 28683 29991 W System.err: at com.android.okhttp.internal.http.StreamAllocation.findConnection(StreamAllocation.j ava:176)
04-24 09:58:52.346 28683 29991 W System.err:
04-24 09:58:52.346 28683 29991 W System.err: at com.android.okhttp.internal.http.StreamAllocation.findHealthyConnection(StreamAlloc ation.java:128)
04-24 09:58:52.346 28683 29991 W System.err:
04-24 09:58:52.346 28683 29991 W System.err: at com.android.okhttp.internal.http.StreamAllocation.newStream(StreamAllocation.java:9 7)
04-24 09:58:52.346 28683 29991 W System.err:
04-24 09:58:52.346 28683 29991 W System.err: at com.android.okhttp.internal.http.HttpEngine.connect(HttpEngine.java:289)
04-24 09:58:52.346 28683 29991 W System.err:
04-24 09:58:52.347 28683 29991 W System.err: at com.android.okhttp.internal.http.HttpEngine.sendRequest(HttpEngine.java:232)
04-24 09:58:52.347 28683 29991 W System.err:
04-24 09:58:52.347 28683 29991 W System.err: at com.android.okhttp.internal.huc.HttpURLConnectionImpl.execute(HttpURLConnectionImpl .java:465)
04-24 09:58:52.347 28683 29991 W System.err:
04-24 09:58:52.347 28683 29991 W System.err: at com.android.okhttp.internal.huc.HttpURLConnectionImpl.getResponse(HttpURLConnection Impl.java:411)
04-24 09:58:52.347 28683 29991 W System.err:
04-24 09:58:52.348 28683 29991 W System.err: at com.android.okhttp.internal.huc.HttpURLConnectionImpl.getInputStream(HttpURLConnect ionImpl.java:248)
04-24 09:58:52.348 28683 29991 W System.err:
04-24 09:58:52.348 28683 29991 W System.err: at com.android.okhttp.internal.huc.DelegatingHttpsURLConnection.getInputStream(Delegat ingHttpsURLConnection.java:211)
04-24 09:58:52.348 28683 29991 W System.err:
04-24 09:58:52.348 28683 29991 W System.err: at com.android.okhttp.internal.huc.HttpsURLConnectionImpl.getInputStream(HttpsURLConne ctionImpl.java:30)
04-24 09:58:52.348 28683 29991 W System.err:
04-24 09:58:52.349 28683 29991 W System.err: at java.net.URL.openStream(URL.java:1072)
04-24 09:58:52.349 28683 29991 W System.err:
04-24 09:58:52.349 28683 29991 W System.err: at mbmodsd.mbmodsw.mbdialog.MBDialogMan.loadJsonFromUrl(Native Method)
04-24 09:58:52.349 28683 29991 W System.err:
04-24 09:58:52.350 28683 29991 W System.err: at mbmodsd.mbmodsw.mbdialog.MBDialogMan.access$000(Native Method)
04-24 09:58:52.350 28683 29991 W System.err:
04-24 09:58:52.350 28683 29991 W System.err: at mbmodsd.mbmodsw.mbdialog.MBDialogMan$FetchJsonTask.doInBackground(Native Method)
04-24 09:58:52.350 28683 29991 W System.err:
04-24 09:58:52.351 28683 29991 W System.err: at mbmodsd.mbmodsw.mbdialog.MBDialogMan$FetchJsonTask.doInBackground(Native Method)
04-24 09:58:52.351 28683 29991 W System.err:
04-24 09:58:52.351 28683 29991 W System.err: at android.os.AsyncTask$3.call(AsyncTask.java:394)
04-24 09:58:52.351 28683 29991 W System.err:
04-24 09:58:52.351 28683 29991 W System.err: at java.util.concurrent.FutureTask.run(FutureTask.java:266)
04-24 09:58:52.351 28683 29991 W System.err:
04-24 09:58:52.351 28683 29991 W System.err: at android.os.AsyncTask$SerialExecutor$1.run(AsyncTask.java:305)
04-24 09:58:52.351 28683 29991 W System.err:
04-24 09:58:52.352 28683 29991 W System.err: at java.util.concurrent.ThreadPoolExecutor.runWorker(ThreadPoolExecutor.java:1167)
04-24 09:58:52.352 28683 29991 W System.err:
04-24 09:58:52.352 28683 29991 W System.err: at java.util.concurrent.ThreadPoolExecutor$Worker.run(ThreadPoolExecutor.java:641)
04-24 09:58:52.352 28683 29991 W System.err:
04-24 09:58:52.352 28683 29991 W System.err: at java.lang.Thread.run(Thread.java:923)
04-24 09:58:52.352 28683 29991 W System.err:
04-24 09:58:52.353 28683 29991 W System.err: Caused by: android.system.GaiException: android_getaddrinfo failed: EAI_NODATA (No address associated with hostname)
04-24 09:58:52.353 28683 29991 W System.err:
04-24 09:58:52.354 28683 29991 W System.err: at libcore.io.Linux.android_getaddrinfo(Native Method)
04-24 09:58:52.354 28683 29991 W System.err:
04-24 09:58:52.354 28683 29991 W System.err: at libcore.io.ForwardingOs.android_getaddrinfo(ForwardingOs.java:73)
04-24 09:58:52.354 28683 29991 W System.err:
04-24 09:58:52.354 28683 29991 W System.err: at libcore.io.BlockGuardOs.android_getaddrinfo(BlockGuardOs.java:202)
04-24 09:58:52.354 28683 29991 W System.err:
04-24 09:58:52.354 28683 29991 W System.err: at libcore.io.ForwardingOs.android_getaddrinfo(ForwardingOs.java:73)
04-24 09:58:52.355 28683 29991 W System.err:
04-24 09:58:52.355 28683 29991 W System.err: at java.net.Inet6AddressImpl.lookupHostByName(Inet6AddressImpl.java:135)
04-24 09:58:52.355 28683 29991 W System.err:
04-24 09:58:52.355 28683 29991 W System.err: ... 27 more
04-24 09:58:52.355 28683 29991 W System.err:
04-24 09:58:52.485 28683 28683 W CheckTime: App running slow: Executing activity onCreate took 827ms
04-24 09:58:55.635 28683 28683 E OpenGLRenderer: ~SkiaDisplayList() ##### pid = 28683
04-24 09:58:56.662 28683 28683 E ArmVmp : Match on catch block at 0x0a in for 0xc9
04-24 09:58:57.650 28683 30595 W LOTTIE : Animation contains merge paths. Merge paths are only supported on KitKat+ and must be manually enabled by calling enableMergePathsForKitKatAndAbove().
04-24 09:58:58.700 28683 28683 W LOTTIE : Animation contains merge paths but they are disabled. --------- beginning of main
04-24 10:24:23.106 29964 29964 W System.err: java.lang.ClassNotFoundException: mbmodsd.mbmodsw.ui.views.btn.BtnBK
04-24 10:24:23.108 29964 29964 W System.err: at java.lang.Runtime.nativeLoad(Native Method)
04-24 10:24:23.108 29964 29964 W System.err: at java.lang.Runtime.nativeLoad(Runtime.java:1131)
04-24 10:24:23.108 29964 29964 W System.err: at java.lang.Runtime.loadLibrary0(Runtime.java:1085)
04-24 10:24:23.108 29964 29964 W System.err: at java.lang.Runtime.loadLibrary0(Runtime.java:1008)
04-24 10:24:23.108 29964 29964 W System.err: at java.lang.System.loadLibrary(System.java:1664)
04-24 10:24:23.108 29964 29964 W System.err: at arm.EpicVm.<clinit>(Unknown Source:2)
04-24 10:24:23.108 29964 29964 W System.err: at java.lang.Class.newInstance(Native Method)
04-24 10:24:23.108 29964 29964 W System.err: at android.app.AppComponentFactory.instantiateApplication(AppComponentFactory.java:76)
04-24 10:24:23.108 29964 29964 W System.err: at androidx.core.app.CoreComponentFactory.instantiateApplication(Unknown Source:0)
04-24 10:24:23.108 29964 29964 W System.err: at android.app.Instrumentation.newApplication(Instrumentation.java:1158)
04-24 10:24:23.108 29964 29964 W System.err: at android.app.LoadedApk.makeApplication(LoadedApk.java:1268)
04-24 10:24:23.108 29964 29964 W System.err: at android.app.ActivityThread.handleBindApplication(ActivityThread.java:6927)
04-24 10:24:23.108 29964 29964 W System.err: at android.app.ActivityThread.access$1300(ActivityThread.java:262)
04-24 10:24:23.108 29964 29964 W System.err: at android.app.ActivityThread$H.handleMessage(ActivityThread.java:1977)
04-24 10:24:23.108 29964 29964 W System.err: at android.os.Handler.dispatchMessage(Handler.java:106)
04-24 10:24:23.109 29964 29964 W System.err: at android.os.Looper.loop(Looper.java:223)
04-24 10:24:23.109 29964 29964 W System.err: at android.app.ActivityThread.main(ActivityThread.java:8001)
04-24 10:24:23.109 29964 29964 W System.err: at java.lang.reflect.Method.invoke(Native Method)
04-24 10:24:23.109 29964 29964 W System.err: at com.android.internal.os.RuntimeInit$MethodAndArgsCaller.run(RuntimeInit.java:635)
04-24 10:24:23.109 29964 29964 W System.err: at com.android.internal.os.ZygoteInit.main(ZygoteInit.java:947)
04-24 10:24:23.257 29964 29964 W CheckTime: App running slow: Executing handleBindApplication : makeApplication took 511ms
04-24 10:24:23.262 29964 29964 E CustomActivityOnCrash: IMPORTANT WARNING! You already have an UncaughtExceptionHandler, are you sure this is correct? If you use a custom UncaughtExceptionHandler, you must initialize it AFTER CustomActivityOnCrash! Installing anyway, but your original handler will not be called.
04-24 10:24:25.063 29964 29978 W com.mbwhatsapp: Reducing the number of considered missed Gc histogram windows from 153 to 100
04-24 10:24:25.307 29964 29964 W com.mbwhatsapp: Accessing hidden method Lcom/android/org/conscrypt/OpenSSLSocketImpl;->setUseSessionTickets(Z)V (greylist- max-q,core-platform-api, reflection, denied)
04-24 10:24:25.307 29964 29964 W com.mbwhatsapp: Accessing hidden method Lcom/android/org/conscrypt/AbstractConscryptSocket;->setUseSessionTickets(Z)V (greylist-max-q, reflection, denied)
04-24 10:24:25.691 29964 29964 W com.mbwhatsapp: Verification of void X.3gG.run() took 271.472ms (8796.46 bytecodes/s) (45536B approximate peak alloc)
04-24 10:24:26.179 29964 29964 W com.mbwhatsapp: type=1400 audit(0.0:255827): avc: granted { execute } for path="/data/data/com.mbwhatsapp/files/decompressed/libs.spk.zst/libc++_shared.so" dev="dm-11" ino=598949 scontext=u:r:untrusted_app:s0:c49,c257,c512,c768 tcontext=u:object_r:app_data_file:s0:c49,c257,c512,c768 tclass=file app=com.mbwhatsapp
04-24 10:24:26.195 29964 29964 W com.mbwhatsapp: type=1400 audit(0.0:255828): avc: granted { execute } for path="/data/data/com.mbwhatsapp/files/decompressed/libs.spk.zst/libvlc.so" dev="dm- 11" ino=598942 scontext=u:r:untrusted_app:s0:c49,c257,c512,c768 tcontext=u:object_r:app_data_file:s0:c49,c257,c512,c768 tclass=file app=com.mbwhatsapp
04-24 10:24:26.215 29964 29964 W com.mbwhatsapp: type=1400 audit(0.0:255829): avc: granted { execute } for path="/data/data/com.mbwhatsapp/files/decompressed/libs.spk.zst/libwhatsapp.so" dev="dm-11" ino=599231 scontext=u:r:untrusted_app:s0:c49,c257,c512,c768 tcontext=u:object_r:app_data_file:s0:c49,c257,c512,c768 tclass=file app=com.mbwhatsapp
04-24 10:24:26.347 29964 29964 W com.mbwhatsapp: type=1400 audit(0.0:255830): avc: granted { execute } for path="/data/data/com.mbwhatsapp/files/decompressed/libs.spk.zst/libcurve25519.so" dev="dm-11" ino=599016 scontext=u:r:untrusted_app:s0:c49,c257,c512,c768 tcontext=u:object_r:app_data_file:s0:c49,c257,c512,c768 tclass=file app=com.mbwhatsapp
04-24 10:24:26.359 29964 29964 W com.mbwhatsapp: type=1400 audit(0.0:255831): avc: granted { execute } for path="/data/data/com.mbwhatsapp/files/decompressed/libs.spk.zst/libwhatsapp.so" dev="dm-11" ino=599231 scontext=u:r:untrusted_app:s0:c49,c257,c512,c768 tcontext=u:object_r:app_data_file:s0:c49,c257,c512,c768 tclass=file app=com.mbwhatsapp
04-24 10:24:26.359 29964 29964 W com.mbwhatsapp: type=1400 audit(0.0:255832): avc: granted { execute } for path="/data/data/com.mbwhatsapp/files/decompressed/libs.spk.zst/libwhatsapp.so" dev="dm-11" ino=599231 scontext=u:r:untrusted_app:s0:c49,c257,c512,c768 tcontext=u:object_r:app_data_file:s0:c49,c257,c512,c768 tclass=file app=com.mbwhatsapp
04-24 10:24:26.652 29964 29964 W CheckTime: App running slow: Executing handleBindApplication : callApplicationOnCreate took 3277ms
04-24 10:24:26.732 29964 29964 W com.mbwhatsapp: Class X.0eU failed lock verification and will run slower.
04-24 10:24:26.732 29964 29964 W com.mbwhatsapp: Common causes for lock verification issues are non-optimized dex code
04-24 10:24:26.732 29964 29964 W com.mbwhatsapp: and incorrect proguard optimizations.
04-24 10:24:26.756 29964 2050 W com.mbwhatsapp: Class X.2rL failed lock verification and will run slower. --------- beginning of system
04-24 10:24:27.145 2060 2060 W com.mbwhatsapp: Using default instruction set features for ARM CPU variant (generic) using conservative defaults
04-24 10:24:27.153 2060 2060 E com.mbwhatsapp: Not starting debugger since process cannot load the jdwp agent.
04-24 10:24:27.221 29964 29964 W com.mbwhatsapp: Class com.mbwhatsapp.HomeActivity failed lock verification and will run slower.
04-24 10:24:27.903 29964 29964 E ArmVmp : Match on catch block at 0x0a in for 0xb1
04-24 10:24:27.957 29964 29964 E ArmVmp : Match on catch block at 0x0a in for 0x125
04-24 10:24:28.023 29964 2092 E ArmVmp : No matching catch block at 0x07
04-24 10:24:28.023 29964 2092 E ArmVmp : Match on catch block at 0x02 in for 0x25
04-24 10:24:28.024 29964 2092 W System.err: java.net.UnknownHostException: Unable to resolve host "pastebin.com": No address associated with hostname
04-24 10:24:28.024 29964 2092 W System.err:
04-24 10:24:28.035 29964 2092 W System.err: at java.net.Inet6AddressImpl.lookupHostByName(Inet6AddressImpl.java:156)
04-24 10:24:28.035 29964 2092 W System.err:
04-24 10:24:28.036 29964 2092 W System.err: at java.net.Inet6AddressImpl.lookupAllHostAddr(Inet6AddressImpl.java:103)
04-24 10:24:28.036 29964 2092 W System.err:
04-24 10:24:28.036 29964 2092 W System.err: at java.net.InetAddress.getAllByName(InetAddress.java:1152)
04-24 10:24:28.036 29964 2092 W System.err:
04-24 10:24:28.037 29964 2092 W System.err: at com.android.okhttp.Dns$1.lookup(Dns.java:41)
04-24 10:24:28.037 29964 2092 W System.err:
04-24 10:24:28.038 29964 2092 W System.err: at com.android.okhttp.internal.http.RouteSelector.resetNextInetSocketAddress(RouteSele ctor.java:178)
04-24 10:24:28.038 29964 2092 W System.err:
04-24 10:24:28.038 29964 2092 W System.err: at com.android.okhttp.internal.http.RouteSelector.nextProxy(RouteSelector.java:144)
04-24 10:24:28.038 29964 2092 W System.err:
04-24 10:24:28.038 29964 2092 W System.err: at com.android.okhttp.internal.http.RouteSelector.next(RouteSelector.java:86)
04-24 10:24:28.038 29964 2092 W System.err:
04-24 10:24:28.039 29964 2092 W System.err: at com.android.okhttp.internal.http.StreamAllocation.findConnection(StreamAllocation.j ava:176)
04-24 10:24:28.039 29964 2092 W System.err:
04-24 10:24:28.039 29964 2092 W System.err: at com.android.okhttp.internal.http.StreamAllocation.findHealthyConnection(StreamAlloc ation.java:128)
04-24 10:24:28.039 29964 2092 W System.err:
04-24 10:24:28.039 29964 2092 W System.err: at com.android.okhttp.internal.http.StreamAllocation.newStream(StreamAllocation.java:9 7)
04-24 10:24:28.040 29964 2092 W System.err:
04-24 10:24:28.040 29964 2092 W System.err: at com.android.okhttp.internal.http.HttpEngine.connect(HttpEngine.java:289)
04-24 10:24:28.040 29964 2092 W System.err:
04-24 10:24:28.040 29964 2092 W System.err: at com.android.okhttp.internal.http.HttpEngine.sendRequest(HttpEngine.java:232)
04-24 10:24:28.040 29964 2092 W System.err:
04-24 10:24:28.041 29964 2092 W System.err: at com.android.okhttp.internal.huc.HttpURLConnectionImpl.execute(HttpURLConnectionImpl .java:465)
04-24 10:24:28.041 29964 2092 W System.err:
04-24 10:24:28.041 29964 2092 W System.err: at com.android.okhttp.internal.huc.HttpURLConnectionImpl.getResponse(HttpURLConnection Impl.java:411)
04-24 10:24:28.042 29964 2092 W System.err:
04-24 10:24:28.042 29964 2092 W System.err: at com.android.okhttp.internal.huc.HttpURLConnectionImpl.getInputStream(HttpURLConnect ionImpl.java:248)
04-24 10:24:28.042 29964 2092 W System.err:
04-24 10:24:28.042 29964 2092 W System.err: at com.android.okhttp.internal.huc.DelegatingHttpsURLConnection.getInputStream(Delegat ingHttpsURLConnection.java:211)
04-24 10:24:28.042 29964 2092 W System.err:
04-24 10:24:28.043 29964 2092 W System.err: at com.android.okhttp.internal.huc.HttpsURLConnectionImpl.getInputStream(HttpsURLConne ctionImpl.java:30)
04-24 10:24:28.043 29964 2092 W System.err:
04-24 10:24:28.043 29964 2092 W System.err: at java.net.URL.openStream(URL.java:1072)
