04-24 18:01:34.730 2656 2841 E SQLiteDatabase: at X.2tm.A08(Unknown Source:6)
04-24 18:01:34.730 2656 2841 E SQLiteDatabase: at X.35Y.A07(Unknown Source:212)
04-24 18:01:34.730 2656 2841 E SQLiteDatabase: at X.3QF.A14(Unknown Source:470)
04-24 18:01:34.730 2656 2841 E SQLiteDatabase: at X.3gU.run(Unknown Source:982)
04-24 18:01:34.730 2656 2841 E SQLiteDatabase: at android.os.Handler.handleCallback(Handler.java:938)
04-24 18:01:34.730 2656 2841 E SQLiteDatabase: at android.os.Handler.dispatchMessage(Handler.java:99)
04-24 18:01:34.730 2656 2841 E SQLiteDatabase: at X.0zq.dispatchMessage(Unknown Source:4)
04-24 18:01:34.730 2656 2841 E SQLiteDatabase: at android.os.Looper.loop(Looper.java:223)
04-24 18:01:34.730 2656 2841 E SQLiteDatabase: at android.os.HandlerThread.run(HandlerThread.java:67)
04-24 18:01:35.859 2656 2841 E SQLiteDatabase: Error inserting transferred=1 media_job_uuid=fcafd713-a842-4686-afeb-8984982c2806 transcoded=0 gif_attribution=0 first_scan_length=6888 direct_path=/v/t62.7118- 24/23481119_690945649735812_1393850801888476397_n.enc?ccb=11- 4&oh=01_Q5AaIJLgm6BhXM72KA5PdggybAzMZH4bKa1ymW5VqPzmx-Uz&oe=66509113&_nc_sid=5e03e0 thumbnail_height_width_ratio=1.3333334 is_animated_sticker=0 file_hash=9FJvIsuJcHFMZaVXCtxwh393l+cIeTxFRIGEmdD9oo4= file_path=Media/.Statuses/7b5400719964409a83017f63077519cb.jpg file_size=68677 partial_media_hash=OmqoiKbeVBUy1dVx95IF8oGKeIfGPWESBlW0iWA+aXU= face_x=0 face_y=0 height=1024 trim_to=0 media_key_timestamp=1713973233000 message_url=https://mmg.whatsapp.net/v/t62.7118- 24/23481119_690945649735812_1393850801888476397_n.enc?ccb=11- 4&oh=01_Q5AaIJLgm6BhXM72KA5PdggybAzMZH4bKa1ymW5VqPzmx- Uz&oe=66509113&_nc_sid=5e03e0&mms3=true media_caption=null trim_from=0 mime_type=image/jpeg partial_media_enc_hash=null width=768 original_file_hash=null has_streaming_sidecar=1 autotransfer_retry_enabled=1 media_upload_handle=null message_row_id=5631 multicast_id=null enc_file_hash=2QzBXUdn33dIErTd/cGI3+SCO+7UbaGUqzOvOVXj/zU= mute_video=0 page_count=0 first_scan_sidecar=[B@d05777a suspicious_content=0 file_length=68677 media_name=null media_duration=0 chat_row_id=4 media_key=[B@8173b2b
04-24 18:01:35.859 2656 2841 E SQLiteDatabase: android.database.sqlite.SQLiteConstraintException: UNIQUE constraint failed: message_media.message_row_id (code 1555 SQLITE_CONSTRAINT_PRIMARYKEY)
04-24 18:01:35.859 2656 2841 E SQLiteDatabase: at android.database.sqlite.SQLiteConnection.nativeExecuteForLastInsertedRowId(Native Method)
04-24 18:01:35.859 2656 2841 E SQLiteDatabase: at android.database.sqlite.SQLiteConnection.executeForLastInsertedRowId(SQLiteConnecti on.java:938)
04-24 18:01:35.859 2656 2841 E SQLiteDatabase: at android.database.sqlite.SQLiteSession.executeForLastInsertedRowId(SQLiteSession.jav a:790)
04-24 18:01:35.859 2656 2841 E SQLiteDatabase: at android.database.sqlite.SQLiteStatement.executeInsert(SQLiteStatement.java:88)
04-24 18:01:35.859 2656 2841 E SQLiteDatabase: at android.database.sqlite.SQLiteDatabase.insertWithOnConflict(SQLiteDatabase.java:170 1)
04-24 18:01:35.859 2656 2841 E SQLiteDatabase: at android.database.sqlite.SQLiteDatabase.insert(SQLiteDatabase.java:1570)
04-24 18:01:35.859 2656 2841 E SQLiteDatabase: at X.2tm.A08(Unknown Source:6)
04-24 18:01:35.859 2656 2841 E SQLiteDatabase: at X.35Y.A07(Unknown Source:212)
04-24 18:01:35.859 2656 2841 E SQLiteDatabase: at X.3QF.A14(Unknown Source:470)
04-24 18:01:35.859 2656 2841 E SQLiteDatabase: at X.3gU.run(Unknown Source:982)
04-24 18:01:35.859 2656 2841 E SQLiteDatabase: at android.os.Handler.handleCallback(Handler.java:938)
04-24 18:01:35.859 2656 2841 E SQLiteDatabase: at android.os.Handler.dispatchMessage(Handler.java:99)
04-24 18:01:35.859 2656 2841 E SQLiteDatabase: at X.0zq.dispatchMessage(Unknown Source:4)
04-24 18:01:35.859 2656 2841 E SQLiteDatabase: at android.os.Looper.loop(Looper.java:223)
04-24 18:01:35.859 2656 2841 E SQLiteDatabase: at android.os.HandlerThread.run(HandlerThread.java:67)
04-24 18:01:37.056 2656 2841 E SQLiteDatabase: Error inserting transferred=0 media_job_uuid=afdfbdbf-5452-4fe2-a39c-c30b405daf88 transcoded=0 gif_attribution=0 first_scan_length=8687 direct_path=/o1/v/t62.7118-24/f1/m234/up-oil-image-76f0242b- 224a-4788-a6a5-1bf9925a50d1?ccb=9-4&oh=01_Q5AaIOlINfWag-cmA1nDFFHMZJxtdsEZKJ4- xjdalS0XpeoP&oe=66510ACC&_nc_sid=000000 thumbnail_height_width_ratio=1.3541666 is_animated_sticker=0 file_hash=PpccbyP2TIRz9ky/N+3HNnv1J2vKVFMcqM3S3c1BzKM= file_path=null file_size=0 partial_media_hash=uE6BfgOFohilGXZNdtNX8NQrewRXBLg4pk6MzCOOZVc= face_x=0 face_y=0 height=1040 trim_to=0 media_key_timestamp=1713995990000 message_url=https://mmg.whatsapp.net/o1/v/t62.7118-24/f1/m234/up-oil-image- 76f0242b-224a-4788-a6a5-1bf9925a50d1?ccb=9-4&oh=01_Q5AaIOlINfWag- cmA1nDFFHMZJxtdsEZKJ4-xjdalS0XpeoP&oe=66510ACC&_nc_sid=000000&mms3=true media_caption=null trim_from=0 mime_type=image/jpeg partial_media_enc_hash=null width=780 original_file_hash=null has_streaming_sidecar=1 autotransfer_retry_enabled=0 media_upload_handle=null message_row_id=5912 multicast_id=null enc_file_hash=IeNiGweIzVvyCEqieC93nyG58UmP4rvG91cS7dQ3qcE= mute_video=0 page_count=0 first_scan_sidecar=[B@a195fda suspicious_content=0 file_length=76882 media_name=null media_duration=0 chat_row_id=4 media_key=[B@49e6c0b
04-24 18:01:37.056 2656 2841 E SQLiteDatabase: android.database.sqlite.SQLiteConstraintException: UNIQUE constraint failed: message_media.message_row_id (code 1555 SQLITE_CONSTRAINT_PRIMARYKEY)
04-24 18:01:37.056 2656 2841 E SQLiteDatabase: at android.database.sqlite.SQLiteConnection.nativeExecuteForLastInsertedRowId(Native Method)
04-24 18:01:37.056 2656 2841 E SQLiteDatabase: at android.database.sqlite.SQLiteConnection.executeForLastInsertedRowId(SQLiteConnecti on.java:938)
04-24 18:01:37.056 2656 2841 E SQLiteDatabase: at android.database.sqlite.SQLiteSession.executeForLastInsertedRowId(SQLiteSession.jav a:790)
04-24 18:01:37.056 2656 2841 E SQLiteDatabase: at android.database.sqlite.SQLiteStatement.executeInsert(SQLiteStatement.java:88)
04-24 18:01:37.056 2656 2841 E SQLiteDatabase: at android.database.sqlite.SQLiteDatabase.insertWithOnConflict(SQLiteDatabase.java:170 1)
04-24 18:01:37.056 2656 2841 E SQLiteDatabase: at android.database.sqlite.SQLiteDatabase.insert(SQLiteDatabase.java:1570)
04-24 18:01:37.056 2656 2841 E SQLiteDatabase: at X.2tm.A08(Unknown Source:6)
04-24 18:01:37.056 2656 2841 E SQLiteDatabase: at X.35Y.A07(Unknown Source:212)
04-24 18:01:37.056 2656 2841 E SQLiteDatabase: at X.3QF.A14(Unknown Source:470)
04-24 18:01:37.056 2656 2841 E SQLiteDatabase: at X.3gU.run(Unknown Source:982)
04-24 18:01:37.056 2656 2841 E SQLiteDatabase: at android.os.Handler.handleCallback(Handler.java:938)
04-24 18:01:37.056 2656 2841 E SQLiteDatabase: at android.os.Handler.dispatchMessage(Handler.java:99)
04-24 18:01:37.056 2656 2841 E SQLiteDatabase: at X.0zq.dispatchMessage(Unknown Source:4)
04-24 18:01:37.056 2656 2841 E SQLiteDatabase: at android.os.Looper.loop(Looper.java:223)
04-24 18:01:37.056 2656 2841 E SQLiteDatabase: at android.os.HandlerThread.run(HandlerThread.java:67)
04-24 18:01:37.076 2656 2841 E SQLiteDatabase: Error inserting transferred=0 media_job_uuid=0ce15714-00b1-4d3a-b51c-4cc6e0c496da transcoded=0 gif_attribution=0 first_scan_length=3607 direct_path=/o1/v/t62.7118-24/f1/m234/up-oil-image-fa22d981- f638-4415-a84f-89b6c756527b?ccb=9- 4&oh=01_Q5AaIFQMDLyLQLlO9koJtZjF0J1HxPUswCPvJ8e9TJeKUEK1&oe=6650DFBE&_nc_sid=000000 thumbnail_height_width_ratio=0.87777776 is_animated_sticker=0 file_hash=CzzvfjaJPrtm9UITDdU7tsVrD+45EiRVDwORdk6GgQw= file_path=null file_size=0 partial_media_hash=Jet1eqcXnxgpXqHFqSbv/+6xlyXABGqv33kJTJYQ9JE= face_x=0 face_y=0 height=629 trim_to=0 media_key_timestamp=1713996151000 message_url=https://mmg.whatsapp.net/o1/v/t62.7118-24/f1/m234/up-oil-image- fa22d981-f638-4415-a84f-89b6c756527b?ccb=9- 4&oh=01_Q5AaIFQMDLyLQLlO9koJtZjF0J1HxPUswCPvJ8e9TJeKUEK1&oe=6650DFBE&_nc_sid=000000 &mms3=true media_caption=null trim_from=0 mime_type=image/jpeg partial_media_enc_hash=null width=720 original_file_hash=null has_streaming_sidecar=1 autotransfer_retry_enabled=0 media_upload_handle=null message_row_id=5917 multicast_id=null enc_file_hash=fuU7CntWZWMrW0ycBMVxGP6trjL6xpCVhYK5ZEGYzEE= mute_video=0 page_count=0 first_scan_sidecar=[B@85c66bc suspicious_content=0 file_length=25505 media_name=null media_duration=0 chat_row_id=4 media_key=[B@80d3645
04-24 18:01:37.076 2656 2841 E SQLiteDatabase: android.database.sqlite.SQLiteConstraintException: UNIQUE constraint failed: message_media.message_row_id (code 1555 SQLITE_CONSTRAINT_PRIMARYKEY)
04-24 18:01:37.076 2656 2841 E SQLiteDatabase: at android.database.sqlite.SQLiteConnection.nativeExecuteForLastInsertedRowId(Native Method)
04-24 18:01:37.076 2656 2841 E SQLiteDatabase: at android.database.sqlite.SQLiteConnection.executeForLastInsertedRowId(SQLiteConnecti on.java:938)
04-24 18:01:37.076 2656 2841 E SQLiteDatabase: at android.database.sqlite.SQLiteSession.executeForLastInsertedRowId(SQLiteSession.jav a:790)
04-24 18:01:37.076 2656 2841 E SQLiteDatabase: at android.database.sqlite.SQLiteStatement.executeInsert(SQLiteStatement.java:88)
04-24 18:01:37.076 2656 2841 E SQLiteDatabase: at android.database.sqlite.SQLiteDatabase.insertWithOnConflict(SQLiteDatabase.java:170 1)
04-24 18:01:37.076 2656 2841 E SQLiteDatabase: at android.database.sqlite.SQLiteDatabase.insert(SQLiteDatabase.java:1570)
04-24 18:01:37.076 2656 2841 E SQLiteDatabase: at X.2tm.A08(Unknown Source:6)
04-24 18:01:37.076 2656 2841 E SQLiteDatabase: at X.35Y.A07(Unknown Source:212)
04-24 18:01:37.076 2656 2841 E SQLiteDatabase: at X.3QF.A14(Unknown Source:470)
04-24 18:01:37.076 2656 2841 E SQLiteDatabase: at X.3gU.run(Unknown Source:982)
04-24 18:01:37.076 2656 2841 E SQLiteDatabase: at android.os.Handler.handleCallback(Handler.java:938)
04-24 18:01:37.076 2656 2841 E SQLiteDatabase: at android.os.Handler.dispatchMessage(Handler.java:99)
04-24 18:01:37.076 2656 2841 E SQLiteDatabase: at X.0zq.dispatchMessage(Unknown Source:4)
04-24 18:01:37.076 2656 2841 E SQLiteDatabase: at android.os.Looper.loop(Looper.java:223)
04-24 18:01:37.076 2656 2841 E SQLiteDatabase: at android.os.HandlerThread.run(HandlerThread.java:67)
04-24 18:01:37.241 2656 2841 E SQLiteDatabase: Error inserting transferred=0 media_job_uuid=afdfbdbf-5452-4fe2-a39c-c30b405daf88 transcoded=0 gif_attribution=0 first_scan_length=8687 direct_path=/o1/v/t62.7118-24/f1/m234/up-oil-image-76f0242b- 224a-4788-a6a5-1bf9925a50d1?ccb=9-4&oh=01_Q5AaIOlINfWag-cmA1nDFFHMZJxtdsEZKJ4- xjdalS0XpeoP&oe=66510ACC&_nc_sid=000000 thumbnail_height_width_ratio=1.3541666 is_animated_sticker=0 file_hash=PpccbyP2TIRz9ky/N+3HNnv1J2vKVFMcqM3S3c1BzKM= file_path=null file_size=0 partial_media_hash=uE6BfgOFohilGXZNdtNX8NQrewRXBLg4pk6MzCOOZVc= face_x=0 face_y=0 height=1040 trim_to=0 media_key_timestamp=1713995990000 message_url=https://mmg.whatsapp.net/o1/v/t62.7118-24/f1/m234/up-oil-image- 76f0242b-224a-4788-a6a5-1bf9925a50d1?ccb=9-4&oh=01_Q5AaIOlINfWag- cmA1nDFFHMZJxtdsEZKJ4-xjdalS0XpeoP&oe=66510ACC&_nc_sid=000000&mms3=true media_caption=null trim_from=0 mime_type=image/jpeg partial_media_enc_hash=null width=780 original_file_hash=null has_streaming_sidecar=1 autotransfer_retry_enabled=0 media_upload_handle=null message_row_id=5912 multicast_id=null enc_file_hash=IeNiGweIzVvyCEqieC93nyG58UmP4rvG91cS7dQ3qcE= mute_video=0 page_count=0 first_scan_sidecar=[B@a195fda suspicious_content=0 file_length=76882 media_name=null media_duration=0 chat_row_id=4 media_key=[B@49e6c0b
04-24 18:01:37.241 2656 2841 E SQLiteDatabase: android.database.sqlite.SQLiteConstraintException: UNIQUE constraint failed: message_media.message_row_id (code 1555 SQLITE_CONSTRAINT_PRIMARYKEY)
04-24 18:01:37.241 2656 2841 E SQLiteDatabase: at android.database.sqlite.SQLiteConnection.nativeExecuteForLastInsertedRowId(Native Method)
04-24 18:01:37.241 2656 2841 E SQLiteDatabase: at android.database.sqlite.SQLiteConnection.executeForLastInsertedRowId(SQLiteConnecti on.java:938)
04-24 18:01:37.241 2656 2841 E SQLiteDatabase: at android.database.sqlite.SQLiteSession.executeForLastInsertedRowId(SQLiteSession.jav a:790)
04-24 18:01:37.241 2656 2841 E SQLiteDatabase: at android.database.sqlite.SQLiteStatement.executeInsert(SQLiteStatement.java:88)
04-24 18:01:37.241 2656 2841 E SQLiteDatabase: at android.database.sqlite.SQLiteDatabase.insertWithOnConflict(SQLiteDatabase.java:170 1)
04-24 18:01:37.241 2656 2841 E SQLiteDatabase: at android.database.sqlite.SQLiteDatabase.insert(SQLiteDatabase.java:1570)
04-24 18:01:37.241 2656 2841 E SQLiteDatabase: at X.2tm.A08(Unknown Source:6)
04-24 18:01:37.241 2656 2841 E SQLiteDatabase: at X.35Y.A07(Unknown Source:212)
04-24 18:01:37.241 2656 2841 E SQLiteDatabase: at X.3QF.A14(Unknown Source:470)
04-24 18:01:37.241 2656 2841 E SQLiteDatabase: at X.3gU.run(Unknown Source:982)
04-24 18:01:37.241 2656 2841 E SQLiteDatabase: at android.os.Handler.handleCallback(Handler.java:938)
04-24 18:01:37.241 2656 2841 E SQLiteDatabase: at android.os.Handler.dispatchMessage(Handler.java:99)
04-24 18:01:37.241 2656 2841 E SQLiteDatabase: at X.0zq.dispatchMessage(Unknown Source:4)
04-24 18:01:37.241 2656 2841 E SQLiteDatabase: at android.os.Looper.loop(Looper.java:223)
04-24 18:01:37.241 2656 2841 E SQLiteDatabase: at android.os.HandlerThread.run(HandlerThread.java:67)
04-24 18:01:37.245 2656 2841 E SQLiteDatabase: Error inserting transferred=0 media_job_uuid=0ce15714-00b1-4d3a-b51c-4cc6e0c496da transcoded=0 gif_attribution=0 first_scan_length=3607 direct_path=/o1/v/t62.7118-24/f1/m234/up-oil-image-fa22d981- f638-4415-a84f-89b6c756527b?ccb=9- 4&oh=01_Q5AaIFQMDLyLQLlO9koJtZjF0J1HxPUswCPvJ8e9TJeKUEK1&oe=6650DFBE&_nc_sid=000000 thumbnail_height_width_ratio=0.87777776 is_animated_sticker=0 file_hash=CzzvfjaJPrtm9UITDdU7tsVrD+45EiRVDwORdk6GgQw= file_path=null file_size=0 partial_media_hash=Jet1eqcXnxgpXqHFqSbv/+6xlyXABGqv33kJTJYQ9JE= face_x=0 face_y=0 height=629 trim_to=0 media_key_timestamp=1713996151000 message_url=https://mmg.whatsapp.net/o1/v/t62.7118-24/f1/m234/up-oil-image- fa22d981-f638-4415-a84f-89b6c756527b?ccb=9- 4&oh=01_Q5AaIFQMDLyLQLlO9koJtZjF0J1HxPUswCPvJ8e9TJeKUEK1&oe=6650DFBE&_nc_sid=000000 &mms3=true media_caption=null trim_from=0 mime_type=image/jpeg partial_media_enc_hash=null width=720 original_file_hash=null has_streaming_sidecar=1 autotransfer_retry_enabled=0 media_upload_handle=null message_row_id=5917 multicast_id=null enc_file_hash=fuU7CntWZWMrW0ycBMVxGP6trjL6xpCVhYK5ZEGYzEE= mute_video=0 page_count=0 first_scan_sidecar=[B@85c66bc suspicious_content=0 file_length=25505 media_name=null media_duration=0 chat_row_id=4 media_key=[B@80d3645
04-24 18:01:37.245 2656 2841 E SQLiteDatabase: android.database.sqlite.SQLiteConstraintException: UNIQUE constraint failed: message_media.message_row_id (code 1555 SQLITE_CONSTRAINT_PRIMARYKEY)
04-24 18:01:37.245 2656 2841 E SQLiteDatabase: at android.database.sqlite.SQLiteConnection.nativeExecuteForLastInsertedRowId(Native Method)
04-24 18:01:37.245 2656 2841 E SQLiteDatabase: at android.database.sqlite.SQLiteConnection.executeForLastInsertedRowId(SQLiteConnecti on.java:938)
04-24 18:01:37.245 2656 2841 E SQLiteDatabase: at android.database.sqlite.SQLiteSession.executeForLastInsertedRowId(SQLiteSession.jav a:790)
04-24 18:01:37.245 2656 2841 E SQLiteDatabase: at android.database.sqlite.SQLiteStatement.executeInsert(SQLiteStatement.java:88)
04-24 18:01:37.245 2656 2841 E SQLiteDatabase: at android.database.sqlite.SQLiteDatabase.insertWithOnConflict(SQLiteDatabase.java:170 1)
04-24 18:01:37.245 2656 2841 E SQLiteDatabase: at android.database.sqlite.SQLiteDatabase.insert(SQLiteDatabase.java:1570)
04-24 18:01:37.245 2656 2841 E SQLiteDatabase: at X.2tm.A08(Unknown Source:6)
04-24 18:01:37.245 2656 2841 E SQLiteDatabase: at X.35Y.A07(Unknown Source:212)
04-24 18:01:37.245 2656 2841 E SQLiteDatabase: at X.3QF.A14(Unknown Source:470)
04-24 18:01:37.245 2656 2841 E SQLiteDatabase: at X.3gU.run(Unknown Source:982)
04-24 18:01:37.245 2656 2841 E SQLiteDatabase: at android.os.Handler.handleCallback(Handler.java:938)
04-24 18:01:37.245 2656 2841 E SQLiteDatabase: at android.os.Handler.dispatchMessage(Handler.java:99)
04-24 18:01:37.245 2656 2841 E SQLiteDatabase: at X.0zq.dispatchMessage(Unknown Source:4)
04-24 18:01:37.245 2656 2841 E SQLiteDatabase: at android.os.Looper.loop(Looper.java:223)
04-24 18:01:37.245 2656 2841 E SQLiteDatabase: at android.os.HandlerThread.run(HandlerThread.java:67) --------- beginning of main
04-24 18:25:40.312 14713 14713 W com.mbwhatsapp: Using default instruction set features for ARM CPU variant (generic) using conservative defaults
04-24 18:25:40.325 14713 14713 E com.mbwhatsapp: Not starting debugger since process cannot load the jdwp agent.
04-24 18:25:41.099 14713 14713 W System.err: java.lang.ClassNotFoundException: mbmodsd.mbmodsw.ui.views.btn.BtnBK
04-24 18:25:41.102 14713 14713 W System.err: at java.lang.Runtime.nativeLoad(Native Method)
04-24 18:25:41.102 14713 14713 W System.err: at java.lang.Runtime.nativeLoad(Runtime.java:1131)
04-24 18:25:41.102 14713 14713 W System.err: at java.lang.Runtime.loadLibrary0(Runtime.java:1085)
04-24 18:25:41.102 14713 14713 W System.err: at java.lang.Runtime.loadLibrary0(Runtime.java:1008)
04-24 18:25:41.102 14713 14713 W System.err: at java.lang.System.loadLibrary(System.java:1664)
04-24 18:25:41.102 14713 14713 W System.err: at arm.EpicVm.<clinit>(Unknown Source:2)
04-24 18:25:41.102 14713 14713 W System.err: at java.lang.Class.newInstance(Native Method)
04-24 18:25:41.102 14713 14713 W System.err: at android.app.AppComponentFactory.instantiateApplication(AppComponentFactory.java:76)
04-24 18:25:41.102 14713 14713 W System.err: at androidx.core.app.CoreComponentFactory.instantiateApplication(Unknown Source:0)
04-24 18:25:41.102 14713 14713 W System.err: at android.app.Instrumentation.newApplication(Instrumentation.java:1158)
04-24 18:25:41.102 14713 14713 W System.err: at android.app.LoadedApk.makeApplication(LoadedApk.java:1268)
04-24 18:25:41.102 14713 14713 W System.err: at android.app.ActivityThread.handleBindApplication(ActivityThread.java:6927)
04-24 18:25:41.102 14713 14713 W System.err: at android.app.ActivityThread.access$1300(ActivityThread.java:262)
04-24 18:25:41.102 14713 14713 W System.err: at android.app.ActivityThread$H.handleMessage(ActivityThread.java:1977)
04-24 18:25:41.102 14713 14713 W System.err: at android.os.Handler.dispatchMessage(Handler.java:106)
04-24 18:25:41.102 14713 14713 W System.err: at android.os.Looper.loop(Looper.java:223)
04-24 18:25:41.102 14713 14713 W System.err: at android.app.ActivityThread.main(ActivityThread.java:8001)
04-24 18:25:41.102 14713 14713 W System.err: at java.lang.reflect.Method.invoke(Native Method)
04-24 18:25:41.102 14713 14713 W System.err: at com.android.internal.os.RuntimeInit$MethodAndArgsCaller.run(RuntimeInit.java:635)
04-24 18:25:41.102 14713 14713 W System.err: at com.android.internal.os.ZygoteInit.main(ZygoteInit.java:947)
04-24 18:25:41.370 14713 14713 W CheckTime: App running slow: Executing handleBindApplication : makeApplication took 607ms
04-24 18:25:41.377 14713 14713 E CustomActivityOnCrash: IMPORTANT WARNING! You already have an UncaughtExceptionHandler, are you sure this is correct? If you use a custom UncaughtExceptionHandler, you must initialize it AFTER CustomActivityOnCrash! Installing anyway, but your original handler will not be called.
04-24 18:25:41.582 14713 14713 W CheckTime: App running slow: Executing handleBindApplication : installContentProviders took 212ms
04-24 18:25:42.799 14713 14713 W com.mbwhatsapp: Accessing hidden method Lcom/android/org/conscrypt/OpenSSLSocketImpl;->setUseSessionTickets(Z)V (greylist- max-q,core-platform-api, reflection, denied)
04-24 18:25:42.799 14713 14713 W com.mbwhatsapp: Accessing hidden method Lcom/android/org/conscrypt/AbstractConscryptSocket;->setUseSessionTickets(Z)V (greylist-max-q, reflection, denied)
04-24 18:25:43.010 14713 14713 W com.mbwhatsapp: Verification of void X.3gG.run() took 177.827ms (13428.77 bytecodes/s) (45536B approximate peak alloc)
04-24 18:25:43.151 14713 14713 W com.mbwhatsapp: type=1400 audit(0.0:306945): avc: granted { execute } for path="/data/data/com.mbwhatsapp/files/decompressed/libs.spk.zst/libc++_shared.so" dev="dm-11" ino=598949 scontext=u:r:untrusted_app:s0:c49,c257,c512,c768 tcontext=u:object_r:app_data_file:s0:c49,c257,c512,c768 tclass=file app=com.mbwhatsapp
04-24 18:25:43.163 14713 14713 W com.mbwhatsapp: type=1400 audit(0.0:306946): avc: granted { execute } for path="/data/data/com.mbwhatsapp/files/decompressed/libs.spk.zst/libvlc.so" dev="dm- 11" ino=598942 scontext=u:r:untrusted_app:s0:c49,c257,c512,c768 tcontext=u:object_r:app_data_file:s0:c49,c257,c512,c768 tclass=file app=com.mbwhatsapp
04-24 18:25:43.195 14713 14713 W com.mbwhatsapp: type=1400 audit(0.0:306947): avc: granted { execute } for path="/data/data/com.mbwhatsapp/files/decompressed/libs.spk.zst/libwhatsapp.so" dev="dm-11" ino=599231 scontext=u:r:untrusted_app:s0:c49,c257,c512,c768 tcontext=u:object_r:app_data_file:s0:c49,c257,c512,c768 tclass=file app=com.mbwhatsapp
04-24 18:25:43.451 14713 14713 W com.mbwhatsapp: type=1400 audit(0.0:306948): avc: granted { execute } for path="/data/data/com.mbwhatsapp/files/decompressed/libs.spk.zst/libcurve25519.so" dev="dm-11" ino=599016 scontext=u:r:untrusted_app:s0:c49,c257,c512,c768 tcontext=u:object_r:app_data_file:s0:c49,c257,c512,c768 tclass=file app=com.mbwhatsapp
04-24 18:25:43.475 14713 14713 W com.mbwhatsapp: type=1400 audit(0.0:306949): avc: granted { execute } for path="/data/data/com.mbwhatsapp/files/decompressed/libs.spk.zst/libwhatsapp.so" dev="dm-11" ino=599231 scontext=u:r:untrusted_app:s0:c49,c257,c512,c768 tcontext=u:object_r:app_data_file:s0:c49,c257,c512,c768 tclass=file app=com.mbwhatsapp
04-24 18:25:43.894 14713 14713 W CheckTime: App running slow: Executing handleBindApplication : callApplicationOnCreate took 2312ms
04-24 18:25:43.962 14713 14713 W CheckTime: App running slow: Executing com.google.firebase.iid.FirebaseInstanceIdReceiver scheduleReceive took 3577ms --------- beginning of system
04-24 18:25:43.962 14713 14713 W ActivityThread: Main thread can not be idle for a long time.
04-24 18:25:43.966 14713 14831 W com.mbwhatsapp: Class X.2rL failed lock verification and will run slower.
04-24 18:25:43.966 14713 14831 W com.mbwhatsapp: Common causes for lock verification issues are non-optimized dex code
04-24 18:25:43.966 14713 14831 W com.mbwhatsapp: and incorrect proguard optimizations. --------- beginning of main
04-24 18:28:58.165 17177 17177 W com.mbwhatsapp: Using default instruction set features for ARM CPU variant (generic) using conservative defaults
04-24 18:28:58.171 17177 17177 E com.mbwhatsapp: Not starting debugger since process cannot load the jdwp agent.
04-24 18:28:58.505 17177 17177 W System.err: java.lang.ClassNotFoundException: mbmodsd.mbmodsw.ui.views.btn.BtnBK
04-24 18:28:58.506 17177 17177 W System.err: at java.lang.Runtime.nativeLoad(Native Method)
04-24 18:28:58.506 17177 17177 W System.err: at java.lang.Runtime.nativeLoad(Runtime.java:1131)
04-24 18:28:58.506 17177 17177 W System.err: at java.lang.Runtime.loadLibrary0(Runtime.java:1085)
04-24 18:28:58.506 17177 17177 W System.err: at java.lang.Runtime.loadLibrary0(Runtime.java:1008)
04-24 18:28:58.506 17177 17177 W System.err: at java.lang.System.loadLibrary(System.java:1664)
04-24 18:28:58.506 17177 17177 W System.err: at arm.EpicVm.<clinit>(Unknown Source:2)
04-24 18:28:58.506 17177 17177 W System.err: at java.lang.Class.newInstance(Native Method)
04-24 18:28:58.506 17177 17177 W System.err: at android.app.AppComponentFactory.instantiateApplication(AppComponentFactory.java:76)
04-24 18:28:58.506 17177 17177 W System.err: at androidx.core.app.CoreComponentFactory.instantiateApplication(Unknown Source:0)
04-24 18:28:58.506 17177 17177 W System.err: at android.app.Instrumentation.newApplication(Instrumentation.java:1158)
04-24 18:28:58.506 17177 17177 W System.err: at android.app.LoadedApk.makeApplication(LoadedApk.java:1268)
04-24 18:28:58.506 17177 17177 W System.err: at android.app.ActivityThread.handleBindApplication(ActivityThread.java:6927)
04-24 18:28:58.506 17177 17177 W System.err: at android.app.ActivityThread.access$1300(ActivityThread.java:262)
04-24 18:28:58.506 17177 17177 W System.err: at android.app.ActivityThread$H.handleMessage(ActivityThread.java:1977)
04-24 18:28:58.506 17177 17177 W System.err: at android.os.Handler.dispatchMessage(Handler.java:106)
04-24 18:28:58.506 17177 17177 W System.err: at android.os.Looper.loop(Looper.java:223)
04-24 18:28:58.506 17177 17177 W System.err: at android.app.ActivityThread.main(ActivityThread.java:8001)
04-24 18:28:58.506 17177 17177 W System.err: at java.lang.reflect.Method.invoke(Native Method)
04-24 18:28:58.506 17177 17177 W System.err: at com.android.internal.os.RuntimeInit$MethodAndArgsCaller.run(RuntimeInit.java:635)
04-24 18:28:58.506 17177 17177 W System.err: at com.android.internal.os.ZygoteInit.main(ZygoteInit.java:947)
04-24 18:28:58.626 17177 17177 W CheckTime: App running slow: Executing handleBindApplication : makeApplication took 284ms
04-24 18:28:58.632 17177 17177 E CustomActivityOnCrash: IMPORTANT WARNING! You already have an UncaughtExceptionHandler, are you sure this is correct? If you use a custom UncaughtExceptionHandler, you must initialize it AFTER CustomActivityOnCrash! Installing anyway, but your original handler will not be called.
04-24 18:28:59.134 17177 17177 W com.mbwhatsapp: Accessing hidden method Lcom/android/org/conscrypt/OpenSSLSocketImpl;->setUseSessionTickets(Z)V (greylist- max-q,core-platform-api, reflection, denied)
04-24 18:28:59.135 17177 17177 W com.mbwhatsapp: Accessing hidden method Lcom/android/org/conscrypt/AbstractConscryptSocket;->setUseSessionTickets(Z)V (greylist-max-q, reflection, denied)
04-24 18:28:59.235 17177 17177 W com.mbwhatsapp: type=1400 audit(0.0:307959): avc: granted { execute } for path="/data/data/com.mbwhatsapp/files/decompressed/libs.spk.zst/libc++_shared.so" dev="dm-11" ino=598949 scontext=u:r:untrusted_app:s0:c49,c257,c512,c768 tcontext=u:object_r:app_data_file:s0:c49,c257,c512,c768 tclass=file app=com.mbwhatsapp
04-24 18:28:59.247 17177 17177 W com.mbwhatsapp: type=1400 audit(0.0:307960): avc: granted { execute } for path="/data/data/com.mbwhatsapp/files/decompressed/libs.spk.zst/libvlc.so" dev="dm- 11" ino=598942 scontext=u:r:untrusted_app:s0:c49,c257,c512,c768 tcontext=u:object_r:app_data_file:s0:c49,c257,c512,c768 tclass=file app=com.mbwhatsapp
04-24 18:28:59.263 17177 17177 W com.mbwhatsapp: type=1400 audit(0.0:307961): avc: granted { execute } for path="/data/data/com.mbwhatsapp/files/decompressed/libs.spk.zst/libwhatsapp.so" dev="dm-11" ino=599231 scontext=u:r:untrusted_app:s0:c49,c257,c512,c768 tcontext=u:object_r:app_data_file:s0:c49,c257,c512,c768 tclass=file app=com.mbwhatsapp
04-24 18:28:59.371 17177 17177 W com.mbwhatsapp: type=1400 audit(0.0:307963): avc: granted { execute } for path="/data/data/com.mbwhatsapp/files/decompressed/libs.spk.zst/libcurve25519.so" dev="dm-11" ino=599016 scontext=u:r:untrusted_app:s0:c49,c257,c512,c768 tcontext=u:object_r:app_data_file:s0:c49,c257,c512,c768 tclass=file app=com.mbwhatsapp
04-24 18:28:59.387 17177 17177 W com.mbwhatsapp: type=1400 audit(0.0:307964): avc: granted { execute } for path="/data/data/com.mbwhatsapp/files/decompressed/libs.spk.zst/libwhatsapp.so" dev="dm-11" ino=599231 scontext=u:r:untrusted_app:s0:c49,c257,c512,c768 tcontext=u:object_r:app_data_file:s0:c49,c257,c512,c768 tclass=file app=com.mbwhatsapp
04-24 18:28:59.387 17177 17177 W com.mbwhatsapp: type=1400 audit(0.0:307966): avc: granted { execute } for path="/data/data/com.mbwhatsapp/files/decompressed/libs.spk.zst/libwhatsapp.so" dev="dm-11" ino=599231 scontext=u:r:untrusted_app:s0:c49,c257,c512,c768 tcontext=u:object_r:app_data_file:s0:c49,c257,c512,c768 tclass=file app=com.mbwhatsapp
04-24 18:28:59.391 17177 17177 W com.mbwhatsapp: type=1400 audit(0.0:307967): avc: denied { execmod } for path="/apex/com.android.runtime/lib/bionic/libc.so" dev="dm- 5" ino=389 scontext=u:r:untrusted_app:s0:c49,c257,c512,c768 tcontext=u:object_r:system_lib_file:s0 tclass=file permissive=0 app=com.mbwhatsapp
04-24 18:28:59.609 17177 17177 W CheckTime: App running slow: Executing handleBindApplication : callApplicationOnCreate took 896ms
04-24 18:28:59.620 17177 17246 W com.mbwhatsapp: Class X.2rL failed lock verification and will run slower.
04-24 18:28:59.620 17177 17246 W com.mbwhatsapp: Common causes for lock verification issues are non-optimized dex code
04-24 18:28:59.620 17177 17246 W com.mbwhatsapp: and incorrect proguard optimizations.
04-24 18:28:59.678 17177 17177 W com.mbwhatsapp: Class X.0eU failed lock verification and will run slower. --------- beginning of system
04-24 18:29:00.162 17177 17177 W com.mbwhatsapp: Class com.mbwhatsapp.HomeActivity failed lock verification and will run slower.
04-24 18:29:00.807 17177 17177 E ArmVmp : Match on catch block at 0x0a in for 0xb5
04-24 18:29:00.852 17177 17177 E ArmVmp : Match on catch block at 0x0a in for 0x129
04-24 18:29:00.925 17177 17264 W com.mbwhatsapp: Accessing hidden method Lcom/android/org/conscrypt/ConscryptEngineSocket;->setUseSessionTickets(Z)V (greylist-max-q,core-platform-api, reflection, denied)
04-24 18:29:00.925 17177 17264 W com.mbwhatsapp: Accessing hidden method Lcom/android/org/conscrypt/OpenSSLSocketImpl;->setUseSessionTickets(Z)V (greylist- max-q,core-platform-api, reflection, denied)
04-24 18:29:00.925 17177 17264 W com.mbwhatsapp: Accessing hidden method Lcom/android/org/conscrypt/AbstractConscryptSocket;->setUseSessionTickets(Z)V (greylist-max-q, reflection, denied)
04-24 18:29:00.925 17177 17264 W com.mbwhatsapp: Accessing hidden method Lcom/android/org/conscrypt/ConscryptEngineSocket;->setHostname(Ljava/lang/String;)V (greylist-max-q,core-platform-api, reflection, denied)
04-24 18:29:00.926 17177 17264 W com.mbwhatsapp: Accessing hidden method Lcom/android/org/conscrypt/OpenSSLSocketImpl;->setHostname(Ljava/lang/String;)V (greylist-max-q,core-platform-api, reflection, denied)
04-24 18:29:00.926 17177 17264 W com.mbwhatsapp: Accessing hidden method Lcom/android/org/conscrypt/AbstractConscryptSocket;->setHostname(Ljava/lang/ String;)V (greylist-max-q, reflection, denied)
04-24 18:29:00.926 17177 17264 W com.mbwhatsapp: Accessing hidden method Lcom/android/org/conscrypt/OpenSSLSocketImpl;->setAlpnProtocols([B)V (greylist-max- q,core-platform-api, reflection, denied)
04-24 18:29:00.926 17177 17264 W com.mbwhatsapp: Accessing hidden method Lcom/android/org/conscrypt/AbstractConscryptSocket;->setAlpnProtocols([B)V (greylist-max-q, reflection, denied)
04-24 18:29:01.114 17177 17177 W CheckTime: App running slow: Executing activity onCreate took 941ms
04-24 18:29:01.484 17177 17264 W com.mbwhatsapp: Accessing hidden method Lcom/android/org/conscrypt/OpenSSLSocketImpl;->getAlpnSelectedProtocol()[B (greylist-max-q,core-platform-api, reflection, denied)
04-24 18:29:01.484 17177 17264 W com.mbwhatsapp: Accessing hidden method Lcom/android/org/conscrypt/AbstractConscryptSocket;->getAlpnSelectedProtocol()[B (greylist-max-q, reflection, denied)
04-24 18:29:03.428 17177 17177 E OpenGLRenderer: ~SkiaDisplayList() ##### pid = 17177
04-24 18:29:03.956 17177 17177 E ArmVmp : Match on catch block at 0x0a in for 0xc1
04-24 18:29:04.362 17177 17319 W LOTTIE : Animation contains merge paths. Merge paths are only supported on KitKat+ and must be manually enabled by calling enableMergePathsForKitKatAndAbove().
04-24 18:29:05.039 17177 17177 W LOTTIE : Animation contains merge paths but they are disabled.
04-24 18:29:05.795 17177 17177 W pool-5-thread-1: type=1400 audit(0.0:307977): avc: granted { execute } for path="/data/data/com.mbwhatsapp/files/decompressed/libs.spk.zst/libgifimage.so" dev="dm-11" ino=598945 scontext=u:r:untrusted_app:s0:c49,c257,c512,c768 tcontext=u:object_r:app_data_file:s0:c49,c257,c512,c768 tclass=file app=com.mbwhatsapp
04-24 18:29:06.147 17177 17177 W com.mbwhatsapp: Verification of void X.5pH.A1Z(android.os.Bundle) took 152.752ms (66336.25 bytecodes/s) (163536B approximate peak alloc) --------- beginning of main
04-24 18:43:29.487 28006 28006 W com.mbwhatsapp: Using default instruction set features for ARM CPU variant (generic) using conservative defaults
04-24 18:43:29.509 28006 28006 E com.mbwhatsapp: Not starting debugger since process cannot load the jdwp agent.
04-24 18:43:30.165 28006 28006 W System.err: java.lang.ClassNotFoundException: mbmodsd.mbmodsw.ui.views.btn.BtnBK
04-24 18:43:30.165 28006 28006 W System.err: at java.lang.Runtime.nativeLoad(Native Method)
04-24 18:43:30.165 28006 28006 W System.err: at java.lang.Runtime.nativeLoad(Runtime.java:1131)
04-24 18:43:30.166 28006 28006 W System.err: at java.lang.Runtime.loadLibrary0(Runtime.java:1085)
04-24 18:43:30.166 28006 28006 W System.err: at java.lang.Runtime.loadLibrary0(Runtime.java:1008)
04-24 18:43:30.166 28006 28006 W System.err: at java.lang.System.loadLibrary(System.java:1664)
04-24 18:43:30.166 28006 28006 W System.err: at arm.EpicVm.<clinit>(Unknown Source:2)
04-24 18:43:30.166 28006 28006 W System.err: at java.lang.Class.newInstance(Native Method)
04-24 18:43:30.166 28006 28006 W System.err: at android.app.AppComponentFactory.instantiateApplication(AppComponentFactory.java:76)
04-24 18:43:30.166 28006 28006 W System.err: at androidx.core.app.CoreComponentFactory.instantiateApplication(Unknown Source:0)
04-24 18:43:30.166 28006 28006 W System.err: at android.app.Instrumentation.newApplication(Instrumentation.java:1158)
04-24 18:43:30.166 28006 28006 W System.err: at android.app.LoadedApk.makeApplication(LoadedApk.java:1268)
04-24 18:43:30.166 28006 28006 W System.err: at android.app.ActivityThread.handleBindApplication(ActivityThread.java:6927)
04-24 18:43:30.166 28006 28006 W System.err: at android.app.ActivityThread.access$1300(ActivityThread.java:262)
04-24 18:43:30.166 28006 28006 W System.err: at android.app.ActivityThread$H.handleMessage(ActivityThread.java:1977)
04-24 18:43:30.166 28006 28006 W System.err: at android.os.Handler.dispatchMessage(Handler.java:106)
04-24 18:43:30.166 28006 28006 W System.err: at android.os.Looper.loop(Looper.java:223)
04-24 18:43:30.166 28006 28006 W System.err: at android.app.ActivityThread.main(ActivityThread.java:8001)
04-24 18:43:30.166 28006 28006 W System.err: at java.lang.reflect.Method.invoke(Native Method)
04-24 18:43:30.166 28006 28006 W System.err: at com.android.internal.os.RuntimeInit$MethodAndArgsCaller.run(RuntimeInit.java:635)
04-24 18:43:30.166 28006 28006 W System.err: at com.android.internal.os.ZygoteInit.main(ZygoteInit.java:947)
04-24 18:43:30.315 28006 28006 W CheckTime: App running slow: Executing handleBindApplication : makeApplication took 359ms
04-24 18:43:30.322 28006 28006 E CustomActivityOnCrash: IMPORTANT WARNING! You already have an UncaughtExceptionHandler, are you sure this is correct? If you use a custom UncaughtExceptionHandler, you must initialize it AFTER CustomActivityOnCrash! Installing anyway, but your original handler will not be called.
04-24 18:43:31.095 28006 28006 W com.mbwhatsapp: Accessing hidden method Lcom/android/org/conscrypt/OpenSSLSocketImpl;->setUseSessionTickets(Z)V (greylist- max-q,core-platform-api, reflection, denied)
04-24 18:43:31.096 28006 28006 W com.mbwhatsapp: Accessing hidden method Lcom/android/org/conscrypt/AbstractConscryptSocket;->setUseSessionTickets(Z)V (greylist-max-q, reflection, denied)
04-24 18:43:31.239 28006 28006 W com.mbwhatsapp: type=1400 audit(0.0:310637): avc: granted { execute } for path="/data/data/com.mbwhatsapp/files/decompressed/libs.spk.zst/libc++_shared.so" dev="dm-11" ino=598949 scontext=u:r:untrusted_app:s0:c49,c257,c512,c768 tcontext=u:object_r:app_data_file:s0:c49,c257,c512,c768 tclass=file app=com.mbwhatsapp
04-24 18:43:31.275 28006 28006 W com.mbwhatsapp: type=1400 audit(0.0:310638): avc: granted { execute } for path="/data/data/com.mbwhatsapp/files/decompressed/libs.spk.zst/libvlc.so" dev="dm- 11" ino=598942 scontext=u:r:untrusted_app:s0:c49,c257,c512,c768 tcontext=u:object_r:app_data_file:s0:c49,c257,c512,c768 tclass=file app=com.mbwhatsapp
04-24 18:43:31.295 28006 28006 W com.mbwhatsapp: type=1400 audit(0.0:310639): avc: granted { execute } for path="/data/data/com.mbwhatsapp/files/decompressed/libs.spk.zst/libwhatsapp.so" dev="dm-11" ino=599231 scontext=u:r:untrusted_app:s0:c49,c257,c512,c768 tcontext=u:object_r:app_data_file:s0:c49,c257,c512,c768 tclass=file app=com.mbwhatsapp
04-24 18:43:31.415 28006 28006 W com.mbwhatsapp: type=1400 audit(0.0:310640): avc: granted { execute } for path="/data/data/com.mbwhatsapp/files/decompressed/libs.spk.zst/libcurve25519.so" dev="dm-11" ino=599016 scontext=u:r:untrusted_app:s0:c49,c257,c512,c768 tcontext=u:object_r:app_data_file:s0:c49,c257,c512,c768 tclass=file app=com.mbwhatsapp
04-24 18:43:31.427 28006 28006 W com.mbwhatsapp: type=1400 audit(0.0:310641): avc: granted { execute } for path="/data/data/com.mbwhatsapp/files/decompressed/libs.spk.zst/libwhatsapp.so" dev="dm-11" ino=599231 scontext=u:r:untrusted_app:s0:c49,c257,c512,c768 tcontext=u:object_r:app_data_file:s0:c49,c257,c512,c768 tclass=file app=com.mbwhatsapp
04-24 18:43:31.431 28006 28006 W com.mbwhatsapp: type=1400 audit(0.0:310643): avc: granted { execute } for path="/data/data/com.mbwhatsapp/files/decompressed/libs.spk.zst/libwhatsapp.so" dev="dm-11" ino=599231 scontext=u:r:untrusted_app:s0:c49,c257,c512,c768 tcontext=u:object_r:app_data_file:s0:c49,c257,c512,c768 tclass=file app=com.mbwhatsapp
04-24 18:43:31.431 28006 28006 W com.mbwhatsapp: type=1400 audit(0.0:310644): avc: denied { execmod } for path="/apex/com.android.runtime/lib/bionic/libc.so" dev="dm- 5" ino=389 scontext=u:r:untrusted_app:s0:c49,c257,c512,c768 tcontext=u:object_r:system_lib_file:s0 tclass=file permissive=0 app=com.mbwhatsapp
04-24 18:43:31.740 28006 28006 W CheckTime: App running slow: Executing handleBindApplication : callApplicationOnCreate took 1288ms
04-24 18:43:31.777 28006 28127 W com.mbwhatsapp: Class X.2rL failed lock verification and will run slower.
04-24 18:43:31.777 28006 28127 W com.mbwhatsapp: Common causes for lock verification issues are non-optimized dex code
04-24 18:43:31.777 28006 28127 W com.mbwhatsapp: and incorrect proguard optimizations.
04-24 18:43:31.806 28006 28006 W com.mbwhatsapp: Class X.0eU failed lock verification and will run slower. --------- beginning of system
04-24 18:43:32.328 28006 28006 W com.mbwhatsapp: Class com.mbwhatsapp.HomeActivity failed lock verification and will run slower.
04-24 18:43:33.083 28006 28006 E ArmVmp : Match on catch block at 0x0a in for 0xb1
04-24 18:43:33.131 28006 28006 E ArmVmp : Match on catch block at 0x0a in for 0x129
04-24 18:43:33.160 28006 28158 W com.mbwhatsapp: Accessing hidden method Lcom/android/org/conscrypt/ConscryptEngineSocket;->setUseSessionTickets(Z)V (greylist-max-q,core-platform-api, reflection, denied)
04-24 18:43:33.160 28006 28158 W com.mbwhatsapp: Accessing hidden method Lcom/android/org/conscrypt/OpenSSLSocketImpl;->setUseSessionTickets(Z)V (greylist- max-q,core-platform-api, reflection, denied)
04-24 18:43:33.160 28006 28158 W com.mbwhatsapp: Accessing hidden method Lcom/android/org/conscrypt/AbstractConscryptSocket;->setUseSessionTickets(Z)V (greylist-max-q, reflection, denied)
04-24 18:43:33.160 28006 28158 W com.mbwhatsapp: Accessing hidden method Lcom/android/org/conscrypt/ConscryptEngineSocket;->setHostname(Ljava/lang/String;)V (greylist-max-q,core-platform-api, reflection, denied)
04-24 18:43:33.164 28006 28158 W com.mbwhatsapp: Accessing hidden method Lcom/android/org/conscrypt/OpenSSLSocketImpl;->setHostname(Ljava/lang/String;)V (greylist-max-q,core-platform-api, reflection, denied)
04-24 18:43:33.164 28006 28158 W com.mbwhatsapp: Accessing hidden method Lcom/android/org/conscrypt/AbstractConscryptSocket;->setHostname(Ljava/lang/ String;)V (greylist-max-q, reflection, denied)
04-24 18:43:33.164 28006 28158 W com.mbwhatsapp: Accessing hidden method Lcom/android/org/conscrypt/OpenSSLSocketImpl;->setAlpnProtocols([B)V (greylist-max- q,core-platform-api, reflection, denied)
04-24 18:43:33.164 28006 28158 W com.mbwhatsapp: Accessing hidden method Lcom/android/org/conscrypt/AbstractConscryptSocket;->setAlpnProtocols([B)V (greylist-max-q, reflection, denied)
04-24 18:43:33.299 28006 28158 W com.mbwhatsapp: Accessing hidden method Lcom/android/org/conscrypt/OpenSSLSocketImpl;->getAlpnSelectedProtocol()[B (greylist-max-q,core-platform-api, reflection, denied)
04-24 18:43:33.299 28006 28158 W com.mbwhatsapp: Accessing hidden method Lcom/android/org/conscrypt/AbstractConscryptSocket;->getAlpnSelectedProtocol()[B (greylist-max-q, reflection, denied)
04-24 18:43:33.459 28006 28006 W CheckTime: App running slow: Executing activity onCreate took 1117ms
04-24 18:43:33.564 28006 28006 W CheckTime: App running slow: Executing com.mbwhatsapp.yo.WidgetProvider scheduleReceive took 536ms
04-24 18:43:33.564 28006 28006 W ActivityThread: Main thread can not be idle for a long time.
04-24 18:43:35.833 28006 28006 E OpenGLRenderer: ~SkiaDisplayList() ##### pid = 28006
04-24 18:43:36.272 28006 28006 E ArmVmp : Match on catch block at 0x0a in for 0xc9
04-24 18:43:36.670 28006 28227 W LOTTIE : Animation contains merge paths. Merge paths are only supported on KitKat+ and must be manually enabled by calling enableMergePathsForKitKatAndAbove().
04-24 18:43:37.032 28006 28006 W LOTTIE : Animation contains merge paths but they are disabled.
04-24 18:43:37.571 28006 28006 W pool-5-thread-1: type=1400 audit(0.0:310692): avc: granted { execute } for path="/data/data/com.mbwhatsapp/files/decompressed/libs.spk.zst/libgifimage.so" dev="dm-11" ino=598945 scontext=u:r:untrusted_app:s0:c49,c257,c512,c768 tcontext=u:object_r:app_data_file:s0:c49,c257,c512,c768 tclass=file app=com.mbwhatsapp
04-24 18:43:38.310 28006 28071 W LibraryVersion: Failed to get app version for libraryName: firebase-iid
04-24 18:43:38.620 28006 28006 W com.mbwhatsapp: Verification of void X.5pH.A1Z(android.os.Bundle) took 156.537ms (64732.25 bytecodes/s) (163536B approximate peak alloc)
04-24 18:43:38.954 28006 28258 E linker : library "" ("/apex/com.android.vndk.v30/lib") needed or dlopened by "/apex/com.android.vndk.v30/lib/libRS_internal.so" is not accessible for the namespace: [name="rs", ld_library_paths="", default_library_paths="/apex/com.android.vndk.v30/lib:/vendor/lib", permitted_paths="/odm/lib:/vendor/lib:/system/vendor/lib:/data"]
04-24 18:43:38.954 28006 28258 E RenderScript: Failed loading RS driver: dlopen failed: library "" needed or dlopened by "/apex/com.android.vndk.v30/lib/libRS_internal.so" is not accessible for the namespace "rs"
04-24 18:43:38.954 28006 28258 E RenderScript: Failed to load runtime , loading default
04-24 18:43:39.403 28006 28006 W CheckTime: App running slow: Executing activity onCreate took 1128ms
04-24 18:43:39.472 28006 28006 E ArmVmp : Match on catch block at 0x0a in for 0xb5
04-24 18:43:39.482 28006 28006 E ArmVmp : Match on catch block at 0x0a in for 0xb9
04-24 18:43:40.576 28006 28006 E ArmVmp : Match on catch block at 0xc3 in for 0xa9
04-24 18:43:40.591 28006 28006 E ArmVmp : Match on catch block at 0xc3 in for 0xa5
04-24 18:43:40.596 28006 28006 E ArmVmp : Match on catch block at 0xc3 in for 0xa5
04-24 18:43:41.170 28006 28006 E ArmVmp : Match on catch block at 0x0a in for 0xb5
04-24 18:43:41.178 28006 28006 E ArmVmp : Match on catch block at 0x0a in for 0xb1
04-24 18:43:41.356 28006 28006 E ArmVmp : Match on catch block at 0xc3 in for 0x91
04-24 18:43:41.366 28006 28006 E ArmVmp : Match on catch block at 0xc3 in for 0x99
04-24 18:43:41.370 28006 28006 E ArmVmp : Match on catch block at 0xc3 in for 0x99
04-24 18:43:42.215 28006 28006 E ArmVmp : Match on catch block at 0xc3 in for 0xa1
04-24 18:43:42.246 28006 28006 E ArmVmp : Match on catch block at 0xc3 in for 0xa1
04-24 18:43:42.253 28006 28006 E ArmVmp : Match on catch block at 0xc3 in for 0xa1
04-24 18:43:43.262 28006 28006 E ArmVmp : Match on catch block at 0xc3 in for 0x99
04-24 18:43:43.279 28006 28006 E ArmVmp : Match on catch block at 0xc3 in for 0x91
04-24 18:43:43.286 28006 28006 E ArmVmp : Match on catch block at 0xc3 in for 0x91
04-24 18:43:43.359 28006 28006 E ArmVmp : Match on catch block at 0xc3 in for 0x99
04-24 18:43:43.367 28006 28006 E ArmVmp : Match on catch block at 0xc3 in for 0x91
04-24 18:43:43.371 28006 28006 E ArmVmp : Match on catch block at 0xc3 in for 0x91
04-24 18:43:43.674 28006 28006 E ArmVmp : Match on catch block at 0xc3 in for 0x99
04-24 18:43:43.681 28006 28006 E ArmVmp : Match on catch block at 0xc3 in for 0x91
04-24 18:43:43.684 28006 28006 E ArmVmp : Match on catch block at 0xc3 in for 0x91
04-24 18:43:43.794 28006 28006 E ArmVmp : Match on catch block at 0xc3 in for 0x99
04-24 18:43:43.803 28006 28006 E ArmVmp : Match on catch block at 0xc3 in for 0x91
04-24 18:43:43.807 28006 28006 E ArmVmp : Match on catch block at 0xc3 in for 0x91
04-24 18:43:43.823 28006 28006 E ArmVmp : Match on catch block at 0xc3 in for 0x99
04-24 18:43:43.833 28006 28006 E ArmVmp : Match on catch block at 0xc3 in for 0x91
04-24 18:43:43.837 28006 28006 E ArmVmp : Match on catch block at 0xc3 in for 0x91
04-24 18:43:44.239 28006 28006 E ArmVmp : Match on catch block at 0xc3 in for 0x95
04-24 18:43:44.248 28006 28006 E ArmVmp : Match on catch block at 0xc3 in for 0x99
04-24 18:43:44.251 28006 28006 E ArmVmp : Match on catch block at 0xc3 in for 0x99 --------- beginning of system --------- beginning of main
04-24 18:45:40.391 30316 30316 W com.mbwhatsapp: Using default instruction set features for ARM CPU variant (generic) using conservative defaults
04-24 18:45:40.406 30316 30316 E com.mbwhatsapp: Not starting debugger since process cannot load the jdwp agent.
04-24 18:45:41.337 30316 30316 W System.err: java.lang.ClassNotFoundException: mbmodsd.mbmodsw.ui.views.btn.BtnBK
04-24 18:45:41.340 30316 30316 W System.err: at java.lang.Runtime.nativeLoad(Native Method)
04-24 18:45:41.340 30316 30316 W System.err: at java.lang.Runtime.nativeLoad(Runtime.java:1131)
04-24 18:45:41.340 30316 30316 W System.err: at java.lang.Runtime.loadLibrary0(Runtime.java:1085)
04-24 18:45:41.340 30316 30316 W System.err: at java.lang.Runtime.loadLibrary0(Runtime.java:1008)
04-24 18:45:41.340 30316 30316 W System.err: at java.lang.System.loadLibrary(System.java:1664)
04-24 18:45:41.340 30316 30316 W System.err: at arm.EpicVm.<clinit>(Unknown Source:2)
04-24 18:45:41.340 30316 30316 W System.err: at java.lang.Class.newInstance(Native Method)
04-24 18:45:41.340 30316 30316 W System.err: at android.app.AppComponentFactory.instantiateApplication(AppComponentFactory.java:76)
04-24 18:45:41.340 30316 30316 W System.err: at androidx.core.app.CoreComponentFactory.instantiateApplication(Unknown Source:0)
04-24 18:45:41.340 30316 30316 W System.err: at android.app.Instrumentation.newApplication(Instrumentation.java:1158)
04-24 18:45:41.340 30316 30316 W System.err: at android.app.LoadedApk.makeApplication(LoadedApk.java:1268)
04-24 18:45:41.340 30316 30316 W System.err: at android.app.ActivityThread.handleBindApplication(ActivityThread.java:6927)
04-24 18:45:41.340 30316 30316 W System.err: at android.app.ActivityThread.access$1300(ActivityThread.java:262)
04-24 18:45:41.340 30316 30316 W System.err: at android.app.ActivityThread$H.handleMessage(ActivityThread.java:1977)
04-24 18:45:41.340 30316 30316 W System.err: at android.os.Handler.dispatchMessage(Handler.java:106)
04-24 18:45:41.340 30316 30316 W System.err: at android.os.Looper.loop(Looper.java:223)
04-24 18:45:41.340 30316 30316 W System.err: at android.app.ActivityThread.main(ActivityThread.java:8001)
04-24 18:45:41.340 30316 30316 W System.err: at java.lang.reflect.Method.invoke(Native Method)
04-24 18:45:41.340 30316 30316 W System.err: at com.android.internal.os.RuntimeInit$MethodAndArgsCaller.run(RuntimeInit.java:635)
04-24 18:45:41.341 30316 30316 W System.err: at com.android.internal.os.ZygoteInit.main(ZygoteInit.java:947)
04-24 18:45:41.698 30316 30316 W CheckTime: App running slow: Executing handleBindApplication : makeApplication took 708ms
04-24 18:45:41.706 30316 30316 E CustomActivityOnCrash: IMPORTANT WARNING! You already have an UncaughtExceptionHandler, are you sure this is correct? If you use a custom UncaughtExceptionHandler, you must initialize it AFTER CustomActivityOnCrash! Installing anyway, but your original handler will not be called.
04-24 18:45:42.063 30316 30316 W CheckTime: App running slow: Executing handleBindApplication : installContentProviders took 364ms
04-24 18:45:43.172 30316 30316 W com.mbwhatsapp: Accessing hidden method Lcom/android/org/conscrypt/OpenSSLSocketImpl;->setUseSessionTickets(Z)V (greylist- max-q,core-platform-api, reflection, denied)
04-24 18:45:43.172 30316 30316 W com.mbwhatsapp: Accessing hidden method Lcom/android/org/conscrypt/AbstractConscryptSocket;->setUseSessionTickets(Z)V (greylist-max-q, reflection, denied)
04-24 18:45:43.399 30316 30316 W com.mbwhatsapp: type=1400 audit(0.0:311411): avc: granted { execute } for path="/data/data/com.mbwhatsapp/files/decompressed/libs.spk.zst/libc++_shared.so" dev="dm-11" ino=598949 scontext=u:r:untrusted_app:s0:c49,c257,c512,c768 tcontext=u:object_r:app_data_file:s0:c49,c257,c512,c768 tclass=file app=com.mbwhatsapp
04-24 18:45:43.455 30316 30316 W com.mbwhatsapp: type=1400 audit(0.0:311412): avc: granted { execute } for path="/data/data/com.mbwhatsapp/files/decompressed/libs.spk.zst/libvlc.so" dev="dm- 11" ino=598942 scontext=u:r:untrusted_app:s0:c49,c257,c512,c768 tcontext=u:object_r:app_data_file:s0:c49,c257,c512,c768 tclass=file app=com.mbwhatsapp
