04-24 10:24:28.043 29964 2092 W System.err:
04-24 10:24:28.043 29964 2092 W System.err: at mbmodsd.mbmodsw.mbdialog.MBDialogMan.loadJsonFromUrl(Native Method)
04-24 10:24:28.043 29964 2092 W System.err:
04-24 10:24:28.044 29964 2092 W System.err: at mbmodsd.mbmodsw.mbdialog.MBDialogMan.access$000(Native Method)
04-24 10:24:28.044 29964 2092 W System.err:
04-24 10:24:28.044 29964 2092 W System.err: at mbmodsd.mbmodsw.mbdialog.MBDialogMan$FetchJsonTask.doInBackground(Native Method)
04-24 10:24:28.044 29964 2092 W System.err:
04-24 10:24:28.044 29964 2092 W System.err: at mbmodsd.mbmodsw.mbdialog.MBDialogMan$FetchJsonTask.doInBackground(Native Method)
04-24 10:24:28.044 29964 2092 W System.err:
04-24 10:24:28.045 29964 2092 W System.err: at android.os.AsyncTask$3.call(AsyncTask.java:394)
04-24 10:24:28.045 29964 2092 W System.err:
04-24 10:24:28.045 29964 2092 W System.err: at java.util.concurrent.FutureTask.run(FutureTask.java:266)
04-24 10:24:28.045 29964 2092 W System.err:
04-24 10:24:28.045 29964 2092 W System.err: at android.os.AsyncTask$SerialExecutor$1.run(AsyncTask.java:305)
04-24 10:24:28.046 29964 2092 W System.err:
04-24 10:24:28.046 29964 2092 W System.err: at java.util.concurrent.ThreadPoolExecutor.runWorker(ThreadPoolExecutor.java:1167)
04-24 10:24:28.046 29964 2092 W System.err:
04-24 10:24:28.046 29964 2092 W System.err: at java.util.concurrent.ThreadPoolExecutor$Worker.run(ThreadPoolExecutor.java:641)
04-24 10:24:28.046 29964 2092 W System.err:
04-24 10:24:28.047 29964 2092 W System.err: at java.lang.Thread.run(Thread.java:923)
04-24 10:24:28.047 29964 2092 W System.err:
04-24 10:24:28.047 29964 2092 W System.err: Caused by: android.system.GaiException: android_getaddrinfo failed: EAI_NODATA (No address associated with hostname)
04-24 10:24:28.048 29964 2092 W System.err:
04-24 10:24:28.048 29964 2092 W System.err: at libcore.io.Linux.android_getaddrinfo(Native Method)
04-24 10:24:28.048 29964 2092 W System.err:
04-24 10:24:28.048 29964 2092 W System.err: at libcore.io.ForwardingOs.android_getaddrinfo(ForwardingOs.java:73)
04-24 10:24:28.048 29964 2092 W System.err:
04-24 10:24:28.049 29964 2092 W System.err: at libcore.io.BlockGuardOs.android_getaddrinfo(BlockGuardOs.java:202)
04-24 10:24:28.049 29964 2092 W System.err:
04-24 10:24:28.049 29964 2092 W System.err: at libcore.io.ForwardingOs.android_getaddrinfo(ForwardingOs.java:73)
04-24 10:24:28.049 29964 2092 W System.err:
04-24 10:24:28.050 29964 2092 W System.err: at java.net.Inet6AddressImpl.lookupHostByName(Inet6AddressImpl.java:135)
04-24 10:24:28.050 29964 2092 W System.err:
04-24 10:24:28.052 29964 2092 W System.err: ... 27 more
04-24 10:24:28.052 29964 2092 W System.err:
04-24 10:24:28.239 29964 29964 W CheckTime: App running slow: Executing activity onCreate took 1008ms
04-24 10:24:30.795 29964 29964 E OpenGLRenderer: ~SkiaDisplayList() ##### pid = 29964
04-24 10:24:31.153 29964 29964 E ArmVmp : Match on catch block at 0x0a in for 0xc9
04-24 10:24:31.551 29964 2154 W LOTTIE : Animation contains merge paths. Merge paths are only supported on KitKat+ and must be manually enabled by calling enableMergePathsForKitKatAndAbove().
04-24 10:24:31.865 29964 29964 W LOTTIE : Animation contains merge paths but they are disabled. --------- beginning of main
04-24 17:07:04.059 2060 2060 W System.err: java.lang.ClassNotFoundException: mbmodsd.mbmodsw.ui.views.btn.BtnBK
04-24 17:07:04.061 2060 2060 W System.err: at java.lang.Runtime.nativeLoad(Native Method)
04-24 17:07:04.061 2060 2060 W System.err: at java.lang.Runtime.nativeLoad(Runtime.java:1131)
04-24 17:07:04.061 2060 2060 W System.err: at java.lang.Runtime.loadLibrary0(Runtime.java:1085)
04-24 17:07:04.061 2060 2060 W System.err: at java.lang.Runtime.loadLibrary0(Runtime.java:1008)
04-24 17:07:04.061 2060 2060 W System.err: at java.lang.System.loadLibrary(System.java:1664)
04-24 17:07:04.061 2060 2060 W System.err: at arm.EpicVm.<clinit>(Unknown Source:2)
04-24 17:07:04.061 2060 2060 W System.err: at java.lang.Class.newInstance(Native Method)
04-24 17:07:04.061 2060 2060 W System.err: at android.app.AppComponentFactory.instantiateApplication(AppComponentFactory.java:76)
04-24 17:07:04.062 2060 2060 W System.err: at androidx.core.app.CoreComponentFactory.instantiateApplication(Unknown Source:0)
04-24 17:07:04.062 2060 2060 W System.err: at android.app.Instrumentation.newApplication(Instrumentation.java:1158)
04-24 17:07:04.062 2060 2060 W System.err: at android.app.LoadedApk.makeApplication(LoadedApk.java:1268)
04-24 17:07:04.062 2060 2060 W System.err: at android.app.ActivityThread.handleBindApplication(ActivityThread.java:6927)
04-24 17:07:04.062 2060 2060 W System.err: at android.app.ActivityThread.access$1300(ActivityThread.java:262)
04-24 17:07:04.062 2060 2060 W System.err: at android.app.ActivityThread$H.handleMessage(ActivityThread.java:1977)
04-24 17:07:04.062 2060 2060 W System.err: at android.os.Handler.dispatchMessage(Handler.java:106)
04-24 17:07:04.062 2060 2060 W System.err: at android.os.Looper.loop(Looper.java:223)
04-24 17:07:04.062 2060 2060 W System.err: at android.app.ActivityThread.main(ActivityThread.java:8001)
04-24 17:07:04.062 2060 2060 W System.err: at java.lang.reflect.Method.invoke(Native Method)
04-24 17:07:04.062 2060 2060 W System.err: at com.android.internal.os.RuntimeInit$MethodAndArgsCaller.run(RuntimeInit.java:635)
04-24 17:07:04.062 2060 2060 W System.err: at com.android.internal.os.ZygoteInit.main(ZygoteInit.java:947)
04-24 17:07:04.228 2060 2060 W CheckTime: App running slow: Executing handleBindApplication : makeApplication took 399ms
04-24 17:07:04.235 2060 2060 E CustomActivityOnCrash: IMPORTANT WARNING! You already have an UncaughtExceptionHandler, are you sure this is correct? If you use a custom UncaughtExceptionHandler, you must initialize it AFTER CustomActivityOnCrash! Installing anyway, but your original handler will not be called.
04-24 17:07:04.518 2060 13792 W LibraryVersion: Failed to get app version for libraryName: firebase-iid
04-24 17:07:04.524 2060 2060 W CheckTime: App running slow: Executing handleBindApplication : installContentProviders took 296ms
04-24 17:07:05.153 2060 2075 W com.mbwhatsapp: Reducing the number of considered missed Gc histogram windows from 2416 to 100
04-24 17:07:05.588 2060 2060 W com.mbwhatsapp: Accessing hidden method Lcom/android/org/conscrypt/OpenSSLSocketImpl;->setUseSessionTickets(Z)V (greylist- max-q,core-platform-api, reflection, denied)
04-24 17:07:05.588 2060 2060 W com.mbwhatsapp: Accessing hidden method Lcom/android/org/conscrypt/AbstractConscryptSocket;->setUseSessionTickets(Z)V (greylist-max-q, reflection, denied)
04-24 17:07:05.795 2060 2060 W com.mbwhatsapp: type=1400 audit(0.0:286668): avc: granted { execute } for path="/data/data/com.mbwhatsapp/files/decompressed/libs.spk.zst/libc++_shared.so" dev="dm-11" ino=598949 scontext=u:r:untrusted_app:s0:c49,c257,c512,c768 tcontext=u:object_r:app_data_file:s0:c49,c257,c512,c768 tclass=file app=com.mbwhatsapp
04-24 17:07:05.807 2060 2060 W com.mbwhatsapp: type=1400 audit(0.0:286669): avc: granted { execute } for path="/data/data/com.mbwhatsapp/files/decompressed/libs.spk.zst/libvlc.so" dev="dm- 11" ino=598942 scontext=u:r:untrusted_app:s0:c49,c257,c512,c768 tcontext=u:object_r:app_data_file:s0:c49,c257,c512,c768 tclass=file app=com.mbwhatsapp
04-24 17:07:05.847 2060 2060 W com.mbwhatsapp: type=1400 audit(0.0:286670): avc: granted { execute } for path="/data/data/com.mbwhatsapp/files/decompressed/libs.spk.zst/libwhatsapp.so" dev="dm-11" ino=599231 scontext=u:r:untrusted_app:s0:c49,c257,c512,c768 tcontext=u:object_r:app_data_file:s0:c49,c257,c512,c768 tclass=file app=com.mbwhatsapp
04-24 17:07:06.015 2060 2060 W com.mbwhatsapp: type=1400 audit(0.0:286671): avc: granted { execute } for path="/data/data/com.mbwhatsapp/files/decompressed/libs.spk.zst/libcurve25519.so" dev="dm-11" ino=599016 scontext=u:r:untrusted_app:s0:c49,c257,c512,c768 tcontext=u:object_r:app_data_file:s0:c49,c257,c512,c768 tclass=file app=com.mbwhatsapp
04-24 17:07:06.043 2060 2060 W com.mbwhatsapp: type=1400 audit(0.0:286672): avc: granted { execute } for path="/data/data/com.mbwhatsapp/files/decompressed/libs.spk.zst/libwhatsapp.so" dev="dm-11" ino=599231 scontext=u:r:untrusted_app:s0:c49,c257,c512,c768 tcontext=u:object_r:app_data_file:s0:c49,c257,c512,c768 tclass=file app=com.mbwhatsapp
04-24 17:07:06.043 2060 2060 W com.mbwhatsapp: type=1400 audit(0.0:286673): avc: granted { execute } for path="/data/data/com.mbwhatsapp/files/decompressed/libs.spk.zst/libwhatsapp.so" dev="dm-11" ino=599231 scontext=u:r:untrusted_app:s0:c49,c257,c512,c768 tcontext=u:object_r:app_data_file:s0:c49,c257,c512,c768 tclass=file app=com.mbwhatsapp
04-24 17:07:06.480 2060 2060 W CheckTime: App running slow: Executing handleBindApplication : callApplicationOnCreate took 1921ms
04-24 17:07:06.720 2060 2060 W com.mbwhatsapp: Class X.0eU failed lock verification and will run slower.
04-24 17:07:06.720 2060 2060 W com.mbwhatsapp: Common causes for lock verification issues are non-optimized dex code
04-24 17:07:06.720 2060 2060 W com.mbwhatsapp: and incorrect proguard optimizations.
04-24 17:07:06.850 2060 13918 W com.mbwhatsapp: Class X.2rL failed lock verification and will run slower. --------- beginning of system
04-24 17:07:07.899 13977 13977 W com.mbwhatsapp: Using default instruction set features for ARM CPU variant (generic) using conservative defaults
04-24 17:07:07.906 13977 13977 E com.mbwhatsapp: Not starting debugger since process cannot load the jdwp agent.
04-24 17:07:08.550 2060 2060 W com.mbwhatsapp: Class com.mbwhatsapp.HomeActivity failed lock verification and will run slower.
04-24 17:07:10.135 2060 2060 E ArmVmp : Match on catch block at 0x0a in for 0xb9
04-24 17:07:10.244 2060 2060 E ArmVmp : Match on catch block at 0x0a in for 0x125
04-24 17:07:11.261 2060 14078 W com.mbwhatsapp: Accessing hidden method Lcom/android/org/conscrypt/ConscryptEngineSocket;->setUseSessionTickets(Z)V (greylist-max-q,core-platform-api, reflection, denied)
04-24 17:07:11.266 2060 14078 W com.mbwhatsapp: Accessing hidden method Lcom/android/org/conscrypt/OpenSSLSocketImpl;->setUseSessionTickets(Z)V (greylist- max-q,core-platform-api, reflection, denied)
04-24 17:07:11.266 2060 14078 W com.mbwhatsapp: Accessing hidden method Lcom/android/org/conscrypt/AbstractConscryptSocket;->setUseSessionTickets(Z)V (greylist-max-q, reflection, denied)
04-24 17:07:11.268 2060 14078 W com.mbwhatsapp: Accessing hidden method Lcom/android/org/conscrypt/ConscryptEngineSocket;->setHostname(Ljava/lang/String;)V (greylist-max-q,core-platform-api, reflection, denied)
04-24 17:07:11.268 2060 14078 W com.mbwhatsapp: Accessing hidden method Lcom/android/org/conscrypt/OpenSSLSocketImpl;->setHostname(Ljava/lang/String;)V (greylist-max-q,core-platform-api, reflection, denied)
04-24 17:07:11.268 2060 14078 W com.mbwhatsapp: Accessing hidden method Lcom/android/org/conscrypt/AbstractConscryptSocket;->setHostname(Ljava/lang/ String;)V (greylist-max-q, reflection, denied)
04-24 17:07:11.269 2060 14078 W com.mbwhatsapp: Accessing hidden method Lcom/android/org/conscrypt/OpenSSLSocketImpl;->setAlpnProtocols([B)V (greylist-max- q,core-platform-api, reflection, denied)
04-24 17:07:11.269 2060 14078 W com.mbwhatsapp: Accessing hidden method Lcom/android/org/conscrypt/AbstractConscryptSocket;->setAlpnProtocols([B)V (greylist-max-q, reflection, denied)
04-24 17:07:12.040 2060 2060 W CheckTime: App running slow: Executing activity onCreate took 3468ms
04-24 17:07:12.270 2060 14078 W com.mbwhatsapp: Accessing hidden method Lcom/android/org/conscrypt/OpenSSLSocketImpl;->getAlpnSelectedProtocol()[B (greylist-max-q,core-platform-api, reflection, denied)
04-24 17:07:12.271 2060 14078 W com.mbwhatsapp: Accessing hidden method Lcom/android/org/conscrypt/AbstractConscryptSocket;->getAlpnSelectedProtocol()[B (greylist-max-q, reflection, denied)
04-24 17:07:14.962 2060 2060 E ArmVmp : Match on catch block at 0x0a in for 0xc1
04-24 17:07:23.574 2060 2060 W CheckTime: App running slow: Executing com.google.firebase.iid.FirebaseInstanceIdReceiver scheduleReceive took 9089ms
04-24 17:07:23.574 2060 2060 W ActivityThread: Main thread can not be idle for a long time.
04-24 17:07:23.988 2060 14389 W LOTTIE : Animation contains merge paths. Merge paths are only supported on KitKat+ and must be manually enabled by calling enableMergePathsForKitKatAndAbove().
04-24 17:07:25.578 2060 14419 W com.mbwhatsapp: Verification of void X.3e2.run() took 551.243ms (7060.40 bytecodes/s) (64216B approximate peak alloc)
04-24 17:07:25.686 2060 14411 W FirebaseMessaging: Message ack failed: java.util.concurrent.TimeoutException: Timed out waiting for Task
04-24 17:07:25.945 2060 2060 E OpenGLRenderer: ~SkiaDisplayList() ##### pid = 2060
04-24 17:07:27.360 2060 2060 W LOTTIE : Animation contains merge paths but they are disabled. --------- beginning of main
04-24 18:01:22.422 2656 2656 W com.mbwhatsapp: Using default instruction set features for ARM CPU variant (generic) using conservative defaults
04-24 18:01:22.432 2656 2656 E com.mbwhatsapp: Not starting debugger since process cannot load the jdwp agent.
04-24 18:01:23.021 2656 2656 W System.err: java.lang.ClassNotFoundException: mbmodsd.mbmodsw.ui.views.btn.BtnBK
04-24 18:01:23.021 2656 2656 W System.err: at java.lang.Runtime.nativeLoad(Native Method)
04-24 18:01:23.021 2656 2656 W System.err: at java.lang.Runtime.nativeLoad(Runtime.java:1131)
04-24 18:01:23.021 2656 2656 W System.err: at java.lang.Runtime.loadLibrary0(Runtime.java:1085)
04-24 18:01:23.021 2656 2656 W System.err: at java.lang.Runtime.loadLibrary0(Runtime.java:1008)
04-24 18:01:23.021 2656 2656 W System.err: at java.lang.System.loadLibrary(System.java:1664)
04-24 18:01:23.021 2656 2656 W System.err: at arm.EpicVm.<clinit>(Unknown Source:2)
04-24 18:01:23.021 2656 2656 W System.err: at java.lang.Class.newInstance(Native Method)
04-24 18:01:23.021 2656 2656 W System.err: at android.app.AppComponentFactory.instantiateApplication(AppComponentFactory.java:76)
04-24 18:01:23.021 2656 2656 W System.err: at androidx.core.app.CoreComponentFactory.instantiateApplication(Unknown Source:0)
04-24 18:01:23.022 2656 2656 W System.err: at android.app.Instrumentation.newApplication(Instrumentation.java:1158)
04-24 18:01:23.022 2656 2656 W System.err: at android.app.LoadedApk.makeApplication(LoadedApk.java:1268)
04-24 18:01:23.022 2656 2656 W System.err: at android.app.ActivityThread.handleBindApplication(ActivityThread.java:6927)
04-24 18:01:23.022 2656 2656 W System.err: at android.app.ActivityThread.access$1300(ActivityThread.java:262)
04-24 18:01:23.022 2656 2656 W System.err: at android.app.ActivityThread$H.handleMessage(ActivityThread.java:1977)
04-24 18:01:23.022 2656 2656 W System.err: at android.os.Handler.dispatchMessage(Handler.java:106)
04-24 18:01:23.022 2656 2656 W System.err: at android.os.Looper.loop(Looper.java:223)
04-24 18:01:23.022 2656 2656 W System.err: at android.app.ActivityThread.main(ActivityThread.java:8001)
04-24 18:01:23.022 2656 2656 W System.err: at java.lang.reflect.Method.invoke(Native Method)
04-24 18:01:23.022 2656 2656 W System.err: at com.android.internal.os.RuntimeInit$MethodAndArgsCaller.run(RuntimeInit.java:635)
04-24 18:01:23.022 2656 2656 W System.err: at com.android.internal.os.ZygoteInit.main(ZygoteInit.java:947)
04-24 18:01:23.165 2656 2656 W CheckTime: App running slow: Executing handleBindApplication : makeApplication took 362ms
04-24 18:01:23.171 2656 2656 E CustomActivityOnCrash: IMPORTANT WARNING! You already have an UncaughtExceptionHandler, are you sure this is correct? If you use a custom UncaughtExceptionHandler, you must initialize it AFTER CustomActivityOnCrash! Installing anyway, but your original handler will not be called.
04-24 18:01:24.015 2656 2656 W com.mbwhatsapp: Accessing hidden method Lcom/android/org/conscrypt/OpenSSLSocketImpl;->setUseSessionTickets(Z)V (greylist- max-q,core-platform-api, reflection, denied)
04-24 18:01:24.015 2656 2656 W com.mbwhatsapp: Accessing hidden method Lcom/android/org/conscrypt/AbstractConscryptSocket;->setUseSessionTickets(Z)V (greylist-max-q, reflection, denied)
04-24 18:01:24.155 2656 2656 W com.mbwhatsapp: type=1400 audit(0.0:299563): avc: granted { execute } for path="/data/data/com.mbwhatsapp/files/decompressed/libs.spk.zst/libc++_shared.so" dev="dm-11" ino=598949 scontext=u:r:untrusted_app:s0:c49,c257,c512,c768 tcontext=u:object_r:app_data_file:s0:c49,c257,c512,c768 tclass=file app=com.mbwhatsapp
04-24 18:01:24.167 2656 2656 W com.mbwhatsapp: type=1400 audit(0.0:299564): avc: granted { execute } for path="/data/data/com.mbwhatsapp/files/decompressed/libs.spk.zst/libvlc.so" dev="dm- 11" ino=598942 scontext=u:r:untrusted_app:s0:c49,c257,c512,c768 tcontext=u:object_r:app_data_file:s0:c49,c257,c512,c768 tclass=file app=com.mbwhatsapp
04-24 18:01:24.187 2656 2656 W com.mbwhatsapp: type=1400 audit(0.0:299565): avc: granted { execute } for path="/data/data/com.mbwhatsapp/files/decompressed/libs.spk.zst/libwhatsapp.so" dev="dm-11" ino=599231 scontext=u:r:untrusted_app:s0:c49,c257,c512,c768 tcontext=u:object_r:app_data_file:s0:c49,c257,c512,c768 tclass=file app=com.mbwhatsapp
04-24 18:01:24.307 2656 2656 W com.mbwhatsapp: type=1400 audit(0.0:299566): avc: granted { execute } for path="/data/data/com.mbwhatsapp/files/decompressed/libs.spk.zst/libcurve25519.so" dev="dm-11" ino=599016 scontext=u:r:untrusted_app:s0:c49,c257,c512,c768 tcontext=u:object_r:app_data_file:s0:c49,c257,c512,c768 tclass=file app=com.mbwhatsapp
04-24 18:01:24.319 2656 2656 W com.mbwhatsapp: type=1400 audit(0.0:299567): avc: granted { execute } for path="/data/data/com.mbwhatsapp/files/decompressed/libs.spk.zst/libwhatsapp.so" dev="dm-11" ino=599231 scontext=u:r:untrusted_app:s0:c49,c257,c512,c768 tcontext=u:object_r:app_data_file:s0:c49,c257,c512,c768 tclass=file app=com.mbwhatsapp
04-24 18:01:24.586 2656 2656 W CheckTime: App running slow: Executing handleBindApplication : callApplicationOnCreate took 1295ms
04-24 18:01:24.592 2656 2845 W com.mbwhatsapp: Class X.2rL failed lock verification and will run slower.
04-24 18:01:24.592 2656 2845 W com.mbwhatsapp: Common causes for lock verification issues are non-optimized dex code
04-24 18:01:24.592 2656 2845 W com.mbwhatsapp: and incorrect proguard optimizations.
04-24 18:01:24.637 2656 2656 W com.mbwhatsapp: Class X.0eU failed lock verification and will run slower. --------- beginning of system
04-24 18:01:25.574 2656 2656 W com.mbwhatsapp: Class com.mbwhatsapp.HomeActivity failed lock verification and will run slower.
04-24 18:01:26.226 2656 2656 E ArmVmp : Match on catch block at 0x0a in for 0xb1
04-24 18:01:26.269 2656 2656 E ArmVmp : Match on catch block at 0x0a in for 0x125
04-24 18:01:26.348 2656 2892 W com.mbwhatsapp: Accessing hidden method Lcom/android/org/conscrypt/ConscryptEngineSocket;->setUseSessionTickets(Z)V (greylist-max-q,core-platform-api, reflection, denied)
04-24 18:01:26.348 2656 2892 W com.mbwhatsapp: Accessing hidden method Lcom/android/org/conscrypt/OpenSSLSocketImpl;->setUseSessionTickets(Z)V (greylist- max-q,core-platform-api, reflection, denied)
04-24 18:01:26.348 2656 2892 W com.mbwhatsapp: Accessing hidden method Lcom/android/org/conscrypt/AbstractConscryptSocket;->setUseSessionTickets(Z)V (greylist-max-q, reflection, denied)
04-24 18:01:26.349 2656 2892 W com.mbwhatsapp: Accessing hidden method Lcom/android/org/conscrypt/ConscryptEngineSocket;->setHostname(Ljava/lang/String;)V (greylist-max-q,core-platform-api, reflection, denied)
04-24 18:01:26.349 2656 2892 W com.mbwhatsapp: Accessing hidden method Lcom/android/org/conscrypt/OpenSSLSocketImpl;->setHostname(Ljava/lang/String;)V (greylist-max-q,core-platform-api, reflection, denied)
04-24 18:01:26.349 2656 2892 W com.mbwhatsapp: Accessing hidden method Lcom/android/org/conscrypt/AbstractConscryptSocket;->setHostname(Ljava/lang/ String;)V (greylist-max-q, reflection, denied)
04-24 18:01:26.349 2656 2892 W com.mbwhatsapp: Accessing hidden method Lcom/android/org/conscrypt/OpenSSLSocketImpl;->setAlpnProtocols([B)V (greylist-max- q,core-platform-api, reflection, denied)
04-24 18:01:26.349 2656 2892 W com.mbwhatsapp: Accessing hidden method Lcom/android/org/conscrypt/AbstractConscryptSocket;->setAlpnProtocols([B)V (greylist-max-q, reflection, denied)
04-24 18:01:26.456 2656 2892 W com.mbwhatsapp: Accessing hidden method Lcom/android/org/conscrypt/OpenSSLSocketImpl;->getAlpnSelectedProtocol()[B (greylist-max-q,core-platform-api, reflection, denied)
04-24 18:01:26.456 2656 2892 W com.mbwhatsapp: Accessing hidden method Lcom/android/org/conscrypt/AbstractConscryptSocket;->getAlpnSelectedProtocol()[B (greylist-max-q, reflection, denied)
04-24 18:01:26.568 2656 2656 W CheckTime: App running slow: Executing activity onCreate took 979ms
04-24 18:01:27.151 2656 2949 W LOTTIE : Animation contains merge paths. Merge paths are only supported on KitKat+ and must be manually enabled by calling enableMergePathsForKitKatAndAbove().
04-24 18:01:27.404 2656 2656 E OpenGLRenderer: ~SkiaDisplayList() ##### pid = 2656
04-24 18:01:29.619 2656 2656 W BottomSheetBehavior: BottomSheetBehavior now supports multiple callbacks. `setBottomSheetCallback()` removes all existing callbacks, including ones set internally by library authors, which may result in unintended behavior. This may change in the future. Please use `addBottomSheetCallback()` and `removeBottomSheetCallback()` instead to set your own callbacks.
04-24 18:01:29.620 2656 2656 W BottomSheetBehavior: BottomSheetBehavior now supports multiple callbacks. `setBottomSheetCallback()` removes all existing callbacks, including ones set internally by library authors, which may result in unintended behavior. This may change in the future. Please use `addBottomSheetCallback()` and `removeBottomSheetCallback()` instead to set your own callbacks.
04-24 18:01:29.750 2656 2656 W BottomSheetBehavior: BottomSheetBehavior now supports multiple callbacks. `setBottomSheetCallback()` removes all existing callbacks, including ones set internally by library authors, which may result in unintended behavior. This may change in the future. Please use `addBottomSheetCallback()` and `removeBottomSheetCallback()` instead to set your own callbacks.
04-24 18:01:29.750 2656 2656 W BottomSheetBehavior: BottomSheetBehavior now supports multiple callbacks. `setBottomSheetCallback()` removes all existing callbacks, including ones set internally by library authors, which may result in unintended behavior. This may change in the future. Please use `addBottomSheetCallback()` and `removeBottomSheetCallback()` instead to set your own callbacks.
04-24 18:01:29.836 2656 2656 W BottomSheetBehavior: BottomSheetBehavior now supports multiple callbacks. `setBottomSheetCallback()` removes all existing callbacks, including ones set internally by library authors, which may result in unintended behavior. This may change in the future. Please use `addBottomSheetCallback()` and `removeBottomSheetCallback()` instead to set your own callbacks.
04-24 18:01:29.836 2656 2656 W BottomSheetBehavior: BottomSheetBehavior now supports multiple callbacks. `setBottomSheetCallback()` removes all existing callbacks, including ones set internally by library authors, which may result in unintended behavior. This may change in the future. Please use `addBottomSheetCallback()` and `removeBottomSheetCallback()` instead to set your own callbacks.
04-24 18:01:29.867 2656 2656 W pool-5-thread-1: type=1400 audit(0.0:299654): avc: granted { execute } for path="/data/data/com.mbwhatsapp/files/decompressed/libs.spk.zst/libgifimage.so" dev="dm-11" ino=598945 scontext=u:r:untrusted_app:s0:c49,c257,c512,c768 tcontext=u:object_r:app_data_file:s0:c49,c257,c512,c768 tclass=file app=com.mbwhatsapp
04-24 18:01:30.779 2656 2656 W BottomSheetBehavior: BottomSheetBehavior now supports multiple callbacks. `setBottomSheetCallback()` removes all existing callbacks, including ones set internally by library authors, which may result in unintended behavior. This may change in the future. Please use `addBottomSheetCallback()` and `removeBottomSheetCallback()` instead to set your own callbacks.
04-24 18:01:30.779 2656 2656 W BottomSheetBehavior: BottomSheetBehavior now supports multiple callbacks. `setBottomSheetCallback()` removes all existing callbacks, including ones set internally by library authors, which may result in unintended behavior. This may change in the future. Please use `addBottomSheetCallback()` and `removeBottomSheetCallback()` instead to set your own callbacks.
04-24 18:01:30.860 2656 2656 W BottomSheetBehavior: BottomSheetBehavior now supports multiple callbacks. `setBottomSheetCallback()` removes all existing callbacks, including ones set internally by library authors, which may result in unintended behavior. This may change in the future. Please use `addBottomSheetCallback()` and `removeBottomSheetCallback()` instead to set your own callbacks.
04-24 18:01:30.860 2656 2656 W BottomSheetBehavior: BottomSheetBehavior now supports multiple callbacks. `setBottomSheetCallback()` removes all existing callbacks, including ones set internally by library authors, which may result in unintended behavior. This may change in the future. Please use `addBottomSheetCallback()` and `removeBottomSheetCallback()` instead to set your own callbacks.
04-24 18:01:30.901 2656 2656 W BottomSheetBehavior: BottomSheetBehavior now supports multiple callbacks. `setBottomSheetCallback()` removes all existing callbacks, including ones set internally by library authors, which may result in unintended behavior. This may change in the future. Please use `addBottomSheetCallback()` and `removeBottomSheetCallback()` instead to set your own callbacks.
04-24 18:01:30.901 2656 2656 W BottomSheetBehavior: BottomSheetBehavior now supports multiple callbacks. `setBottomSheetCallback()` removes all existing callbacks, including ones set internally by library authors, which may result in unintended behavior. This may change in the future. Please use `addBottomSheetCallback()` and `removeBottomSheetCallback()` instead to set your own callbacks.
04-24 18:01:30.968 2656 2656 W BottomSheetBehavior: BottomSheetBehavior now supports multiple callbacks. `setBottomSheetCallback()` removes all existing callbacks, including ones set internally by library authors, which may result in unintended behavior. This may change in the future. Please use `addBottomSheetCallback()` and `removeBottomSheetCallback()` instead to set your own callbacks.
04-24 18:01:30.968 2656 2656 W BottomSheetBehavior: BottomSheetBehavior now supports multiple callbacks. `setBottomSheetCallback()` removes all existing callbacks, including ones set internally by library authors, which may result in unintended behavior. This may change in the future. Please use `addBottomSheetCallback()` and `removeBottomSheetCallback()` instead to set your own callbacks.
04-24 18:01:31.060 2656 2656 W CheckTime: App running slow: Executing com.mbwhatsapp.yo.WidgetProvider scheduleReceive took 4890ms
04-24 18:01:31.060 2656 2656 W ActivityThread: Main thread can not be idle for a long time.
04-24 18:01:31.092 2656 2656 E ArmVmp : Match on catch block at 0x0a in for 0xc5
04-24 18:01:31.185 2656 2656 W LOTTIE : Animation contains merge paths but they are disabled.
04-24 18:01:31.297 2656 2656 E RecyclerView: No adapter attached; skipping layout
04-24 18:01:31.300 2656 2656 E RecyclerView: No adapter attached; skipping layout
04-24 18:01:31.346 2656 2656 E RecyclerView: No adapter attached; skipping layout
04-24 18:01:31.348 2656 2656 E RecyclerView: No adapter attached; skipping layout
04-24 18:01:32.126 2656 2841 E SQLiteDatabase: Error inserting transferred=0 media_job_uuid=ab897882-e61f-46cc-a087-84a3c4b312f0 transcoded=0 gif_attribution=0 first_scan_length=0 direct_path=/v/t62.7161- 24/19972710_1615701369242316_2096620410789400716_n.enc?ccb=11- 4&oh=01_Q5AaIH_zlAxdPxxygnfSyy7O0-EQFnpJaeMX0cPPLssg-ZkX&oe=664FB044&_nc_sid=5e03e0 thumbnail_height_width_ratio=1.7777778 is_animated_sticker=0 file_hash=b4M/SXszHCquqLRlP2ARwDOmzUsHdy5LxshcrKV+B6o= file_path=null file_size=0 partial_media_hash=null face_x=0 face_y=0 height=848 trim_to=0 media_key_timestamp=1713915454000 message_url=https://mmg.whatsapp.net/v/t62.7161- 24/19972710_1615701369242316_2096620410789400716_n.enc?ccb=11- 4&oh=01_Q5AaIH_zlAxdPxxygnfSyy7O0-EQFnpJaeMX0cPPLssg- ZkX&oe=664FB044&_nc_sid=5e03e0&mms3=true media_caption=null trim_from=0 mime_type=video/mp4 partial_media_enc_hash=null width=480 original_file_hash=null has_streaming_sidecar=1 autotransfer_retry_enabled=1 media_upload_handle=null message_row_id=5185 multicast_id=null enc_file_hash=Z3Vg0a87lwEV9ZeLQCt590HVxD5cIjn0/PWMqbGEkR8= mute_video=0 page_count=0 first_scan_sidecar=null suspicious_content=0 file_length=2850415 media_name=null media_duration=15 chat_row_id=4 media_key=[B@c0b5d5f
04-24 18:01:32.126 2656 2841 E SQLiteDatabase: android.database.sqlite.SQLiteConstraintException: UNIQUE constraint failed: message_media.message_row_id (code 1555 SQLITE_CONSTRAINT_PRIMARYKEY)
04-24 18:01:32.126 2656 2841 E SQLiteDatabase: at android.database.sqlite.SQLiteConnection.nativeExecuteForLastInsertedRowId(Native Method)
04-24 18:01:32.126 2656 2841 E SQLiteDatabase: at android.database.sqlite.SQLiteConnection.executeForLastInsertedRowId(SQLiteConnecti on.java:938)
04-24 18:01:32.126 2656 2841 E SQLiteDatabase: at android.database.sqlite.SQLiteSession.executeForLastInsertedRowId(SQLiteSession.jav a:790)
04-24 18:01:32.126 2656 2841 E SQLiteDatabase: at android.database.sqlite.SQLiteStatement.executeInsert(SQLiteStatement.java:88)
04-24 18:01:32.126 2656 2841 E SQLiteDatabase: at android.database.sqlite.SQLiteDatabase.insertWithOnConflict(SQLiteDatabase.java:170 1)
04-24 18:01:32.126 2656 2841 E SQLiteDatabase: at android.database.sqlite.SQLiteDatabase.insert(SQLiteDatabase.java:1570)
04-24 18:01:32.126 2656 2841 E SQLiteDatabase: at X.2tm.A08(Unknown Source:6)
04-24 18:01:32.126 2656 2841 E SQLiteDatabase: at X.35Y.A07(Unknown Source:212)
04-24 18:01:32.126 2656 2841 E SQLiteDatabase: at X.3QF.A14(Unknown Source:470)
04-24 18:01:32.126 2656 2841 E SQLiteDatabase: at X.3gU.run(Unknown Source:982)
04-24 18:01:32.126 2656 2841 E SQLiteDatabase: at android.os.Handler.handleCallback(Handler.java:938)
04-24 18:01:32.126 2656 2841 E SQLiteDatabase: at android.os.Handler.dispatchMessage(Handler.java:99)
04-24 18:01:32.126 2656 2841 E SQLiteDatabase: at X.0zq.dispatchMessage(Unknown Source:4)
04-24 18:01:32.126 2656 2841 E SQLiteDatabase: at android.os.Looper.loop(Looper.java:223)
04-24 18:01:32.126 2656 2841 E SQLiteDatabase: at android.os.HandlerThread.run(HandlerThread.java:67)
04-24 18:01:33.791 2656 2696 W LibraryVersion: Failed to get app version for libraryName: firebase-iid
04-24 18:01:33.911 2656 2656 W BottomSheetBehavior: BottomSheetBehavior now supports multiple callbacks. `setBottomSheetCallback()` removes all existing callbacks, including ones set internally by library authors, which may result in unintended behavior. This may change in the future. Please use `addBottomSheetCallback()` and `removeBottomSheetCallback()` instead to set your own callbacks.
04-24 18:01:34.024 2656 2656 W BottomSheetBehavior: BottomSheetBehavior now supports multiple callbacks. `setBottomSheetCallback()` removes all existing callbacks, including ones set internally by library authors, which may result in unintended behavior. This may change in the future. Please use `addBottomSheetCallback()` and `removeBottomSheetCallback()` instead to set your own callbacks.
04-24 18:01:34.298 2656 2656 E RecyclerView: No adapter attached; skipping layout
04-24 18:01:34.329 2656 2841 E SQLiteDatabase: Error inserting transferred=0 media_job_uuid=afdfbdbf-5452-4fe2-a39c-c30b405daf88 transcoded=0 gif_attribution=0 first_scan_length=8687 direct_path=/o1/v/t62.7118-24/f1/m234/up-oil-image-76f0242b- 224a-4788-a6a5-1bf9925a50d1?ccb=9-4&oh=01_Q5AaIOlINfWag-cmA1nDFFHMZJxtdsEZKJ4- xjdalS0XpeoP&oe=66510ACC&_nc_sid=000000 thumbnail_height_width_ratio=1.3541666 is_animated_sticker=0 file_hash=PpccbyP2TIRz9ky/N+3HNnv1J2vKVFMcqM3S3c1BzKM= file_path=null file_size=0 partial_media_hash=uE6BfgOFohilGXZNdtNX8NQrewRXBLg4pk6MzCOOZVc= face_x=0 face_y=0 height=1040 trim_to=0 media_key_timestamp=1713995990000 message_url=https://mmg.whatsapp.net/o1/v/t62.7118-24/f1/m234/up-oil-image- 76f0242b-224a-4788-a6a5-1bf9925a50d1?ccb=9-4&oh=01_Q5AaIOlINfWag- cmA1nDFFHMZJxtdsEZKJ4-xjdalS0XpeoP&oe=66510ACC&_nc_sid=000000&mms3=true media_caption=null trim_from=0 mime_type=image/jpeg partial_media_enc_hash=null width=780 original_file_hash=null has_streaming_sidecar=1 autotransfer_retry_enabled=0 media_upload_handle=null message_row_id=5912 multicast_id=null enc_file_hash=IeNiGweIzVvyCEqieC93nyG58UmP4rvG91cS7dQ3qcE= mute_video=0 page_count=0 first_scan_sidecar=[B@a195fda suspicious_content=0 file_length=76882 media_name=null media_duration=0 chat_row_id=4 media_key=[B@49e6c0b
04-24 18:01:34.329 2656 2841 E SQLiteDatabase: android.database.sqlite.SQLiteConstraintException: UNIQUE constraint failed: message_media.message_row_id (code 1555 SQLITE_CONSTRAINT_PRIMARYKEY)
04-24 18:01:34.329 2656 2841 E SQLiteDatabase: at android.database.sqlite.SQLiteConnection.nativeExecuteForLastInsertedRowId(Native Method)
04-24 18:01:34.329 2656 2841 E SQLiteDatabase: at android.database.sqlite.SQLiteConnection.executeForLastInsertedRowId(SQLiteConnecti on.java:938)
04-24 18:01:34.329 2656 2841 E SQLiteDatabase: at android.database.sqlite.SQLiteSession.executeForLastInsertedRowId(SQLiteSession.jav a:790)
04-24 18:01:34.329 2656 2841 E SQLiteDatabase: at android.database.sqlite.SQLiteStatement.executeInsert(SQLiteStatement.java:88)
04-24 18:01:34.329 2656 2841 E SQLiteDatabase: at android.database.sqlite.SQLiteDatabase.insertWithOnConflict(SQLiteDatabase.java:170 1)
04-24 18:01:34.329 2656 2841 E SQLiteDatabase: at android.database.sqlite.SQLiteDatabase.insert(SQLiteDatabase.java:1570)
04-24 18:01:34.329 2656 2841 E SQLiteDatabase: at X.2tm.A08(Unknown Source:6)
04-24 18:01:34.329 2656 2841 E SQLiteDatabase: at X.35Y.A07(Unknown Source:212)
04-24 18:01:34.329 2656 2841 E SQLiteDatabase: at X.3QF.A14(Unknown Source:470)
04-24 18:01:34.329 2656 2841 E SQLiteDatabase: at X.3gU.run(Unknown Source:982)
04-24 18:01:34.329 2656 2841 E SQLiteDatabase: at android.os.Handler.handleCallback(Handler.java:938)
04-24 18:01:34.329 2656 2841 E SQLiteDatabase: at android.os.Handler.dispatchMessage(Handler.java:99)
04-24 18:01:34.329 2656 2841 E SQLiteDatabase: at X.0zq.dispatchMessage(Unknown Source:4)
04-24 18:01:34.329 2656 2841 E SQLiteDatabase: at android.os.Looper.loop(Looper.java:223)
04-24 18:01:34.329 2656 2841 E SQLiteDatabase: at android.os.HandlerThread.run(HandlerThread.java:67)
04-24 18:01:34.337 2656 2841 E SQLiteDatabase: Error inserting transferred=0 media_job_uuid=fbddad02-1faf-4b1d-99ff-d9788e9481d0 transcoded=0 gif_attribution=0 first_scan_length=11368 direct_path=/v/t62.7118- 24/40699581_443439661467394_2855884974683471326_n.enc?ccb=11- 4&oh=01_Q5AaIJzKFYBEA1e7I2YQUUxorwHkREc19PLRoA0IBba5MmwI&oe=6650E6F9&_nc_sid=5e03e0 thumbnail_height_width_ratio=1.6744186 is_animated_sticker=0 file_hash=CegB4/poH60OYnCN/mW5cBK03Wv2g0iYxP4SAXgScQo= file_path=null file_size=0 partial_media_hash=v0AfxL6D9nzytFs2bwvyfUBImoGLXJy1yD9n+gNywgM= face_x=0 face_y=0 height=1209 trim_to=0 media_key_timestamp=1713995892000 message_url=https://mmg.whatsapp.net/v/t62.7118- 24/40699581_443439661467394_2855884974683471326_n.enc?ccb=11- 4&oh=01_Q5AaIJzKFYBEA1e7I2YQUUxorwHkREc19PLRoA0IBba5MmwI&oe=6650E6F9&_nc_sid=5e03e0 &mms3=true media_caption=null trim_from=0 mime_type=image/jpeg partial_media_enc_hash=null width=735 original_file_hash=null has_streaming_sidecar=1 autotransfer_retry_enabled=0 media_upload_handle=null message_row_id=5911 multicast_id=null enc_file_hash=PD9mIgRnC4OJhCk586ekjP3DcV3feWZ0UjA/UFC5tak= mute_video=0 page_count=0 first_scan_sidecar=[B@3bd9fa6 suspicious_content=0 file_length=161251 media_name=null media_duration=0 chat_row_id=4 media_key=[B@ec5bde7
04-24 18:01:34.337 2656 2841 E SQLiteDatabase: android.database.sqlite.SQLiteConstraintException: UNIQUE constraint failed: message_media.message_row_id (code 1555 SQLITE_CONSTRAINT_PRIMARYKEY)
04-24 18:01:34.337 2656 2841 E SQLiteDatabase: at android.database.sqlite.SQLiteConnection.nativeExecuteForLastInsertedRowId(Native Method)
04-24 18:01:34.337 2656 2841 E SQLiteDatabase: at android.database.sqlite.SQLiteConnection.executeForLastInsertedRowId(SQLiteConnecti on.java:938)
04-24 18:01:34.337 2656 2841 E SQLiteDatabase: at android.database.sqlite.SQLiteSession.executeForLastInsertedRowId(SQLiteSession.jav a:790)
04-24 18:01:34.337 2656 2841 E SQLiteDatabase: at android.database.sqlite.SQLiteStatement.executeInsert(SQLiteStatement.java:88)
04-24 18:01:34.337 2656 2841 E SQLiteDatabase: at android.database.sqlite.SQLiteDatabase.insertWithOnConflict(SQLiteDatabase.java:170 1)
04-24 18:01:34.337 2656 2841 E SQLiteDatabase: at android.database.sqlite.SQLiteDatabase.insert(SQLiteDatabase.java:1570)
04-24 18:01:34.337 2656 2841 E SQLiteDatabase: at X.2tm.A08(Unknown Source:6)
04-24 18:01:34.337 2656 2841 E SQLiteDatabase: at X.35Y.A07(Unknown Source:212)
04-24 18:01:34.337 2656 2841 E SQLiteDatabase: at X.3QF.A14(Unknown Source:470)
04-24 18:01:34.337 2656 2841 E SQLiteDatabase: at X.3gU.run(Unknown Source:982)
04-24 18:01:34.337 2656 2841 E SQLiteDatabase: at android.os.Handler.handleCallback(Handler.java:938)
04-24 18:01:34.337 2656 2841 E SQLiteDatabase: at android.os.Handler.dispatchMessage(Handler.java:99)
04-24 18:01:34.337 2656 2841 E SQLiteDatabase: at X.0zq.dispatchMessage(Unknown Source:4)
04-24 18:01:34.337 2656 2841 E SQLiteDatabase: at android.os.Looper.loop(Looper.java:223)
04-24 18:01:34.337 2656 2841 E SQLiteDatabase: at android.os.HandlerThread.run(HandlerThread.java:67)
04-24 18:01:34.344 2656 2841 E SQLiteDatabase: Error inserting transferred=0 media_job_uuid=9c5109ed-2f0d-4199-8140-66b2d9d459f3 transcoded=0 gif_attribution=0 first_scan_length=7908 direct_path=/o1/v/t62.7118-24/f1/m234/up-oil-image-2b23d526- 9da1-4892-853a-058ff5ab4957?ccb=9-4&oh=01_Q5AaIG5KzmE34x12X4i7tW--s58G3- _J_t7rioopASXTwnIx&oe=6650EB93&_nc_sid=000000&_nc_hot=1713996145 thumbnail_height_width_ratio=1.2888889 is_animated_sticker=0 file_hash=yp0tm+09qsNT5KhtHnfOiCHenZ7/+EONMEUxU7TvGs4= file_path=null file_size=0 partial_media_hash=s+eLVmCLhg9bKwrfUCvc+oJvBh9uFVz7eKASgzZkNyc= face_x=0 face_y=0 height=932 trim_to=0 media_key_timestamp=1713996002000 message_url=https://mmg.whatsapp.net/o1/v/t62.7118-24/f1/m234/up-oil-image- 2b23d526-9da1-4892-853a-058ff5ab4957?ccb=9-4&oh=01_Q5AaIG5KzmE34x12X4i7tW--s58G3- _J_t7rioopASXTwnIx&oe=6650EB93&_nc_sid=000000&mms3=true media_caption=null trim_from=0 mime_type=image/jpeg partial_media_enc_hash=null width=720 original_file_hash=null has_streaming_sidecar=1 autotransfer_retry_enabled=0 media_upload_handle=null message_row_id=5916 multicast_id=null enc_file_hash=6ssU2kpw2uuqyBT7ZY+nOBp3t2R5wRSNh8mQw6HTaqg= mute_video=0 page_count=0 first_scan_sidecar=[B@a141032 suspicious_content=0 file_length=70597 media_name=null media_duration=0 chat_row_id=4 media_key=[B@265183
04-24 18:01:34.344 2656 2841 E SQLiteDatabase: android.database.sqlite.SQLiteConstraintException: UNIQUE constraint failed: message_media.message_row_id (code 1555 SQLITE_CONSTRAINT_PRIMARYKEY)
04-24 18:01:34.344 2656 2841 E SQLiteDatabase: at android.database.sqlite.SQLiteConnection.nativeExecuteForLastInsertedRowId(Native Method)
04-24 18:01:34.344 2656 2841 E SQLiteDatabase: at android.database.sqlite.SQLiteConnection.executeForLastInsertedRowId(SQLiteConnecti on.java:938)
04-24 18:01:34.344 2656 2841 E SQLiteDatabase: at android.database.sqlite.SQLiteSession.executeForLastInsertedRowId(SQLiteSession.jav a:790)
04-24 18:01:34.344 2656 2841 E SQLiteDatabase: at android.database.sqlite.SQLiteStatement.executeInsert(SQLiteStatement.java:88)
04-24 18:01:34.344 2656 2841 E SQLiteDatabase: at android.database.sqlite.SQLiteDatabase.insertWithOnConflict(SQLiteDatabase.java:170 1)
04-24 18:01:34.344 2656 2841 E SQLiteDatabase: at android.database.sqlite.SQLiteDatabase.insert(SQLiteDatabase.java:1570)
04-24 18:01:34.344 2656 2841 E SQLiteDatabase: at X.2tm.A08(Unknown Source:6)
04-24 18:01:34.344 2656 2841 E SQLiteDatabase: at X.35Y.A07(Unknown Source:212)
04-24 18:01:34.344 2656 2841 E SQLiteDatabase: at X.3QF.A14(Unknown Source:470)
04-24 18:01:34.344 2656 2841 E SQLiteDatabase: at X.3gU.run(Unknown Source:982)
04-24 18:01:34.344 2656 2841 E SQLiteDatabase: at android.os.Handler.handleCallback(Handler.java:938)
04-24 18:01:34.344 2656 2841 E SQLiteDatabase: at android.os.Handler.dispatchMessage(Handler.java:99)
04-24 18:01:34.344 2656 2841 E SQLiteDatabase: at X.0zq.dispatchMessage(Unknown Source:4)
04-24 18:01:34.344 2656 2841 E SQLiteDatabase: at android.os.Looper.loop(Looper.java:223)
04-24 18:01:34.344 2656 2841 E SQLiteDatabase: at android.os.HandlerThread.run(HandlerThread.java:67)
04-24 18:01:34.717 2656 2841 E SQLiteDatabase: Error inserting transferred=0 media_job_uuid=afdfbdbf-5452-4fe2-a39c-c30b405daf88 transcoded=0 gif_attribution=0 first_scan_length=8687 direct_path=/o1/v/t62.7118-24/f1/m234/up-oil-image-76f0242b- 224a-4788-a6a5-1bf9925a50d1?ccb=9-4&oh=01_Q5AaIOlINfWag-cmA1nDFFHMZJxtdsEZKJ4- xjdalS0XpeoP&oe=66510ACC&_nc_sid=000000 thumbnail_height_width_ratio=1.3541666 is_animated_sticker=0 file_hash=PpccbyP2TIRz9ky/N+3HNnv1J2vKVFMcqM3S3c1BzKM= file_path=null file_size=0 partial_media_hash=uE6BfgOFohilGXZNdtNX8NQrewRXBLg4pk6MzCOOZVc= face_x=0 face_y=0 height=1040 trim_to=0 media_key_timestamp=1713995990000 message_url=https://mmg.whatsapp.net/o1/v/t62.7118-24/f1/m234/up-oil-image- 76f0242b-224a-4788-a6a5-1bf9925a50d1?ccb=9-4&oh=01_Q5AaIOlINfWag- cmA1nDFFHMZJxtdsEZKJ4-xjdalS0XpeoP&oe=66510ACC&_nc_sid=000000&mms3=true media_caption=null trim_from=0 mime_type=image/jpeg partial_media_enc_hash=null width=780 original_file_hash=null has_streaming_sidecar=1 autotransfer_retry_enabled=0 media_upload_handle=null message_row_id=5912 multicast_id=null enc_file_hash=IeNiGweIzVvyCEqieC93nyG58UmP4rvG91cS7dQ3qcE= mute_video=0 page_count=0 first_scan_sidecar=[B@a195fda suspicious_content=0 file_length=76882 media_name=null media_duration=0 chat_row_id=4 media_key=[B@49e6c0b
04-24 18:01:34.717 2656 2841 E SQLiteDatabase: android.database.sqlite.SQLiteConstraintException: UNIQUE constraint failed: message_media.message_row_id (code 1555 SQLITE_CONSTRAINT_PRIMARYKEY)
04-24 18:01:34.717 2656 2841 E SQLiteDatabase: at android.database.sqlite.SQLiteConnection.nativeExecuteForLastInsertedRowId(Native Method)
04-24 18:01:34.717 2656 2841 E SQLiteDatabase: at android.database.sqlite.SQLiteConnection.executeForLastInsertedRowId(SQLiteConnecti on.java:938)
04-24 18:01:34.717 2656 2841 E SQLiteDatabase: at android.database.sqlite.SQLiteSession.executeForLastInsertedRowId(SQLiteSession.jav a:790)
04-24 18:01:34.717 2656 2841 E SQLiteDatabase: at android.database.sqlite.SQLiteStatement.executeInsert(SQLiteStatement.java:88)
04-24 18:01:34.717 2656 2841 E SQLiteDatabase: at android.database.sqlite.SQLiteDatabase.insertWithOnConflict(SQLiteDatabase.java:170 1)
04-24 18:01:34.717 2656 2841 E SQLiteDatabase: at android.database.sqlite.SQLiteDatabase.insert(SQLiteDatabase.java:1570)
04-24 18:01:34.717 2656 2841 E SQLiteDatabase: at X.2tm.A08(Unknown Source:6)
04-24 18:01:34.717 2656 2841 E SQLiteDatabase: at X.35Y.A07(Unknown Source:212)
04-24 18:01:34.717 2656 2841 E SQLiteDatabase: at X.3QF.A14(Unknown Source:470)
04-24 18:01:34.717 2656 2841 E SQLiteDatabase: at X.3gU.run(Unknown Source:982)
04-24 18:01:34.717 2656 2841 E SQLiteDatabase: at android.os.Handler.handleCallback(Handler.java:938)
04-24 18:01:34.717 2656 2841 E SQLiteDatabase: at android.os.Handler.dispatchMessage(Handler.java:99)
04-24 18:01:34.717 2656 2841 E SQLiteDatabase: at X.0zq.dispatchMessage(Unknown Source:4)
04-24 18:01:34.717 2656 2841 E SQLiteDatabase: at android.os.Looper.loop(Looper.java:223)
04-24 18:01:34.717 2656 2841 E SQLiteDatabase: at android.os.HandlerThread.run(HandlerThread.java:67)
04-24 18:01:34.722 2656 2841 E SQLiteDatabase: Error inserting transferred=0 media_job_uuid=fbddad02-1faf-4b1d-99ff-d9788e9481d0 transcoded=0 gif_attribution=0 first_scan_length=11368 direct_path=/v/t62.7118- 24/40699581_443439661467394_2855884974683471326_n.enc?ccb=11- 4&oh=01_Q5AaIJzKFYBEA1e7I2YQUUxorwHkREc19PLRoA0IBba5MmwI&oe=6650E6F9&_nc_sid=5e03e0 thumbnail_height_width_ratio=1.6744186 is_animated_sticker=0 file_hash=CegB4/poH60OYnCN/mW5cBK03Wv2g0iYxP4SAXgScQo= file_path=null file_size=0 partial_media_hash=v0AfxL6D9nzytFs2bwvyfUBImoGLXJy1yD9n+gNywgM= face_x=0 face_y=0 height=1209 trim_to=0 media_key_timestamp=1713995892000 message_url=https://mmg.whatsapp.net/v/t62.7118- 24/40699581_443439661467394_2855884974683471326_n.enc?ccb=11- 4&oh=01_Q5AaIJzKFYBEA1e7I2YQUUxorwHkREc19PLRoA0IBba5MmwI&oe=6650E6F9&_nc_sid=5e03e0 &mms3=true media_caption=null trim_from=0 mime_type=image/jpeg partial_media_enc_hash=null width=735 original_file_hash=null has_streaming_sidecar=1 autotransfer_retry_enabled=0 media_upload_handle=null message_row_id=5911 multicast_id=null enc_file_hash=PD9mIgRnC4OJhCk586ekjP3DcV3feWZ0UjA/UFC5tak= mute_video=0 page_count=0 first_scan_sidecar=[B@3bd9fa6 suspicious_content=0 file_length=161251 media_name=null media_duration=0 chat_row_id=4 media_key=[B@ec5bde7
04-24 18:01:34.722 2656 2841 E SQLiteDatabase: android.database.sqlite.SQLiteConstraintException: UNIQUE constraint failed: message_media.message_row_id (code 1555 SQLITE_CONSTRAINT_PRIMARYKEY)
04-24 18:01:34.722 2656 2841 E SQLiteDatabase: at android.database.sqlite.SQLiteConnection.nativeExecuteForLastInsertedRowId(Native Method)
04-24 18:01:34.722 2656 2841 E SQLiteDatabase: at android.database.sqlite.SQLiteConnection.executeForLastInsertedRowId(SQLiteConnecti on.java:938)
04-24 18:01:34.722 2656 2841 E SQLiteDatabase: at android.database.sqlite.SQLiteSession.executeForLastInsertedRowId(SQLiteSession.jav a:790)
04-24 18:01:34.722 2656 2841 E SQLiteDatabase: at android.database.sqlite.SQLiteStatement.executeInsert(SQLiteStatement.java:88)
04-24 18:01:34.722 2656 2841 E SQLiteDatabase: at android.database.sqlite.SQLiteDatabase.insertWithOnConflict(SQLiteDatabase.java:170 1)
04-24 18:01:34.722 2656 2841 E SQLiteDatabase: at android.database.sqlite.SQLiteDatabase.insert(SQLiteDatabase.java:1570)
04-24 18:01:34.722 2656 2841 E SQLiteDatabase: at X.2tm.A08(Unknown Source:6)
04-24 18:01:34.722 2656 2841 E SQLiteDatabase: at X.35Y.A07(Unknown Source:212)
04-24 18:01:34.722 2656 2841 E SQLiteDatabase: at X.3QF.A14(Unknown Source:470)
04-24 18:01:34.722 2656 2841 E SQLiteDatabase: at X.3gU.run(Unknown Source:982)
04-24 18:01:34.722 2656 2841 E SQLiteDatabase: at android.os.Handler.handleCallback(Handler.java:938)
04-24 18:01:34.722 2656 2841 E SQLiteDatabase: at android.os.Handler.dispatchMessage(Handler.java:99)
04-24 18:01:34.722 2656 2841 E SQLiteDatabase: at X.0zq.dispatchMessage(Unknown Source:4)
04-24 18:01:34.722 2656 2841 E SQLiteDatabase: at android.os.Looper.loop(Looper.java:223)
04-24 18:01:34.722 2656 2841 E SQLiteDatabase: at android.os.HandlerThread.run(HandlerThread.java:67)
04-24 18:01:34.730 2656 2841 E SQLiteDatabase: Error inserting transferred=0 media_job_uuid=9c5109ed-2f0d-4199-8140-66b2d9d459f3 transcoded=0 gif_attribution=0 first_scan_length=7908 direct_path=/o1/v/t62.7118-24/f1/m234/up-oil-image-2b23d526- 9da1-4892-853a-058ff5ab4957?ccb=9-4&oh=01_Q5AaIG5KzmE34x12X4i7tW--s58G3- _J_t7rioopASXTwnIx&oe=6650EB93&_nc_sid=000000&_nc_hot=1713996145 thumbnail_height_width_ratio=1.2888889 is_animated_sticker=0 file_hash=yp0tm+09qsNT5KhtHnfOiCHenZ7/+EONMEUxU7TvGs4= file_path=null file_size=0 partial_media_hash=s+eLVmCLhg9bKwrfUCvc+oJvBh9uFVz7eKASgzZkNyc= face_x=0 face_y=0 height=932 trim_to=0 media_key_timestamp=1713996002000 message_url=https://mmg.whatsapp.net/o1/v/t62.7118-24/f1/m234/up-oil-image- 2b23d526-9da1-4892-853a-058ff5ab4957?ccb=9-4&oh=01_Q5AaIG5KzmE34x12X4i7tW--s58G3- _J_t7rioopASXTwnIx&oe=6650EB93&_nc_sid=000000&mms3=true media_caption=null trim_from=0 mime_type=image/jpeg partial_media_enc_hash=null width=720 original_file_hash=null has_streaming_sidecar=1 autotransfer_retry_enabled=0 media_upload_handle=null message_row_id=5916 multicast_id=null enc_file_hash=6ssU2kpw2uuqyBT7ZY+nOBp3t2R5wRSNh8mQw6HTaqg= mute_video=0 page_count=0 first_scan_sidecar=[B@a141032 suspicious_content=0 file_length=70597 media_name=null media_duration=0 chat_row_id=4 media_key=[B@265183
04-24 18:01:34.730 2656 2841 E SQLiteDatabase: android.database.sqlite.SQLiteConstraintException: UNIQUE constraint failed: message_media.message_row_id (code 1555 SQLITE_CONSTRAINT_PRIMARYKEY)
04-24 18:01:34.730 2656 2841 E SQLiteDatabase: at android.database.sqlite.SQLiteConnection.nativeExecuteForLastInsertedRowId(Native Method)
04-24 18:01:34.730 2656 2841 E SQLiteDatabase: at android.database.sqlite.SQLiteConnection.executeForLastInsertedRowId(SQLiteConnecti on.java:938)
04-24 18:01:34.730 2656 2841 E SQLiteDatabase: at android.database.sqlite.SQLiteSession.executeForLastInsertedRowId(SQLiteSession.jav a:790)
04-24 18:01:34.730 2656 2841 E SQLiteDatabase: at android.database.sqlite.SQLiteStatement.executeInsert(SQLiteStatement.java:88)
04-24 18:01:34.730 2656 2841 E SQLiteDatabase: at android.database.sqlite.SQLiteDatabase.insertWithOnConflict(SQLiteDatabase.java:170 1)
04-24 18:01:34.730 2656 2841 E SQLiteDatabase: at android.database.sqlite.SQLiteDatabase.insert(SQLiteDatabase.java:1570)
