04-25 09:25:20.976 19414 19853 W System.err: at libcore.io.ForwardingOs.android_getaddrinfo(ForwardingOs.java:73)
04-25 09:25:20.976 19414 19853 W System.err:
04-25 09:25:20.977 19414 19853 W System.err: at libcore.io.BlockGuardOs.android_getaddrinfo(BlockGuardOs.java:202)
04-25 09:25:20.977 19414 19853 W System.err:
04-25 09:25:20.978 19414 19853 W System.err: at libcore.io.ForwardingOs.android_getaddrinfo(ForwardingOs.java:73)
04-25 09:25:20.978 19414 19853 W System.err:
04-25 09:25:20.978 19414 19853 W System.err: at java.net.Inet6AddressImpl.lookupHostByName(Inet6AddressImpl.java:135)
04-25 09:25:20.978 19414 19853 W System.err:
04-25 09:25:20.979 19414 19853 W System.err: ... 27 more
04-25 09:25:20.979 19414 19853 W System.err:
04-25 09:25:21.254 19414 19414 W CheckTime: App running slow: Executing activity onCreate took 2716ms
04-25 09:25:21.632 19414 19623 E OpenGLRenderer: error : EGL_BAD_DISPLAY, because eglTerminate has been called.
04-25 09:25:21.720 19414 19414 W CheckTime: App running slow: Executing com.mbwhatsapp.yo.WidgetProvider scheduleReceive took 1202ms
04-25 09:25:21.720 19414 19414 W ActivityThread: Main thread can not be idle for a long time. --------- beginning of main
04-25 12:20:20.282 19716 19716 W System.err: java.lang.ClassNotFoundException: mbmodsd.mbmodsw.ui.views.btn.BtnBK
04-25 12:20:20.283 19716 19716 W System.err: at java.lang.Runtime.nativeLoad(Native Method)
04-25 12:20:20.283 19716 19716 W System.err: at java.lang.Runtime.nativeLoad(Runtime.java:1131)
04-25 12:20:20.283 19716 19716 W System.err: at java.lang.Runtime.loadLibrary0(Runtime.java:1085)
04-25 12:20:20.283 19716 19716 W System.err: at java.lang.Runtime.loadLibrary0(Runtime.java:1008)
04-25 12:20:20.283 19716 19716 W System.err: at java.lang.System.loadLibrary(System.java:1664)
04-25 12:20:20.283 19716 19716 W System.err: at arm.EpicVm.<clinit>(Unknown Source:2)
04-25 12:20:20.283 19716 19716 W System.err: at java.lang.Class.newInstance(Native Method)
04-25 12:20:20.283 19716 19716 W System.err: at android.app.AppComponentFactory.instantiateApplication(AppComponentFactory.java:76)
04-25 12:20:20.283 19716 19716 W System.err: at androidx.core.app.CoreComponentFactory.instantiateApplication(Unknown Source:0)
04-25 12:20:20.284 19716 19716 W System.err: at android.app.Instrumentation.newApplication(Instrumentation.java:1158)
04-25 12:20:20.284 19716 19716 W System.err: at android.app.LoadedApk.makeApplication(LoadedApk.java:1268)
04-25 12:20:20.284 19716 19716 W System.err: at android.app.ActivityThread.handleBindApplication(ActivityThread.java:6927)
04-25 12:20:20.284 19716 19716 W System.err: at android.app.ActivityThread.access$1300(ActivityThread.java:262)
04-25 12:20:20.284 19716 19716 W System.err: at android.app.ActivityThread$H.handleMessage(ActivityThread.java:1977)
04-25 12:20:20.284 19716 19716 W System.err: at android.os.Handler.dispatchMessage(Handler.java:106)
04-25 12:20:20.284 19716 19716 W System.err: at android.os.Looper.loop(Looper.java:223)
04-25 12:20:20.284 19716 19716 W System.err: at android.app.ActivityThread.main(ActivityThread.java:8001)
04-25 12:20:20.284 19716 19716 W System.err: at java.lang.reflect.Method.invoke(Native Method)
04-25 12:20:20.284 19716 19716 W System.err: at com.android.internal.os.RuntimeInit$MethodAndArgsCaller.run(RuntimeInit.java:635)
04-25 12:20:20.284 19716 19716 W System.err: at com.android.internal.os.ZygoteInit.main(ZygoteInit.java:947)
04-25 12:20:20.323 19716 19716 E CustomActivityOnCrash: IMPORTANT WARNING! You already have an UncaughtExceptionHandler, are you sure this is correct? If you use a custom UncaughtExceptionHandler, you must initialize it AFTER CustomActivityOnCrash! Installing anyway, but your original handler will not be called.
04-25 12:20:20.732 19716 19716 W com.mbwhatsapp: Accessing hidden method Lcom/android/org/conscrypt/OpenSSLSocketImpl;->setUseSessionTickets(Z)V (greylist- max-q,core-platform-api, reflection, denied)
04-25 12:20:20.732 19716 19716 W com.mbwhatsapp: Accessing hidden method Lcom/android/org/conscrypt/AbstractConscryptSocket;->setUseSessionTickets(Z)V (greylist-max-q, reflection, denied)
04-25 12:20:21.335 19716 19716 W CheckTime: App running slow: Executing handleBindApplication : callApplicationOnCreate took 926ms
04-25 12:20:21.340 19716 28130 W com.mbwhatsapp: Class X.2rL failed lock verification and will run slower.
04-25 12:20:21.340 19716 28130 W com.mbwhatsapp: Common causes for lock verification issues are non-optimized dex code
04-25 12:20:21.340 19716 28130 W com.mbwhatsapp: and incorrect proguard optimizations.
04-25 12:20:21.373 19716 19716 W com.mbwhatsapp: Class X.0eU failed lock verification and will run slower. --------- beginning of system
04-25 12:20:21.664 28138 28138 W com.mbwhatsapp: Using default instruction set features for ARM CPU variant (generic) using conservative defaults
04-25 12:20:21.674 28138 28138 E com.mbwhatsapp: Not starting debugger since process cannot load the jdwp agent.
04-25 12:20:21.735 19716 19730 W com.mbwhatsapp: Reducing the number of considered missed Gc histogram windows from 1051 to 100
04-25 12:20:21.803 19716 19716 W com.mbwhatsapp: Class com.mbwhatsapp.HomeActivity failed lock verification and will run slower.
04-25 12:20:22.506 19716 19716 E ArmVmp : Match on catch block at 0x0a in for 0xb9
04-25 12:20:22.551 19716 19716 E ArmVmp : Match on catch block at 0x0a in for 0x121
04-25 12:20:22.669 19716 28166 E ArmVmp : No matching catch block at 0x07
04-25 12:20:22.669 19716 28166 E ArmVmp : Match on catch block at 0x02 in for 0x25
04-25 12:20:22.670 19716 28166 W System.err: java.net.UnknownHostException: Unable to resolve host "pastebin.com": No address associated with hostname
04-25 12:20:22.670 19716 28166 W System.err:
04-25 12:20:22.672 19716 28166 W System.err: at java.net.Inet6AddressImpl.lookupHostByName(Inet6AddressImpl.java:156)
04-25 12:20:22.673 19716 28166 W System.err:
04-25 12:20:22.673 19716 28166 W System.err: at java.net.Inet6AddressImpl.lookupAllHostAddr(Inet6AddressImpl.java:103)
04-25 12:20:22.673 19716 28166 W System.err:
04-25 12:20:22.673 19716 28166 W System.err: at java.net.InetAddress.getAllByName(InetAddress.java:1152)
04-25 12:20:22.673 19716 28166 W System.err:
04-25 12:20:22.674 19716 28166 W System.err: at com.android.okhttp.Dns$1.lookup(Dns.java:41)
04-25 12:20:22.674 19716 28166 W System.err:
04-25 12:20:22.674 19716 28166 W System.err: at com.android.okhttp.internal.http.RouteSelector.resetNextInetSocketAddress(RouteSele ctor.java:178)
04-25 12:20:22.674 19716 28166 W System.err:
04-25 12:20:22.674 19716 28166 W System.err: at com.android.okhttp.internal.http.RouteSelector.nextProxy(RouteSelector.java:144)
04-25 12:20:22.674 19716 28166 W System.err:
04-25 12:20:22.674 19716 28166 W System.err: at com.android.okhttp.internal.http.RouteSelector.next(RouteSelector.java:86)
04-25 12:20:22.675 19716 28166 W System.err:
04-25 12:20:22.675 19716 28166 W System.err: at com.android.okhttp.internal.http.StreamAllocation.findConnection(StreamAllocation.j ava:176)
04-25 12:20:22.675 19716 28166 W System.err:
04-25 12:20:22.675 19716 28166 W System.err: at com.android.okhttp.internal.http.StreamAllocation.findHealthyConnection(StreamAlloc ation.java:128)
04-25 12:20:22.675 19716 28166 W System.err:
04-25 12:20:22.675 19716 28166 W System.err: at com.android.okhttp.internal.http.StreamAllocation.newStream(StreamAllocation.java:9 7)
04-25 12:20:22.676 19716 28166 W System.err:
04-25 12:20:22.676 19716 28166 W System.err: at com.android.okhttp.internal.http.HttpEngine.connect(HttpEngine.java:289)
04-25 12:20:22.676 19716 28166 W System.err:
04-25 12:20:22.676 19716 28166 W System.err: at com.android.okhttp.internal.http.HttpEngine.sendRequest(HttpEngine.java:232)
04-25 12:20:22.676 19716 28166 W System.err:
04-25 12:20:22.676 19716 28166 W System.err: at com.android.okhttp.internal.huc.HttpURLConnectionImpl.execute(HttpURLConnectionImpl .java:465)
04-25 12:20:22.676 19716 28166 W System.err:
04-25 12:20:22.677 19716 28166 W System.err: at com.android.okhttp.internal.huc.HttpURLConnectionImpl.getResponse(HttpURLConnection Impl.java:411)
04-25 12:20:22.677 19716 28166 W System.err:
04-25 12:20:22.677 19716 28166 W System.err: at com.android.okhttp.internal.huc.HttpURLConnectionImpl.getInputStream(HttpURLConnect ionImpl.java:248)
04-25 12:20:22.677 19716 28166 W System.err:
04-25 12:20:22.677 19716 28166 W System.err: at com.android.okhttp.internal.huc.DelegatingHttpsURLConnection.getInputStream(Delegat ingHttpsURLConnection.java:211)
04-25 12:20:22.677 19716 28166 W System.err:
04-25 12:20:22.678 19716 28166 W System.err: at com.android.okhttp.internal.huc.HttpsURLConnectionImpl.getInputStream(HttpsURLConne ctionImpl.java:30)
04-25 12:20:22.678 19716 28166 W System.err:
04-25 12:20:22.678 19716 28166 W System.err: at java.net.URL.openStream(URL.java:1072)
04-25 12:20:22.678 19716 28166 W System.err:
04-25 12:20:22.678 19716 28166 W System.err: at mbmodsd.mbmodsw.mbdialog.MBDialogMan.loadJsonFromUrl(Native Method)
04-25 12:20:22.678 19716 28166 W System.err:
04-25 12:20:22.678 19716 28166 W System.err: at mbmodsd.mbmodsw.mbdialog.MBDialogMan.access$000(Native Method)
04-25 12:20:22.679 19716 28166 W System.err:
04-25 12:20:22.679 19716 28166 W System.err: at mbmodsd.mbmodsw.mbdialog.MBDialogMan$FetchJsonTask.doInBackground(Native Method)
04-25 12:20:22.679 19716 28166 W System.err:
04-25 12:20:22.679 19716 28166 W System.err: at mbmodsd.mbmodsw.mbdialog.MBDialogMan$FetchJsonTask.doInBackground(Native Method)
04-25 12:20:22.679 19716 28166 W System.err:
04-25 12:20:22.679 19716 28166 W System.err: at android.os.AsyncTask$3.call(AsyncTask.java:394)
04-25 12:20:22.679 19716 28166 W System.err:
04-25 12:20:22.680 19716 28166 W System.err: at java.util.concurrent.FutureTask.run(FutureTask.java:266)
04-25 12:20:22.680 19716 28166 W System.err:
04-25 12:20:22.680 19716 28166 W System.err: at android.os.AsyncTask$SerialExecutor$1.run(AsyncTask.java:305)
04-25 12:20:22.680 19716 28166 W System.err:
04-25 12:20:22.680 19716 28166 W System.err: at java.util.concurrent.ThreadPoolExecutor.runWorker(ThreadPoolExecutor.java:1167)
04-25 12:20:22.680 19716 28166 W System.err:
04-25 12:20:22.681 19716 28166 W System.err: at java.util.concurrent.ThreadPoolExecutor$Worker.run(ThreadPoolExecutor.java:641)
04-25 12:20:22.682 19716 28166 W System.err:
04-25 12:20:22.682 19716 28166 W System.err: at java.lang.Thread.run(Thread.java:923)
04-25 12:20:22.682 19716 28166 W System.err:
04-25 12:20:22.683 19716 28166 W System.err: Caused by: android.system.GaiException: android_getaddrinfo failed: EAI_NODATA (No address associated with hostname)
04-25 12:20:22.683 19716 28166 W System.err:
04-25 12:20:22.683 19716 28166 W System.err: at libcore.io.Linux.android_getaddrinfo(Native Method)
04-25 12:20:22.683 19716 28166 W System.err:
04-25 12:20:22.684 19716 28166 W System.err: at libcore.io.ForwardingOs.android_getaddrinfo(ForwardingOs.java:73)
04-25 12:20:22.684 19716 28166 W System.err:
04-25 12:20:22.684 19716 28166 W System.err: at libcore.io.BlockGuardOs.android_getaddrinfo(BlockGuardOs.java:202)
04-25 12:20:22.684 19716 28166 W System.err:
04-25 12:20:22.685 19716 28166 W System.err: at libcore.io.ForwardingOs.android_getaddrinfo(ForwardingOs.java:73)
04-25 12:20:22.685 19716 28166 W System.err:
04-25 12:20:22.685 19716 28166 W System.err: at java.net.Inet6AddressImpl.lookupHostByName(Inet6AddressImpl.java:135)
04-25 12:20:22.686 19716 28166 W System.err:
04-25 12:20:22.686 19716 28166 W System.err: ... 27 more
04-25 12:20:22.686 19716 28166 W System.err:
04-25 12:20:22.829 19716 19716 W CheckTime: App running slow: Executing activity onCreate took 1008ms
04-25 12:20:24.764 19716 19716 E OpenGLRenderer: ~SkiaDisplayList() ##### pid = 19716
04-25 12:20:25.131 19716 19716 E ArmVmp : Match on catch block at 0x0a in for 0xc5
04-25 12:20:25.427 19716 28213 W LOTTIE : Animation contains merge paths. Merge paths are only supported on KitKat+ and must be manually enabled by calling enableMergePathsForKitKatAndAbove().
04-25 12:20:25.774 19716 19716 W LOTTIE : Animation contains merge paths but they are disabled.
04-25 12:20:26.498 19716 19716 W pool-7-thread-1: type=1400 audit(0.0:473821): avc: granted { execute } for path="/data/data/com.mbwhatsapp/files/decompressed/libs.spk.zst/libgifimage.so" dev="dm-11" ino=598945 scontext=u:r:untrusted_app:s0:c49,c257,c512,c768 tcontext=u:object_r:app_data_file:s0:c49,c257,c512,c768 tclass=file app=com.mbwhatsapp --------- beginning of main
04-25 12:54:07.813 28138 28138 W com.mbwhatsapp: Suspending all threads took: 6.979ms
04-25 12:54:08.648 28138 28138 W System.err: java.lang.ClassNotFoundException: mbmodsd.mbmodsw.ui.views.btn.BtnBK
04-25 12:54:08.651 28138 28138 W System.err: at java.lang.Runtime.nativeLoad(Native Method)
04-25 12:54:08.651 28138 28138 W System.err: at java.lang.Runtime.nativeLoad(Runtime.java:1131)
04-25 12:54:08.651 28138 28138 W System.err: at java.lang.Runtime.loadLibrary0(Runtime.java:1085)
04-25 12:54:08.651 28138 28138 W System.err: at java.lang.Runtime.loadLibrary0(Runtime.java:1008)
04-25 12:54:08.651 28138 28138 W System.err: at java.lang.System.loadLibrary(System.java:1664)
04-25 12:54:08.651 28138 28138 W System.err: at arm.EpicVm.<clinit>(Unknown Source:2)
04-25 12:54:08.651 28138 28138 W System.err: at java.lang.Class.newInstance(Native Method)
04-25 12:54:08.652 28138 28138 W System.err: at android.app.AppComponentFactory.instantiateApplication(AppComponentFactory.java:76)
04-25 12:54:08.652 28138 28138 W System.err: at androidx.core.app.CoreComponentFactory.instantiateApplication(Unknown Source:0)
04-25 12:54:08.652 28138 28138 W System.err: at android.app.Instrumentation.newApplication(Instrumentation.java:1158)
04-25 12:54:08.652 28138 28138 W System.err: at android.app.LoadedApk.makeApplication(LoadedApk.java:1268)
04-25 12:54:08.652 28138 28138 W System.err: at android.app.ActivityThread.handleBindApplication(ActivityThread.java:6927)
04-25 12:54:08.652 28138 28138 W System.err: at android.app.ActivityThread.access$1300(ActivityThread.java:262)
04-25 12:54:08.652 28138 28138 W System.err: at android.app.ActivityThread$H.handleMessage(ActivityThread.java:1977)
04-25 12:54:08.652 28138 28138 W System.err: at android.os.Handler.dispatchMessage(Handler.java:106)
04-25 12:54:08.652 28138 28138 W System.err: at android.os.Looper.loop(Looper.java:223)
04-25 12:54:08.652 28138 28138 W System.err: at android.app.ActivityThread.main(ActivityThread.java:8001)
04-25 12:54:08.652 28138 28138 W System.err: at java.lang.reflect.Method.invoke(Native Method)
04-25 12:54:08.652 28138 28138 W System.err: at com.android.internal.os.RuntimeInit$MethodAndArgsCaller.run(RuntimeInit.java:635)
04-25 12:54:08.652 28138 28138 W System.err: at com.android.internal.os.ZygoteInit.main(ZygoteInit.java:947)
04-25 12:54:08.716 28138 28138 W CheckTime: App running slow: Executing handleBindApplication : makeApplication took 440ms
04-25 12:54:08.723 28138 28138 E CustomActivityOnCrash: IMPORTANT WARNING! You already have an UncaughtExceptionHandler, are you sure this is correct? If you use a custom UncaughtExceptionHandler, you must initialize it AFTER CustomActivityOnCrash! Installing anyway, but your original handler will not be called.
04-25 12:54:08.982 28138 30227 W LibraryVersion: Failed to get app version for libraryName: firebase-iid
04-25 12:54:09.583 28138 28138 W com.mbwhatsapp: Accessing hidden method Lcom/android/org/conscrypt/OpenSSLSocketImpl;->setUseSessionTickets(Z)V (greylist- max-q,core-platform-api, reflection, denied)
04-25 12:54:09.585 28138 28138 W com.mbwhatsapp: Accessing hidden method Lcom/android/org/conscrypt/AbstractConscryptSocket;->setUseSessionTickets(Z)V (greylist-max-q, reflection, denied)
04-25 12:54:10.894 28138 28138 W CheckTime: App running slow: Executing handleBindApplication : callApplicationOnCreate took 2034ms
04-25 12:54:10.951 28138 28138 W CheckTime: App running slow: Executing com.google.firebase.iid.FirebaseInstanceIdReceiver scheduleReceive took 3428ms --------- beginning of system
04-25 12:54:10.951 28138 28138 W ActivityThread: Main thread can not be idle for a long time.
04-25 12:54:11.061 28138 30457 W com.mbwhatsapp: Class X.2rL failed lock verification and will run slower.
04-25 12:54:11.061 28138 30457 W com.mbwhatsapp: Common causes for lock verification issues are non-optimized dex code
04-25 12:54:11.061 28138 30457 W com.mbwhatsapp: and incorrect proguard optimizations.
04-25 12:54:11.143 28138 28138 W com.mbwhatsapp: Class X.0eU failed lock verification and will run slower.
04-25 12:54:11.505 28138 28152 W com.mbwhatsapp: Reducing the number of considered missed Gc histogram windows from 203 to 100
04-25 12:54:12.850 30701 30701 W com.mbwhatsapp: Using default instruction set features for ARM CPU variant (generic) using conservative defaults
04-25 12:54:12.884 28138 28138 W com.mbwhatsapp: Class com.mbwhatsapp.HomeActivity failed lock verification and will run slower.
04-25 12:54:12.890 30701 30701 E com.mbwhatsapp: Not starting debugger since process cannot load the jdwp agent.
04-25 12:54:14.760 28138 28138 E ArmVmp : Match on catch block at 0x0a in for 0xb9
04-25 12:54:14.929 28138 28138 E ArmVmp : Match on catch block at 0x0a in for 0x121
04-25 12:54:15.039 28138 30862 W com.mbwhatsapp: Accessing hidden method Lcom/android/org/conscrypt/ConscryptEngineSocket;->setUseSessionTickets(Z)V (greylist-max-q,core-platform-api, reflection, denied)
04-25 12:54:15.039 28138 30862 W com.mbwhatsapp: Accessing hidden method Lcom/android/org/conscrypt/OpenSSLSocketImpl;->setUseSessionTickets(Z)V (greylist- max-q,core-platform-api, reflection, denied)
04-25 12:54:15.039 28138 30862 W com.mbwhatsapp: Accessing hidden method Lcom/android/org/conscrypt/AbstractConscryptSocket;->setUseSessionTickets(Z)V (greylist-max-q, reflection, denied)
04-25 12:54:15.040 28138 30862 W com.mbwhatsapp: Accessing hidden method Lcom/android/org/conscrypt/ConscryptEngineSocket;->setHostname(Ljava/lang/String;)V (greylist-max-q,core-platform-api, reflection, denied)
04-25 12:54:15.040 28138 30862 W com.mbwhatsapp: Accessing hidden method Lcom/android/org/conscrypt/OpenSSLSocketImpl;->setHostname(Ljava/lang/String;)V (greylist-max-q,core-platform-api, reflection, denied)
04-25 12:54:15.040 28138 30862 W com.mbwhatsapp: Accessing hidden method Lcom/android/org/conscrypt/AbstractConscryptSocket;->setHostname(Ljava/lang/ String;)V (greylist-max-q, reflection, denied)
04-25 12:54:15.040 28138 30862 W com.mbwhatsapp: Accessing hidden method Lcom/android/org/conscrypt/OpenSSLSocketImpl;->setAlpnProtocols([B)V (greylist-max- q,core-platform-api, reflection, denied)
04-25 12:54:15.040 28138 30862 W com.mbwhatsapp: Accessing hidden method Lcom/android/org/conscrypt/AbstractConscryptSocket;->setAlpnProtocols([B)V (greylist-max-q, reflection, denied)
04-25 12:54:15.184 28138 30862 W com.mbwhatsapp: Accessing hidden method Lcom/android/org/conscrypt/OpenSSLSocketImpl;->getAlpnSelectedProtocol()[B (greylist-max-q,core-platform-api, reflection, denied)
04-25 12:54:15.184 28138 30862 W com.mbwhatsapp: Accessing hidden method Lcom/android/org/conscrypt/AbstractConscryptSocket;->getAlpnSelectedProtocol()[B (greylist-max-q, reflection, denied)
04-25 12:54:15.672 28138 28138 W CheckTime: App running slow: Executing activity onCreate took 2600ms
04-25 12:54:16.357 28138 30708 E OpenGLRenderer: error : EGL_BAD_DISPLAY, because eglTerminate has been called.
04-25 12:54:16.559 28138 28152 W com.mbwhatsapp: Suspending all threads took: 13.869ms --------- beginning of main
04-25 12:54:39.646 32180 32180 W com.mbwhatsapp: Using default instruction set features for ARM CPU variant (generic) using conservative defaults
04-25 12:54:39.687 32180 32180 E com.mbwhatsapp: Not starting debugger since process cannot load the jdwp agent.
04-25 12:54:40.749 32180 32180 W System.err: java.lang.ClassNotFoundException: mbmodsd.mbmodsw.ui.views.btn.BtnBK
04-25 12:54:40.751 32180 32180 W System.err: at java.lang.Runtime.nativeLoad(Native Method)
04-25 12:54:40.751 32180 32180 W System.err: at java.lang.Runtime.nativeLoad(Runtime.java:1131)
04-25 12:54:40.751 32180 32180 W System.err: at java.lang.Runtime.loadLibrary0(Runtime.java:1085)
04-25 12:54:40.751 32180 32180 W System.err: at java.lang.Runtime.loadLibrary0(Runtime.java:1008)
04-25 12:54:40.751 32180 32180 W System.err: at java.lang.System.loadLibrary(System.java:1664)
04-25 12:54:40.751 32180 32180 W System.err: at arm.EpicVm.<clinit>(Unknown Source:2)
04-25 12:54:40.751 32180 32180 W System.err: at java.lang.Class.newInstance(Native Method)
04-25 12:54:40.751 32180 32180 W System.err: at android.app.AppComponentFactory.instantiateApplication(AppComponentFactory.java:76)
04-25 12:54:40.751 32180 32180 W System.err: at androidx.core.app.CoreComponentFactory.instantiateApplication(Unknown Source:0)
04-25 12:54:40.751 32180 32180 W System.err: at android.app.Instrumentation.newApplication(Instrumentation.java:1158)
04-25 12:54:40.751 32180 32180 W System.err: at android.app.LoadedApk.makeApplication(LoadedApk.java:1268)
04-25 12:54:40.751 32180 32180 W System.err: at android.app.ActivityThread.handleBindApplication(ActivityThread.java:6927)
04-25 12:54:40.751 32180 32180 W System.err: at android.app.ActivityThread.access$1300(ActivityThread.java:262)
04-25 12:54:40.752 32180 32180 W System.err: at android.app.ActivityThread$H.handleMessage(ActivityThread.java:1977)
04-25 12:54:40.752 32180 32180 W System.err: at android.os.Handler.dispatchMessage(Handler.java:106)
04-25 12:54:40.752 32180 32180 W System.err: at android.os.Looper.loop(Looper.java:223)
04-25 12:54:40.752 32180 32180 W System.err: at android.app.ActivityThread.main(ActivityThread.java:8001)
04-25 12:54:40.752 32180 32180 W System.err: at java.lang.reflect.Method.invoke(Native Method)
04-25 12:54:40.752 32180 32180 W System.err: at com.android.internal.os.RuntimeInit$MethodAndArgsCaller.run(RuntimeInit.java:635)
04-25 12:54:40.752 32180 32180 W System.err: at com.android.internal.os.ZygoteInit.main(ZygoteInit.java:947)
04-25 12:54:40.812 32180 32180 W CheckTime: App running slow: Executing handleBindApplication : makeApplication took 410ms
04-25 12:54:40.825 32180 32180 E CustomActivityOnCrash: IMPORTANT WARNING! You already have an UncaughtExceptionHandler, are you sure this is correct? If you use a custom UncaughtExceptionHandler, you must initialize it AFTER CustomActivityOnCrash! Installing anyway, but your original handler will not be called.
04-25 12:54:41.974 32180 32180 W com.mbwhatsapp: Accessing hidden method Lcom/android/org/conscrypt/OpenSSLSocketImpl;->setUseSessionTickets(Z)V (greylist- max-q,core-platform-api, reflection, denied)
04-25 12:54:41.974 32180 32180 W com.mbwhatsapp: Accessing hidden method Lcom/android/org/conscrypt/AbstractConscryptSocket;->setUseSessionTickets(Z)V (greylist-max-q, reflection, denied)
04-25 12:54:42.154 32180 32180 W com.mbwhatsapp: type=1400 audit(0.0:480724): avc: granted { execute } for path="/data/data/com.mbwhatsapp/files/decompressed/libs.spk.zst/libc++_shared.so" dev="dm-11" ino=598949 scontext=u:r:untrusted_app:s0:c49,c257,c512,c768 tcontext=u:object_r:app_data_file:s0:c49,c257,c512,c768 tclass=file app=com.mbwhatsapp
04-25 12:54:42.174 32180 32180 W com.mbwhatsapp: type=1400 audit(0.0:480725): avc: granted { execute } for path="/data/data/com.mbwhatsapp/files/decompressed/libs.spk.zst/libvlc.so" dev="dm- 11" ino=598942 scontext=u:r:untrusted_app:s0:c49,c257,c512,c768 tcontext=u:object_r:app_data_file:s0:c49,c257,c512,c768 tclass=file app=com.mbwhatsapp
04-25 12:54:43.217 32180 32311 W com.mbwhatsapp: Class X.2rL failed lock verification and will run slower.
04-25 12:54:43.217 32180 32311 W com.mbwhatsapp: Common causes for lock verification issues are non-optimized dex code
04-25 12:54:43.217 32180 32311 W com.mbwhatsapp: and incorrect proguard optimizations.
04-25 12:54:43.222 32180 32180 W CheckTime: App running slow: Executing handleBindApplication : callApplicationOnCreate took 2216ms
04-25 12:54:43.318 32180 32180 W CheckTime: App running slow: Executing com.google.firebase.iid.FirebaseInstanceIdReceiver scheduleReceive took 3569ms --------- beginning of system
04-25 12:54:43.319 32180 32180 W ActivityThread: Main thread can not be idle for a long time.
04-25 12:54:58.936 32180 32307 E SQLiteDatabase: Error inserting transferred=1 media_job_uuid=a4865afc-dabb-49e2-a0fe-ca8f93fc952f transcoded=0 gif_attribution=0 first_scan_length=0 direct_path=/v/t62.7117- 24/56008258_1548128609365399_1098856749328248191_n.enc?ccb=11- 4&oh=01_Q5AaIBWRgdTVYsuct5TQIANIcKgcCq558px9pbOit31o4NHI&oe=66511BEA&_nc_sid=5e03e0 thumbnail_height_width_ratio=0.0 is_animated_sticker=0 file_hash=Obyicg1UY+y26IklhLgnQxNIpexJbzi2IWRJQbkcCe0= file_path=Media/MBWhatsApp Voice Notes/202417/PTT-20240424-WA0163.opus file_size=23784 partial_media_hash=null face_x=0 face_y=0 height=0 trim_to=0 media_key_timestamp=1714012786000 message_url=https://mmg.whatsapp.net/v/t62.7117- 24/56008258_1548128609365399_1098856749328248191_n.enc?ccb=11- 4&oh=01_Q5AaIBWRgdTVYsuct5TQIANIcKgcCq558px9pbOit31o4NHI&oe=66511BEA&_nc_sid=5e03e0 &mms3=true media_caption=null trim_from=0 mime_type=audio/ogg; codecs=opus partial_media_enc_hash=null width=0 original_file_hash=null has_streaming_sidecar=0 autotransfer_retry_enabled=1 media_upload_handle=null message_row_id=6578 multicast_id=null enc_file_hash=lane6d85L+xQ91VLrlC0TLoZA4/gGXselcEz0mEAwcU= mute_video=0 page_count=0 first_scan_sidecar=null suspicious_content=0 file_length=23784 media_name=PTT-20240424-WA0163.opus media_duration=10 chat_row_id=492 media_key=[B@641e340
04-25 12:54:58.936 32180 32307 E SQLiteDatabase: android.database.sqlite.SQLiteConstraintException: UNIQUE constraint failed: message_media.message_row_id (code 1555 SQLITE_CONSTRAINT_PRIMARYKEY)
04-25 12:54:58.936 32180 32307 E SQLiteDatabase: at android.database.sqlite.SQLiteConnection.nativeExecuteForLastInsertedRowId(Native Method)
04-25 12:54:58.936 32180 32307 E SQLiteDatabase: at android.database.sqlite.SQLiteConnection.executeForLastInsertedRowId(SQLiteConnecti on.java:938)
04-25 12:54:58.936 32180 32307 E SQLiteDatabase: at android.database.sqlite.SQLiteSession.executeForLastInsertedRowId(SQLiteSession.jav a:790)
04-25 12:54:58.936 32180 32307 E SQLiteDatabase: at android.database.sqlite.SQLiteStatement.executeInsert(SQLiteStatement.java:88)
04-25 12:54:58.936 32180 32307 E SQLiteDatabase: at android.database.sqlite.SQLiteDatabase.insertWithOnConflict(SQLiteDatabase.java:170 1)
04-25 12:54:58.936 32180 32307 E SQLiteDatabase: at android.database.sqlite.SQLiteDatabase.insert(SQLiteDatabase.java:1570)
04-25 12:54:58.936 32180 32307 E SQLiteDatabase: at X.2tm.A08(Unknown Source:6)
04-25 12:54:58.936 32180 32307 E SQLiteDatabase: at X.35Y.A07(Unknown Source:212)
04-25 12:54:58.936 32180 32307 E SQLiteDatabase: at X.3QF.A14(Unknown Source:470)
04-25 12:54:58.936 32180 32307 E SQLiteDatabase: at X.31e.A03(Unknown Source:174)
04-25 12:54:58.936 32180 32307 E SQLiteDatabase: at X.3Uz.A07(Unknown Source:381)
04-25 12:54:58.936 32180 32307 E SQLiteDatabase: at X.3Uz.A02(Unknown Source:692)
04-25 12:54:58.936 32180 32307 E SQLiteDatabase: at X.3eS.run(Unknown Source:4041)
04-25 12:54:58.936 32180 32307 E SQLiteDatabase: at android.os.Handler.handleCallback(Handler.java:938)
04-25 12:54:58.936 32180 32307 E SQLiteDatabase: at android.os.Handler.dispatchMessage(Handler.java:99)
04-25 12:54:58.936 32180 32307 E SQLiteDatabase: at X.0zr.dispatchMessage(Unknown Source:4)
04-25 12:54:58.936 32180 32307 E SQLiteDatabase: at android.os.Looper.loop(Looper.java:223)
04-25 12:54:58.936 32180 32307 E SQLiteDatabase: at android.os.HandlerThread.run(HandlerThread.java:67)
04-25 12:54:59.036 32180 32180 W com.mbwhatsapp: Verification of void X.3e2.run() took 178.610ms (21790.41 bytecodes/s) (64216B approximate peak alloc)
04-25 12:55:00.362 32180 32307 E SQLiteDatabase: Error inserting transferred=1 media_job_uuid=3e37c7b3-24ec-4d79-9f1c-ae70432b45d3 transcoded=0 gif_attribution=0 first_scan_length=0 direct_path=/v/t62.7117- 24/40837787_417611247648208_8244771558159268794_n.enc?ccb=11- 4&oh=01_Q5AaIFbl864cUWeBcH0zNKStnvYidOBAR4EuKVPSNNwU2aru&oe=66512170&_nc_sid=5e03e0 thumbnail_height_width_ratio=0.0 is_animated_sticker=0 file_hash=yLK0r8BwiD4bXp6yTKOHtznNk0WOWW1CMhQwgl5+RA8= file_path=Media/MBWhatsApp Voice Notes/202417/PTT-20240424-WA0166.opus file_size=12242 partial_media_hash=null face_x=0 face_y=0 height=0 trim_to=0 media_key_timestamp=1714012811000 message_url=https://mmg.whatsapp.net/v/t62.7117- 24/40837787_417611247648208_8244771558159268794_n.enc?ccb=11- 4&oh=01_Q5AaIFbl864cUWeBcH0zNKStnvYidOBAR4EuKVPSNNwU2aru&oe=66512170&_nc_sid=5e03e0 &mms3=true media_caption=null trim_from=0 mime_type=audio/ogg; codecs=opus partial_media_enc_hash=null width=0 original_file_hash=null has_streaming_sidecar=0 autotransfer_retry_enabled=1 media_upload_handle=null message_row_id=6581 multicast_id=null enc_file_hash=L7IxYAiXAf4CvkotDg5FsEhm0Z+pEJ55B7YX/lDQrY8= mute_video=0 page_count=0 first_scan_sidecar=null suspicious_content=0 file_length=12242 media_name=PTT-20240424-WA0166.opus media_duration=5 chat_row_id=492 media_key=[B@a4519d2
04-25 12:55:00.362 32180 32307 E SQLiteDatabase: android.database.sqlite.SQLiteConstraintException: UNIQUE constraint failed: message_media.message_row_id (code 1555 SQLITE_CONSTRAINT_PRIMARYKEY)
04-25 12:55:00.362 32180 32307 E SQLiteDatabase: at android.database.sqlite.SQLiteConnection.nativeExecuteForLastInsertedRowId(Native Method)
04-25 12:55:00.362 32180 32307 E SQLiteDatabase: at android.database.sqlite.SQLiteConnection.executeForLastInsertedRowId(SQLiteConnecti on.java:938)
04-25 12:55:00.362 32180 32307 E SQLiteDatabase: at android.database.sqlite.SQLiteSession.executeForLastInsertedRowId(SQLiteSession.jav a:790)
04-25 12:55:00.362 32180 32307 E SQLiteDatabase: at android.database.sqlite.SQLiteStatement.executeInsert(SQLiteStatement.java:88)
04-25 12:55:00.362 32180 32307 E SQLiteDatabase: at android.database.sqlite.SQLiteDatabase.insertWithOnConflict(SQLiteDatabase.java:170 1)
04-25 12:55:00.362 32180 32307 E SQLiteDatabase: at android.database.sqlite.SQLiteDatabase.insert(SQLiteDatabase.java:1570)
04-25 12:55:00.362 32180 32307 E SQLiteDatabase: at X.2tm.A08(Unknown Source:6)
04-25 12:55:00.362 32180 32307 E SQLiteDatabase: at X.35Y.A07(Unknown Source:212)
04-25 12:55:00.362 32180 32307 E SQLiteDatabase: at X.3QF.A14(Unknown Source:470)
04-25 12:55:00.362 32180 32307 E SQLiteDatabase: at X.31e.A03(Unknown Source:174)
04-25 12:55:00.362 32180 32307 E SQLiteDatabase: at X.3Uz.A07(Unknown Source:381)
04-25 12:55:00.362 32180 32307 E SQLiteDatabase: at X.3Uz.A02(Unknown Source:692)
04-25 12:55:00.362 32180 32307 E SQLiteDatabase: at X.3eS.run(Unknown Source:4041)
04-25 12:55:00.362 32180 32307 E SQLiteDatabase: at android.os.Handler.handleCallback(Handler.java:938)
04-25 12:55:00.362 32180 32307 E SQLiteDatabase: at android.os.Handler.dispatchMessage(Handler.java:99)
04-25 12:55:00.362 32180 32307 E SQLiteDatabase: at X.0zr.dispatchMessage(Unknown Source:4)
04-25 12:55:00.362 32180 32307 E SQLiteDatabase: at android.os.Looper.loop(Looper.java:223)
04-25 12:55:00.362 32180 32307 E SQLiteDatabase: at android.os.HandlerThread.run(HandlerThread.java:67)
04-25 12:55:01.122 32180 32307 E SQLiteDatabase: Error inserting transferred=1 media_job_uuid=f4b78b2a-0578-4c2a-87db-8eb95b25947c transcoded=0 gif_attribution=0 first_scan_length=0 direct_path=/v/t62.7117- 24/40762216_2764174380408302_2257345329717272177_n.enc?ccb=11- 4&oh=01_Q5AaIKoRdN6nh7zo23_wbk72FKLjYFB7KEt4TMVvUljlXBHd&oe=66513C6D&_nc_sid=5e03e0 thumbnail_height_width_ratio=0.0 is_animated_sticker=0 file_hash=vBlpERzpnGa6mCSGwDkU12mT1CzxM/94SPCXYXHh8gc= file_path=Media/MBWhatsApp Voice Notes/202417/PTT-20240424-WA0171.opus file_size=9076 partial_media_hash=null face_x=0 face_y=0 height=0 trim_to=0 media_key_timestamp=1714012838000 message_url=https://mmg.whatsapp.net/v/t62.7117- 24/40762216_2764174380408302_2257345329717272177_n.enc?ccb=11- 4&oh=01_Q5AaIKoRdN6nh7zo23_wbk72FKLjYFB7KEt4TMVvUljlXBHd&oe=66513C6D&_nc_sid=5e03e0 &mms3=true media_caption=null trim_from=0 mime_type=audio/ogg; codecs=opus partial_media_enc_hash=null width=0 original_file_hash=null has_streaming_sidecar=0 autotransfer_retry_enabled=1 media_upload_handle=null message_row_id=6587 multicast_id=null enc_file_hash=bc7Q+xRkjw1HW6s8CPFfh9md1VFCOMm9AXBR6977D0E= mute_video=0 page_count=0 first_scan_sidecar=null suspicious_content=0 file_length=9076 media_name=PTT-20240424-WA0171.opus media_duration=3 chat_row_id=492 media_key=[B@49e92c9
04-25 12:55:01.122 32180 32307 E SQLiteDatabase: android.database.sqlite.SQLiteConstraintException: UNIQUE constraint failed: message_media.message_row_id (code 1555 SQLITE_CONSTRAINT_PRIMARYKEY)
04-25 12:55:01.122 32180 32307 E SQLiteDatabase: at android.database.sqlite.SQLiteConnection.nativeExecuteForLastInsertedRowId(Native Method)
04-25 12:55:01.122 32180 32307 E SQLiteDatabase: at android.database.sqlite.SQLiteConnection.executeForLastInsertedRowId(SQLiteConnecti on.java:938)
04-25 12:55:01.122 32180 32307 E SQLiteDatabase: at android.database.sqlite.SQLiteSession.executeForLastInsertedRowId(SQLiteSession.jav a:790)
04-25 12:55:01.122 32180 32307 E SQLiteDatabase: at android.database.sqlite.SQLiteStatement.executeInsert(SQLiteStatement.java:88)
04-25 12:55:01.122 32180 32307 E SQLiteDatabase: at android.database.sqlite.SQLiteDatabase.insertWithOnConflict(SQLiteDatabase.java:170 1)
04-25 12:55:01.122 32180 32307 E SQLiteDatabase: at android.database.sqlite.SQLiteDatabase.insert(SQLiteDatabase.java:1570)
04-25 12:55:01.122 32180 32307 E SQLiteDatabase: at X.2tm.A08(Unknown Source:6)
04-25 12:55:01.122 32180 32307 E SQLiteDatabase: at X.35Y.A07(Unknown Source:212)
04-25 12:55:01.122 32180 32307 E SQLiteDatabase: at X.3QF.A14(Unknown Source:470)
04-25 12:55:01.122 32180 32307 E SQLiteDatabase: at X.31e.A03(Unknown Source:174)
04-25 12:55:01.122 32180 32307 E SQLiteDatabase: at X.3Uz.A07(Unknown Source:381)
04-25 12:55:01.122 32180 32307 E SQLiteDatabase: at X.3Uz.A02(Unknown Source:692)
04-25 12:55:01.122 32180 32307 E SQLiteDatabase: at X.3eS.run(Unknown Source:4041)
04-25 12:55:01.122 32180 32307 E SQLiteDatabase: at android.os.Handler.handleCallback(Handler.java:938)
04-25 12:55:01.122 32180 32307 E SQLiteDatabase: at android.os.Handler.dispatchMessage(Handler.java:99)
04-25 12:55:01.122 32180 32307 E SQLiteDatabase: at X.0zr.dispatchMessage(Unknown Source:4)
04-25 12:55:01.122 32180 32307 E SQLiteDatabase: at android.os.Looper.loop(Looper.java:223)
04-25 12:55:01.122 32180 32307 E SQLiteDatabase: at android.os.HandlerThread.run(HandlerThread.java:67)
04-25 12:55:01.981 32180 32307 E SQLiteDatabase: Error inserting transferred=1 media_job_uuid=f814536a-c383-4bce-b55b-eef689d3b051 transcoded=0 gif_attribution=0 first_scan_length=0 direct_path=/v/t62.7117- 24/35378018_1144776876857316_8217920370621601293_n.enc?ccb=11- 4&oh=01_Q5AaIA2Ds0W0zc7BamsxWoch2PvW1ulmBZINGhgHKyh9nJOe&oe=66513002&_nc_sid=5e03e0 thumbnail_height_width_ratio=0.0 is_animated_sticker=0 file_hash=T8CR/sIf59tJdANYKuGz6qAIFBkYEX4WnprCyQl3Voo= file_path=Media/MBWhatsApp Voice Notes/202417/PTT-20240424-WA0172.opus file_size=18836 partial_media_hash=null face_x=0 face_y=0 height=0 trim_to=0 media_key_timestamp=1714012844000 message_url=https://mmg.whatsapp.net/v/t62.7117- 24/35378018_1144776876857316_8217920370621601293_n.enc?ccb=11- 4&oh=01_Q5AaIA2Ds0W0zc7BamsxWoch2PvW1ulmBZINGhgHKyh9nJOe&oe=66513002&_nc_sid=5e03e0 &mms3=true media_caption=null trim_from=0 mime_type=audio/ogg; codecs=opus partial_media_enc_hash=null width=0 original_file_hash=null has_streaming_sidecar=0 autotransfer_retry_enabled=1 media_upload_handle=null message_row_id=6588 multicast_id=null enc_file_hash=s3UhpsyqYbppfzFVc6+UpbkXxvlmZNs6a5YuUDMJ/XY= mute_video=0 page_count=0 first_scan_sidecar=null suspicious_content=0 file_length=18836 media_name=PTT-20240424-WA0172.opus media_duration=8 chat_row_id=492 media_key=[B@54be8a6
04-25 12:55:01.981 32180 32307 E SQLiteDatabase: android.database.sqlite.SQLiteConstraintException: UNIQUE constraint failed: message_media.message_row_id (code 1555 SQLITE_CONSTRAINT_PRIMARYKEY)
04-25 12:55:01.981 32180 32307 E SQLiteDatabase: at android.database.sqlite.SQLiteConnection.nativeExecuteForLastInsertedRowId(Native Method)
04-25 12:55:01.981 32180 32307 E SQLiteDatabase: at android.database.sqlite.SQLiteConnection.executeForLastInsertedRowId(SQLiteConnecti on.java:938)
04-25 12:55:01.981 32180 32307 E SQLiteDatabase: at android.database.sqlite.SQLiteSession.executeForLastInsertedRowId(SQLiteSession.jav a:790)
04-25 12:55:01.981 32180 32307 E SQLiteDatabase: at android.database.sqlite.SQLiteStatement.executeInsert(SQLiteStatement.java:88)
04-25 12:55:01.981 32180 32307 E SQLiteDatabase: at android.database.sqlite.SQLiteDatabase.insertWithOnConflict(SQLiteDatabase.java:170 1)
04-25 12:55:01.981 32180 32307 E SQLiteDatabase: at android.database.sqlite.SQLiteDatabase.insert(SQLiteDatabase.java:1570)
04-25 12:55:01.981 32180 32307 E SQLiteDatabase: at X.2tm.A08(Unknown Source:6)
04-25 12:55:01.981 32180 32307 E SQLiteDatabase: at X.35Y.A07(Unknown Source:212)
04-25 12:55:01.981 32180 32307 E SQLiteDatabase: at X.3QF.A14(Unknown Source:470)
04-25 12:55:01.981 32180 32307 E SQLiteDatabase: at X.31e.A03(Unknown Source:174)
04-25 12:55:01.981 32180 32307 E SQLiteDatabase: at X.3Uz.A07(Unknown Source:381)
04-25 12:55:01.981 32180 32307 E SQLiteDatabase: at X.3Uz.A02(Unknown Source:692)
04-25 12:55:01.981 32180 32307 E SQLiteDatabase: at X.3eS.run(Unknown Source:4041)
04-25 12:55:01.981 32180 32307 E SQLiteDatabase: at android.os.Handler.handleCallback(Handler.java:938)
04-25 12:55:01.981 32180 32307 E SQLiteDatabase: at android.os.Handler.dispatchMessage(Handler.java:99)
04-25 12:55:01.981 32180 32307 E SQLiteDatabase: at X.0zr.dispatchMessage(Unknown Source:4)
04-25 12:55:01.981 32180 32307 E SQLiteDatabase: at android.os.Looper.loop(Looper.java:223)
04-25 12:55:01.981 32180 32307 E SQLiteDatabase: at android.os.HandlerThread.run(HandlerThread.java:67)
04-25 12:55:02.112 32180 32307 E SQLiteDatabase: Error inserting transferred=1 media_job_uuid=d6eef4b9-3c33-4b3a-bfcc-a712ba8c8403 transcoded=0 gif_attribution=0 first_scan_length=0 direct_path=/v/t62.7117- 24/28798442_395721133379134_1737511362582646934_n.enc?ccb=11- 4&oh=01_Q5AaID8y8VhmrKrcdzNJ1T7mi8pSF9bl2AVmtsn6mQq4HX-t&oe=6651457E&_nc_sid=5e03e0 thumbnail_height_width_ratio=0.0 is_animated_sticker=0 file_hash=DkQhnMkufKZUyXN8VEoyQt80QburXxve2pYfvfzFkvM= file_path=Media/MBWhatsApp Voice Notes/202417/PTT-20240424-WA0174.opus file_size=13733 partial_media_hash=null face_x=0 face_y=0 height=0 trim_to=0 media_key_timestamp=1714012839000 message_url=https://mmg.whatsapp.net/v/t62.7117- 24/28798442_395721133379134_1737511362582646934_n.enc?ccb=11- 4&oh=01_Q5AaID8y8VhmrKrcdzNJ1T7mi8pSF9bl2AVmtsn6mQq4HX- t&oe=6651457E&_nc_sid=5e03e0&mms3=true media_caption=null trim_from=0 mime_type=audio/ogg; codecs=opus partial_media_enc_hash=null width=0 original_file_hash=null has_streaming_sidecar=0 autotransfer_retry_enabled=1 media_upload_handle=null message_row_id=6591 multicast_id=null enc_file_hash=DG5J696kr5ylFT4wiLI57GoLcV62wSsEwBAj9n5QmTM= mute_video=0 page_count=0 first_scan_sidecar=null suspicious_content=0 file_length=13733 media_name=PTT-20240424-WA0174.opus media_duration=6 chat_row_id=492 media_key=[B@bde932
04-25 12:55:02.112 32180 32307 E SQLiteDatabase: android.database.sqlite.SQLiteConstraintException: UNIQUE constraint failed: message_media.message_row_id (code 1555 SQLITE_CONSTRAINT_PRIMARYKEY)
04-25 12:55:02.112 32180 32307 E SQLiteDatabase: at android.database.sqlite.SQLiteConnection.nativeExecuteForLastInsertedRowId(Native Method)
04-25 12:55:02.112 32180 32307 E SQLiteDatabase: at android.database.sqlite.SQLiteConnection.executeForLastInsertedRowId(SQLiteConnecti on.java:938)
04-25 12:55:02.112 32180 32307 E SQLiteDatabase: at android.database.sqlite.SQLiteSession.executeForLastInsertedRowId(SQLiteSession.jav a:790)
04-25 12:55:02.112 32180 32307 E SQLiteDatabase: at android.database.sqlite.SQLiteStatement.executeInsert(SQLiteStatement.java:88)
04-25 12:55:02.112 32180 32307 E SQLiteDatabase: at android.database.sqlite.SQLiteDatabase.insertWithOnConflict(SQLiteDatabase.java:170 1)
04-25 12:55:02.112 32180 32307 E SQLiteDatabase: at android.database.sqlite.SQLiteDatabase.insert(SQLiteDatabase.java:1570)
04-25 12:55:02.112 32180 32307 E SQLiteDatabase: at X.2tm.A08(Unknown Source:6)
04-25 12:55:02.112 32180 32307 E SQLiteDatabase: at X.35Y.A07(Unknown Source:212)
04-25 12:55:02.112 32180 32307 E SQLiteDatabase: at X.3QF.A14(Unknown Source:470)
04-25 12:55:02.112 32180 32307 E SQLiteDatabase: at X.31e.A03(Unknown Source:174)
04-25 12:55:02.112 32180 32307 E SQLiteDatabase: at X.3Uz.A07(Unknown Source:381)
04-25 12:55:02.112 32180 32307 E SQLiteDatabase: at X.3Uz.A02(Unknown Source:692)
04-25 12:55:02.112 32180 32307 E SQLiteDatabase: at X.3eS.run(Unknown Source:4041)
04-25 12:55:02.112 32180 32307 E SQLiteDatabase: at android.os.Handler.handleCallback(Handler.java:938)
04-25 12:55:02.112 32180 32307 E SQLiteDatabase: at android.os.Handler.dispatchMessage(Handler.java:99)
04-25 12:55:02.112 32180 32307 E SQLiteDatabase: at X.0zr.dispatchMessage(Unknown Source:4)
04-25 12:55:02.112 32180 32307 E SQLiteDatabase: at android.os.Looper.loop(Looper.java:223)
04-25 12:55:02.112 32180 32307 E SQLiteDatabase: at android.os.HandlerThread.run(HandlerThread.java:67)
04-25 12:55:02.628 32180 32307 E SQLiteDatabase: Error inserting transferred=1 media_job_uuid=701aae36-ae80-4d85-840e-2c2a1452686a transcoded=0 gif_attribution=0 first_scan_length=0 direct_path=/v/t62.7117- 24/25235424_432219696122055_8145500501843435067_n.enc?ccb=11- 4&oh=01_Q5AaIORKH8ZnguoK5E34ZTRQlFHnxlObq9Jn6MTPWxdCr9qv&oe=66511BDA&_nc_sid=5e03e0 thumbnail_height_width_ratio=0.0 is_animated_sticker=0 file_hash=ivWssfI8JZZRNpOh0AaIS3IDnB3fQgG2TyzfZ0LdLlU= file_path=Media/MBWhatsApp Voice Notes/202417/PTT-20240424-WA0175.opus file_size=13462 partial_media_hash=null face_x=0 face_y=0 height=0 trim_to=0 media_key_timestamp=1714012858000 message_url=https://mmg.whatsapp.net/v/t62.7117- 24/25235424_432219696122055_8145500501843435067_n.enc?ccb=11- 4&oh=01_Q5AaIORKH8ZnguoK5E34ZTRQlFHnxlObq9Jn6MTPWxdCr9qv&oe=66511BDA&_nc_sid=5e03e0 &mms3=true media_caption=null trim_from=0 mime_type=audio/ogg; codecs=opus partial_media_enc_hash=null width=0 original_file_hash=null has_streaming_sidecar=0 autotransfer_retry_enabled=1 media_upload_handle=null message_row_id=6593 multicast_id=null enc_file_hash=Hao3qHbwY/J/RBjwcedVcarUxJ8h4H+9VVNrcPKq4N0= mute_video=0 page_count=0 first_scan_sidecar=null suspicious_content=0 file_length=13462 media_name=PTT-20240424-WA0175.opus media_duration=5 chat_row_id=492 media_key=[B@e214673
04-25 12:55:02.628 32180 32307 E SQLiteDatabase: android.database.sqlite.SQLiteConstraintException: UNIQUE constraint failed: message_media.message_row_id (code 1555 SQLITE_CONSTRAINT_PRIMARYKEY)
04-25 12:55:02.628 32180 32307 E SQLiteDatabase: at android.database.sqlite.SQLiteConnection.nativeExecuteForLastInsertedRowId(Native Method)
04-25 12:55:02.628 32180 32307 E SQLiteDatabase: at android.database.sqlite.SQLiteConnection.executeForLastInsertedRowId(SQLiteConnecti on.java:938)
04-25 12:55:02.628 32180 32307 E SQLiteDatabase: at android.database.sqlite.SQLiteSession.executeForLastInsertedRowId(SQLiteSession.jav a:790)
04-25 12:55:02.628 32180 32307 E SQLiteDatabase: at android.database.sqlite.SQLiteStatement.executeInsert(SQLiteStatement.java:88)
04-25 12:55:02.628 32180 32307 E SQLiteDatabase: at android.database.sqlite.SQLiteDatabase.insertWithOnConflict(SQLiteDatabase.java:170 1)
04-25 12:55:02.628 32180 32307 E SQLiteDatabase: at android.database.sqlite.SQLiteDatabase.insert(SQLiteDatabase.java:1570)
04-25 12:55:02.628 32180 32307 E SQLiteDatabase: at X.2tm.A08(Unknown Source:6)
04-25 12:55:02.628 32180 32307 E SQLiteDatabase: at X.35Y.A07(Unknown Source:212)
04-25 12:55:02.628 32180 32307 E SQLiteDatabase: at X.3QF.A14(Unknown Source:470)
04-25 12:55:02.628 32180 32307 E SQLiteDatabase: at X.31e.A03(Unknown Source:174)
04-25 12:55:02.628 32180 32307 E SQLiteDatabase: at X.3Uz.A07(Unknown Source:381)
04-25 12:55:02.628 32180 32307 E SQLiteDatabase: at X.3Uz.A02(Unknown Source:692)
04-25 12:55:02.628 32180 32307 E SQLiteDatabase: at X.3eS.run(Unknown Source:4041)
04-25 12:55:02.628 32180 32307 E SQLiteDatabase: at android.os.Handler.handleCallback(Handler.java:938)
04-25 12:55:02.628 32180 32307 E SQLiteDatabase: at android.os.Handler.dispatchMessage(Handler.java:99)
04-25 12:55:02.628 32180 32307 E SQLiteDatabase: at X.0zr.dispatchMessage(Unknown Source:4)
04-25 12:55:02.628 32180 32307 E SQLiteDatabase: at android.os.Looper.loop(Looper.java:223)
04-25 12:55:02.628 32180 32307 E SQLiteDatabase: at android.os.HandlerThread.run(HandlerThread.java:67)
04-25 12:55:03.086 32180 32307 E SQLiteDatabase: Error inserting transferred=1 media_job_uuid=8b419dd0-77e3-46e5-9817-d15832adb440 transcoded=0 gif_attribution=0 first_scan_length=0 direct_path=/v/t62.7117- 24/19167901_2633939280101144_5276068540467065369_n.enc?ccb=11- 4&oh=01_Q5AaILqvXvIHjMhqeUfazRpqefP2ji1PlGo0_yjjrbZ7UxaR&oe=66513D1C&_nc_sid=5e03e0 thumbnail_height_width_ratio=0.0 is_animated_sticker=0 file_hash=frEvZvzK0hW8ZxmuVyT0RrYYw3Tf+4ig+DqvVn/PA1Y= file_path=Media/MBWhatsApp Voice Notes/202417/PTT-20240424-WA0182.opus file_size=9569 partial_media_hash=null face_x=0 face_y=0 height=0 trim_to=0 media_key_timestamp=1714012969000 message_url=https://mmg.whatsapp.net/v/t62.7117- 24/19167901_2633939280101144_5276068540467065369_n.enc?ccb=11- 4&oh=01_Q5AaILqvXvIHjMhqeUfazRpqefP2ji1PlGo0_yjjrbZ7UxaR&oe=66513D1C&_nc_sid=5e03e0 &mms3=true media_caption=null trim_from=0 mime_type=audio/ogg; codecs=opus partial_media_enc_hash=null width=0 original_file_hash=null has_streaming_sidecar=0 autotransfer_retry_enabled=1 media_upload_handle=null message_row_id=6614 multicast_id=null enc_file_hash=PUIaPr0qnIMVYM7xLiOMF1Z6ogrOTUtxzq5ksHkNfss= mute_video=0 page_count=0 first_scan_sidecar=null suspicious_content=0 file_length=9569 media_name=PTT-20240424-WA0182.opus media_duration=4 chat_row_id=492 media_key=[B@a1b64e1
04-25 12:55:03.086 32180 32307 E SQLiteDatabase: android.database.sqlite.SQLiteConstraintException: UNIQUE constraint failed: message_media.message_row_id (code 1555 SQLITE_CONSTRAINT_PRIMARYKEY)
04-25 12:55:03.086 32180 32307 E SQLiteDatabase: at android.database.sqlite.SQLiteConnection.nativeExecuteForLastInsertedRowId(Native Method)
04-25 12:55:03.086 32180 32307 E SQLiteDatabase: at android.database.sqlite.SQLiteConnection.executeForLastInsertedRowId(SQLiteConnecti on.java:938)
04-25 12:55:03.086 32180 32307 E SQLiteDatabase: at android.database.sqlite.SQLiteSession.executeForLastInsertedRowId(SQLiteSession.jav a:790)
04-25 12:55:03.086 32180 32307 E SQLiteDatabase: at android.database.sqlite.SQLiteStatement.executeInsert(SQLiteStatement.java:88)
04-25 12:55:03.086 32180 32307 E SQLiteDatabase: at android.database.sqlite.SQLiteDatabase.insertWithOnConflict(SQLiteDatabase.java:170 1)
04-25 12:55:03.086 32180 32307 E SQLiteDatabase: at android.database.sqlite.SQLiteDatabase.insert(SQLiteDatabase.java:1570)
04-25 12:55:03.086 32180 32307 E SQLiteDatabase: at X.2tm.A08(Unknown Source:6)
04-25 12:55:03.086 32180 32307 E SQLiteDatabase: at X.35Y.A07(Unknown Source:212)
04-25 12:55:03.086 32180 32307 E SQLiteDatabase: at X.3QF.A14(Unknown Source:470)
04-25 12:55:03.086 32180 32307 E SQLiteDatabase: at X.31e.A03(Unknown Source:174)
04-25 12:55:03.086 32180 32307 E SQLiteDatabase: at X.3Uz.A07(Unknown Source:381)
04-25 12:55:03.086 32180 32307 E SQLiteDatabase: at X.3Uz.A02(Unknown Source:692)
04-25 12:55:03.086 32180 32307 E SQLiteDatabase: at X.3eS.run(Unknown Source:4041)
04-25 12:55:03.086 32180 32307 E SQLiteDatabase: at android.os.Handler.handleCallback(Handler.java:938)
04-25 12:55:03.086 32180 32307 E SQLiteDatabase: at android.os.Handler.dispatchMessage(Handler.java:99)
04-25 12:55:03.086 32180 32307 E SQLiteDatabase: at X.0zr.dispatchMessage(Unknown Source:4)
04-25 12:55:03.086 32180 32307 E SQLiteDatabase: at android.os.Looper.loop(Looper.java:223)
04-25 12:55:03.086 32180 32307 E SQLiteDatabase: at android.os.HandlerThread.run(HandlerThread.java:67)
