04-24 22:16:16.922 11961 11961 E ArmVmp : Match on catch block at 0xc3 in for 0x91
04-24 22:16:16.927 11961 11961 E ArmVmp : Match on catch block at 0xc3 in for 0x95
04-24 22:16:17.005 11961 11961 E ArmVmp : Match on catch block at 0xc3 in for 0x95
04-24 22:16:17.011 11961 11961 E ArmVmp : Match on catch block at 0xc3 in for 0x99
04-24 22:16:17.022 11961 11961 E ArmVmp : Match on catch block at 0xc3 in for 0x99
04-24 22:16:17.028 11961 11961 E ArmVmp : Match on catch block at 0xc3 in for 0x91
04-24 22:16:17.105 11961 11961 E ArmVmp : Match on catch block at 0xc3 in for 0x91
04-24 22:16:17.110 11961 11961 E ArmVmp : Match on catch block at 0xc3 in for 0x95
04-24 22:16:17.143 11961 11961 E ArmVmp : Match on catch block at 0xc3 in for 0x99
04-24 22:16:17.148 11961 11961 E ArmVmp : Match on catch block at 0xc3 in for 0x91
04-24 22:16:17.157 11961 11961 E ArmVmp : Match on catch block at 0xc3 in for 0x91
04-24 22:16:17.162 11961 11961 E ArmVmp : Match on catch block at 0xc3 in for 0x95
04-24 22:16:17.172 11961 11961 E ArmVmp : Match on catch block at 0xc3 in for 0x95
04-24 22:16:17.178 11961 11961 E ArmVmp : Match on catch block at 0xc3 in for 0x99
04-24 22:16:17.188 11961 11961 E ArmVmp : Match on catch block at 0xc3 in for 0x99
04-24 22:16:17.193 11961 11961 E ArmVmp : Match on catch block at 0xc3 in for 0x91
04-24 22:16:17.205 11961 11961 E ArmVmp : Match on catch block at 0xc3 in for 0x91
04-24 22:16:17.211 11961 11961 E ArmVmp : Match on catch block at 0xc3 in for 0x95
04-24 22:16:17.221 11961 11961 E ArmVmp : Match on catch block at 0xc3 in for 0x95
04-24 22:16:17.226 11961 11961 E ArmVmp : Match on catch block at 0xc3 in for 0x99
04-24 22:16:17.238 11961 11961 E ArmVmp : Match on catch block at 0xc3 in for 0x99
04-24 22:16:17.243 11961 11961 E ArmVmp : Match on catch block at 0xc3 in for 0x91
04-24 22:16:17.255 11961 11961 E ArmVmp : Match on catch block at 0xc3 in for 0x91
04-24 22:16:17.260 11961 11961 E ArmVmp : Match on catch block at 0xc3 in for 0x95
04-24 22:16:17.271 11961 11961 E ArmVmp : Match on catch block at 0xc3 in for 0x95
04-24 22:16:17.278 11961 11961 E ArmVmp : Match on catch block at 0xc3 in for 0x99
04-24 22:16:17.288 11961 11961 E ArmVmp : Match on catch block at 0xc3 in for 0x99
04-24 22:16:17.294 11961 11961 E ArmVmp : Match on catch block at 0xc3 in for 0x91
04-24 22:16:17.305 11961 11961 E ArmVmp : Match on catch block at 0xc3 in for 0x91
04-24 22:16:17.311 11961 11961 E ArmVmp : Match on catch block at 0xc3 in for 0x95
04-24 22:16:17.321 11961 11961 E ArmVmp : Match on catch block at 0xc3 in for 0x95
04-24 22:16:17.327 11961 11961 E ArmVmp : Match on catch block at 0xc3 in for 0x99
04-24 22:16:17.338 11961 11961 E ArmVmp : Match on catch block at 0xc3 in for 0x99
04-24 22:16:17.343 11961 11961 E ArmVmp : Match on catch block at 0xc3 in for 0x91
04-24 22:16:17.355 11961 11961 E ArmVmp : Match on catch block at 0xc3 in for 0x91
04-24 22:16:17.360 11961 11961 E ArmVmp : Match on catch block at 0xc3 in for 0x95
04-24 22:16:17.371 11961 11961 E ArmVmp : Match on catch block at 0xc3 in for 0x95
04-24 22:16:17.376 11961 11961 E ArmVmp : Match on catch block at 0xc3 in for 0x99
04-24 22:16:17.388 11961 11961 E ArmVmp : Match on catch block at 0xc3 in for 0x99
04-24 22:16:17.393 11961 11961 E ArmVmp : Match on catch block at 0xc3 in for 0x91
04-24 22:16:17.404 11961 11961 E ArmVmp : Match on catch block at 0xc3 in for 0x91
04-24 22:16:17.409 11961 11961 E ArmVmp : Match on catch block at 0xc3 in for 0x95
04-24 22:16:17.421 11961 11961 E ArmVmp : Match on catch block at 0xc3 in for 0x95
04-24 22:16:17.427 11961 11961 E ArmVmp : Match on catch block at 0xc3 in for 0x99
04-24 22:16:17.438 11961 11961 E ArmVmp : Match on catch block at 0xc3 in for 0x99
04-24 22:16:17.442 11961 11961 E ArmVmp : Match on catch block at 0xc3 in for 0x91
04-24 22:16:17.520 11961 11961 E ArmVmp : Match on catch block at 0xc3 in for 0x91
04-24 22:16:17.526 11961 11961 E ArmVmp : Match on catch block at 0xc3 in for 0x95
04-24 22:16:17.538 11961 11961 E ArmVmp : Match on catch block at 0xc3 in for 0x95
04-24 22:16:17.543 11961 11961 E ArmVmp : Match on catch block at 0xc3 in for 0x99
04-24 22:16:17.654 11961 11961 E ArmVmp : Match on catch block at 0xc3 in for 0x99
04-24 22:16:17.659 11961 11961 E ArmVmp : Match on catch block at 0xc3 in for 0x91
04-24 22:16:17.754 11961 11961 E ArmVmp : Match on catch block at 0xc3 in for 0x91
04-24 22:16:17.761 11961 11961 E ArmVmp : Match on catch block at 0xc3 in for 0x95
04-24 22:16:17.793 11961 11961 E ArmVmp : Match on catch block at 0xc3 in for 0x99
04-24 22:16:17.798 11961 11961 E ArmVmp : Match on catch block at 0xc3 in for 0x91
04-24 22:16:17.808 11961 11961 E ArmVmp : Match on catch block at 0xc3 in for 0x91
04-24 22:16:17.814 11961 11961 E ArmVmp : Match on catch block at 0xc3 in for 0x95
04-24 22:16:17.854 11961 11961 E ArmVmp : Match on catch block at 0xc3 in for 0x95
04-24 22:16:17.860 11961 11961 E ArmVmp : Match on catch block at 0xc3 in for 0x99
04-24 22:16:17.953 11961 11961 E ArmVmp : Match on catch block at 0xc3 in for 0x99
04-24 22:16:17.959 11961 11961 E ArmVmp : Match on catch block at 0xc3 in for 0x91
04-24 22:16:18.037 11961 11961 E ArmVmp : Match on catch block at 0xc3 in for 0x91
04-24 22:16:18.041 11961 11961 E ArmVmp : Match on catch block at 0xc3 in for 0x95
04-24 22:16:18.053 11961 11961 E ArmVmp : Match on catch block at 0xc3 in for 0x95
04-24 22:16:18.058 11961 11961 E ArmVmp : Match on catch block at 0xc3 in for 0x99
04-24 22:16:18.153 11961 11961 E ArmVmp : Match on catch block at 0xc3 in for 0x91
04-24 22:16:18.158 11961 11961 E ArmVmp : Match on catch block at 0xc3 in for 0x95
04-24 22:16:18.253 11961 11961 E ArmVmp : Match on catch block at 0xc3 in for 0x95
04-24 22:16:18.259 11961 11961 E ArmVmp : Match on catch block at 0xc3 in for 0x99
04-24 22:16:18.292 11961 11961 E ArmVmp : Match on catch block at 0xc3 in for 0x99
04-24 22:16:18.297 11961 11961 E ArmVmp : Match on catch block at 0xc3 in for 0x91
04-24 22:16:18.307 11961 11961 E ArmVmp : Match on catch block at 0xc3 in for 0x91
04-24 22:16:18.313 11961 11961 E ArmVmp : Match on catch block at 0xc3 in for 0x95
04-24 22:16:18.353 11961 11961 E ArmVmp : Match on catch block at 0xc3 in for 0x91
04-24 22:16:18.358 11961 11961 E ArmVmp : Match on catch block at 0xc3 in for 0x95
04-24 22:16:18.453 11961 11961 E ArmVmp : Match on catch block at 0xc3 in for 0x91
04-24 22:16:18.458 11961 11961 E ArmVmp : Match on catch block at 0xc3 in for 0x95
04-24 22:16:18.552 11961 11961 E ArmVmp : Match on catch block at 0xc3 in for 0x91
04-24 22:16:18.558 11961 11961 E ArmVmp : Match on catch block at 0xc3 in for 0x95
04-24 22:16:18.570 11961 11961 E ArmVmp : Match on catch block at 0xc3 in for 0x95
04-24 22:16:18.577 11961 11961 E ArmVmp : Match on catch block at 0xc3 in for 0x99
04-24 22:16:18.636 11961 11961 E ArmVmp : Match on catch block at 0xc3 in for 0x91
04-24 22:16:18.641 11961 11961 E ArmVmp : Match on catch block at 0xc3 in for 0x95
04-24 22:16:18.670 11961 11961 E ArmVmp : Match on catch block at 0xc3 in for 0x95
04-24 22:16:18.675 11961 11961 E ArmVmp : Match on catch block at 0xc3 in for 0x99
04-24 22:16:18.786 11961 11961 E ArmVmp : Match on catch block at 0xc3 in for 0x91
04-24 22:16:18.792 11961 11961 E ArmVmp : Match on catch block at 0xc3 in for 0x95
04-24 22:16:18.869 11961 11961 E ArmVmp : Match on catch block at 0xc3 in for 0x95
04-24 22:16:18.874 11961 11961 E ArmVmp : Match on catch block at 0xc3 in for 0x99
04-24 22:16:18.986 11961 11961 E ArmVmp : Match on catch block at 0xc3 in for 0x99
04-24 22:16:18.992 11961 11961 E ArmVmp : Match on catch block at 0xc3 in for 0x91
04-24 22:16:19.068 11961 11961 E ArmVmp : Match on catch block at 0xc3 in for 0x91
04-24 22:16:19.074 11961 11961 E ArmVmp : Match on catch block at 0xc3 in for 0x95
04-24 22:16:19.135 11961 11961 E ArmVmp : Match on catch block at 0xc3 in for 0x95
04-24 22:16:19.140 11961 11961 E ArmVmp : Match on catch block at 0xc3 in for 0x99
04-24 22:16:19.171 11961 11961 E ArmVmp : Match on catch block at 0xc3 in for 0x99
04-24 22:16:19.177 11961 11961 E ArmVmp : Match on catch block at 0xc3 in for 0x91
04-24 22:16:19.202 11961 11961 E ArmVmp : Match on catch block at 0xc3 in for 0x91
04-24 22:16:19.207 11961 11961 E ArmVmp : Match on catch block at 0xc3 in for 0x95
04-24 22:16:19.301 11961 11961 E ArmVmp : Match on catch block at 0xc3 in for 0x95
04-24 22:16:19.306 11961 11961 E ArmVmp : Match on catch block at 0xc3 in for 0x99
04-24 22:16:19.335 11961 11961 E ArmVmp : Match on catch block at 0xc3 in for 0x99
04-24 22:16:19.340 11961 11961 E ArmVmp : Match on catch block at 0xc3 in for 0x91
04-24 22:16:19.401 11961 11961 E ArmVmp : Match on catch block at 0xc3 in for 0x91
04-24 22:16:19.406 11961 11961 E ArmVmp : Match on catch block at 0xc3 in for 0x95
04-24 22:16:19.501 11961 11961 E ArmVmp : Match on catch block at 0xc3 in for 0x95
04-24 22:16:19.506 11961 11961 E ArmVmp : Match on catch block at 0xc3 in for 0x99
04-24 22:16:19.601 11961 11961 E ArmVmp : Match on catch block at 0xc3 in for 0x99
04-24 22:16:19.606 11961 11961 E ArmVmp : Match on catch block at 0xc3 in for 0x91
04-24 22:16:19.701 11961 11961 E ArmVmp : Match on catch block at 0xc3 in for 0x99
04-24 22:16:19.706 11961 11961 E ArmVmp : Match on catch block at 0xc3 in for 0x91
04-24 22:16:19.767 11961 11961 E ArmVmp : Match on catch block at 0xc3 in for 0x95
04-24 22:16:19.773 11961 11961 E ArmVmp : Match on catch block at 0xc3 in for 0x99
04-24 22:16:19.815 11961 11961 E ArmVmp : Match on catch block at 0xc3 in for 0x91
04-24 22:16:19.820 11961 11961 E ArmVmp : Match on catch block at 0xc3 in for 0x95
04-24 22:16:19.847 11961 11961 E ArmVmp : Match on catch block at 0xc3 in for 0x95
04-24 22:16:19.856 11961 11961 E ArmVmp : Match on catch block at 0xc3 in for 0x99
04-24 22:16:19.866 11961 11961 E ArmVmp : Match on catch block at 0xc3 in for 0x99
04-24 22:16:19.871 11961 11961 E ArmVmp : Match on catch block at 0xc3 in for 0x91
04-24 22:16:19.906 11961 11961 E ArmVmp : Match on catch block at 0xc3 in for 0x99
04-24 22:16:19.911 11961 11961 E ArmVmp : Match on catch block at 0xc3 in for 0x91
04-24 22:16:19.936 11961 11961 E ArmVmp : Match on catch block at 0xc3 in for 0x95
04-24 22:16:19.942 11961 11961 E ArmVmp : Match on catch block at 0xc3 in for 0x99
04-24 22:16:19.963 11961 11961 E ArmVmp : Match on catch block at 0xc3 in for 0x99
04-24 22:16:19.969 11961 11961 E ArmVmp : Match on catch block at 0xc3 in for 0x91
04-24 22:16:19.979 11961 11961 E ArmVmp : Match on catch block at 0xc3 in for 0x91
04-24 22:16:19.986 11961 11961 E ArmVmp : Match on catch block at 0xc3 in for 0x95
04-24 22:16:20.000 11961 11961 E ArmVmp : Match on catch block at 0xc3 in for 0x95
04-24 22:16:20.006 11961 11961 E ArmVmp : Match on catch block at 0xc3 in for 0x99
04-24 22:16:20.066 11961 11961 E ArmVmp : Match on catch block at 0xc3 in for 0x99
04-24 22:16:20.071 11961 11961 E ArmVmp : Match on catch block at 0xc3 in for 0x91
04-24 22:16:20.167 11961 11961 E ArmVmp : Match on catch block at 0xc3 in for 0x91
04-24 22:16:20.172 11961 11961 E ArmVmp : Match on catch block at 0xc3 in for 0x95
04-24 22:16:20.266 11961 11961 E ArmVmp : Match on catch block at 0xc3 in for 0x99
04-24 22:16:20.272 11961 11961 E ArmVmp : Match on catch block at 0xc3 in for 0x91
04-24 22:16:20.391 11961 11961 E ArmVmp : Match on catch block at 0xc3 in for 0x95
04-24 22:16:20.396 11961 11961 E ArmVmp : Match on catch block at 0xc3 in for 0x99
04-24 22:16:20.413 11961 11961 E ArmVmp : Match on catch block at 0xc3 in for 0x99
04-24 22:16:20.423 11961 11961 E ArmVmp : Match on catch block at 0xc3 in for 0x91
04-24 22:16:20.450 11961 11961 E ArmVmp : Match on catch block at 0xc3 in for 0x95
04-24 22:16:20.456 11961 11961 E ArmVmp : Match on catch block at 0xc3 in for 0x99
04-24 22:16:20.520 11961 11961 E ArmVmp : Match on catch block at 0xc3 in for 0x91
04-24 22:16:20.526 11961 11961 E ArmVmp : Match on catch block at 0xc3 in for 0x95
04-24 22:16:20.602 11961 11961 E ArmVmp : Match on catch block at 0xc3 in for 0x95
04-24 22:16:20.607 11961 11961 E ArmVmp : Match on catch block at 0xc3 in for 0x99 --------- beginning of main
04-24 22:21:31.327 8224 8224 W com.mbwhatsapp: Using default instruction set features for ARM CPU variant (generic) using conservative defaults
04-24 22:21:31.337 8224 8224 E com.mbwhatsapp: Not starting debugger since process cannot load the jdwp agent.
04-24 22:21:32.097 8224 8224 W System.err: java.lang.ClassNotFoundException: mbmodsd.mbmodsw.ui.views.btn.BtnBK
04-24 22:21:32.098 8224 8224 W System.err: at java.lang.Runtime.nativeLoad(Native Method)
04-24 22:21:32.098 8224 8224 W System.err: at java.lang.Runtime.nativeLoad(Runtime.java:1131)
04-24 22:21:32.098 8224 8224 W System.err: at java.lang.Runtime.loadLibrary0(Runtime.java:1085)
04-24 22:21:32.098 8224 8224 W System.err: at java.lang.Runtime.loadLibrary0(Runtime.java:1008)
04-24 22:21:32.098 8224 8224 W System.err: at java.lang.System.loadLibrary(System.java:1664)
04-24 22:21:32.098 8224 8224 W System.err: at arm.EpicVm.<clinit>(Unknown Source:2)
04-24 22:21:32.098 8224 8224 W System.err: at java.lang.Class.newInstance(Native Method)
04-24 22:21:32.098 8224 8224 W System.err: at android.app.AppComponentFactory.instantiateApplication(AppComponentFactory.java:76)
04-24 22:21:32.098 8224 8224 W System.err: at androidx.core.app.CoreComponentFactory.instantiateApplication(Unknown Source:0)
04-24 22:21:32.098 8224 8224 W System.err: at android.app.Instrumentation.newApplication(Instrumentation.java:1158)
04-24 22:21:32.098 8224 8224 W System.err: at android.app.LoadedApk.makeApplication(LoadedApk.java:1268)
04-24 22:21:32.098 8224 8224 W System.err: at android.app.ActivityThread.handleBindApplication(ActivityThread.java:6927)
04-24 22:21:32.098 8224 8224 W System.err: at android.app.ActivityThread.access$1300(ActivityThread.java:262)
04-24 22:21:32.098 8224 8224 W System.err: at android.app.ActivityThread$H.handleMessage(ActivityThread.java:1977)
04-24 22:21:32.098 8224 8224 W System.err: at android.os.Handler.dispatchMessage(Handler.java:106)
04-24 22:21:32.098 8224 8224 W System.err: at android.os.Looper.loop(Looper.java:223)
04-24 22:21:32.098 8224 8224 W System.err: at android.app.ActivityThread.main(ActivityThread.java:8001)
04-24 22:21:32.098 8224 8224 W System.err: at java.lang.reflect.Method.invoke(Native Method)
04-24 22:21:32.098 8224 8224 W System.err: at com.android.internal.os.RuntimeInit$MethodAndArgsCaller.run(RuntimeInit.java:635)
04-24 22:21:32.098 8224 8224 W System.err: at com.android.internal.os.ZygoteInit.main(ZygoteInit.java:947)
04-24 22:21:32.378 8224 8224 W CheckTime: App running slow: Executing handleBindApplication : makeApplication took 567ms
04-24 22:21:32.386 8224 8224 E CustomActivityOnCrash: IMPORTANT WARNING! You already have an UncaughtExceptionHandler, are you sure this is correct? If you use a custom UncaughtExceptionHandler, you must initialize it AFTER CustomActivityOnCrash! Installing anyway, but your original handler will not be called.
04-24 22:21:32.636 8224 8224 W CheckTime: App running slow: Executing handleBindApplication : installContentProviders took 257ms
04-24 22:21:32.723 8224 8251 W LibraryVersion: Failed to get app version for libraryName: firebase-iid
04-24 22:21:37.391 8224 8224 W com.mbwhatsapp: Accessing hidden method Lcom/android/org/conscrypt/OpenSSLSocketImpl;->setUseSessionTickets(Z)V (greylist- max-q,core-platform-api, reflection, denied)
04-24 22:21:37.392 8224 8224 W com.mbwhatsapp: Accessing hidden method Lcom/android/org/conscrypt/AbstractConscryptSocket;->setUseSessionTickets(Z)V (greylist-max-q, reflection, denied)
04-24 22:21:38.306 8224 8224 W CheckTime: App running slow: Executing handleBindApplication : callApplicationOnCreate took 5671ms
04-24 22:21:38.330 8224 8224 W CheckTime: App running slow: Executing com.google.firebase.iid.FirebaseInstanceIdReceiver scheduleReceive took 6930ms --------- beginning of system
04-24 22:21:38.330 8224 8224 W ActivityThread: Main thread can not be idle for a long time.
04-24 22:21:38.535 8224 8284 W com.mbwhatsapp: Class X.2rL failed lock verification and will run slower.
04-24 22:21:38.535 8224 8284 W com.mbwhatsapp: Common causes for lock verification issues are non-optimized dex code
04-24 22:21:38.535 8224 8284 W com.mbwhatsapp: and incorrect proguard optimizations. --------- beginning of main
04-25 06:59:31.332 11568 11568 W CheckTime: App running slow: Executing handleBindApplication : makeApplication took 1019ms
04-25 06:59:31.350 11568 11568 E CustomActivityOnCrash: IMPORTANT WARNING! You already have an UncaughtExceptionHandler, are you sure this is correct? If you use a custom UncaughtExceptionHandler, you must initialize it AFTER CustomActivityOnCrash! Installing anyway, but your original handler will not be called.
04-25 06:59:31.833 11568 11568 W CheckTime: App running slow: Executing handleBindApplication : installContentProviders took 501ms
04-25 06:59:32.019 11568 12192 W LibraryVersion: Failed to get app version for libraryName: firebase-iid
04-25 06:59:33.456 12376 12376 W com.mbwhatsapp: Using default instruction set features for ARM CPU variant (generic) using conservative defaults
04-25 06:59:33.466 12376 12376 E com.mbwhatsapp: Not starting debugger since process cannot load the jdwp agent.
04-25 06:59:34.740 11568 11568 W com.mbwhatsapp: Accessing hidden method Lcom/android/org/conscrypt/OpenSSLSocketImpl;->setUseSessionTickets(Z)V (greylist- max-q,core-platform-api, reflection, denied)
04-25 06:59:34.740 11568 11568 W com.mbwhatsapp: Accessing hidden method Lcom/android/org/conscrypt/AbstractConscryptSocket;->setUseSessionTickets(Z)V (greylist-max-q, reflection, denied)
04-25 06:59:35.018 11568 11568 W com.mbwhatsapp: Verification of void X.3gG.run() took 218.904ms (10908.89 bytecodes/s) (45536B approximate peak alloc)
04-25 06:59:35.214 11568 11568 W com.mbwhatsapp: type=1400 audit(0.0:418641): avc: granted { execute } for path="/data/data/com.mbwhatsapp/files/decompressed/libs.spk.zst/libc++_shared.so" dev="dm-11" ino=598949 scontext=u:r:untrusted_app:s0:c49,c257,c512,c768 tcontext=u:object_r:app_data_file:s0:c49,c257,c512,c768 tclass=file app=com.mbwhatsapp
04-25 06:59:35.230 11568 11568 W com.mbwhatsapp: type=1400 audit(0.0:418642): avc: granted { execute } for path="/data/data/com.mbwhatsapp/files/decompressed/libs.spk.zst/libvlc.so" dev="dm- 11" ino=598942 scontext=u:r:untrusted_app:s0:c49,c257,c512,c768 tcontext=u:object_r:app_data_file:s0:c49,c257,c512,c768 tclass=file app=com.mbwhatsapp
04-25 06:59:35.266 11568 11568 W com.mbwhatsapp: type=1400 audit(0.0:418643): avc: granted { execute } for path="/data/data/com.mbwhatsapp/files/decompressed/libs.spk.zst/libwhatsapp.so" dev="dm-11" ino=599231 scontext=u:r:untrusted_app:s0:c49,c257,c512,c768 tcontext=u:object_r:app_data_file:s0:c49,c257,c512,c768 tclass=file app=com.mbwhatsapp
04-25 06:59:35.526 11568 11568 W com.mbwhatsapp: type=1400 audit(0.0:418644): avc: granted { execute } for path="/data/data/com.mbwhatsapp/files/decompressed/libs.spk.zst/libcurve25519.so" dev="dm-11" ino=599016 scontext=u:r:untrusted_app:s0:c49,c257,c512,c768 tcontext=u:object_r:app_data_file:s0:c49,c257,c512,c768 tclass=file app=com.mbwhatsapp
04-25 06:59:35.582 11568 11568 W com.mbwhatsapp: type=1400 audit(0.0:418645): avc: granted { execute } for path="/data/data/com.mbwhatsapp/files/decompressed/libs.spk.zst/libwhatsapp.so" dev="dm-11" ino=599231 scontext=u:r:untrusted_app:s0:c49,c257,c512,c768 tcontext=u:object_r:app_data_file:s0:c49,c257,c512,c768 tclass=file app=com.mbwhatsapp
04-25 06:59:36.231 11568 11568 W CheckTime: App running slow: Executing handleBindApplication : callApplicationOnCreate took 4398ms
04-25 06:59:36.276 11568 11568 W CheckTime: App running slow: Executing com.google.firebase.iid.FirebaseInstanceIdReceiver scheduleReceive took 6421ms --------- beginning of system
04-25 06:59:36.276 11568 11568 W ActivityThread: Main thread can not be idle for a long time.
04-25 06:59:37.085 11568 12536 W com.mbwhatsapp: Class X.2rL failed lock verification and will run slower.
04-25 06:59:37.085 11568 12536 W com.mbwhatsapp: Common causes for lock verification issues are non-optimized dex code
04-25 06:59:37.085 11568 12536 W com.mbwhatsapp: and incorrect proguard optimizations.
04-25 06:59:39.739 11568 11568 W CheckTime: App running slow: Executing com.google.firebase.iid.FirebaseInstanceIdReceiver onReceive took 249ms
04-25 06:59:39.739 11568 11568 W ActivityThread: com.google.firebase.iid.FirebaseInstanceIdReceiver running onReceive took long time --------- beginning of main
04-25 07:44:02.825 30467 30467 W System.err: java.lang.ClassNotFoundException: mbmodsd.mbmodsw.ui.views.btn.BtnBK
04-25 07:44:02.827 30467 30467 W System.err: at java.lang.Runtime.nativeLoad(Native Method)
04-25 07:44:02.827 30467 30467 W System.err: at java.lang.Runtime.nativeLoad(Runtime.java:1131)
04-25 07:44:02.827 30467 30467 W System.err: at java.lang.Runtime.loadLibrary0(Runtime.java:1085)
04-25 07:44:02.827 30467 30467 W System.err: at java.lang.Runtime.loadLibrary0(Runtime.java:1008)
04-25 07:44:02.827 30467 30467 W System.err: at java.lang.System.loadLibrary(System.java:1664)
04-25 07:44:02.827 30467 30467 W System.err: at arm.EpicVm.<clinit>(Unknown Source:2)
04-25 07:44:02.827 30467 30467 W System.err: at java.lang.Class.newInstance(Native Method)
04-25 07:44:02.827 30467 30467 W System.err: at android.app.AppComponentFactory.instantiateApplication(AppComponentFactory.java:76)
04-25 07:44:02.827 30467 30467 W System.err: at androidx.core.app.CoreComponentFactory.instantiateApplication(Unknown Source:0)
04-25 07:44:02.827 30467 30467 W System.err: at android.app.Instrumentation.newApplication(Instrumentation.java:1158)
04-25 07:44:02.828 30467 30467 W System.err: at android.app.LoadedApk.makeApplication(LoadedApk.java:1268)
04-25 07:44:02.828 30467 30467 W System.err: at android.app.ActivityThread.handleBindApplication(ActivityThread.java:6927)
04-25 07:44:02.828 30467 30467 W System.err: at android.app.ActivityThread.access$1300(ActivityThread.java:262)
04-25 07:44:02.828 30467 30467 W System.err: at android.app.ActivityThread$H.handleMessage(ActivityThread.java:1977)
04-25 07:44:02.828 30467 30467 W System.err: at android.os.Handler.dispatchMessage(Handler.java:106)
04-25 07:44:02.828 30467 30467 W System.err: at android.os.Looper.loop(Looper.java:223)
04-25 07:44:02.828 30467 30467 W System.err: at android.app.ActivityThread.main(ActivityThread.java:8001)
04-25 07:44:02.828 30467 30467 W System.err: at java.lang.reflect.Method.invoke(Native Method)
04-25 07:44:02.828 30467 30467 W System.err: at com.android.internal.os.RuntimeInit$MethodAndArgsCaller.run(RuntimeInit.java:635)
04-25 07:44:02.828 30467 30467 W System.err: at com.android.internal.os.ZygoteInit.main(ZygoteInit.java:947)
04-25 07:44:02.886 30467 30467 W CheckTime: App running slow: Executing handleBindApplication : makeApplication took 296ms
04-25 07:44:02.897 30467 30467 E CustomActivityOnCrash: IMPORTANT WARNING! You already have an UncaughtExceptionHandler, are you sure this is correct? If you use a custom UncaughtExceptionHandler, you must initialize it AFTER CustomActivityOnCrash! Installing anyway, but your original handler will not be called.
04-25 07:44:03.717 30467 30467 W com.mbwhatsapp: Accessing hidden method Lcom/android/org/conscrypt/OpenSSLSocketImpl;->setUseSessionTickets(Z)V (greylist- max-q,core-platform-api, reflection, denied)
04-25 07:44:03.717 30467 30467 W com.mbwhatsapp: Accessing hidden method Lcom/android/org/conscrypt/AbstractConscryptSocket;->setUseSessionTickets(Z)V (greylist-max-q, reflection, denied)
04-25 07:44:03.842 30467 30467 W com.mbwhatsapp: type=1400 audit(0.0:426088): avc: granted { execute } for path="/data/data/com.mbwhatsapp/files/decompressed/libs.spk.zst/libc++_shared.so" dev="dm-11" ino=598949 scontext=u:r:untrusted_app:s0:c49,c257,c512,c768 tcontext=u:object_r:app_data_file:s0:c49,c257,c512,c768 tclass=file app=com.mbwhatsapp
04-25 07:44:03.854 30467 30467 W com.mbwhatsapp: type=1400 audit(0.0:426090): avc: granted { execute } for path="/data/data/com.mbwhatsapp/files/decompressed/libs.spk.zst/libvlc.so" dev="dm- 11" ino=598942 scontext=u:r:untrusted_app:s0:c49,c257,c512,c768 tcontext=u:object_r:app_data_file:s0:c49,c257,c512,c768 tclass=file app=com.mbwhatsapp
04-25 07:44:04.536 30467 30467 W CheckTime: App running slow: Executing handleBindApplication : callApplicationOnCreate took 1531ms
04-25 07:44:04.544 30467 31501 W com.mbwhatsapp: Class X.2rL failed lock verification and will run slower.
04-25 07:44:04.544 30467 31501 W com.mbwhatsapp: Common causes for lock verification issues are non-optimized dex code
04-25 07:44:04.544 30467 31501 W com.mbwhatsapp: and incorrect proguard optimizations.
04-25 07:44:04.586 30467 30467 W com.mbwhatsapp: Class X.0eU failed lock verification and will run slower. --------- beginning of system
04-25 07:44:05.383 31567 31567 W com.mbwhatsapp: Using default instruction set features for ARM CPU variant (generic) using conservative defaults
04-25 07:44:05.396 31567 31567 E com.mbwhatsapp: Not starting debugger since process cannot load the jdwp agent.
04-25 07:44:05.464 30467 30467 W com.mbwhatsapp: Class com.mbwhatsapp.HomeActivity failed lock verification and will run slower.
04-25 07:44:06.899 30467 30467 E ArmVmp : Match on catch block at 0x0a in for 0xb1
04-25 07:44:06.967 30467 30467 E ArmVmp : Match on catch block at 0x0a in for 0x125
04-25 07:44:07.020 30467 31634 W com.mbwhatsapp: Accessing hidden method Lcom/android/org/conscrypt/ConscryptEngineSocket;->setUseSessionTickets(Z)V (greylist-max-q,core-platform-api, reflection, denied)
04-25 07:44:07.021 30467 31634 W com.mbwhatsapp: Accessing hidden method Lcom/android/org/conscrypt/OpenSSLSocketImpl;->setUseSessionTickets(Z)V (greylist- max-q,core-platform-api, reflection, denied)
04-25 07:44:07.021 30467 31634 W com.mbwhatsapp: Accessing hidden method Lcom/android/org/conscrypt/AbstractConscryptSocket;->setUseSessionTickets(Z)V (greylist-max-q, reflection, denied)
04-25 07:44:07.021 30467 31634 W com.mbwhatsapp: Accessing hidden method Lcom/android/org/conscrypt/ConscryptEngineSocket;->setHostname(Ljava/lang/String;)V (greylist-max-q,core-platform-api, reflection, denied)
04-25 07:44:07.021 30467 31634 W com.mbwhatsapp: Accessing hidden method Lcom/android/org/conscrypt/OpenSSLSocketImpl;->setHostname(Ljava/lang/String;)V (greylist-max-q,core-platform-api, reflection, denied)
04-25 07:44:07.021 30467 31634 W com.mbwhatsapp: Accessing hidden method Lcom/android/org/conscrypt/AbstractConscryptSocket;->setHostname(Ljava/lang/ String;)V (greylist-max-q, reflection, denied)
04-25 07:44:07.022 30467 31634 W com.mbwhatsapp: Accessing hidden method Lcom/android/org/conscrypt/OpenSSLSocketImpl;->setAlpnProtocols([B)V (greylist-max- q,core-platform-api, reflection, denied)
04-25 07:44:07.022 30467 31634 W com.mbwhatsapp: Accessing hidden method Lcom/android/org/conscrypt/AbstractConscryptSocket;->setAlpnProtocols([B)V (greylist-max-q, reflection, denied)
04-25 07:44:07.126 30467 31634 W com.mbwhatsapp: Accessing hidden method Lcom/android/org/conscrypt/OpenSSLSocketImpl;->getAlpnSelectedProtocol()[B (greylist-max-q,core-platform-api, reflection, denied)
04-25 07:44:07.127 30467 31634 W com.mbwhatsapp: Accessing hidden method Lcom/android/org/conscrypt/AbstractConscryptSocket;->getAlpnSelectedProtocol()[B (greylist-max-q, reflection, denied)
04-25 07:44:07.733 30467 30467 W CheckTime: App running slow: Executing activity onCreate took 2258ms
04-25 07:44:14.289 30467 30467 E ArmVmp : Match on catch block at 0x0a in for 0xc1
04-25 07:44:16.503 30467 32028 W LOTTIE : Animation contains merge paths. Merge paths are only supported on KitKat+ and must be manually enabled by calling enableMergePathsForKitKatAndAbove().
04-25 07:44:16.509 30467 31431 W LibraryVersion: Failed to get app version for libraryName: firebase-iid
04-25 07:44:18.888 30467 30467 E OpenGLRenderer: ~SkiaDisplayList() ##### pid = 30467 --------- beginning of main
04-25 08:26:36.911 1711 1711 W System.err: java.lang.ClassNotFoundException: mbmodsd.mbmodsw.ui.views.btn.BtnBK
04-25 08:26:36.913 1711 1711 W System.err: at java.lang.Runtime.nativeLoad(Native Method)
04-25 08:26:36.913 1711 1711 W System.err: at java.lang.Runtime.nativeLoad(Runtime.java:1131)
04-25 08:26:36.913 1711 1711 W System.err: at java.lang.Runtime.loadLibrary0(Runtime.java:1085)
04-25 08:26:36.913 1711 1711 W System.err: at java.lang.Runtime.loadLibrary0(Runtime.java:1008)
04-25 08:26:36.913 1711 1711 W System.err: at java.lang.System.loadLibrary(System.java:1664)
04-25 08:26:36.913 1711 1711 W System.err: at arm.EpicVm.<clinit>(Unknown Source:2)
04-25 08:26:36.913 1711 1711 W System.err: at java.lang.Class.newInstance(Native Method)
04-25 08:26:36.913 1711 1711 W System.err: at android.app.AppComponentFactory.instantiateApplication(AppComponentFactory.java:76)
04-25 08:26:36.913 1711 1711 W System.err: at androidx.core.app.CoreComponentFactory.instantiateApplication(Unknown Source:0)
04-25 08:26:36.913 1711 1711 W System.err: at android.app.Instrumentation.newApplication(Instrumentation.java:1158)
04-25 08:26:36.913 1711 1711 W System.err: at android.app.LoadedApk.makeApplication(LoadedApk.java:1268)
04-25 08:26:36.913 1711 1711 W System.err: at android.app.ActivityThread.handleBindApplication(ActivityThread.java:6927)
04-25 08:26:36.913 1711 1711 W System.err: at android.app.ActivityThread.access$1300(ActivityThread.java:262)
04-25 08:26:36.913 1711 1711 W System.err: at android.app.ActivityThread$H.handleMessage(ActivityThread.java:1977)
04-25 08:26:36.913 1711 1711 W System.err: at android.os.Handler.dispatchMessage(Handler.java:106)
04-25 08:26:36.913 1711 1711 W System.err: at android.os.Looper.loop(Looper.java:223)
04-25 08:26:36.913 1711 1711 W System.err: at android.app.ActivityThread.main(ActivityThread.java:8001)
04-25 08:26:36.913 1711 1711 W System.err: at java.lang.reflect.Method.invoke(Native Method)
04-25 08:26:36.914 1711 1711 W System.err: at com.android.internal.os.RuntimeInit$MethodAndArgsCaller.run(RuntimeInit.java:635)
04-25 08:26:36.914 1711 1711 W System.err: at com.android.internal.os.ZygoteInit.main(ZygoteInit.java:947)
04-25 08:26:36.943 1711 1711 W CheckTime: App running slow: Executing handleBindApplication : makeApplication took 217ms
04-25 08:26:36.949 1711 1711 E CustomActivityOnCrash: IMPORTANT WARNING! You already have an UncaughtExceptionHandler, are you sure this is correct? If you use a custom UncaughtExceptionHandler, you must initialize it AFTER CustomActivityOnCrash! Installing anyway, but your original handler will not be called.
04-25 08:26:37.058 1711 1730 W com.mbwhatsapp: Reducing the number of considered missed Gc histogram windows from 249 to 100
04-25 08:26:37.348 1711 1711 W com.mbwhatsapp: Accessing hidden method Lcom/android/org/conscrypt/OpenSSLSocketImpl;->setUseSessionTickets(Z)V (greylist- max-q,core-platform-api, reflection, denied)
04-25 08:26:37.348 1711 1711 W com.mbwhatsapp: Accessing hidden method Lcom/android/org/conscrypt/AbstractConscryptSocket;->setUseSessionTickets(Z)V (greylist-max-q, reflection, denied)
04-25 08:26:37.877 1711 10803 W com.mbwhatsapp: Class X.2rL failed lock verification and will run slower.
04-25 08:26:37.877 1711 10803 W com.mbwhatsapp: Common causes for lock verification issues are non-optimized dex code
04-25 08:26:37.877 1711 10803 W com.mbwhatsapp: and incorrect proguard optimizations.
04-25 08:26:37.878 1711 1711 W CheckTime: App running slow: Executing handleBindApplication : callApplicationOnCreate took 862ms
04-25 08:26:37.916 1711 1711 W com.mbwhatsapp: Class X.0eU failed lock verification and will run slower. --------- beginning of system
04-25 08:26:38.185 10813 10813 W com.mbwhatsapp: Using default instruction set features for ARM CPU variant (generic) using conservative defaults
04-25 08:26:38.191 10813 10813 E com.mbwhatsapp: Not starting debugger since process cannot load the jdwp agent.
04-25 08:26:38.287 1711 1711 W com.mbwhatsapp: Class com.mbwhatsapp.HomeActivity failed lock verification and will run slower.
04-25 08:26:38.961 1711 1711 E ArmVmp : Match on catch block at 0x0a in for 0xb5
04-25 08:26:39.010 1711 1711 E ArmVmp : Match on catch block at 0x0a in for 0x121
04-25 08:26:39.119 1711 10839 E ArmVmp : No matching catch block at 0x07
04-25 08:26:39.119 1711 10839 E ArmVmp : Match on catch block at 0x02 in for 0x25
04-25 08:26:39.120 1711 10839 W System.err: java.net.UnknownHostException: Unable to resolve host "pastebin.com": No address associated with hostname
04-25 08:26:39.120 1711 10839 W System.err:
04-25 08:26:39.122 1711 10839 W System.err: at java.net.Inet6AddressImpl.lookupHostByName(Inet6AddressImpl.java:156)
04-25 08:26:39.122 1711 10839 W System.err:
04-25 08:26:39.123 1711 10839 W System.err: at java.net.Inet6AddressImpl.lookupAllHostAddr(Inet6AddressImpl.java:103)
04-25 08:26:39.123 1711 10839 W System.err:
04-25 08:26:39.127 1711 10839 W System.err: at java.net.InetAddress.getAllByName(InetAddress.java:1152)
04-25 08:26:39.127 1711 10839 W System.err:
04-25 08:26:39.128 1711 10839 W System.err: at com.android.okhttp.Dns$1.lookup(Dns.java:41)
04-25 08:26:39.128 1711 10839 W System.err:
04-25 08:26:39.128 1711 10839 W System.err: at com.android.okhttp.internal.http.RouteSelector.resetNextInetSocketAddress(RouteSele ctor.java:178)
04-25 08:26:39.128 1711 10839 W System.err:
04-25 08:26:39.130 1711 10839 W System.err: at com.android.okhttp.internal.http.RouteSelector.nextProxy(RouteSelector.java:144)
04-25 08:26:39.130 1711 10839 W System.err:
04-25 08:26:39.130 1711 10839 W System.err: at com.android.okhttp.internal.http.RouteSelector.next(RouteSelector.java:86)
04-25 08:26:39.131 1711 10839 W System.err:
04-25 08:26:39.131 1711 10839 W System.err: at com.android.okhttp.internal.http.StreamAllocation.findConnection(StreamAllocation.j ava:176)
04-25 08:26:39.131 1711 10839 W System.err:
04-25 08:26:39.131 1711 10839 W System.err: at com.android.okhttp.internal.http.StreamAllocation.findHealthyConnection(StreamAlloc ation.java:128)
04-25 08:26:39.131 1711 10839 W System.err:
04-25 08:26:39.131 1711 10839 W System.err: at com.android.okhttp.internal.http.StreamAllocation.newStream(StreamAllocation.java:9 7)
04-25 08:26:39.132 1711 10839 W System.err:
04-25 08:26:39.132 1711 10839 W System.err: at com.android.okhttp.internal.http.HttpEngine.connect(HttpEngine.java:289)
04-25 08:26:39.132 1711 10839 W System.err:
04-25 08:26:39.132 1711 10839 W System.err: at com.android.okhttp.internal.http.HttpEngine.sendRequest(HttpEngine.java:232)
04-25 08:26:39.132 1711 10839 W System.err:
04-25 08:26:39.133 1711 10839 W System.err: at com.android.okhttp.internal.huc.HttpURLConnectionImpl.execute(HttpURLConnectionImpl .java:465)
04-25 08:26:39.133 1711 10839 W System.err:
04-25 08:26:39.133 1711 10839 W System.err: at com.android.okhttp.internal.huc.HttpURLConnectionImpl.getResponse(HttpURLConnection Impl.java:411)
04-25 08:26:39.133 1711 10839 W System.err:
04-25 08:26:39.133 1711 10839 W System.err: at com.android.okhttp.internal.huc.HttpURLConnectionImpl.getInputStream(HttpURLConnect ionImpl.java:248)
04-25 08:26:39.133 1711 10839 W System.err:
04-25 08:26:39.134 1711 10839 W System.err: at com.android.okhttp.internal.huc.DelegatingHttpsURLConnection.getInputStream(Delegat ingHttpsURLConnection.java:211)
04-25 08:26:39.134 1711 10839 W System.err:
04-25 08:26:39.134 1711 10839 W System.err: at com.android.okhttp.internal.huc.HttpsURLConnectionImpl.getInputStream(HttpsURLConne ctionImpl.java:30)
04-25 08:26:39.134 1711 10839 W System.err:
04-25 08:26:39.134 1711 10839 W System.err: at java.net.URL.openStream(URL.java:1072)
04-25 08:26:39.134 1711 10839 W System.err:
04-25 08:26:39.135 1711 10839 W System.err: at mbmodsd.mbmodsw.mbdialog.MBDialogMan.loadJsonFromUrl(Native Method)
04-25 08:26:39.135 1711 10839 W System.err:
04-25 08:26:39.135 1711 10839 W System.err: at mbmodsd.mbmodsw.mbdialog.MBDialogMan.access$000(Native Method)
04-25 08:26:39.135 1711 10839 W System.err:
04-25 08:26:39.135 1711 10839 W System.err: at mbmodsd.mbmodsw.mbdialog.MBDialogMan$FetchJsonTask.doInBackground(Native Method)
04-25 08:26:39.135 1711 10839 W System.err:
04-25 08:26:39.136 1711 10839 W System.err: at mbmodsd.mbmodsw.mbdialog.MBDialogMan$FetchJsonTask.doInBackground(Native Method)
04-25 08:26:39.136 1711 10839 W System.err:
04-25 08:26:39.136 1711 10839 W System.err: at android.os.AsyncTask$3.call(AsyncTask.java:394)
04-25 08:26:39.136 1711 10839 W System.err:
04-25 08:26:39.136 1711 10839 W System.err: at java.util.concurrent.FutureTask.run(FutureTask.java:266)
04-25 08:26:39.136 1711 10839 W System.err:
04-25 08:26:39.137 1711 10839 W System.err: at android.os.AsyncTask$SerialExecutor$1.run(AsyncTask.java:305)
04-25 08:26:39.137 1711 10839 W System.err:
04-25 08:26:39.137 1711 10839 W System.err: at java.util.concurrent.ThreadPoolExecutor.runWorker(ThreadPoolExecutor.java:1167)
04-25 08:26:39.137 1711 10839 W System.err:
04-25 08:26:39.137 1711 10839 W System.err: at java.util.concurrent.ThreadPoolExecutor$Worker.run(ThreadPoolExecutor.java:641)
04-25 08:26:39.137 1711 10839 W System.err:
04-25 08:26:39.138 1711 10839 W System.err: at java.lang.Thread.run(Thread.java:923)
04-25 08:26:39.138 1711 10839 W System.err:
04-25 08:26:39.138 1711 10839 W System.err: Caused by: android.system.GaiException: android_getaddrinfo failed: EAI_NODATA (No address associated with hostname)
04-25 08:26:39.139 1711 10839 W System.err:
04-25 08:26:39.139 1711 10839 W System.err: at libcore.io.Linux.android_getaddrinfo(Native Method)
04-25 08:26:39.139 1711 10839 W System.err:
04-25 08:26:39.139 1711 10839 W System.err: at libcore.io.ForwardingOs.android_getaddrinfo(ForwardingOs.java:73)
04-25 08:26:39.139 1711 10839 W System.err:
04-25 08:26:39.139 1711 10839 W System.err: at libcore.io.BlockGuardOs.android_getaddrinfo(BlockGuardOs.java:202)
04-25 08:26:39.139 1711 10839 W System.err:
04-25 08:26:39.140 1711 10839 W System.err: at libcore.io.ForwardingOs.android_getaddrinfo(ForwardingOs.java:73)
04-25 08:26:39.140 1711 10839 W System.err:
04-25 08:26:39.140 1711 10839 W System.err: at java.net.Inet6AddressImpl.lookupHostByName(Inet6AddressImpl.java:135)
04-25 08:26:39.140 1711 10839 W System.err:
04-25 08:26:39.140 1711 10839 W System.err: ... 27 more
04-25 08:26:39.140 1711 10839 W System.err:
04-25 08:26:39.283 1711 1711 W CheckTime: App running slow: Executing activity onCreate took 986ms
04-25 08:26:41.003 1711 1711 E OpenGLRenderer: ~SkiaDisplayList() ##### pid = 1711
04-25 08:26:41.383 1711 1711 E ArmVmp : Match on catch block at 0x0a in for 0xc9
04-25 08:26:41.631 1711 10888 W LOTTIE : Animation contains merge paths. Merge paths are only supported on KitKat+ and must be manually enabled by calling enableMergePathsForKitKatAndAbove().
04-25 08:26:42.073 1711 1711 W LOTTIE : Animation contains merge paths but they are disabled.
04-25 08:26:42.818 1711 1711 W pool-6-thread-1: type=1400 audit(0.0:436562): avc: granted { execute } for path="/data/data/com.mbwhatsapp/files/decompressed/libs.spk.zst/libgifimage.so" dev="dm-11" ino=598945 scontext=u:r:untrusted_app:s0:c49,c257,c512,c768 tcontext=u:object_r:app_data_file:s0:c49,c257,c512,c768 tclass=file app=com.mbwhatsapp
04-25 08:26:45.657 1711 1711 W BottomSheetBehavior: BottomSheetBehavior now supports multiple callbacks. `setBottomSheetCallback()` removes all existing callbacks, including ones set internally by library authors, which may result in unintended behavior. This may change in the future. Please use `addBottomSheetCallback()` and `removeBottomSheetCallback()` instead to set your own callbacks.
04-25 08:26:45.657 1711 1711 W BottomSheetBehavior: BottomSheetBehavior now supports multiple callbacks. `setBottomSheetCallback()` removes all existing callbacks, including ones set internally by library authors, which may result in unintended behavior. This may change in the future. Please use `addBottomSheetCallback()` and `removeBottomSheetCallback()` instead to set your own callbacks.
04-25 08:26:45.867 1711 1711 W BottomSheetBehavior: BottomSheetBehavior now supports multiple callbacks. `setBottomSheetCallback()` removes all existing callbacks, including ones set internally by library authors, which may result in unintended behavior. This may change in the future. Please use `addBottomSheetCallback()` and `removeBottomSheetCallback()` instead to set your own callbacks.
04-25 08:26:45.867 1711 1711 W BottomSheetBehavior: BottomSheetBehavior now supports multiple callbacks. `setBottomSheetCallback()` removes all existing callbacks, including ones set internally by library authors, which may result in unintended behavior. This may change in the future. Please use `addBottomSheetCallback()` and `removeBottomSheetCallback()` instead to set your own callbacks.
04-25 08:26:46.072 1711 10931 W AudioCapabilities: Unsupported mime audio/mpeg-L1
04-25 08:26:46.072 1711 10931 W AudioCapabilities: Unsupported mime audio/mpeg-L2
04-25 08:26:46.083 1711 10931 W VideoCapabilities: Unrecognized profile/level 32768/2 for video/mp4v-es
04-25 08:26:46.083 1711 10931 W VideoCapabilities: Unrecognized profile/level 32768/64 for video/mp4v-es
04-25 08:26:46.136 1711 10940 E ACodec : [OMX.sprd.h264.decoder] setPortMode on output to DynamicANWBuffer failed w/ err -2147483648
04-25 08:26:46.423 1711 10944 W Codec2Client: query -- param skipped: index = 1107298332.
04-25 08:26:46.423 1711 10944 W CCodec : This behavior is subject to change. It is recommended that app developers double check whether the requested max input size is in reasonable range.
04-25 08:26:46.431 1711 10944 W Codec2Client: query -- param skipped: index = 1342179345.
04-25 08:26:46.431 1711 10944 W Codec2Client: query -- param skipped: index = 2415921170.
04-25 08:26:46.431 1711 10944 W Codec2Client: query -- param skipped: index = 1610614798.
04-25 08:26:46.437 1711 10944 E FMQ : grantorIdx must be less than 3
04-25 08:26:46.437 1711 10944 E FMQ : grantorIdx must be less than 3
04-25 08:26:46.455 1711 10944 E ion : ioctl c0044901 failed with code -1: Inappropriate ioctl for device
04-25 08:26:46.459 1711 10944 E FMQ : grantorIdx must be less than 3
04-25 08:26:46.473 1711 10941 E FMQ : grantorIdx must be less than 3
04-25 08:26:46.626 1711 10931 W AudioTrack: getTimestamp_l(2255): retrograde timestamp time corrected, 176165609325149 < 176165770443188 --------- beginning of main
04-25 08:51:43.169 12338 12338 W System.err: java.lang.ClassNotFoundException: mbmodsd.mbmodsw.ui.views.btn.BtnBK
04-25 08:51:43.170 12338 12338 W System.err: at java.lang.Runtime.nativeLoad(Native Method)
04-25 08:51:43.170 12338 12338 W System.err: at java.lang.Runtime.nativeLoad(Runtime.java:1131)
04-25 08:51:43.170 12338 12338 W System.err: at java.lang.Runtime.loadLibrary0(Runtime.java:1085)
04-25 08:51:43.170 12338 12338 W System.err: at java.lang.Runtime.loadLibrary0(Runtime.java:1008)
04-25 08:51:43.170 12338 12338 W System.err: at java.lang.System.loadLibrary(System.java:1664)
04-25 08:51:43.170 12338 12338 W System.err: at arm.EpicVm.<clinit>(Unknown Source:2)
04-25 08:51:43.170 12338 12338 W System.err: at java.lang.Class.newInstance(Native Method)
04-25 08:51:43.170 12338 12338 W System.err: at android.app.AppComponentFactory.instantiateApplication(AppComponentFactory.java:76)
04-25 08:51:43.170 12338 12338 W System.err: at androidx.core.app.CoreComponentFactory.instantiateApplication(Unknown Source:0)
04-25 08:51:43.170 12338 12338 W System.err: at android.app.Instrumentation.newApplication(Instrumentation.java:1158)
04-25 08:51:43.170 12338 12338 W System.err: at android.app.LoadedApk.makeApplication(LoadedApk.java:1268)
04-25 08:51:43.170 12338 12338 W System.err: at android.app.ActivityThread.handleBindApplication(ActivityThread.java:6927)
04-25 08:51:43.170 12338 12338 W System.err: at android.app.ActivityThread.access$1300(ActivityThread.java:262)
04-25 08:51:43.170 12338 12338 W System.err: at android.app.ActivityThread$H.handleMessage(ActivityThread.java:1977)
04-25 08:51:43.170 12338 12338 W System.err: at android.os.Handler.dispatchMessage(Handler.java:106)
04-25 08:51:43.170 12338 12338 W System.err: at android.os.Looper.loop(Looper.java:223)
04-25 08:51:43.170 12338 12338 W System.err: at android.app.ActivityThread.main(ActivityThread.java:8001)
04-25 08:51:43.170 12338 12338 W System.err: at java.lang.reflect.Method.invoke(Native Method)
04-25 08:51:43.170 12338 12338 W System.err: at com.android.internal.os.RuntimeInit$MethodAndArgsCaller.run(RuntimeInit.java:635)
04-25 08:51:43.170 12338 12338 W System.err: at com.android.internal.os.ZygoteInit.main(ZygoteInit.java:947)
04-25 08:51:43.210 12338 12338 W CheckTime: App running slow: Executing handleBindApplication : makeApplication took 225ms
04-25 08:51:43.218 12338 12338 E CustomActivityOnCrash: IMPORTANT WARNING! You already have an UncaughtExceptionHandler, are you sure this is correct? If you use a custom UncaughtExceptionHandler, you must initialize it AFTER CustomActivityOnCrash! Installing anyway, but your original handler will not be called.
04-25 08:51:43.732 12338 12338 W com.mbwhatsapp: Accessing hidden method Lcom/android/org/conscrypt/OpenSSLSocketImpl;->setUseSessionTickets(Z)V (greylist- max-q,core-platform-api, reflection, denied)
04-25 08:51:43.733 12338 12338 W com.mbwhatsapp: Accessing hidden method Lcom/android/org/conscrypt/AbstractConscryptSocket;->setUseSessionTickets(Z)V (greylist-max-q, reflection, denied)
04-25 08:51:43.842 12338 12338 W com.mbwhatsapp: type=1400 audit(0.0:439529): avc: granted { execute } for path="/data/data/com.mbwhatsapp/files/decompressed/libs.spk.zst/libc++_shared.so" dev="dm-11" ino=598949 scontext=u:r:untrusted_app:s0:c49,c257,c512,c768 tcontext=u:object_r:app_data_file:s0:c49,c257,c512,c768 tclass=file app=com.mbwhatsapp
04-25 08:51:43.858 12338 12338 W com.mbwhatsapp: type=1400 audit(0.0:439530): avc: granted { execute } for path="/data/data/com.mbwhatsapp/files/decompressed/libs.spk.zst/libvlc.so" dev="dm- 11" ino=598942 scontext=u:r:untrusted_app:s0:c49,c257,c512,c768 tcontext=u:object_r:app_data_file:s0:c49,c257,c512,c768 tclass=file app=com.mbwhatsapp
04-25 08:51:43.874 12338 12338 W com.mbwhatsapp: type=1400 audit(0.0:439531): avc: granted { execute } for path="/data/data/com.mbwhatsapp/files/decompressed/libs.spk.zst/libwhatsapp.so" dev="dm-11" ino=599231 scontext=u:r:untrusted_app:s0:c49,c257,c512,c768 tcontext=u:object_r:app_data_file:s0:c49,c257,c512,c768 tclass=file app=com.mbwhatsapp
04-25 08:51:44.066 12338 12338 W com.mbwhatsapp: type=1400 audit(0.0:439532): avc: granted { execute } for path="/data/data/com.mbwhatsapp/files/decompressed/libs.spk.zst/libcurve25519.so" dev="dm-11" ino=599016 scontext=u:r:untrusted_app:s0:c49,c257,c512,c768 tcontext=u:object_r:app_data_file:s0:c49,c257,c512,c768 tclass=file app=com.mbwhatsapp
04-25 08:51:44.552 12338 12338 W CheckTime: App running slow: Executing handleBindApplication : callApplicationOnCreate took 1239ms
04-25 08:51:44.576 12338 13517 W com.mbwhatsapp: Class X.2rL failed lock verification and will run slower.
04-25 08:51:44.576 12338 13517 W com.mbwhatsapp: Common causes for lock verification issues are non-optimized dex code
04-25 08:51:44.576 12338 13517 W com.mbwhatsapp: and incorrect proguard optimizations.
04-25 08:51:44.607 12338 12338 W com.mbwhatsapp: Class X.0eU failed lock verification and will run slower. --------- beginning of system
04-25 08:51:45.253 13596 13596 W com.mbwhatsapp: Using default instruction set features for ARM CPU variant (generic) using conservative defaults
04-25 08:51:45.279 13596 13596 E com.mbwhatsapp: Not starting debugger since process cannot load the jdwp agent.
04-25 08:51:45.335 12338 12338 W com.mbwhatsapp: Class com.mbwhatsapp.HomeActivity failed lock verification and will run slower.
04-25 08:51:46.068 12338 12382 W com.mbwhatsapp: Reducing the number of considered missed Gc histogram windows from 104 to 100
04-25 08:51:46.450 12338 12338 E ArmVmp : Match on catch block at 0x0a in for 0xb1
04-25 08:51:46.507 12338 12338 E ArmVmp : Match on catch block at 0x0a in for 0x125
04-25 08:51:46.710 12338 13720 E ArmVmp : No matching catch block at 0x07
04-25 08:51:46.710 12338 13720 E ArmVmp : Match on catch block at 0x02 in for 0x25
04-25 08:51:46.713 12338 13720 W System.err: java.net.UnknownHostException: Unable to resolve host "pastebin.com": No address associated with hostname
04-25 08:51:46.714 12338 13720 W System.err:
04-25 08:51:46.717 12338 13720 W System.err: at java.net.Inet6AddressImpl.lookupHostByName(Inet6AddressImpl.java:156)
04-25 08:51:46.718 12338 13720 W System.err:
04-25 08:51:46.718 12338 13720 W System.err: at java.net.Inet6AddressImpl.lookupAllHostAddr(Inet6AddressImpl.java:103)
04-25 08:51:46.718 12338 13720 W System.err:
04-25 08:51:46.719 12338 13720 W System.err: at java.net.InetAddress.getAllByName(InetAddress.java:1152)
04-25 08:51:46.719 12338 13720 W System.err:
04-25 08:51:46.719 12338 13720 W System.err: at com.android.okhttp.Dns$1.lookup(Dns.java:41)
04-25 08:51:46.719 12338 13720 W System.err:
04-25 08:51:46.719 12338 13720 W System.err: at com.android.okhttp.internal.http.RouteSelector.resetNextInetSocketAddress(RouteSele ctor.java:178)
04-25 08:51:46.720 12338 13720 W System.err:
04-25 08:51:46.720 12338 13720 W System.err: at com.android.okhttp.internal.http.RouteSelector.nextProxy(RouteSelector.java:144)
04-25 08:51:46.720 12338 13720 W System.err:
04-25 08:51:46.720 12338 13720 W System.err: at com.android.okhttp.internal.http.RouteSelector.next(RouteSelector.java:86)
04-25 08:51:46.720 12338 13720 W System.err:
04-25 08:51:46.721 12338 13720 W System.err: at com.android.okhttp.internal.http.StreamAllocation.findConnection(StreamAllocation.j ava:176)
04-25 08:51:46.721 12338 13720 W System.err:
