04-25 21:16:06.037 24120 24120 E ArmVmp : Match on catch block at 0xc3 in for 0x99
04-25 21:16:06.046 24120 24120 E ArmVmp : Match on catch block at 0xc3 in for 0x91
04-25 21:16:06.049 24120 24120 E ArmVmp : Match on catch block at 0xc3 in for 0x91
04-25 21:16:06.842 24120 24120 E ArmVmp : Match on catch block at 0xc3 in for 0x95
04-25 21:16:06.848 24120 24120 E ArmVmp : Match on catch block at 0xc3 in for 0x99
04-25 21:16:06.851 24120 24120 E ArmVmp : Match on catch block at 0xc3 in for 0x99
04-25 21:16:07.002 24120 24120 E ArmVmp : Match on catch block at 0xc3 in for 0x91
04-25 21:16:07.008 24120 24120 E ArmVmp : Match on catch block at 0xc3 in for 0x95
04-25 21:16:07.011 24120 24120 E ArmVmp : Match on catch block at 0xc3 in for 0x95
04-25 21:16:07.092 24120 24120 E ArmVmp : Match on catch block at 0xc3 in for 0x99
04-25 21:16:07.098 24120 24120 E ArmVmp : Match on catch block at 0xc3 in for 0x91
04-25 21:16:07.103 24120 24120 E ArmVmp : Match on catch block at 0xc3 in for 0x91
04-25 21:16:07.584 24120 24120 E ArmVmp : Match on catch block at 0xc3 in for 0x95
04-25 21:16:07.590 24120 24120 E ArmVmp : Match on catch block at 0xc3 in for 0x99
04-25 21:16:07.594 24120 24120 E ArmVmp : Match on catch block at 0xc3 in for 0x99
04-25 21:16:08.084 24120 24120 E ArmVmp : Match on catch block at 0xc3 in for 0x91
04-25 21:16:08.090 24120 24120 E ArmVmp : Match on catch block at 0xc3 in for 0x95
04-25 21:16:08.095 24120 24120 E ArmVmp : Match on catch block at 0xc3 in for 0x95
04-25 21:16:08.600 24120 24120 E ArmVmp : Match on catch block at 0xc3 in for 0x99
04-25 21:16:08.607 24120 24120 E ArmVmp : Match on catch block at 0xc3 in for 0x91
04-25 21:16:08.612 24120 24120 E ArmVmp : Match on catch block at 0xc3 in for 0x91
04-25 21:16:09.099 24120 24120 E ArmVmp : Match on catch block at 0xc3 in for 0x95
04-25 21:16:09.119 24120 24120 E ArmVmp : Match on catch block at 0xc3 in for 0x99
04-25 21:16:09.123 24120 24120 E ArmVmp : Match on catch block at 0xc3 in for 0x99
04-25 21:16:09.362 24120 24120 W SoundPool: Use of stream types is deprecated for operations other than volume control
04-25 21:16:09.362 24120 24120 W SoundPool: See the documentation of SoundPool() for what to use instead with android.media.AudioAttributes to qualify your playback use case
04-25 21:16:09.389 24120 24120 W AudioManager: Use of stream types is deprecated for operations other than volume control
04-25 21:16:09.389 24120 24120 W AudioManager: See the documentation of requestAudioFocus() for what to use instead with android.media.AudioAttributes to qualify your playback use case
04-25 21:16:09.403 24120 30045 W SoundPool: play soundID 1 not READY
04-25 21:16:09.494 24120 24120 W libOpenSLES: Conversion from OpenSL ES positional channel mask 0x4 to Android mask 0 loses channels
04-25 21:16:09.495 24120 24120 W AudioRecord: Get process name fail
04-25 21:16:09.505 24120 30187 W Codec2Client: query -- param skipped: index = 1107298332.
04-25 21:16:09.507 24120 30187 W Codec2Client: query -- param skipped: index = 1342179345.
04-25 21:16:09.507 24120 30187 W Codec2Client: query -- param skipped: index = 2415921170.
04-25 21:16:09.509 24120 30188 W Codec2Client: query -- param skipped: index = 1107298332.
04-25 21:16:09.510 24120 30188 W Codec2Client: query -- param skipped: index = 1342179345.
04-25 21:16:09.510 24120 30188 W Codec2Client: query -- param skipped: index = 2415921170.
04-25 21:16:09.514 24120 30187 E FMQ : grantorIdx must be less than 3
04-25 21:16:09.514 24120 30187 E FMQ : grantorIdx must be less than 3
04-25 21:16:09.514 24120 30188 E FMQ : grantorIdx must be less than 3
04-25 21:16:09.515 24120 30188 E FMQ : grantorIdx must be less than 3
04-25 21:16:09.522 24120 30187 E ion : ioctl c0044901 failed with code -1: Inappropriate ioctl for device
04-25 21:16:09.539 24120 30188 E FMQ : grantorIdx must be less than 3
04-25 21:16:09.541 24120 30187 E FMQ : grantorIdx must be less than 3
04-25 21:16:09.556 24120 30192 E FMQ : grantorIdx must be less than 3
04-25 21:16:09.562 24120 30192 E FMQ : grantorIdx must be less than 3
04-25 21:16:09.630 24120 24120 E ArmVmp : Match on catch block at 0xc3 in for 0x99
04-25 21:16:09.637 24120 24120 E ArmVmp : Match on catch block at 0xc3 in for 0x91
04-25 21:16:09.640 24120 24120 E ArmVmp : Match on catch block at 0xc3 in for 0x91
04-25 21:16:09.652 24120 30206 W Codec2Client: query -- param skipped: index = 1107298332.
04-25 21:16:09.654 24120 30206 W Codec2Client: query -- param skipped: index = 1342179345.
04-25 21:16:09.654 24120 30206 W Codec2Client: query -- param skipped: index = 2415921170.
04-25 21:16:09.655 24120 30206 E FMQ : grantorIdx must be less than 3
04-25 21:16:09.655 24120 30206 E FMQ : grantorIdx must be less than 3
04-25 21:16:09.660 24120 30206 E FMQ : grantorIdx must be less than 3
04-25 21:16:09.668 24120 30207 W Codec2Client: query -- param skipped: index = 1107298332.
04-25 21:16:09.670 24120 30207 W Codec2Client: query -- param skipped: index = 1342179345.
04-25 21:16:09.670 24120 30207 W Codec2Client: query -- param skipped: index = 2415921170.
04-25 21:16:09.670 24120 30207 E FMQ : grantorIdx must be less than 3
04-25 21:16:09.670 24120 30207 E FMQ : grantorIdx must be less than 3
04-25 21:16:09.671 24120 24120 E ArmVmp : Match on catch block at 0xc3 in for 0x99
04-25 21:16:09.676 24120 30207 E FMQ : grantorIdx must be less than 3
04-25 21:16:09.678 24120 24120 E ArmVmp : Match on catch block at 0xc3 in for 0x91
04-25 21:16:09.679 24120 30192 E FMQ : grantorIdx must be less than 3
04-25 21:16:09.682 24120 24120 E ArmVmp : Match on catch block at 0xc3 in for 0x91
04-25 21:16:09.694 24120 24120 E ArmVmp : Match on catch block at 0xc3 in for 0x99
04-25 21:16:09.702 24120 30192 E FMQ : grantorIdx must be less than 3
04-25 21:16:09.704 24120 24120 E ArmVmp : Match on catch block at 0xc3 in for 0x91
04-25 21:16:09.716 24120 24120 E ArmVmp : Match on catch block at 0xc3 in for 0x91
04-25 21:16:09.733 24120 24120 E ArmVmp : Match on catch block at 0xc3 in for 0x99
04-25 21:16:09.739 24120 24120 E ArmVmp : Match on catch block at 0xc3 in for 0x91
04-25 21:16:09.745 24120 24120 E ArmVmp : Match on catch block at 0xc3 in for 0x91
04-25 21:16:09.806 24120 30212 W Codec2Client: query -- param skipped: index = 1107298332.
04-25 21:16:09.807 24120 30212 W Codec2Client: query -- param skipped: index = 1342179345.
04-25 21:16:09.808 24120 30212 W Codec2Client: query -- param skipped: index = 2415921170.
04-25 21:16:09.808 24120 30212 E FMQ : grantorIdx must be less than 3
04-25 21:16:09.808 24120 30212 E FMQ : grantorIdx must be less than 3
04-25 21:16:09.813 24120 30212 E FMQ : grantorIdx must be less than 3
04-25 21:16:09.822 24120 30192 E FMQ : grantorIdx must be less than 3
04-25 21:16:09.873 24120 30216 W Codec2Client: query -- param skipped: index = 1107298332.
04-25 21:16:09.874 24120 30216 W Codec2Client: query -- param skipped: index = 1342179345.
04-25 21:16:09.874 24120 30216 W Codec2Client: query -- param skipped: index = 2415921170.
04-25 21:16:09.874 24120 30216 E FMQ : grantorIdx must be less than 3
04-25 21:16:09.875 24120 30216 E FMQ : grantorIdx must be less than 3
04-25 21:16:09.879 24120 30216 E FMQ : grantorIdx must be less than 3
04-25 21:16:09.892 24120 30192 E FMQ : grantorIdx must be less than 3
04-25 21:16:09.909 24120 24120 W AudioRecord: restoreRecord_l(3644): dead IAudioRecord, creating a new one from start()
04-25 21:16:10.009 24120 24120 E ArmVmp : Match on catch block at 0xc3 in for 0x95
04-25 21:16:10.015 24120 24120 E ArmVmp : Match on catch block at 0xc3 in for 0x99
04-25 21:16:10.019 24120 24120 E ArmVmp : Match on catch block at 0xc3 in for 0x99
04-25 21:16:10.036 24120 24120 E ArmVmp : Match on catch block at 0xc3 in for 0x99
04-25 21:16:10.042 24120 24120 E ArmVmp : Match on catch block at 0xc3 in for 0x91
04-25 21:16:10.049 24120 24120 E ArmVmp : Match on catch block at 0xc3 in for 0x91
04-25 21:16:10.068 24120 24120 E ArmVmp : Match on catch block at 0xc3 in for 0x99
04-25 21:16:10.073 24120 24120 E ArmVmp : Match on catch block at 0xc3 in for 0x91
04-25 21:16:10.077 24120 24120 E ArmVmp : Match on catch block at 0xc3 in for 0x91
04-25 21:16:10.086 24120 24120 E ArmVmp : Match on catch block at 0xc3 in for 0x99
04-25 21:16:10.094 24120 24120 E ArmVmp : Match on catch block at 0xc3 in for 0x91
04-25 21:16:10.102 24120 24120 E ArmVmp : Match on catch block at 0xc3 in for 0x91
04-25 21:16:10.109 24120 24120 E ArmVmp : Match on catch block at 0xc3 in for 0x99
04-25 21:16:10.115 24120 24120 E ArmVmp : Match on catch block at 0xc3 in for 0x91
04-25 21:16:10.119 24120 24120 E ArmVmp : Match on catch block at 0xc3 in for 0x91
04-25 21:16:10.126 24120 24120 E ArmVmp : Match on catch block at 0xc3 in for 0x99
04-25 21:16:10.133 24120 24120 E ArmVmp : Match on catch block at 0xc3 in for 0x91
04-25 21:16:10.135 24120 24120 E ArmVmp : Match on catch block at 0xc3 in for 0x91
04-25 21:16:10.145 24120 24120 E ArmVmp : Match on catch block at 0xc3 in for 0x99
04-25 21:16:10.150 24120 24120 E ArmVmp : Match on catch block at 0xc3 in for 0x91
04-25 21:16:10.153 24120 24120 E ArmVmp : Match on catch block at 0xc3 in for 0x91
04-25 21:16:10.161 24120 24120 E ArmVmp : Match on catch block at 0xc3 in for 0x99
04-25 21:16:10.166 24120 24120 E ArmVmp : Match on catch block at 0xc3 in for 0x91
04-25 21:16:10.169 24120 24120 E ArmVmp : Match on catch block at 0xc3 in for 0x91
04-25 21:16:10.176 24120 24120 E ArmVmp : Match on catch block at 0xc3 in for 0x99
04-25 21:16:10.182 24120 24120 E ArmVmp : Match on catch block at 0xc3 in for 0x91
04-25 21:16:10.186 24120 24120 E ArmVmp : Match on catch block at 0xc3 in for 0x91
04-25 21:16:10.194 24120 24120 E ArmVmp : Match on catch block at 0xc3 in for 0x99
04-25 21:16:10.199 24120 24120 E ArmVmp : Match on catch block at 0xc3 in for 0x91
04-25 21:16:10.203 24120 24120 E ArmVmp : Match on catch block at 0xc3 in for 0x91
04-25 21:16:10.210 24120 24120 E ArmVmp : Match on catch block at 0xc3 in for 0x99
04-25 21:16:10.216 24120 24120 E ArmVmp : Match on catch block at 0xc3 in for 0x91
04-25 21:16:10.219 24120 24120 E ArmVmp : Match on catch block at 0xc3 in for 0x91
04-25 21:16:10.226 24120 24120 E ArmVmp : Match on catch block at 0xc3 in for 0x99
04-25 21:16:10.232 24120 24120 E ArmVmp : Match on catch block at 0xc3 in for 0x91
04-25 21:16:10.235 24120 24120 E ArmVmp : Match on catch block at 0xc3 in for 0x91
04-25 21:16:10.243 24120 24120 E ArmVmp : Match on catch block at 0xc3 in for 0x99
04-25 21:16:10.249 24120 24120 E ArmVmp : Match on catch block at 0xc3 in for 0x91
04-25 21:16:10.252 24120 24120 E ArmVmp : Match on catch block at 0xc3 in for 0x91
04-25 21:16:10.260 24120 24120 E ArmVmp : Match on catch block at 0xc3 in for 0x99
04-25 21:16:10.266 24120 24120 E ArmVmp : Match on catch block at 0xc3 in for 0x91
04-25 21:16:10.269 24120 24120 E ArmVmp : Match on catch block at 0xc3 in for 0x91
04-25 21:16:10.276 24120 24120 E ArmVmp : Match on catch block at 0xc3 in for 0x99
04-25 21:16:10.283 24120 24120 E ArmVmp : Match on catch block at 0xc3 in for 0x91
04-25 21:16:10.286 24120 24120 E ArmVmp : Match on catch block at 0xc3 in for 0x91
04-25 21:16:10.294 24120 24120 E ArmVmp : Match on catch block at 0xc3 in for 0x99
04-25 21:16:10.300 24120 24120 E ArmVmp : Match on catch block at 0xc3 in for 0x91
04-25 21:16:10.304 24120 24120 E ArmVmp : Match on catch block at 0xc3 in for 0x91
04-25 21:16:10.313 24120 24120 E ArmVmp : Match on catch block at 0xc3 in for 0x99
04-25 21:16:10.319 24120 24120 E ArmVmp : Match on catch block at 0xc3 in for 0x91
04-25 21:16:10.323 24120 24120 E ArmVmp : Match on catch block at 0xc3 in for 0x91
04-25 21:16:10.331 24120 24120 E ArmVmp : Match on catch block at 0xc3 in for 0x99
04-25 21:16:10.337 24120 24120 E ArmVmp : Match on catch block at 0xc3 in for 0x91
04-25 21:16:10.343 24120 24120 E ArmVmp : Match on catch block at 0xc3 in for 0x91
04-25 21:16:10.353 24120 24120 E ArmVmp : Match on catch block at 0xc3 in for 0x99
04-25 21:16:10.359 24120 24120 E ArmVmp : Match on catch block at 0xc3 in for 0x91
04-25 21:16:10.362 24120 24120 E ArmVmp : Match on catch block at 0xc3 in for 0x91
04-25 21:16:10.370 24120 24120 E ArmVmp : Match on catch block at 0xc3 in for 0x99
04-25 21:16:10.376 24120 24120 E ArmVmp : Match on catch block at 0xc3 in for 0x91
04-25 21:16:10.380 24120 24120 E ArmVmp : Match on catch block at 0xc3 in for 0x91
04-25 21:16:10.390 24120 24120 E ArmVmp : Match on catch block at 0xc3 in for 0x99
04-25 21:16:10.396 24120 24120 E ArmVmp : Match on catch block at 0xc3 in for 0x91
04-25 21:16:10.400 24120 24120 E ArmVmp : Match on catch block at 0xc3 in for 0x91
04-25 21:16:10.409 24120 24120 E ArmVmp : Match on catch block at 0xc3 in for 0x99
04-25 21:16:10.415 24120 24120 E ArmVmp : Match on catch block at 0xc3 in for 0x91
04-25 21:16:10.419 24120 24120 E ArmVmp : Match on catch block at 0xc3 in for 0x91
04-25 21:16:10.427 24120 24120 E ArmVmp : Match on catch block at 0xc3 in for 0x99
04-25 21:16:10.435 24120 24120 E ArmVmp : Match on catch block at 0xc3 in for 0x91
04-25 21:16:10.439 24120 24120 E ArmVmp : Match on catch block at 0xc3 in for 0x91
04-25 21:16:10.448 24120 24120 E ArmVmp : Match on catch block at 0xc3 in for 0x99
04-25 21:16:10.453 24120 24120 E ArmVmp : Match on catch block at 0xc3 in for 0x91
04-25 21:16:10.459 24120 24120 E ArmVmp : Match on catch block at 0xc3 in for 0x91
04-25 21:16:10.468 24120 24120 E ArmVmp : Match on catch block at 0xc3 in for 0x99
04-25 21:16:10.477 24120 24120 E ArmVmp : Match on catch block at 0xc3 in for 0x91
04-25 21:16:10.480 24120 24120 E ArmVmp : Match on catch block at 0xc3 in for 0x91
04-25 21:16:10.488 24120 24120 E ArmVmp : Match on catch block at 0xc3 in for 0x99
04-25 21:16:10.494 24120 24120 E ArmVmp : Match on catch block at 0xc3 in for 0x91
04-25 21:16:10.497 24120 24120 E ArmVmp : Match on catch block at 0xc3 in for 0x91
04-25 21:16:10.506 24120 24120 E ArmVmp : Match on catch block at 0xc3 in for 0x95
04-25 21:16:10.511 24120 24120 E ArmVmp : Match on catch block at 0xc3 in for 0x99
04-25 21:16:10.515 24120 24120 E ArmVmp : Match on catch block at 0xc3 in for 0x99
04-25 21:16:10.522 24120 24120 E ArmVmp : Match on catch block at 0xc3 in for 0x95
04-25 21:16:10.528 24120 24120 E ArmVmp : Match on catch block at 0xc3 in for 0x99
04-25 21:16:10.532 24120 24120 E ArmVmp : Match on catch block at 0xc3 in for 0x99
04-25 21:16:10.541 24120 24120 E ArmVmp : Match on catch block at 0xc3 in for 0x95
04-25 21:16:10.547 24120 24120 E ArmVmp : Match on catch block at 0xc3 in for 0x99
04-25 21:16:10.551 24120 24120 E ArmVmp : Match on catch block at 0xc3 in for 0x99
04-25 21:16:10.560 24120 24120 E ArmVmp : Match on catch block at 0xc3 in for 0x95
04-25 21:16:10.567 24120 24120 E ArmVmp : Match on catch block at 0xc3 in for 0x99
04-25 21:16:10.571 24120 24120 E ArmVmp : Match on catch block at 0xc3 in for 0x99
04-25 21:16:10.579 24120 24120 E ArmVmp : Match on catch block at 0xc3 in for 0x91
04-25 21:16:10.584 24120 24120 E ArmVmp : Match on catch block at 0xc3 in for 0x95
04-25 21:16:10.588 24120 24120 E ArmVmp : Match on catch block at 0xc3 in for 0x95
04-25 21:16:10.595 24120 24120 E ArmVmp : Match on catch block at 0xc3 in for 0x91
04-25 21:16:10.602 24120 24120 E ArmVmp : Match on catch block at 0xc3 in for 0x95
04-25 21:16:10.605 24120 24120 E ArmVmp : Match on catch block at 0xc3 in for 0x95
04-25 21:16:10.613 24120 24120 E ArmVmp : Match on catch block at 0xc3 in for 0x99
04-25 21:16:10.619 24120 24120 E ArmVmp : Match on catch block at 0xc3 in for 0x91
04-25 21:16:10.624 24120 24120 E ArmVmp : Match on catch block at 0xc3 in for 0x91
04-25 21:16:10.632 24120 24120 E ArmVmp : Match on catch block at 0xc3 in for 0x95
04-25 21:16:10.638 24120 24120 E ArmVmp : Match on catch block at 0xc3 in for 0x99
04-25 21:16:10.641 24120 24120 E ArmVmp : Match on catch block at 0xc3 in for 0x99
04-25 21:16:10.649 24120 24120 E ArmVmp : Match on catch block at 0xc3 in for 0x95
04-25 21:16:10.655 24120 24120 E ArmVmp : Match on catch block at 0xc3 in for 0x99
04-25 21:16:10.659 24120 24120 E ArmVmp : Match on catch block at 0xc3 in for 0x99
04-25 21:16:10.667 24120 24120 E ArmVmp : Match on catch block at 0xc3 in for 0x91
04-25 21:16:10.674 24120 24120 E ArmVmp : Match on catch block at 0xc3 in for 0x95
04-25 21:16:10.677 24120 24120 E ArmVmp : Match on catch block at 0xc3 in for 0x95
04-25 21:16:10.684 24120 24120 E ArmVmp : Match on catch block at 0xc3 in for 0x99
04-25 21:16:10.690 24120 24120 E ArmVmp : Match on catch block at 0xc3 in for 0x91
04-25 21:16:10.694 24120 24120 E ArmVmp : Match on catch block at 0xc3 in for 0x91
04-25 21:16:10.702 24120 24120 E ArmVmp : Match on catch block at 0xc3 in for 0x95
04-25 21:16:10.707 24120 24120 E ArmVmp : Match on catch block at 0xc3 in for 0x99
04-25 21:16:10.712 24120 24120 E ArmVmp : Match on catch block at 0xc3 in for 0x99
04-25 21:16:10.721 24120 24120 E ArmVmp : Match on catch block at 0xc3 in for 0x99
04-25 21:16:10.727 24120 24120 E ArmVmp : Match on catch block at 0xc3 in for 0x91
04-25 21:16:10.730 24120 24120 E ArmVmp : Match on catch block at 0xc3 in for 0x91
04-25 21:16:10.737 24120 24120 E ArmVmp : Match on catch block at 0xc3 in for 0x95
04-25 21:16:10.742 24120 24120 E ArmVmp : Match on catch block at 0xc3 in for 0x99
04-25 21:16:10.746 24120 24120 E ArmVmp : Match on catch block at 0xc3 in for 0x99
04-25 21:16:10.753 24120 24120 E ArmVmp : Match on catch block at 0xc3 in for 0x91
04-25 21:16:10.759 24120 24120 E ArmVmp : Match on catch block at 0xc3 in for 0x95
04-25 21:16:10.763 24120 24120 E ArmVmp : Match on catch block at 0xc3 in for 0x95
04-25 21:16:10.771 24120 24120 E ArmVmp : Match on catch block at 0xc3 in for 0x99
04-25 21:16:10.776 24120 24120 E ArmVmp : Match on catch block at 0xc3 in for 0x91
04-25 21:16:10.781 24120 24120 E ArmVmp : Match on catch block at 0xc3 in for 0x91
04-25 21:16:10.788 24120 24120 E ArmVmp : Match on catch block at 0xc3 in for 0x95
04-25 21:16:10.794 24120 24120 E ArmVmp : Match on catch block at 0xc3 in for 0x99
04-25 21:16:10.797 24120 24120 E ArmVmp : Match on catch block at 0xc3 in for 0x99
04-25 21:16:10.805 24120 24120 E ArmVmp : Match on catch block at 0xc3 in for 0x91
04-25 21:16:10.811 24120 24120 E ArmVmp : Match on catch block at 0xc3 in for 0x95
04-25 21:16:10.814 24120 24120 E ArmVmp : Match on catch block at 0xc3 in for 0x95
04-25 21:16:10.854 24120 24120 E ArmVmp : Match on catch block at 0xc3 in for 0x99
04-25 21:16:10.860 24120 24120 E ArmVmp : Match on catch block at 0xc3 in for 0x91
04-25 21:16:10.863 24120 24120 E ArmVmp : Match on catch block at 0xc3 in for 0x91
04-25 21:16:10.870 24120 24120 E ArmVmp : Match on catch block at 0xc3 in for 0x95
04-25 21:16:10.875 24120 24120 E ArmVmp : Match on catch block at 0xc3 in for 0x99
04-25 21:16:10.879 24120 24120 E ArmVmp : Match on catch block at 0xc3 in for 0x99
04-25 21:16:10.886 24120 24120 E ArmVmp : Match on catch block at 0xc3 in for 0x91
04-25 21:16:10.892 24120 24120 E ArmVmp : Match on catch block at 0xc3 in for 0x95
04-25 21:16:10.896 24120 24120 E ArmVmp : Match on catch block at 0xc3 in for 0x95
04-25 21:16:10.904 24120 24120 E ArmVmp : Match on catch block at 0xc3 in for 0x99
04-25 21:16:10.910 24120 24120 E ArmVmp : Match on catch block at 0xc3 in for 0x91
04-25 21:16:10.915 24120 24120 E ArmVmp : Match on catch block at 0xc3 in for 0x91
04-25 21:16:10.923 24120 24120 E ArmVmp : Match on catch block at 0xc3 in for 0x95
04-25 21:16:10.928 24120 24120 E ArmVmp : Match on catch block at 0xc3 in for 0x99
04-25 21:16:10.931 24120 24120 E ArmVmp : Match on catch block at 0xc3 in for 0x99
04-25 21:16:10.938 24120 24120 E ArmVmp : Match on catch block at 0xc3 in for 0x91
04-25 21:16:10.944 24120 24120 E ArmVmp : Match on catch block at 0xc3 in for 0x95
04-25 21:16:10.947 24120 24120 E ArmVmp : Match on catch block at 0xc3 in for 0x95
04-25 21:16:10.954 24120 24120 E ArmVmp : Match on catch block at 0xc3 in for 0x99
04-25 21:16:10.959 24120 24120 E ArmVmp : Match on catch block at 0xc3 in for 0x91
04-25 21:16:10.963 24120 24120 E ArmVmp : Match on catch block at 0xc3 in for 0x91
04-25 21:16:10.970 24120 24120 E ArmVmp : Match on catch block at 0xc3 in for 0x95
04-25 21:16:10.975 24120 24120 E ArmVmp : Match on catch block at 0xc3 in for 0x99
04-25 21:16:10.979 24120 24120 E ArmVmp : Match on catch block at 0xc3 in for 0x99
04-25 21:16:10.993 24120 24120 E ArmVmp : Match on catch block at 0xc3 in for 0x95
04-25 21:16:10.999 24120 24120 E ArmVmp : Match on catch block at 0xc3 in for 0x99
04-25 21:16:11.002 24120 24120 E ArmVmp : Match on catch block at 0xc3 in for 0x99
04-25 21:16:11.012 24120 24120 E ArmVmp : Match on catch block at 0xc3 in for 0x91
04-25 21:16:11.017 24120 24120 E ArmVmp : Match on catch block at 0xc3 in for 0x95
04-25 21:16:11.021 24120 24120 E ArmVmp : Match on catch block at 0xc3 in for 0x95
04-25 21:16:11.029 24120 24120 E ArmVmp : Match on catch block at 0xc3 in for 0x99
04-25 21:16:11.034 24120 24120 E ArmVmp : Match on catch block at 0xc3 in for 0x91
04-25 21:16:11.037 24120 24120 E ArmVmp : Match on catch block at 0xc3 in for 0x91
04-25 21:16:11.050 24120 24120 E ArmVmp : Match on catch block at 0xc3 in for 0x99
04-25 21:16:11.056 24120 24120 E ArmVmp : Match on catch block at 0xc3 in for 0x91
04-25 21:16:11.060 24120 24120 E ArmVmp : Match on catch block at 0xc3 in for 0x91
04-25 21:16:11.070 24120 24120 E ArmVmp : Match on catch block at 0xc3 in for 0x95
04-25 21:16:11.075 24120 24120 E ArmVmp : Match on catch block at 0xc3 in for 0x99
04-25 21:16:11.079 24120 24120 E ArmVmp : Match on catch block at 0xc3 in for 0x99
04-25 21:16:11.086 24120 24120 E ArmVmp : Match on catch block at 0xc3 in for 0x91
04-25 21:16:11.092 24120 24120 E ArmVmp : Match on catch block at 0xc3 in for 0x95
04-25 21:16:11.096 24120 24120 E ArmVmp : Match on catch block at 0xc3 in for 0x95
04-25 21:16:11.108 24120 24120 E ArmVmp : Match on catch block at 0xc3 in for 0x91
04-25 21:16:11.114 24120 24120 E ArmVmp : Match on catch block at 0xc3 in for 0x95
04-25 21:16:11.117 24120 24120 E ArmVmp : Match on catch block at 0xc3 in for 0x95
04-25 21:16:11.124 24120 24120 E ArmVmp : Match on catch block at 0xc3 in for 0x99
04-25 21:16:11.130 24120 24120 E ArmVmp : Match on catch block at 0xc3 in for 0x91
04-25 21:16:11.134 24120 24120 E ArmVmp : Match on catch block at 0xc3 in for 0x91
04-25 21:16:11.141 24120 24120 E ArmVmp : Match on catch block at 0xc3 in for 0x95
04-25 21:16:11.147 24120 24120 E ArmVmp : Match on catch block at 0xc3 in for 0x99
04-25 21:16:11.152 24120 24120 E ArmVmp : Match on catch block at 0xc3 in for 0x99
04-25 21:16:11.160 24120 24120 E ArmVmp : Match on catch block at 0xc3 in for 0x91
04-25 21:16:11.165 24120 24120 E ArmVmp : Match on catch block at 0xc3 in for 0x95
04-25 21:16:11.169 24120 24120 E ArmVmp : Match on catch block at 0xc3 in for 0x95
04-25 21:16:11.181 24120 24120 E ArmVmp : Match on catch block at 0xc3 in for 0x91
04-25 21:16:11.186 24120 24120 E ArmVmp : Match on catch block at 0xc3 in for 0x95
04-25 21:16:11.190 24120 24120 E ArmVmp : Match on catch block at 0xc3 in for 0x95
04-25 21:16:11.196 24120 24120 E ArmVmp : Match on catch block at 0xc3 in for 0x99
04-25 21:16:11.202 24120 24120 E ArmVmp : Match on catch block at 0xc3 in for 0x91
04-25 21:16:11.205 24120 24120 E ArmVmp : Match on catch block at 0xc3 in for 0x91
04-25 21:16:11.212 24120 24120 E ArmVmp : Match on catch block at 0xc3 in for 0x95
04-25 21:16:11.217 24120 24120 E ArmVmp : Match on catch block at 0xc3 in for 0x99
04-25 21:16:11.222 24120 24120 E ArmVmp : Match on catch block at 0xc3 in for 0x99
04-25 21:16:11.235 24120 24120 E ArmVmp : Match on catch block at 0xc3 in for 0x95
04-25 21:16:11.241 24120 24120 E ArmVmp : Match on catch block at 0xc3 in for 0x99
04-25 21:16:11.244 24120 24120 E ArmVmp : Match on catch block at 0xc3 in for 0x99
04-25 21:16:11.252 24120 24120 E ArmVmp : Match on catch block at 0xc3 in for 0x91
04-25 21:16:11.258 24120 24120 E ArmVmp : Match on catch block at 0xc3 in for 0x95
04-25 21:16:11.262 24120 24120 E ArmVmp : Match on catch block at 0xc3 in for 0x95
04-25 21:16:11.269 24120 24120 E ArmVmp : Match on catch block at 0xc3 in for 0x99
04-25 21:16:11.275 24120 24120 E ArmVmp : Match on catch block at 0xc3 in for 0x91
04-25 21:16:11.278 24120 24120 E ArmVmp : Match on catch block at 0xc3 in for 0x91
04-25 21:16:11.287 24120 24120 E ArmVmp : Match on catch block at 0xc3 in for 0x95
04-25 21:16:11.293 24120 24120 E ArmVmp : Match on catch block at 0xc3 in for 0x99
04-25 21:16:11.297 24120 24120 E ArmVmp : Match on catch block at 0xc3 in for 0x99
04-25 21:16:11.313 24120 24120 E ArmVmp : Match on catch block at 0xc3 in for 0x99
04-25 21:16:11.319 24120 24120 E ArmVmp : Match on catch block at 0xc3 in for 0x91
04-25 21:16:11.322 24120 24120 E ArmVmp : Match on catch block at 0xc3 in for 0x91
04-25 21:16:11.331 24120 24120 E ArmVmp : Match on catch block at 0xc3 in for 0x95
04-25 21:16:11.337 24120 24120 E ArmVmp : Match on catch block at 0xc3 in for 0x99
04-25 21:16:11.341 24120 24120 E ArmVmp : Match on catch block at 0xc3 in for 0x99
04-25 21:16:11.350 24120 24120 E ArmVmp : Match on catch block at 0xc3 in for 0x91
04-25 21:16:11.355 24120 24120 E ArmVmp : Match on catch block at 0xc3 in for 0x95
04-25 21:16:11.359 24120 24120 E ArmVmp : Match on catch block at 0xc3 in for 0x95
04-25 21:16:11.371 24120 24120 E ArmVmp : Match on catch block at 0xc3 in for 0x91
04-25 21:16:11.378 24120 24120 E ArmVmp : Match on catch block at 0xc3 in for 0x95
04-25 21:16:11.382 24120 24120 E ArmVmp : Match on catch block at 0xc3 in for 0x95
04-25 21:16:11.392 24120 24120 E ArmVmp : Match on catch block at 0xc3 in for 0x99
04-25 21:16:11.398 24120 24120 E ArmVmp : Match on catch block at 0xc3 in for 0x91
04-25 21:16:11.401 24120 24120 E ArmVmp : Match on catch block at 0xc3 in for 0x91
04-25 21:16:11.409 24120 24120 E ArmVmp : Match on catch block at 0xc3 in for 0x95
04-25 21:16:11.416 24120 24120 E ArmVmp : Match on catch block at 0xc3 in for 0x99
04-25 21:16:11.420 24120 24120 E ArmVmp : Match on catch block at 0xc3 in for 0x99
04-25 21:16:11.428 24120 24120 E ArmVmp : Match on catch block at 0xc3 in for 0x91
04-25 21:16:11.434 24120 24120 E ArmVmp : Match on catch block at 0xc3 in for 0x95
04-25 21:16:11.437 24120 24120 E ArmVmp : Match on catch block at 0xc3 in for 0x95
04-25 21:16:11.450 24120 24120 E ArmVmp : Match on catch block at 0xc3 in for 0x91
04-25 21:16:11.455 24120 24120 E ArmVmp : Match on catch block at 0xc3 in for 0x95
04-25 21:16:11.459 24120 24120 E ArmVmp : Match on catch block at 0xc3 in for 0x95
04-25 21:16:11.469 24120 24120 E ArmVmp : Match on catch block at 0xc3 in for 0x99
04-25 21:16:11.474 24120 24120 E ArmVmp : Match on catch block at 0xc3 in for 0x91
04-25 21:16:11.478 24120 24120 E ArmVmp : Match on catch block at 0xc3 in for 0x91
04-25 21:16:11.486 24120 24120 E ArmVmp : Match on catch block at 0xc3 in for 0x95
04-25 21:16:11.491 24120 24120 E ArmVmp : Match on catch block at 0xc3 in for 0x99
04-25 21:16:11.495 24120 24120 E ArmVmp : Match on catch block at 0xc3 in for 0x99
04-25 21:16:11.503 24120 24120 E ArmVmp : Match on catch block at 0xc3 in for 0x91
04-25 21:16:11.508 24120 24120 E ArmVmp : Match on catch block at 0xc3 in for 0x95
04-25 21:16:11.512 24120 24120 E ArmVmp : Match on catch block at 0xc3 in for 0x95
04-25 21:16:11.522 24120 24120 E ArmVmp : Match on catch block at 0xc3 in for 0x91
04-25 21:16:11.528 24120 24120 E ArmVmp : Match on catch block at 0xc3 in for 0x95
04-25 21:16:11.532 24120 24120 E ArmVmp : Match on catch block at 0xc3 in for 0x95
04-25 21:16:11.540 24120 24120 E ArmVmp : Match on catch block at 0xc3 in for 0x99
04-25 21:16:11.547 24120 24120 E ArmVmp : Match on catch block at 0xc3 in for 0x91
04-25 21:16:11.550 24120 24120 E ArmVmp : Match on catch block at 0xc3 in for 0x91
04-25 21:16:11.559 24120 24120 E ArmVmp : Match on catch block at 0xc3 in for 0x95
04-25 21:16:11.564 24120 24120 E ArmVmp : Match on catch block at 0xc3 in for 0x99
04-25 21:16:11.568 24120 24120 E ArmVmp : Match on catch block at 0xc3 in for 0x99
04-25 21:16:11.575 24120 24120 E ArmVmp : Match on catch block at 0xc3 in for 0x91
04-25 21:16:11.583 24120 24120 E ArmVmp : Match on catch block at 0xc3 in for 0x95
04-25 21:16:11.586 24120 24120 E ArmVmp : Match on catch block at 0xc3 in for 0x95
04-25 21:16:11.598 24120 24120 E ArmVmp : Match on catch block at 0xc3 in for 0x91
04-25 21:16:11.605 24120 24120 E ArmVmp : Match on catch block at 0xc3 in for 0x95
04-25 21:16:11.608 24120 24120 E ArmVmp : Match on catch block at 0xc3 in for 0x95
04-25 21:16:11.617 24120 24120 E ArmVmp : Match on catch block at 0xc3 in for 0x99
04-25 21:16:11.624 24120 24120 E ArmVmp : Match on catch block at 0xc3 in for 0x91
04-25 21:16:11.627 24120 24120 E ArmVmp : Match on catch block at 0xc3 in for 0x91
04-25 21:16:11.634 24120 24120 E ArmVmp : Match on catch block at 0xc3 in for 0x95
04-25 21:16:11.641 24120 24120 E ArmVmp : Match on catch block at 0xc3 in for 0x99
04-25 21:16:11.645 24120 24120 E ArmVmp : Match on catch block at 0xc3 in for 0x99
04-25 21:16:11.653 24120 24120 E ArmVmp : Match on catch block at 0xc3 in for 0x91
04-25 21:16:11.660 24120 24120 E ArmVmp : Match on catch block at 0xc3 in for 0x95
04-25 21:16:11.663 24120 24120 E ArmVmp : Match on catch block at 0xc3 in for 0x95
04-25 21:16:11.675 24120 24120 E ArmVmp : Match on catch block at 0xc3 in for 0x91
04-25 21:16:11.681 24120 24120 E ArmVmp : Match on catch block at 0xc3 in for 0x95
04-25 21:16:11.685 24120 24120 E ArmVmp : Match on catch block at 0xc3 in for 0x95
04-25 21:16:11.692 24120 24120 E ArmVmp : Match on catch block at 0xc3 in for 0x99
04-25 21:16:11.699 24120 24120 E ArmVmp : Match on catch block at 0xc3 in for 0x91
04-25 21:16:11.705 24120 24120 E ArmVmp : Match on catch block at 0xc3 in for 0x91
04-25 21:16:11.712 24120 24120 E ArmVmp : Match on catch block at 0xc3 in for 0x95
04-25 21:16:11.718 24120 24120 E ArmVmp : Match on catch block at 0xc3 in for 0x99
04-25 21:16:11.722 24120 24120 E ArmVmp : Match on catch block at 0xc3 in for 0x99
04-25 21:16:11.734 24120 24120 E ArmVmp : Match on catch block at 0xc3 in for 0x95
04-25 21:16:11.740 24120 24120 E ArmVmp : Match on catch block at 0xc3 in for 0x99
04-25 21:16:11.744 24120 24120 E ArmVmp : Match on catch block at 0xc3 in for 0x99
04-25 21:16:11.752 24120 24120 E ArmVmp : Match on catch block at 0xc3 in for 0x91
04-25 21:16:11.759 24120 24120 E ArmVmp : Match on catch block at 0xc3 in for 0x95
04-25 21:16:11.762 24120 24120 E ArmVmp : Match on catch block at 0xc3 in for 0x95
04-25 21:16:11.769 24120 24120 E ArmVmp : Match on catch block at 0xc3 in for 0x99
04-25 21:16:11.775 24120 24120 E ArmVmp : Match on catch block at 0xc3 in for 0x91
04-25 21:16:11.778 24120 24120 E ArmVmp : Match on catch block at 0xc3 in for 0x91
04-25 21:16:11.786 24120 24120 E ArmVmp : Match on catch block at 0xc3 in for 0x95
04-25 21:16:11.792 24120 24120 E ArmVmp : Match on catch block at 0xc3 in for 0x99
04-25 21:16:11.795 24120 24120 E ArmVmp : Match on catch block at 0xc3 in for 0x99
04-25 21:16:11.806 24120 24120 E ArmVmp : Match on catch block at 0xc3 in for 0x95
04-25 21:16:11.813 24120 24120 E ArmVmp : Match on catch block at 0xc3 in for 0x99
04-25 21:16:11.817 24120 24120 E ArmVmp : Match on catch block at 0xc3 in for 0x99
04-25 21:16:11.825 24120 24120 E ArmVmp : Match on catch block at 0xc3 in for 0x91
04-25 21:16:11.831 24120 24120 E ArmVmp : Match on catch block at 0xc3 in for 0x95
04-25 21:16:11.835 24120 24120 E ArmVmp : Match on catch block at 0xc3 in for 0x95
04-25 21:16:11.842 24120 24120 E ArmVmp : Match on catch block at 0xc3 in for 0x99
04-25 21:16:11.848 24120 24120 E ArmVmp : Match on catch block at 0xc3 in for 0x91
04-25 21:16:11.851 24120 24120 E ArmVmp : Match on catch block at 0xc3 in for 0x91
04-25 21:16:11.857 24120 24120 E ArmVmp : Match on catch block at 0xc3 in for 0x95
04-25 21:16:11.866 24120 24120 E ArmVmp : Match on catch block at 0xc3 in for 0x99
04-25 21:16:11.870 24120 24120 E ArmVmp : Match on catch block at 0xc3 in for 0x99
04-25 21:16:11.881 24120 24120 E ArmVmp : Match on catch block at 0xc3 in for 0x95
04-25 21:16:11.886 24120 24120 E ArmVmp : Match on catch block at 0xc3 in for 0x99
04-25 21:16:11.890 24120 24120 E ArmVmp : Match on catch block at 0xc3 in for 0x99
04-25 21:16:11.896 24120 24120 E ArmVmp : Match on catch block at 0xc3 in for 0x91
04-25 21:16:11.903 24120 24120 E ArmVmp : Match on catch block at 0xc3 in for 0x95
04-25 21:16:11.906 24120 24120 E ArmVmp : Match on catch block at 0xc3 in for 0x95
04-25 21:16:11.913 24120 24120 E ArmVmp : Match on catch block at 0xc3 in for 0x99
04-25 21:16:11.919 24120 24120 E ArmVmp : Match on catch block at 0xc3 in for 0x91
04-25 21:16:11.922 24120 24120 E ArmVmp : Match on catch block at 0xc3 in for 0x91
04-25 21:16:11.930 24120 24120 E ArmVmp : Match on catch block at 0xc3 in for 0x95
04-25 21:16:11.935 24120 24120 E ArmVmp : Match on catch block at 0xc3 in for 0x99
04-25 21:16:11.939 24120 24120 E ArmVmp : Match on catch block at 0xc3 in for 0x99
04-25 21:16:11.962 24120 24120 E ArmVmp : Match on catch block at 0xc3 in for 0x95
04-25 21:16:11.967 24120 24120 E ArmVmp : Match on catch block at 0xc3 in for 0x99
04-25 21:16:11.971 24120 24120 E ArmVmp : Match on catch block at 0xc3 in for 0x99
04-25 21:16:11.980 24120 24120 E ArmVmp : Match on catch block at 0xc3 in for 0x91
04-25 21:16:11.986 24120 24120 E ArmVmp : Match on catch block at 0xc3 in for 0x95
04-25 21:16:11.989 24120 24120 E ArmVmp : Match on catch block at 0xc3 in for 0x95
04-25 21:16:11.996 24120 24120 E ArmVmp : Match on catch block at 0xc3 in for 0x99
04-25 21:16:12.001 24120 24120 E ArmVmp : Match on catch block at 0xc3 in for 0x91
04-25 21:16:12.004 24120 24120 E ArmVmp : Match on catch block at 0xc3 in for 0x91
04-25 21:16:12.013 24120 24120 E ArmVmp : Match on catch block at 0xc3 in for 0x95
04-25 21:16:12.018 24120 24120 E ArmVmp : Match on catch block at 0xc3 in for 0x99
04-25 21:16:12.021 24120 24120 E ArmVmp : Match on catch block at 0xc3 in for 0x99
04-25 21:16:12.028 24120 24120 E ArmVmp : Match on catch block at 0xc3 in for 0x91
04-25 21:16:12.034 24120 24120 E ArmVmp : Match on catch block at 0xc3 in for 0x95
04-25 21:16:12.037 24120 24120 E ArmVmp : Match on catch block at 0xc3 in for 0x95
04-25 21:16:12.045 24120 24120 E ArmVmp : Match on catch block at 0xc3 in for 0x99
04-25 21:16:12.050 24120 24120 E ArmVmp : Match on catch block at 0xc3 in for 0x91
04-25 21:16:12.053 24120 24120 E ArmVmp : Match on catch block at 0xc3 in for 0x91
04-25 21:16:12.061 24120 24120 E ArmVmp : Match on catch block at 0xc3 in for 0x95
04-25 21:16:12.067 24120 24120 E ArmVmp : Match on catch block at 0xc3 in for 0x99
04-25 21:16:12.072 24120 24120 E ArmVmp : Match on catch block at 0xc3 in for 0x99
04-25 21:16:12.081 24120 24120 E ArmVmp : Match on catch block at 0xc3 in for 0x91
04-25 21:16:12.087 24120 24120 E ArmVmp : Match on catch block at 0xc3 in for 0x95
04-25 21:16:12.091 24120 24120 E ArmVmp : Match on catch block at 0xc3 in for 0x95
04-25 21:16:12.100 24120 24120 E ArmVmp : Match on catch block at 0xc3 in for 0x99
04-25 21:16:12.105 24120 24120 E ArmVmp : Match on catch block at 0xc3 in for 0x91
04-25 21:16:12.110 24120 24120 E ArmVmp : Match on catch block at 0xc3 in for 0x91
04-25 21:16:12.118 24120 24120 E ArmVmp : Match on catch block at 0xc3 in for 0x95
04-25 21:16:12.123 24120 24120 E ArmVmp : Match on catch block at 0xc3 in for 0x99
04-25 21:16:12.127 24120 24120 E ArmVmp : Match on catch block at 0xc3 in for 0x99
04-25 21:16:12.134 24120 24120 E ArmVmp : Match on catch block at 0xc3 in for 0x91
04-25 21:16:12.140 24120 24120 E ArmVmp : Match on catch block at 0xc3 in for 0x95
04-25 21:16:12.144 24120 24120 E ArmVmp : Match on catch block at 0xc3 in for 0x95
04-25 21:16:12.151 24120 24120 E ArmVmp : Match on catch block at 0xc3 in for 0x99
04-25 21:16:12.157 24120 24120 E ArmVmp : Match on catch block at 0xc3 in for 0x91
04-25 21:16:12.161 24120 24120 E ArmVmp : Match on catch block at 0xc3 in for 0x91
04-25 21:16:12.168 24120 24120 E ArmVmp : Match on catch block at 0xc3 in for 0x95
04-25 21:16:12.174 24120 24120 E ArmVmp : Match on catch block at 0xc3 in for 0x99
04-25 21:16:12.178 24120 24120 E ArmVmp : Match on catch block at 0xc3 in for 0x99
04-25 21:16:12.185 24120 24120 E ArmVmp : Match on catch block at 0xc3 in for 0x91
04-25 21:16:12.190 24120 24120 E ArmVmp : Match on catch block at 0xc3 in for 0x95
04-25 21:16:12.194 24120 24120 E ArmVmp : Match on catch block at 0xc3 in for 0x95
04-25 21:16:12.200 24120 24120 E ArmVmp : Match on catch block at 0xc3 in for 0x99
04-25 21:16:12.206 24120 24120 E ArmVmp : Match on catch block at 0xc3 in for 0x91
04-25 21:16:12.209 24120 24120 E ArmVmp : Match on catch block at 0xc3 in for 0x91
04-25 21:16:12.216 24120 24120 E ArmVmp : Match on catch block at 0xc3 in for 0x95
04-25 21:16:12.222 24120 24120 E ArmVmp : Match on catch block at 0xc3 in for 0x99
04-25 21:16:12.226 24120 24120 E ArmVmp : Match on catch block at 0xc3 in for 0x99
04-25 21:16:12.233 24120 24120 E ArmVmp : Match on catch block at 0xc3 in for 0x91
04-25 21:16:12.239 24120 24120 E ArmVmp : Match on catch block at 0xc3 in for 0x95
04-25 21:16:12.242 24120 24120 E ArmVmp : Match on catch block at 0xc3 in for 0x95
04-25 21:16:12.250 24120 24120 E ArmVmp : Match on catch block at 0xc3 in for 0x99
04-25 21:16:12.257 24120 24120 E ArmVmp : Match on catch block at 0xc3 in for 0x91
04-25 21:16:12.263 24120 24120 E ArmVmp : Match on catch block at 0xc3 in for 0x91
04-25 21:16:12.270 24120 24120 E ArmVmp : Match on catch block at 0xc3 in for 0x95
04-25 21:16:12.276 24120 24120 E ArmVmp : Match on catch block at 0xc3 in for 0x99
04-25 21:16:12.279 24120 24120 E ArmVmp : Match on catch block at 0xc3 in for 0x99
04-25 21:16:12.286 24120 24120 E ArmVmp : Match on catch block at 0xc3 in for 0x91
04-25 21:16:12.291 24120 24120 E ArmVmp : Match on catch block at 0xc3 in for 0x95
04-25 21:16:12.295 24120 24120 E ArmVmp : Match on catch block at 0xc3 in for 0x95
04-25 21:16:12.302 24120 24120 E ArmVmp : Match on catch block at 0xc3 in for 0x99
04-25 21:16:12.307 24120 24120 E ArmVmp : Match on catch block at 0xc3 in for 0x91
04-25 21:16:12.310 24120 24120 E ArmVmp : Match on catch block at 0xc3 in for 0x91
04-25 21:16:12.318 24120 24120 E ArmVmp : Match on catch block at 0xc3 in for 0x95
04-25 21:16:12.323 24120 24120 E ArmVmp : Match on catch block at 0xc3 in for 0x99
04-25 21:16:12.326 24120 24120 E ArmVmp : Match on catch block at 0xc3 in for 0x99
04-25 21:16:12.332 24120 24120 E ArmVmp : Match on catch block at 0xc3 in for 0x91
04-25 21:16:12.338 24120 24120 E ArmVmp : Match on catch block at 0xc3 in for 0x95
04-25 21:16:12.341 24120 24120 E ArmVmp : Match on catch block at 0xc3 in for 0x95
04-25 21:16:12.349 24120 24120 E ArmVmp : Match on catch block at 0xc3 in for 0x99
04-25 21:16:12.355 24120 24120 E ArmVmp : Match on catch block at 0xc3 in for 0x91
04-25 21:16:12.360 24120 24120 E ArmVmp : Match on catch block at 0xc3 in for 0x91
04-25 21:16:12.367 24120 24120 E ArmVmp : Match on catch block at 0xc3 in for 0x95
04-25 21:16:12.372 24120 24120 E ArmVmp : Match on catch block at 0xc3 in for 0x99
04-25 21:16:12.377 24120 24120 E ArmVmp : Match on catch block at 0xc3 in for 0x99
04-25 21:16:12.386 24120 24120 E ArmVmp : Match on catch block at 0xc3 in for 0x91
04-25 21:16:12.391 24120 24120 E ArmVmp : Match on catch block at 0xc3 in for 0x95
04-25 21:16:12.395 24120 24120 E ArmVmp : Match on catch block at 0xc3 in for 0x95
04-25 21:16:12.403 24120 24120 E ArmVmp : Match on catch block at 0xc3 in for 0x99
04-25 21:16:12.408 24120 24120 E ArmVmp : Match on catch block at 0xc3 in for 0x91
04-25 21:16:12.411 24120 24120 E ArmVmp : Match on catch block at 0xc3 in for 0x91
04-25 21:16:12.419 24120 24120 E ArmVmp : Match on catch block at 0xc3 in for 0x95
04-25 21:16:12.424 24120 24120 E ArmVmp : Match on catch block at 0xc3 in for 0x99
04-25 21:16:12.430 24120 24120 E ArmVmp : Match on catch block at 0xc3 in for 0x99
04-25 21:16:12.438 24120 24120 E ArmVmp : Match on catch block at 0xc3 in for 0x91
04-25 21:16:12.443 24120 24120 E ArmVmp : Match on catch block at 0xc3 in for 0x95
04-25 21:16:12.447 24120 24120 E ArmVmp : Match on catch block at 0xc3 in for 0x95
04-25 21:16:12.455 24120 24120 E ArmVmp : Match on catch block at 0xc3 in for 0x99
04-25 21:16:12.462 24120 24120 E ArmVmp : Match on catch block at 0xc3 in for 0x91
04-25 21:16:12.465 24120 24120 E ArmVmp : Match on catch block at 0xc3 in for 0x91
04-25 21:16:12.472 24120 24120 E ArmVmp : Match on catch block at 0xc3 in for 0x95
04-25 21:16:12.478 24120 24120 E ArmVmp : Match on catch block at 0xc3 in for 0x99
04-25 21:16:12.481 24120 24120 E ArmVmp : Match on catch block at 0xc3 in for 0x99
04-25 21:16:12.489 24120 24120 E ArmVmp : Match on catch block at 0xc3 in for 0x91
04-25 21:16:12.495 24120 24120 E ArmVmp : Match on catch block at 0xc3 in for 0x95
04-25 21:16:12.499 24120 24120 E ArmVmp : Match on catch block at 0xc3 in for 0x95
04-25 21:16:12.506 24120 24120 E ArmVmp : Match on catch block at 0xc3 in for 0x99
04-25 21:16:12.511 24120 24120 E ArmVmp : Match on catch block at 0xc3 in for 0x91
04-25 21:16:12.514 24120 24120 E ArmVmp : Match on catch block at 0xc3 in for 0x91
04-25 21:16:12.522 24120 24120 E ArmVmp : Match on catch block at 0xc3 in for 0x95
04-25 21:16:12.528 24120 24120 E ArmVmp : Match on catch block at 0xc3 in for 0x99
04-25 21:16:12.531 24120 24120 E ArmVmp : Match on catch block at 0xc3 in for 0x99
04-25 21:16:12.539 24120 24120 E ArmVmp : Match on catch block at 0xc3 in for 0x91
04-25 21:16:12.544 24120 24120 E ArmVmp : Match on catch block at 0xc3 in for 0x95
04-25 21:16:12.548 24120 24120 E ArmVmp : Match on catch block at 0xc3 in for 0x95
04-25 21:16:12.556 24120 24120 E ArmVmp : Match on catch block at 0xc3 in for 0x99
04-25 21:16:12.562 24120 24120 E ArmVmp : Match on catch block at 0xc3 in for 0x91
04-25 21:16:12.565 24120 24120 E ArmVmp : Match on catch block at 0xc3 in for 0x91
04-25 21:16:12.573 24120 24120 E ArmVmp : Match on catch block at 0xc3 in for 0x95
04-25 21:16:12.578 24120 24120 E ArmVmp : Match on catch block at 0xc3 in for 0x99
04-25 21:16:12.583 24120 24120 E ArmVmp : Match on catch block at 0xc3 in for 0x99
04-25 21:16:12.590 24120 24120 E ArmVmp : Match on catch block at 0xc3 in for 0x91
04-25 21:16:12.595 24120 24120 E ArmVmp : Match on catch block at 0xc3 in for 0x95
04-25 21:16:12.599 24120 24120 E ArmVmp : Match on catch block at 0xc3 in for 0x95
04-25 21:16:12.607 24120 24120 E ArmVmp : Match on catch block at 0xc3 in for 0x99
04-25 21:16:12.612 24120 24120 E ArmVmp : Match on catch block at 0xc3 in for 0x91
04-25 21:16:12.615 24120 24120 E ArmVmp : Match on catch block at 0xc3 in for 0x91
04-25 21:16:12.629 24120 24120 E ArmVmp : Match on catch block at 0xc3 in for 0x99
04-25 21:16:12.635 24120 24120 E ArmVmp : Match on catch block at 0xc3 in for 0x91
04-25 21:16:12.639 24120 24120 E ArmVmp : Match on catch block at 0xc3 in for 0x91
04-25 21:16:12.649 24120 24120 E ArmVmp : Match on catch block at 0xc3 in for 0x95
04-25 21:16:12.655 24120 24120 E ArmVmp : Match on catch block at 0xc3 in for 0x99
04-25 21:16:12.661 24120 24120 E ArmVmp : Match on catch block at 0xc3 in for 0x99
04-25 21:16:12.668 24120 24120 E ArmVmp : Match on catch block at 0xc3 in for 0x91
04-25 21:16:12.673 24120 24120 E ArmVmp : Match on catch block at 0xc3 in for 0x95
04-25 21:16:12.680 24120 24120 E ArmVmp : Match on catch block at 0xc3 in for 0x95
04-25 21:16:12.688 24120 24120 E ArmVmp : Match on catch block at 0xc3 in for 0x99
04-25 21:16:12.695 24120 24120 E ArmVmp : Match on catch block at 0xc3 in for 0x91
04-25 21:16:12.698 24120 24120 E ArmVmp : Match on catch block at 0xc3 in for 0x91
04-25 21:16:12.708 24120 24120 E ArmVmp : Match on catch block at 0xc3 in for 0x95
04-25 21:16:12.714 24120 24120 E ArmVmp : Match on catch block at 0xc3 in for 0x99
04-25 21:16:12.718 24120 24120 E ArmVmp : Match on catch block at 0xc3 in for 0x99
04-25 21:16:12.726 24120 24120 E ArmVmp : Match on catch block at 0xc3 in for 0x91
04-25 21:16:12.732 24120 24120 E ArmVmp : Match on catch block at 0xc3 in for 0x95
04-25 21:16:12.736 24120 24120 E ArmVmp : Match on catch block at 0xc3 in for 0x95
04-25 21:16:12.746 24120 24120 E ArmVmp : Match on catch block at 0xc3 in for 0x99
04-25 21:16:12.752 24120 24120 E ArmVmp : Match on catch block at 0xc3 in for 0x91
04-25 21:16:12.756 24120 24120 E ArmVmp : Match on catch block at 0xc3 in for 0x91
04-25 21:16:12.766 24120 24120 E ArmVmp : Match on catch block at 0xc3 in for 0x95
04-25 21:16:12.772 24120 24120 E ArmVmp : Match on catch block at 0xc3 in for 0x99
04-25 21:16:12.776 24120 24120 E ArmVmp : Match on catch block at 0xc3 in for 0x99
04-25 21:16:12.785 24120 24120 E ArmVmp : Match on catch block at 0xc3 in for 0x91
04-25 21:16:12.791 24120 24120 E ArmVmp : Match on catch block at 0xc3 in for 0x95
04-25 21:16:12.795 24120 24120 E ArmVmp : Match on catch block at 0xc3 in for 0x95
04-25 21:16:12.802 24120 24120 E ArmVmp : Match on catch block at 0xc3 in for 0x99
04-25 21:16:12.808 24120 24120 E ArmVmp : Match on catch block at 0xc3 in for 0x91
04-25 21:16:12.812 24120 24120 E ArmVmp : Match on catch block at 0xc3 in for 0x91
04-25 21:16:12.819 24120 24120 E ArmVmp : Match on catch block at 0xc3 in for 0x95
04-25 21:16:12.825 24120 24120 E ArmVmp : Match on catch block at 0xc3 in for 0x99
04-25 21:16:12.829 24120 24120 E ArmVmp : Match on catch block at 0xc3 in for 0x99
04-25 21:16:12.837 24120 24120 E ArmVmp : Match on catch block at 0xc3 in for 0x91
04-25 21:16:12.844 24120 24120 E ArmVmp : Match on catch block at 0xc3 in for 0x95
04-25 21:16:12.848 24120 24120 E ArmVmp : Match on catch block at 0xc3 in for 0x95
04-25 21:16:12.856 24120 24120 E ArmVmp : Match on catch block at 0xc3 in for 0x99
04-25 21:16:12.862 24120 24120 E ArmVmp : Match on catch block at 0xc3 in for 0x91
04-25 21:16:12.866 24120 24120 E ArmVmp : Match on catch block at 0xc3 in for 0x91
04-25 21:16:12.873 24120 24120 E ArmVmp : Match on catch block at 0xc3 in for 0x95
04-25 21:16:12.879 24120 24120 E ArmVmp : Match on catch block at 0xc3 in for 0x99
04-25 21:16:12.883 24120 24120 E ArmVmp : Match on catch block at 0xc3 in for 0x99
04-25 21:16:12.890 24120 24120 E ArmVmp : Match on catch block at 0xc3 in for 0x91
04-25 21:16:12.896 24120 24120 E ArmVmp : Match on catch block at 0xc3 in for 0x95
04-25 21:16:12.900 24120 24120 E ArmVmp : Match on catch block at 0xc3 in for 0x95
04-25 21:16:12.907 24120 24120 E ArmVmp : Match on catch block at 0xc3 in for 0x99
04-25 21:16:12.912 24120 24120 E ArmVmp : Match on catch block at 0xc3 in for 0x91
04-25 21:16:12.916 24120 24120 E ArmVmp : Match on catch block at 0xc3 in for 0x91
04-25 21:16:12.923 24120 24120 E ArmVmp : Match on catch block at 0xc3 in for 0x95
04-25 21:16:12.931 24120 24120 E ArmVmp : Match on catch block at 0xc3 in for 0x99
04-25 21:16:12.935 24120 24120 E ArmVmp : Match on catch block at 0xc3 in for 0x99
04-25 21:16:12.942 24120 24120 E ArmVmp : Match on catch block at 0xc3 in for 0x91
04-25 21:16:12.949 24120 24120 E ArmVmp : Match on catch block at 0xc3 in for 0x95
04-25 21:16:12.953 24120 24120 E ArmVmp : Match on catch block at 0xc3 in for 0x95
04-25 21:16:12.960 24120 24120 E ArmVmp : Match on catch block at 0xc3 in for 0x99
04-25 21:16:12.966 24120 24120 E ArmVmp : Match on catch block at 0xc3 in for 0x91
04-25 21:16:12.970 24120 24120 E ArmVmp : Match on catch block at 0xc3 in for 0x91
04-25 21:16:12.981 24120 24120 E ArmVmp : Match on catch block at 0xc3 in for 0x95
04-25 21:16:12.986 24120 24120 E ArmVmp : Match on catch block at 0xc3 in for 0x99
04-25 21:16:12.990 24120 24120 E ArmVmp : Match on catch block at 0xc3 in for 0x99
04-25 21:16:13.000 24120 24120 E ArmVmp : Match on catch block at 0xc3 in for 0x91
04-25 21:16:13.006 24120 24120 E ArmVmp : Match on catch block at 0xc3 in for 0x95
04-25 21:16:13.009 24120 24120 E ArmVmp : Match on catch block at 0xc3 in for 0x95
04-25 21:16:13.017 24120 24120 E ArmVmp : Match on catch block at 0xc3 in for 0x99
04-25 21:16:13.023 24120 24120 E ArmVmp : Match on catch block at 0xc3 in for 0x91
04-25 21:16:13.026 24120 24120 E ArmVmp : Match on catch block at 0xc3 in for 0x91
04-25 21:16:13.036 24120 24120 E ArmVmp : Match on catch block at 0xc3 in for 0x95
04-25 21:16:13.041 24120 24120 E ArmVmp : Match on catch block at 0xc3 in for 0x99
04-25 21:16:13.047 24120 24120 E ArmVmp : Match on catch block at 0xc3 in for 0x99
04-25 21:16:13.054 24120 24120 E ArmVmp : Match on catch block at 0xc3 in for 0x91
04-25 21:16:13.061 24120 24120 E ArmVmp : Match on catch block at 0xc3 in for 0x95
04-25 21:16:13.065 24120 24120 E ArmVmp : Match on catch block at 0xc3 in for 0x95
04-25 21:16:13.073 24120 24120 E ArmVmp : Match on catch block at 0xc3 in for 0x99
04-25 21:16:13.078 24120 24120 E ArmVmp : Match on catch block at 0xc3 in for 0x91
04-25 21:16:13.082 24120 24120 E ArmVmp : Match on catch block at 0xc3 in for 0x91
04-25 21:16:13.090 24120 24120 E ArmVmp : Match on catch block at 0xc3 in for 0x95
04-25 21:16:13.095 24120 24120 E ArmVmp : Match on catch block at 0xc3 in for 0x99
04-25 21:16:13.099 24120 24120 E ArmVmp : Match on catch block at 0xc3 in for 0x99
04-25 21:16:13.106 24120 24120 E ArmVmp : Match on catch block at 0xc3 in for 0x91
04-25 21:16:13.112 24120 24120 E ArmVmp : Match on catch block at 0xc3 in for 0x95
04-25 21:16:13.116 24120 24120 E ArmVmp : Match on catch block at 0xc3 in for 0x95
04-25 21:16:13.123 24120 24120 E ArmVmp : Match on catch block at 0xc3 in for 0x99
04-25 21:16:13.129 24120 24120 E ArmVmp : Match on catch block at 0xc3 in for 0x91
04-25 21:16:13.133 24120 24120 E ArmVmp : Match on catch block at 0xc3 in for 0x91
04-25 21:16:13.140 24120 24120 E ArmVmp : Match on catch block at 0xc3 in for 0x95
04-25 21:16:13.146 24120 24120 E ArmVmp : Match on catch block at 0xc3 in for 0x99
04-25 21:16:13.150 24120 24120 E ArmVmp : Match on catch block at 0xc3 in for 0x99
