04-25 21:52:37.736 17275 17275 W com.mbwhatsapp: Class X.0eU failed lock verification and will run slower.
04-25 21:52:37.736 17275 17275 W com.mbwhatsapp: Common causes for lock verification issues are non-optimized dex code
04-25 21:52:37.736 17275 17275 W com.mbwhatsapp: and incorrect proguard optimizations.
04-25 21:52:37.758 17275 17519 W com.mbwhatsapp: Class X.2rL failed lock verification and will run slower. --------- beginning of system
04-25 21:52:38.127 17275 17275 W com.mbwhatsapp: Class com.mbwhatsapp.HomeActivity failed lock verification and will run slower.
04-25 21:52:38.326 17618 17618 W com.mbwhatsapp: Using default instruction set features for ARM CPU variant (generic) using conservative defaults
04-25 21:52:38.339 17618 17618 E com.mbwhatsapp: Not starting debugger since process cannot load the jdwp agent.
04-25 21:52:38.747 17275 17275 E ArmVmp : Match on catch block at 0x0a in for 0xb9
04-25 21:52:38.794 17275 17275 E ArmVmp : Match on catch block at 0x0a in for 0x121
04-25 21:52:38.911 17275 17638 W com.mbwhatsapp: Accessing hidden method Lcom/android/org/conscrypt/ConscryptEngineSocket;->setUseSessionTickets(Z)V (greylist-max-q,core-platform-api, reflection, denied)
04-25 21:52:38.911 17275 17638 W com.mbwhatsapp: Accessing hidden method Lcom/android/org/conscrypt/OpenSSLSocketImpl;->setUseSessionTickets(Z)V (greylist- max-q,core-platform-api, reflection, denied)
04-25 21:52:38.911 17275 17638 W com.mbwhatsapp: Accessing hidden method Lcom/android/org/conscrypt/AbstractConscryptSocket;->setUseSessionTickets(Z)V (greylist-max-q, reflection, denied)
04-25 21:52:38.912 17275 17638 W com.mbwhatsapp: Accessing hidden method Lcom/android/org/conscrypt/ConscryptEngineSocket;->setHostname(Ljava/lang/String;)V (greylist-max-q,core-platform-api, reflection, denied)
04-25 21:52:38.912 17275 17638 W com.mbwhatsapp: Accessing hidden method Lcom/android/org/conscrypt/OpenSSLSocketImpl;->setHostname(Ljava/lang/String;)V (greylist-max-q,core-platform-api, reflection, denied)
04-25 21:52:38.912 17275 17638 W com.mbwhatsapp: Accessing hidden method Lcom/android/org/conscrypt/AbstractConscryptSocket;->setHostname(Ljava/lang/ String;)V (greylist-max-q, reflection, denied)
04-25 21:52:38.912 17275 17638 W com.mbwhatsapp: Accessing hidden method Lcom/android/org/conscrypt/OpenSSLSocketImpl;->setAlpnProtocols([B)V (greylist-max- q,core-platform-api, reflection, denied)
04-25 21:52:38.912 17275 17638 W com.mbwhatsapp: Accessing hidden method Lcom/android/org/conscrypt/AbstractConscryptSocket;->setAlpnProtocols([B)V (greylist-max-q, reflection, denied)
04-25 21:52:39.091 17275 17275 W CheckTime: App running slow: Executing activity onCreate took 956ms
04-25 21:52:39.463 17275 17638 W com.mbwhatsapp: Accessing hidden method Lcom/android/org/conscrypt/OpenSSLSocketImpl;->getAlpnSelectedProtocol()[B (greylist-max-q,core-platform-api, reflection, denied)
04-25 21:52:39.463 17275 17638 W com.mbwhatsapp: Accessing hidden method Lcom/android/org/conscrypt/AbstractConscryptSocket;->getAlpnSelectedProtocol()[B (greylist-max-q, reflection, denied)
04-25 21:52:41.540 17275 17275 E OpenGLRenderer: ~SkiaDisplayList() ##### pid = 17275
04-25 21:52:41.910 17275 17275 E ArmVmp : Match on catch block at 0x0a in for 0xc9
04-25 21:52:42.283 17275 17705 W LOTTIE : Animation contains merge paths. Merge paths are only supported on KitKat+ and must be manually enabled by calling enableMergePathsForKitKatAndAbove().
04-25 21:52:42.546 17275 17275 W LOTTIE : Animation contains merge paths but they are disabled.
04-25 21:52:45.052 17275 17398 W LibraryVersion: Failed to get app version for libraryName: firebase-iid --------- beginning of system --------- beginning of main
04-25 21:53:54.132 18937 18937 W CheckTime: App running slow: Executing handleBindApplication : callApplicationOnCreate took 1152ms
04-25 21:53:54.167 18937 18996 W com.mbwhatsapp: Class X.2rL failed lock verification and will run slower.
04-25 21:53:54.167 18937 18996 W com.mbwhatsapp: Common causes for lock verification issues are non-optimized dex code
04-25 21:53:54.167 18937 18996 W com.mbwhatsapp: and incorrect proguard optimizations.
04-25 21:53:54.197 18937 18937 W CheckTime: App running slow: Executing com.google.firebase.iid.FirebaseInstanceIdReceiver scheduleReceive took 1880ms
04-25 21:53:54.197 18937 18937 W ActivityThread: Main thread can not be idle for a long time.
04-25 21:53:59.771 18937 19144 W GmsClient: unable to connect to service: com.google.android.gms.wearable.BIND on com.google.android.gms --------- beginning of main
04-25 21:55:42.694 19618 19618 W System.err: java.lang.ClassNotFoundException: mbmodsd.mbmodsw.ui.views.btn.BtnBK
04-25 21:55:42.697 19618 19618 W System.err: at java.lang.Runtime.nativeLoad(Native Method)
04-25 21:55:42.697 19618 19618 W System.err: at java.lang.Runtime.nativeLoad(Runtime.java:1131)
04-25 21:55:42.697 19618 19618 W System.err: at java.lang.Runtime.loadLibrary0(Runtime.java:1085)
04-25 21:55:42.697 19618 19618 W System.err: at java.lang.Runtime.loadLibrary0(Runtime.java:1008)
04-25 21:55:42.697 19618 19618 W System.err: at java.lang.System.loadLibrary(System.java:1664)
04-25 21:55:42.697 19618 19618 W System.err: at arm.EpicVm.<clinit>(Unknown Source:2)
04-25 21:55:42.697 19618 19618 W System.err: at java.lang.Class.newInstance(Native Method)
04-25 21:55:42.697 19618 19618 W System.err: at android.app.AppComponentFactory.instantiateApplication(AppComponentFactory.java:76)
04-25 21:55:42.697 19618 19618 W System.err: at androidx.core.app.CoreComponentFactory.instantiateApplication(Unknown Source:0)
04-25 21:55:42.697 19618 19618 W System.err: at android.app.Instrumentation.newApplication(Instrumentation.java:1158)
04-25 21:55:42.697 19618 19618 W System.err: at android.app.LoadedApk.makeApplication(LoadedApk.java:1268)
04-25 21:55:42.697 19618 19618 W System.err: at android.app.ActivityThread.handleBindApplication(ActivityThread.java:6927)
04-25 21:55:42.697 19618 19618 W System.err: at android.app.ActivityThread.access$1300(ActivityThread.java:262)
04-25 21:55:42.697 19618 19618 W System.err: at android.app.ActivityThread$H.handleMessage(ActivityThread.java:1977)
04-25 21:55:42.697 19618 19618 W System.err: at android.os.Handler.dispatchMessage(Handler.java:106)
04-25 21:55:42.697 19618 19618 W System.err: at android.os.Looper.loop(Looper.java:223)
04-25 21:55:42.697 19618 19618 W System.err: at android.app.ActivityThread.main(ActivityThread.java:8001)
04-25 21:55:42.697 19618 19618 W System.err: at java.lang.reflect.Method.invoke(Native Method)
04-25 21:55:42.697 19618 19618 W System.err: at com.android.internal.os.RuntimeInit$MethodAndArgsCaller.run(RuntimeInit.java:635)
04-25 21:55:42.697 19618 19618 W System.err: at com.android.internal.os.ZygoteInit.main(ZygoteInit.java:947)
04-25 21:55:42.753 19618 19618 W CheckTime: App running slow: Executing handleBindApplication : makeApplication took 301ms
04-25 21:55:42.764 19618 19618 E CustomActivityOnCrash: IMPORTANT WARNING! You already have an UncaughtExceptionHandler, are you sure this is correct? If you use a custom UncaughtExceptionHandler, you must initialize it AFTER CustomActivityOnCrash! Installing anyway, but your original handler will not be called.
04-25 21:55:43.609 19618 19618 W com.mbwhatsapp: Accessing hidden method Lcom/android/org/conscrypt/OpenSSLSocketImpl;->setUseSessionTickets(Z)V (greylist- max-q,core-platform-api, reflection, denied)
04-25 21:55:43.610 19618 19618 W com.mbwhatsapp: Accessing hidden method Lcom/android/org/conscrypt/AbstractConscryptSocket;->setUseSessionTickets(Z)V (greylist-max-q, reflection, denied)
04-25 21:55:43.746 19618 19618 W com.mbwhatsapp: type=1400 audit(0.0:567633): avc: granted { execute } for path="/data/data/com.mbwhatsapp/files/decompressed/libs.spk.zst/libc++_shared.so" dev="dm-11" ino=598949 scontext=u:r:untrusted_app:s0:c49,c257,c512,c768 tcontext=u:object_r:app_data_file:s0:c49,c257,c512,c768 tclass=file app=com.mbwhatsapp
04-25 21:55:43.762 19618 19618 W com.mbwhatsapp: type=1400 audit(0.0:567634): avc: granted { execute } for path="/data/data/com.mbwhatsapp/files/decompressed/libs.spk.zst/libvlc.so" dev="dm- 11" ino=598942 scontext=u:r:untrusted_app:s0:c49,c257,c512,c768 tcontext=u:object_r:app_data_file:s0:c49,c257,c512,c768 tclass=file app=com.mbwhatsapp
04-25 21:55:43.782 19618 19618 W com.mbwhatsapp: type=1400 audit(0.0:567635): avc: granted { execute } for path="/data/data/com.mbwhatsapp/files/decompressed/libs.spk.zst/libwhatsapp.so" dev="dm-11" ino=599231 scontext=u:r:untrusted_app:s0:c49,c257,c512,c768 tcontext=u:object_r:app_data_file:s0:c49,c257,c512,c768 tclass=file app=com.mbwhatsapp
04-25 21:55:43.934 19618 19618 W com.mbwhatsapp: type=1400 audit(0.0:567636): avc: granted { execute } for path="/data/data/com.mbwhatsapp/files/decompressed/libs.spk.zst/libcurve25519.so" dev="dm-11" ino=599016 scontext=u:r:untrusted_app:s0:c49,c257,c512,c768 tcontext=u:object_r:app_data_file:s0:c49,c257,c512,c768 tclass=file app=com.mbwhatsapp
04-25 21:55:43.958 19618 19618 W com.mbwhatsapp: type=1400 audit(0.0:567637): avc: granted { execute } for path="/data/data/com.mbwhatsapp/files/decompressed/libs.spk.zst/libwhatsapp.so" dev="dm-11" ino=599231 scontext=u:r:untrusted_app:s0:c49,c257,c512,c768 tcontext=u:object_r:app_data_file:s0:c49,c257,c512,c768 tclass=file app=com.mbwhatsapp
04-25 21:55:43.958 19618 19618 W com.mbwhatsapp: type=1400 audit(0.0:567638): avc: granted { execute } for path="/data/data/com.mbwhatsapp/files/decompressed/libs.spk.zst/libwhatsapp.so" dev="dm-11" ino=599231 scontext=u:r:untrusted_app:s0:c49,c257,c512,c768 tcontext=u:object_r:app_data_file:s0:c49,c257,c512,c768 tclass=file app=com.mbwhatsapp
04-25 21:55:43.958 19618 19618 W com.mbwhatsapp: type=1400 audit(0.0:567639): avc: granted { execute } for path="/data/data/com.mbwhatsapp/files/decompressed/libs.spk.zst/libwhatsapp.so" dev="dm-11" ino=599231 scontext=u:r:untrusted_app:s0:c49,c257,c512,c768 tcontext=u:object_r:app_data_file:s0:c49,c257,c512,c768 tclass=file app=com.mbwhatsapp
04-25 21:55:44.126 19618 19618 W CheckTime: App running slow: Executing handleBindApplication : callApplicationOnCreate took 1191ms
04-25 21:55:44.133 19618 20049 W com.mbwhatsapp: Class X.2rL failed lock verification and will run slower.
04-25 21:55:44.133 19618 20049 W com.mbwhatsapp: Common causes for lock verification issues are non-optimized dex code
04-25 21:55:44.133 19618 20049 W com.mbwhatsapp: and incorrect proguard optimizations.
04-25 21:55:44.196 19618 19618 W com.mbwhatsapp: Class X.0eU failed lock verification and will run slower. --------- beginning of system
04-25 21:55:44.457 20060 20060 W com.mbwhatsapp: Using default instruction set features for ARM CPU variant (generic) using conservative defaults
04-25 21:55:44.469 20060 20060 E com.mbwhatsapp: Not starting debugger since process cannot load the jdwp agent.
04-25 21:55:44.494 19618 19618 W com.mbwhatsapp: Class com.mbwhatsapp.HomeActivity failed lock verification and will run slower.
04-25 21:55:44.997 19618 19618 E ArmVmp : Match on catch block at 0x0a in for 0xb5
04-25 21:55:45.032 19618 19618 E ArmVmp : Match on catch block at 0x0a in for 0x121
04-25 21:55:46.166 19618 20083 W com.mbwhatsapp: Accessing hidden method Lcom/android/org/conscrypt/ConscryptEngineSocket;->setUseSessionTickets(Z)V (greylist-max-q,core-platform-api, reflection, denied)
04-25 21:55:46.166 19618 20083 W com.mbwhatsapp: Accessing hidden method Lcom/android/org/conscrypt/OpenSSLSocketImpl;->setUseSessionTickets(Z)V (greylist- max-q,core-platform-api, reflection, denied)
04-25 21:55:46.167 19618 20083 W com.mbwhatsapp: Accessing hidden method Lcom/android/org/conscrypt/AbstractConscryptSocket;->setUseSessionTickets(Z)V (greylist-max-q, reflection, denied)
04-25 21:55:46.167 19618 20083 W com.mbwhatsapp: Accessing hidden method Lcom/android/org/conscrypt/ConscryptEngineSocket;->setHostname(Ljava/lang/String;)V (greylist-max-q,core-platform-api, reflection, denied)
04-25 21:55:46.167 19618 20083 W com.mbwhatsapp: Accessing hidden method Lcom/android/org/conscrypt/OpenSSLSocketImpl;->setHostname(Ljava/lang/String;)V (greylist-max-q,core-platform-api, reflection, denied)
04-25 21:55:46.167 19618 20083 W com.mbwhatsapp: Accessing hidden method Lcom/android/org/conscrypt/AbstractConscryptSocket;->setHostname(Ljava/lang/ String;)V (greylist-max-q, reflection, denied)
04-25 21:55:46.168 19618 20083 W com.mbwhatsapp: Accessing hidden method Lcom/android/org/conscrypt/OpenSSLSocketImpl;->setAlpnProtocols([B)V (greylist-max- q,core-platform-api, reflection, denied)
04-25 21:55:46.168 19618 20083 W com.mbwhatsapp: Accessing hidden method Lcom/android/org/conscrypt/AbstractConscryptSocket;->setAlpnProtocols([B)V (greylist-max-q, reflection, denied)
04-25 21:55:46.452 19618 20083 W com.mbwhatsapp: Accessing hidden method Lcom/android/org/conscrypt/OpenSSLSocketImpl;->getAlpnSelectedProtocol()[B (greylist-max-q,core-platform-api, reflection, denied)
04-25 21:55:46.453 19618 20083 W com.mbwhatsapp: Accessing hidden method Lcom/android/org/conscrypt/AbstractConscryptSocket;->getAlpnSelectedProtocol()[B (greylist-max-q, reflection, denied)
04-25 21:55:46.998 19618 19618 E OpenGLRenderer: ~SkiaDisplayList() ##### pid = 19618
04-25 21:55:47.324 19618 19618 E ArmVmp : Match on catch block at 0x0a in for 0xc5
04-25 21:55:47.753 19618 20166 W LOTTIE : Animation contains merge paths. Merge paths are only supported on KitKat+ and must be manually enabled by calling enableMergePathsForKitKatAndAbove(). --------- beginning of system --------- beginning of main
04-25 21:57:26.205 21421 21421 W com.mbwhatsapp: Using default instruction set features for ARM CPU variant (generic) using conservative defaults
04-25 21:57:26.221 21421 21421 E com.mbwhatsapp: Not starting debugger since process cannot load the jdwp agent.
04-25 21:57:27.421 21421 21421 W System.err: java.lang.ClassNotFoundException: mbmodsd.mbmodsw.ui.views.btn.BtnBK
04-25 21:57:27.423 21421 21421 W System.err: at java.lang.Runtime.nativeLoad(Native Method)
04-25 21:57:27.423 21421 21421 W System.err: at java.lang.Runtime.nativeLoad(Runtime.java:1131)
04-25 21:57:27.423 21421 21421 W System.err: at java.lang.Runtime.loadLibrary0(Runtime.java:1085)
04-25 21:57:27.423 21421 21421 W System.err: at java.lang.Runtime.loadLibrary0(Runtime.java:1008)
04-25 21:57:27.423 21421 21421 W System.err: at java.lang.System.loadLibrary(System.java:1664)
04-25 21:57:27.423 21421 21421 W System.err: at arm.EpicVm.<clinit>(Unknown Source:2)
04-25 21:57:27.423 21421 21421 W System.err: at java.lang.Class.newInstance(Native Method)
04-25 21:57:27.423 21421 21421 W System.err: at android.app.AppComponentFactory.instantiateApplication(AppComponentFactory.java:76)
04-25 21:57:27.423 21421 21421 W System.err: at androidx.core.app.CoreComponentFactory.instantiateApplication(Unknown Source:0)
04-25 21:57:27.423 21421 21421 W System.err: at android.app.Instrumentation.newApplication(Instrumentation.java:1158)
04-25 21:57:27.423 21421 21421 W System.err: at android.app.LoadedApk.makeApplication(LoadedApk.java:1268)
04-25 21:57:27.423 21421 21421 W System.err: at android.app.ActivityThread.handleBindApplication(ActivityThread.java:6927)
04-25 21:57:27.423 21421 21421 W System.err: at android.app.ActivityThread.access$1300(ActivityThread.java:262)
04-25 21:57:27.423 21421 21421 W System.err: at android.app.ActivityThread$H.handleMessage(ActivityThread.java:1977)
04-25 21:57:27.423 21421 21421 W System.err: at android.os.Handler.dispatchMessage(Handler.java:106)
04-25 21:57:27.423 21421 21421 W System.err: at android.os.Looper.loop(Looper.java:223)
04-25 21:57:27.423 21421 21421 W System.err: at android.app.ActivityThread.main(ActivityThread.java:8001)
04-25 21:57:27.423 21421 21421 W System.err: at java.lang.reflect.Method.invoke(Native Method)
04-25 21:57:27.423 21421 21421 W System.err: at com.android.internal.os.RuntimeInit$MethodAndArgsCaller.run(RuntimeInit.java:635)
04-25 21:57:27.423 21421 21421 W System.err: at com.android.internal.os.ZygoteInit.main(ZygoteInit.java:947)
04-25 21:57:27.475 21421 21421 E CustomActivityOnCrash: IMPORTANT WARNING! You already have an UncaughtExceptionHandler, are you sure this is correct? If you use a custom UncaughtExceptionHandler, you must initialize it AFTER CustomActivityOnCrash! Installing anyway, but your original handler will not be called.
04-25 21:57:28.186 21421 21421 W com.mbwhatsapp: Accessing hidden method Lcom/android/org/conscrypt/OpenSSLSocketImpl;->setUseSessionTickets(Z)V (greylist- max-q,core-platform-api, reflection, denied)
04-25 21:57:28.186 21421 21421 W com.mbwhatsapp: Accessing hidden method Lcom/android/org/conscrypt/AbstractConscryptSocket;->setUseSessionTickets(Z)V (greylist-max-q, reflection, denied)
04-25 21:57:28.278 21421 21421 W com.mbwhatsapp: type=1400 audit(0.0:567965): avc: granted { execute } for path="/data/data/com.mbwhatsapp/files/decompressed/libs.spk.zst/libc++_shared.so" dev="dm-11" ino=598949 scontext=u:r:untrusted_app:s0:c49,c257,c512,c768 tcontext=u:object_r:app_data_file:s0:c49,c257,c512,c768 tclass=file app=com.mbwhatsapp
04-25 21:57:28.286 21421 21421 W com.mbwhatsapp: type=1400 audit(0.0:567966): avc: granted { execute } for path="/data/data/com.mbwhatsapp/files/decompressed/libs.spk.zst/libvlc.so" dev="dm- 11" ino=598942 scontext=u:r:untrusted_app:s0:c49,c257,c512,c768 tcontext=u:object_r:app_data_file:s0:c49,c257,c512,c768 tclass=file app=com.mbwhatsapp
04-25 21:57:28.302 21421 21421 W com.mbwhatsapp: type=1400 audit(0.0:567967): avc: granted { execute } for path="/data/data/com.mbwhatsapp/files/decompressed/libs.spk.zst/libwhatsapp.so" dev="dm-11" ino=599231 scontext=u:r:untrusted_app:s0:c49,c257,c512,c768 tcontext=u:object_r:app_data_file:s0:c49,c257,c512,c768 tclass=file app=com.mbwhatsapp
04-25 21:57:28.426 21421 21421 W com.mbwhatsapp: type=1400 audit(0.0:567968): avc: granted { execute } for path="/data/data/com.mbwhatsapp/files/decompressed/libs.spk.zst/libcurve25519.so" dev="dm-11" ino=599016 scontext=u:r:untrusted_app:s0:c49,c257,c512,c768 tcontext=u:object_r:app_data_file:s0:c49,c257,c512,c768 tclass=file app=com.mbwhatsapp
04-25 21:57:28.442 21421 21421 W com.mbwhatsapp: type=1400 audit(0.0:567969): avc: granted { execute } for path="/data/data/com.mbwhatsapp/files/decompressed/libs.spk.zst/libwhatsapp.so" dev="dm-11" ino=599231 scontext=u:r:untrusted_app:s0:c49,c257,c512,c768 tcontext=u:object_r:app_data_file:s0:c49,c257,c512,c768 tclass=file app=com.mbwhatsapp
04-25 21:57:28.619 21421 21421 W CheckTime: App running slow: Executing handleBindApplication : callApplicationOnCreate took 1049ms
04-25 21:57:28.623 21421 21514 W com.mbwhatsapp: Class X.2rL failed lock verification and will run slower.
04-25 21:57:28.623 21421 21514 W com.mbwhatsapp: Common causes for lock verification issues are non-optimized dex code
04-25 21:57:28.623 21421 21514 W com.mbwhatsapp: and incorrect proguard optimizations.
04-25 21:57:28.659 21421 21421 W com.mbwhatsapp: Class X.0eU failed lock verification and will run slower.
04-25 21:57:28.824 21421 21421 W com.mbwhatsapp: Verification of void X.5pH.A1Z(android.os.Bundle) took 103.009ms (98370.01 bytecodes/s) (163536B approximate peak alloc)
04-25 21:57:29.313 21421 21526 E linker : library "" ("/apex/com.android.vndk.v30/lib") needed or dlopened by "/apex/com.android.vndk.v30/lib/libRS_internal.so" is not accessible for the namespace: [name="rs", ld_library_paths="", default_library_paths="/apex/com.android.vndk.v30/lib:/vendor/lib", permitted_paths="/odm/lib:/vendor/lib:/system/vendor/lib:/data"]
04-25 21:57:29.313 21421 21526 E RenderScript: Failed loading RS driver: dlopen failed: library "" needed or dlopened by "/apex/com.android.vndk.v30/lib/libRS_internal.so" is not accessible for the namespace "rs"
04-25 21:57:29.313 21421 21526 E RenderScript: Failed to load runtime , loading default
04-25 21:57:29.743 21421 21421 W CheckTime: App running slow: Executing activity onCreate took 1061ms
04-25 21:57:29.804 21421 21421 E ArmVmp : Match on catch block at 0x0a in for 0xb1
04-25 21:57:29.812 21421 21421 E ArmVmp : Match on catch block at 0x0a in for 0xb5
04-25 21:57:29.948 21550 21550 W com.mbwhatsapp: Using default instruction set features for ARM CPU variant (generic) using conservative defaults
04-25 21:57:29.953 21550 21550 E com.mbwhatsapp: Not starting debugger since process cannot load the jdwp agent.
04-25 21:57:30.559 21421 21421 E ArmVmp : Match on catch block at 0xc3 in for 0xa1
04-25 21:57:30.574 21421 21421 E ArmVmp : Match on catch block at 0xc3 in for 0xa1
04-25 21:57:30.609 21421 21421 E OpenGLRenderer: ~SkiaDisplayList() ##### pid = 21421
04-25 21:57:30.995 21421 21421 E ArmVmp : Match on catch block at 0xc3 in for 0x91
04-25 21:57:31.004 21421 21421 E ArmVmp : Match on catch block at 0xc3 in for 0x99
04-25 21:57:31.111 21421 21421 E ArmVmp : Match on catch block at 0xc3 in for 0x91
04-25 21:57:31.120 21421 21421 E ArmVmp : Match on catch block at 0xc3 in for 0x95
04-25 21:57:31.138 21421 21421 E ArmVmp : Match on catch block at 0xc3 in for 0x95
04-25 21:57:31.148 21421 21421 E ArmVmp : Match on catch block at 0xc3 in for 0x99
04-25 21:57:31.175 21421 21421 E ArmVmp : Match on catch block at 0xc3 in for 0x99
04-25 21:57:31.192 21421 21421 E ArmVmp : Match on catch block at 0xc3 in for 0x91
04-25 21:57:31.206 21421 21421 E ArmVmp : Match on catch block at 0xc3 in for 0x91
04-25 21:57:31.216 21421 21421 E ArmVmp : Match on catch block at 0xc3 in for 0x95
04-25 21:57:31.225 21421 21421 E ArmVmp : Match on catch block at 0xc3 in for 0x95
04-25 21:57:31.237 21421 21421 E ArmVmp : Match on catch block at 0xc3 in for 0x99
04-25 21:57:31.256 21421 21421 E ArmVmp : Match on catch block at 0xc3 in for 0x99
04-25 21:57:31.266 21421 21421 E ArmVmp : Match on catch block at 0xc3 in for 0x91
04-25 21:57:31.290 21421 21421 E ArmVmp : Match on catch block at 0xc3 in for 0x91
04-25 21:57:31.298 21421 21421 E ArmVmp : Match on catch block at 0xc3 in for 0x95
04-25 21:57:31.309 21421 21421 E ArmVmp : Match on catch block at 0xc3 in for 0x95
04-25 21:57:31.319 21421 21421 E ArmVmp : Match on catch block at 0xc3 in for 0x99
04-25 21:57:31.339 21421 21421 E ArmVmp : Match on catch block at 0xc3 in for 0x99
04-25 21:57:31.346 21421 21421 E ArmVmp : Match on catch block at 0xc3 in for 0x91
04-25 21:57:31.357 21421 21421 E ArmVmp : Match on catch block at 0xc3 in for 0x91
04-25 21:57:31.367 21421 21421 E ArmVmp : Match on catch block at 0xc3 in for 0x95
04-25 21:57:31.392 21421 21421 E ArmVmp : Match on catch block at 0xc3 in for 0x95
04-25 21:57:31.401 21421 21421 E ArmVmp : Match on catch block at 0xc3 in for 0x99
04-25 21:57:31.423 21421 21421 E ArmVmp : Match on catch block at 0xc3 in for 0x99
04-25 21:57:31.429 21421 21421 E ArmVmp : Match on catch block at 0xc3 in for 0x91
04-25 21:57:31.539 21421 21421 E ArmVmp : Match on catch block at 0xc3 in for 0x91
04-25 21:57:31.549 21421 21421 E ArmVmp : Match on catch block at 0xc3 in for 0x95
04-25 21:57:32.038 21421 21421 E ArmVmp : Match on catch block at 0xc3 in for 0x91
04-25 21:57:32.045 21421 21421 E ArmVmp : Match on catch block at 0xc3 in for 0x95
04-25 21:57:32.554 21421 21421 E ArmVmp : Match on catch block at 0xc3 in for 0x95
04-25 21:57:32.561 21421 21421 E ArmVmp : Match on catch block at 0xc3 in for 0x99
04-25 21:57:32.687 21421 21421 E ArmVmp : Match on catch block at 0xc3 in for 0x99
04-25 21:57:32.695 21421 21421 E ArmVmp : Match on catch block at 0xc3 in for 0x91
04-25 21:57:32.706 21421 21421 E ArmVmp : Match on catch block at 0xc3 in for 0x91
04-25 21:57:32.713 21421 21421 E ArmVmp : Match on catch block at 0xc3 in for 0x95
04-25 21:57:32.722 21421 21421 E ArmVmp : Match on catch block at 0xc3 in for 0x95
04-25 21:57:32.728 21421 21421 E ArmVmp : Match on catch block at 0xc3 in for 0x99
04-25 21:57:32.737 21421 21421 E ArmVmp : Match on catch block at 0xc3 in for 0x99
04-25 21:57:32.745 21421 21421 E ArmVmp : Match on catch block at 0xc3 in for 0x91
04-25 21:57:32.753 21421 21421 E ArmVmp : Match on catch block at 0xc3 in for 0x91
04-25 21:57:32.761 21421 21421 E ArmVmp : Match on catch block at 0xc3 in for 0x95
04-25 21:57:32.770 21421 21421 E ArmVmp : Match on catch block at 0xc3 in for 0x95
04-25 21:57:32.779 21421 21421 E ArmVmp : Match on catch block at 0xc3 in for 0x99
04-25 21:57:32.795 21421 21421 E ArmVmp : Match on catch block at 0xc3 in for 0x99
04-25 21:57:32.806 21421 21421 E ArmVmp : Match on catch block at 0xc3 in for 0x91
04-25 21:57:32.820 21421 21421 E ArmVmp : Match on catch block at 0xc3 in for 0x91
04-25 21:57:32.827 21421 21421 E ArmVmp : Match on catch block at 0xc3 in for 0x95
04-25 21:57:32.842 21421 21421 E ArmVmp : Match on catch block at 0xc3 in for 0x95
04-25 21:57:32.853 21421 21421 E ArmVmp : Match on catch block at 0xc3 in for 0x99
04-25 21:57:32.872 21421 21421 E ArmVmp : Match on catch block at 0xc3 in for 0x99
04-25 21:57:32.881 21421 21421 E ArmVmp : Match on catch block at 0xc3 in for 0x91
04-25 21:57:32.899 21421 21421 E ArmVmp : Match on catch block at 0xc3 in for 0x99
04-25 21:57:32.910 21421 21421 E ArmVmp : Match on catch block at 0xc3 in for 0x91
04-25 21:57:32.920 21421 21421 E ArmVmp : Match on catch block at 0xc3 in for 0x91
04-25 21:57:32.928 21421 21421 E ArmVmp : Match on catch block at 0xc3 in for 0x95
04-25 21:57:32.936 21421 21421 E ArmVmp : Match on catch block at 0xc3 in for 0x95
04-25 21:57:32.945 21421 21421 E ArmVmp : Match on catch block at 0xc3 in for 0x99
04-25 21:57:33.053 21421 21421 E ArmVmp : Match on catch block at 0xc3 in for 0x99
04-25 21:57:33.060 21421 21421 E ArmVmp : Match on catch block at 0xc3 in for 0x91
04-25 21:57:33.553 21421 21421 E ArmVmp : Match on catch block at 0xc3 in for 0x91
04-25 21:57:33.560 21421 21421 E ArmVmp : Match on catch block at 0xc3 in for 0x95
04-25 21:57:34.052 21421 21421 E ArmVmp : Match on catch block at 0xc3 in for 0x95
04-25 21:57:34.059 21421 21421 E ArmVmp : Match on catch block at 0xc3 in for 0x99
04-25 21:57:34.551 21421 21421 E ArmVmp : Match on catch block at 0xc3 in for 0x99
04-25 21:57:34.562 21421 21421 E ArmVmp : Match on catch block at 0xc3 in for 0x91
04-25 21:57:35.050 21421 21421 E ArmVmp : Match on catch block at 0xc3 in for 0x91
04-25 21:57:35.058 21421 21421 E ArmVmp : Match on catch block at 0xc3 in for 0x95
04-25 21:57:35.549 21421 21421 E ArmVmp : Match on catch block at 0xc3 in for 0x95
04-25 21:57:35.556 21421 21421 E ArmVmp : Match on catch block at 0xc3 in for 0x99
04-25 21:57:36.048 21421 21421 E ArmVmp : Match on catch block at 0xc3 in for 0x99
04-25 21:57:36.056 21421 21421 E ArmVmp : Match on catch block at 0xc3 in for 0x91
04-25 21:57:36.564 21421 21421 E ArmVmp : Match on catch block at 0xc3 in for 0x91
04-25 21:57:36.571 21421 21421 E ArmVmp : Match on catch block at 0xc3 in for 0x95
04-25 21:57:37.063 21421 21421 E ArmVmp : Match on catch block at 0xc3 in for 0x95
04-25 21:57:37.071 21421 21421 E ArmVmp : Match on catch block at 0xc3 in for 0x99
04-25 21:57:37.562 21421 21421 E ArmVmp : Match on catch block at 0xc3 in for 0x99
04-25 21:57:37.569 21421 21421 E ArmVmp : Match on catch block at 0xc3 in for 0x91
04-25 21:57:38.063 21421 21421 E ArmVmp : Match on catch block at 0xc3 in for 0x95
04-25 21:57:38.071 21421 21421 E ArmVmp : Match on catch block at 0xc3 in for 0x99
04-25 21:57:38.560 21421 21421 E ArmVmp : Match on catch block at 0xc3 in for 0x91
04-25 21:57:38.566 21421 21421 E ArmVmp : Match on catch block at 0xc3 in for 0x95
04-25 21:57:39.059 21421 21421 E ArmVmp : Match on catch block at 0xc3 in for 0x95
04-25 21:57:39.066 21421 21421 E ArmVmp : Match on catch block at 0xc3 in for 0x99
04-25 21:57:39.559 21421 21421 E ArmVmp : Match on catch block at 0xc3 in for 0x99
04-25 21:57:39.566 21421 21421 E ArmVmp : Match on catch block at 0xc3 in for 0x91
04-25 21:57:40.024 21421 21421 E ArmVmp : Match on catch block at 0xc3 in for 0x91
04-25 21:57:40.033 21421 21421 E ArmVmp : Match on catch block at 0xc3 in for 0x95 --------- beginning of main
04-25 22:22:43.375 32548 32548 W com.mbwhatsapp: Using default instruction set features for ARM CPU variant (generic) using conservative defaults
04-25 22:22:43.390 32548 32548 E com.mbwhatsapp: Not starting debugger since process cannot load the jdwp agent.
04-25 22:22:45.074 32548 32548 W System.err: java.lang.ClassNotFoundException: mbmodsd.mbmodsw.ui.views.btn.BtnBK
04-25 22:22:45.075 32548 32548 W System.err: at java.lang.Runtime.nativeLoad(Native Method)
04-25 22:22:45.075 32548 32548 W System.err: at java.lang.Runtime.nativeLoad(Runtime.java:1131)
04-25 22:22:45.075 32548 32548 W System.err: at java.lang.Runtime.loadLibrary0(Runtime.java:1085)
04-25 22:22:45.075 32548 32548 W System.err: at java.lang.Runtime.loadLibrary0(Runtime.java:1008)
04-25 22:22:45.075 32548 32548 W System.err: at java.lang.System.loadLibrary(System.java:1664)
04-25 22:22:45.075 32548 32548 W System.err: at arm.EpicVm.<clinit>(Unknown Source:2)
04-25 22:22:45.075 32548 32548 W System.err: at java.lang.Class.newInstance(Native Method)
04-25 22:22:45.075 32548 32548 W System.err: at android.app.AppComponentFactory.instantiateApplication(AppComponentFactory.java:76)
04-25 22:22:45.075 32548 32548 W System.err: at androidx.core.app.CoreComponentFactory.instantiateApplication(Unknown Source:0)
04-25 22:22:45.075 32548 32548 W System.err: at android.app.Instrumentation.newApplication(Instrumentation.java:1158)
04-25 22:22:45.075 32548 32548 W System.err: at android.app.LoadedApk.makeApplication(LoadedApk.java:1268)
04-25 22:22:45.075 32548 32548 W System.err: at android.app.ActivityThread.handleBindApplication(ActivityThread.java:6927)
04-25 22:22:45.075 32548 32548 W System.err: at android.app.ActivityThread.access$1300(ActivityThread.java:262)
04-25 22:22:45.075 32548 32548 W System.err: at android.app.ActivityThread$H.handleMessage(ActivityThread.java:1977)
04-25 22:22:45.075 32548 32548 W System.err: at android.os.Handler.dispatchMessage(Handler.java:106)
04-25 22:22:45.075 32548 32548 W System.err: at android.os.Looper.loop(Looper.java:223)
04-25 22:22:45.075 32548 32548 W System.err: at android.app.ActivityThread.main(ActivityThread.java:8001)
04-25 22:22:45.075 32548 32548 W System.err: at java.lang.reflect.Method.invoke(Native Method)
04-25 22:22:45.075 32548 32548 W System.err: at com.android.internal.os.RuntimeInit$MethodAndArgsCaller.run(RuntimeInit.java:635)
04-25 22:22:45.075 32548 32548 W System.err: at com.android.internal.os.ZygoteInit.main(ZygoteInit.java:947)
04-25 22:22:45.161 32548 32548 W CheckTime: App running slow: Executing handleBindApplication : makeApplication took 296ms
04-25 22:22:45.176 32548 32548 E CustomActivityOnCrash: IMPORTANT WARNING! You already have an UncaughtExceptionHandler, are you sure this is correct? If you use a custom UncaughtExceptionHandler, you must initialize it AFTER CustomActivityOnCrash! Installing anyway, but your original handler will not be called.
04-25 22:22:45.387 32548 32548 W CheckTime: App running slow: Executing handleBindApplication : installContentProviders took 225ms
04-25 22:22:46.106 32548 32548 W com.mbwhatsapp: Accessing hidden method Lcom/android/org/conscrypt/OpenSSLSocketImpl;->setUseSessionTickets(Z)V (greylist- max-q,core-platform-api, reflection, denied)
04-25 22:22:46.107 32548 32548 W com.mbwhatsapp: Accessing hidden method Lcom/android/org/conscrypt/AbstractConscryptSocket;->setUseSessionTickets(Z)V (greylist-max-q, reflection, denied)
04-25 22:22:46.306 32548 32548 W com.mbwhatsapp: type=1400 audit(0.0:573057): avc: granted { execute } for path="/data/data/com.mbwhatsapp/files/decompressed/libs.spk.zst/libc++_shared.so" dev="dm-11" ino=598949 scontext=u:r:untrusted_app:s0:c49,c257,c512,c768 tcontext=u:object_r:app_data_file:s0:c49,c257,c512,c768 tclass=file app=com.mbwhatsapp
04-25 22:22:46.330 32548 32548 W com.mbwhatsapp: type=1400 audit(0.0:573058): avc: granted { execute } for path="/data/data/com.mbwhatsapp/files/decompressed/libs.spk.zst/libvlc.so" dev="dm- 11" ino=598942 scontext=u:r:untrusted_app:s0:c49,c257,c512,c768 tcontext=u:object_r:app_data_file:s0:c49,c257,c512,c768 tclass=file app=com.mbwhatsapp
04-25 22:22:46.366 32548 32548 W com.mbwhatsapp: type=1400 audit(0.0:573059): avc: granted { execute } for path="/data/data/com.mbwhatsapp/files/decompressed/libs.spk.zst/libwhatsapp.so" dev="dm-11" ino=599231 scontext=u:r:untrusted_app:s0:c49,c257,c512,c768 tcontext=u:object_r:app_data_file:s0:c49,c257,c512,c768 tclass=file app=com.mbwhatsapp
04-25 22:22:46.578 32548 32548 W com.mbwhatsapp: type=1400 audit(0.0:573060): avc: granted { execute } for path="/data/data/com.mbwhatsapp/files/decompressed/libs.spk.zst/libcurve25519.so" dev="dm-11" ino=599016 scontext=u:r:untrusted_app:s0:c49,c257,c512,c768 tcontext=u:object_r:app_data_file:s0:c49,c257,c512,c768 tclass=file app=com.mbwhatsapp
04-25 22:22:46.594 32548 32548 W com.mbwhatsapp: type=1400 audit(0.0:573061): avc: granted { execute } for path="/data/data/com.mbwhatsapp/files/decompressed/libs.spk.zst/libwhatsapp.so" dev="dm-11" ino=599231 scontext=u:r:untrusted_app:s0:c49,c257,c512,c768 tcontext=u:object_r:app_data_file:s0:c49,c257,c512,c768 tclass=file app=com.mbwhatsapp
04-25 22:22:46.837 32548 32548 W CheckTime: App running slow: Executing handleBindApplication : callApplicationOnCreate took 1450ms
04-25 22:22:46.886 32548 315 W com.mbwhatsapp: Class X.2rL failed lock verification and will run slower.
04-25 22:22:46.886 32548 315 W com.mbwhatsapp: Common causes for lock verification issues are non-optimized dex code
04-25 22:22:46.886 32548 315 W com.mbwhatsapp: and incorrect proguard optimizations.
04-25 22:22:46.905 32548 32548 W com.mbwhatsapp: Class X.0eU failed lock verification and will run slower. --------- beginning of system
04-25 22:22:47.336 375 375 W com.mbwhatsapp: Using default instruction set features for ARM CPU variant (generic) using conservative defaults
04-25 22:22:47.353 32548 32548 W com.mbwhatsapp: Class com.mbwhatsapp.HomeActivity failed lock verification and will run slower.
04-25 22:22:47.363 375 375 E com.mbwhatsapp: Not starting debugger since process cannot load the jdwp agent.
04-25 22:22:48.003 32548 32548 E ArmVmp : Match on catch block at 0x0a in for 0xb5
04-25 22:22:48.364 32548 32548 E ArmVmp : Match on catch block at 0x0a in for 0x121 --------- beginning of main
04-25 22:37:10.890 6285 6285 W com.mbwhatsapp: Using default instruction set features for ARM CPU variant (generic) using conservative defaults
04-25 22:37:10.896 6285 6285 E com.mbwhatsapp: Not starting debugger since process cannot load the jdwp agent.
04-25 22:37:11.930 6285 6285 W System.err: java.lang.ClassNotFoundException: mbmodsd.mbmodsw.ui.views.btn.BtnBK
04-25 22:37:11.930 6285 6285 W System.err: at java.lang.Runtime.nativeLoad(Native Method)
04-25 22:37:11.930 6285 6285 W System.err: at java.lang.Runtime.nativeLoad(Runtime.java:1131)
04-25 22:37:11.930 6285 6285 W System.err: at java.lang.Runtime.loadLibrary0(Runtime.java:1085)
04-25 22:37:11.930 6285 6285 W System.err: at java.lang.Runtime.loadLibrary0(Runtime.java:1008)
04-25 22:37:11.930 6285 6285 W System.err: at java.lang.System.loadLibrary(System.java:1664)
04-25 22:37:11.930 6285 6285 W System.err: at arm.EpicVm.<clinit>(Unknown Source:2)
04-25 22:37:11.930 6285 6285 W System.err: at java.lang.Class.newInstance(Native Method)
04-25 22:37:11.930 6285 6285 W System.err: at android.app.AppComponentFactory.instantiateApplication(AppComponentFactory.java:76)
04-25 22:37:11.931 6285 6285 W System.err: at androidx.core.app.CoreComponentFactory.instantiateApplication(Unknown Source:0)
04-25 22:37:11.931 6285 6285 W System.err: at android.app.Instrumentation.newApplication(Instrumentation.java:1158)
04-25 22:37:11.931 6285 6285 W System.err: at android.app.LoadedApk.makeApplication(LoadedApk.java:1268)
04-25 22:37:11.931 6285 6285 W System.err: at android.app.ActivityThread.handleBindApplication(ActivityThread.java:6927)
04-25 22:37:11.931 6285 6285 W System.err: at android.app.ActivityThread.access$1300(ActivityThread.java:262)
04-25 22:37:11.931 6285 6285 W System.err: at android.app.ActivityThread$H.handleMessage(ActivityThread.java:1977)
04-25 22:37:11.931 6285 6285 W System.err: at android.os.Handler.dispatchMessage(Handler.java:106)
04-25 22:37:11.931 6285 6285 W System.err: at android.os.Looper.loop(Looper.java:223)
04-25 22:37:11.931 6285 6285 W System.err: at android.app.ActivityThread.main(ActivityThread.java:8001)
04-25 22:37:11.931 6285 6285 W System.err: at java.lang.reflect.Method.invoke(Native Method)
04-25 22:37:11.931 6285 6285 W System.err: at com.android.internal.os.RuntimeInit$MethodAndArgsCaller.run(RuntimeInit.java:635)
04-25 22:37:11.931 6285 6285 W System.err: at com.android.internal.os.ZygoteInit.main(ZygoteInit.java:947)
04-25 22:37:11.986 6285 6285 E CustomActivityOnCrash: IMPORTANT WARNING! You already have an UncaughtExceptionHandler, are you sure this is correct? If you use a custom UncaughtExceptionHandler, you must initialize it AFTER CustomActivityOnCrash! Installing anyway, but your original handler will not be called.
04-25 22:37:12.574 6285 6285 W com.mbwhatsapp: Accessing hidden method Lcom/android/org/conscrypt/OpenSSLSocketImpl;->setUseSessionTickets(Z)V (greylist- max-q,core-platform-api, reflection, denied)
04-25 22:37:12.575 6285 6285 W com.mbwhatsapp: Accessing hidden method Lcom/android/org/conscrypt/AbstractConscryptSocket;->setUseSessionTickets(Z)V (greylist-max-q, reflection, denied)
04-25 22:37:13.374 6285 6285 W com.mbwhatsapp: type=1400 audit(0.0:574400): avc: granted { execute } for path="/data/data/com.mbwhatsapp/files/decompressed/libs.spk.zst/libcurve25519.so" dev="dm-11" ino=599016 scontext=u:r:untrusted_app:s0:c49,c257,c512,c768 tcontext=u:object_r:app_data_file:s0:c49,c257,c512,c768 tclass=file app=com.mbwhatsapp
04-25 22:37:13.390 6285 6285 W com.mbwhatsapp: type=1400 audit(0.0:574401): avc: granted { execute } for path="/data/data/com.mbwhatsapp/files/decompressed/libs.spk.zst/libwhatsapp.so" dev="dm-11" ino=599231 scontext=u:r:untrusted_app:s0:c49,c257,c512,c768 tcontext=u:object_r:app_data_file:s0:c49,c257,c512,c768 tclass=file app=com.mbwhatsapp
04-25 22:37:13.390 6285 6285 W com.mbwhatsapp: type=1400 audit(0.0:574402): avc: granted { execute } for path="/data/data/com.mbwhatsapp/files/decompressed/libs.spk.zst/libwhatsapp.so" dev="dm-11" ino=599231 scontext=u:r:untrusted_app:s0:c49,c257,c512,c768 tcontext=u:object_r:app_data_file:s0:c49,c257,c512,c768 tclass=file app=com.mbwhatsapp
04-25 22:37:13.390 6285 6285 W com.mbwhatsapp: type=1400 audit(0.0:574403): avc: granted { execute } for path="/data/data/com.mbwhatsapp/files/decompressed/libs.spk.zst/libwhatsapp.so" dev="dm-11" ino=599231 scontext=u:r:untrusted_app:s0:c49,c257,c512,c768 tcontext=u:object_r:app_data_file:s0:c49,c257,c512,c768 tclass=file app=com.mbwhatsapp
04-25 22:37:13.390 6285 6285 W com.mbwhatsapp: type=1400 audit(0.0:574404): avc: denied { execmod } for path="/apex/com.android.runtime/lib/bionic/libc.so" dev="dm- 5" ino=389 scontext=u:r:untrusted_app:s0:c49,c257,c512,c768 tcontext=u:object_r:system_lib_file:s0 tclass=file permissive=0 app=com.mbwhatsapp
04-25 22:37:13.585 6285 6285 W CheckTime: App running slow: Executing handleBindApplication : callApplicationOnCreate took 1504ms
04-25 22:37:13.587 6285 6424 W com.mbwhatsapp: Class X.2rL failed lock verification and will run slower.
04-25 22:37:13.587 6285 6424 W com.mbwhatsapp: Common causes for lock verification issues are non-optimized dex code
04-25 22:37:13.587 6285 6424 W com.mbwhatsapp: and incorrect proguard optimizations.
04-25 22:37:13.617 6285 6285 W com.mbwhatsapp: Class X.0eU failed lock verification and will run slower. --------- beginning of system
04-25 22:37:13.845 6441 6441 W com.mbwhatsapp: Using default instruction set features for ARM CPU variant (generic) using conservative defaults
04-25 22:37:13.850 6441 6441 E com.mbwhatsapp: Not starting debugger since process cannot load the jdwp agent.
04-25 22:37:13.874 6285 6285 W com.mbwhatsapp: Class com.mbwhatsapp.HomeActivity failed lock verification and will run slower.
04-25 22:37:14.353 6285 6285 E ArmVmp : Match on catch block at 0x0a in for 0xb1
04-25 22:37:14.391 6285 6285 E ArmVmp : Match on catch block at 0x0a in for 0x125
04-25 22:37:14.451 6285 6481 W com.mbwhatsapp: Accessing hidden method Lcom/android/org/conscrypt/ConscryptEngineSocket;->setUseSessionTickets(Z)V (greylist-max-q,core-platform-api, reflection, denied)
04-25 22:37:14.451 6285 6481 W com.mbwhatsapp: Accessing hidden method Lcom/android/org/conscrypt/OpenSSLSocketImpl;->setUseSessionTickets(Z)V (greylist- max-q,core-platform-api, reflection, denied)
04-25 22:37:14.451 6285 6481 W com.mbwhatsapp: Accessing hidden method Lcom/android/org/conscrypt/AbstractConscryptSocket;->setUseSessionTickets(Z)V (greylist-max-q, reflection, denied)
04-25 22:37:14.452 6285 6481 W com.mbwhatsapp: Accessing hidden method Lcom/android/org/conscrypt/ConscryptEngineSocket;->setHostname(Ljava/lang/String;)V (greylist-max-q,core-platform-api, reflection, denied)
04-25 22:37:14.452 6285 6481 W com.mbwhatsapp: Accessing hidden method Lcom/android/org/conscrypt/OpenSSLSocketImpl;->setHostname(Ljava/lang/String;)V (greylist-max-q,core-platform-api, reflection, denied)
04-25 22:37:14.452 6285 6481 W com.mbwhatsapp: Accessing hidden method Lcom/android/org/conscrypt/AbstractConscryptSocket;->setHostname(Ljava/lang/ String;)V (greylist-max-q, reflection, denied)
04-25 22:37:14.452 6285 6481 W com.mbwhatsapp: Accessing hidden method Lcom/android/org/conscrypt/OpenSSLSocketImpl;->setAlpnProtocols([B)V (greylist-max- q,core-platform-api, reflection, denied)
04-25 22:37:14.452 6285 6481 W com.mbwhatsapp: Accessing hidden method Lcom/android/org/conscrypt/AbstractConscryptSocket;->setAlpnProtocols([B)V (greylist-max-q, reflection, denied)
04-25 22:37:14.550 6285 6481 W com.mbwhatsapp: Accessing hidden method Lcom/android/org/conscrypt/OpenSSLSocketImpl;->getAlpnSelectedProtocol()[B (greylist-max-q,core-platform-api, reflection, denied)
04-25 22:37:14.551 6285 6481 W com.mbwhatsapp: Accessing hidden method Lcom/android/org/conscrypt/AbstractConscryptSocket;->getAlpnSelectedProtocol()[B (greylist-max-q, reflection, denied)
04-25 22:37:16.167 6285 6285 E OpenGLRenderer: ~SkiaDisplayList() ##### pid = 6285
04-25 22:37:16.554 6285 6285 E ArmVmp : Match on catch block at 0x0a in for 0xc1
04-25 22:37:17.018 6285 6559 W LOTTIE : Animation contains merge paths. Merge paths are only supported on KitKat+ and must be manually enabled by calling enableMergePathsForKitKatAndAbove().
04-25 22:37:17.247 6285 6285 W LOTTIE : Animation contains merge paths but they are disabled.
04-25 22:37:17.866 6285 6285 W pool-6-thread-1: type=1400 audit(0.0:574407): avc: granted { execute } for path="/data/data/com.mbwhatsapp/files/decompressed/libs.spk.zst/libgifimage.so" dev="dm-11" ino=598945 scontext=u:r:untrusted_app:s0:c49,c257,c512,c768 tcontext=u:object_r:app_data_file:s0:c49,c257,c512,c768 tclass=file app=com.mbwhatsapp
04-25 22:37:18.750 6285 6384 W LibraryVersion: Failed to get app version for libraryName: firebase-iid
04-25 22:37:21.538 6285 6421 E SQLiteDatabase: Error inserting transferred=1 media_job_uuid=e2304d35-cf8d-4a8f-9019-707eebb79f05 transcoded=0 gif_attribution=0 first_scan_length=5111 direct_path=/v/t62.7118- 24/34571843_330918846324407_4223514782189259177_n.enc?ccb=11- 4&oh=01_Q5AaIIZiduT8W5ci5jAcKrCfyIiZSP6EeAVf-Vcb4Rmpkgxs&oe=6652899C&_nc_sid=5e03e0 thumbnail_height_width_ratio=0.8958333 is_animated_sticker=0 file_hash=/GdOIBjZpu4a4FQJgQs0JJO4rbeJBP51gETo7ygjigk= file_path=Media/.Statuses/c19daa8b44514ab1b9a1111ad6bc0e2b.jpg file_size=28884 partial_media_hash=1xVPMVFSKD3tm4wOmWu4WtPvomAi64e5TmUWvFlvssk= face_x=0 face_y=0 height=965 trim_to=0 media_key_timestamp=1714098290000 message_url=https://mmg.whatsapp.net/v/t62.7118- 24/34571843_330918846324407_4223514782189259177_n.enc?ccb=11- 4&oh=01_Q5AaIIZiduT8W5ci5jAcKrCfyIiZSP6EeAVf- Vcb4Rmpkgxs&oe=6652899C&_nc_sid=5e03e0&mms3=true media_caption=null trim_from=0 mime_type=image/jpeg partial_media_enc_hash=null width=1080 original_file_hash=null has_streaming_sidecar=1 autotransfer_retry_enabled=1 media_upload_handle=null message_row_id=7571 multicast_id=null enc_file_hash=AI1Cw+Mg4m4Rgl9pRLFtkczlsV9kig+oH+BXfDAmIkM= mute_video=0 page_count=0 first_scan_sidecar=[B@dd61523 suspicious_content=0 file_length=28884 media_name=null media_duration=0 chat_row_id=4 media_key=[B@aa9da20
04-25 22:37:21.538 6285 6421 E SQLiteDatabase: android.database.sqlite.SQLiteConstraintException: UNIQUE constraint failed: message_media.message_row_id (code 1555 SQLITE_CONSTRAINT_PRIMARYKEY)
04-25 22:37:21.538 6285 6421 E SQLiteDatabase: at android.database.sqlite.SQLiteConnection.nativeExecuteForLastInsertedRowId(Native Method)
04-25 22:37:21.538 6285 6421 E SQLiteDatabase: at android.database.sqlite.SQLiteConnection.executeForLastInsertedRowId(SQLiteConnecti on.java:938)
04-25 22:37:21.538 6285 6421 E SQLiteDatabase: at android.database.sqlite.SQLiteSession.executeForLastInsertedRowId(SQLiteSession.jav a:790)
04-25 22:37:21.538 6285 6421 E SQLiteDatabase: at android.database.sqlite.SQLiteStatement.executeInsert(SQLiteStatement.java:88)
04-25 22:37:21.538 6285 6421 E SQLiteDatabase: at android.database.sqlite.SQLiteDatabase.insertWithOnConflict(SQLiteDatabase.java:170 1)
04-25 22:37:21.538 6285 6421 E SQLiteDatabase: at android.database.sqlite.SQLiteDatabase.insert(SQLiteDatabase.java:1570)
04-25 22:37:21.538 6285 6421 E SQLiteDatabase: at X.2tm.A08(Unknown Source:6)
04-25 22:37:21.538 6285 6421 E SQLiteDatabase: at X.35Y.A07(Unknown Source:212)
04-25 22:37:21.538 6285 6421 E SQLiteDatabase: at X.3QF.A14(Unknown Source:470)
04-25 22:37:21.538 6285 6421 E SQLiteDatabase: at X.3gU.run(Unknown Source:982)
04-25 22:37:21.538 6285 6421 E SQLiteDatabase: at android.os.Handler.handleCallback(Handler.java:938)
04-25 22:37:21.538 6285 6421 E SQLiteDatabase: at android.os.Handler.dispatchMessage(Handler.java:99)
04-25 22:37:21.538 6285 6421 E SQLiteDatabase: at X.0zq.dispatchMessage(Unknown Source:4)
04-25 22:37:21.538 6285 6421 E SQLiteDatabase: at android.os.Looper.loop(Looper.java:223)
04-25 22:37:21.538 6285 6421 E SQLiteDatabase: at android.os.HandlerThread.run(HandlerThread.java:67)
04-25 22:37:22.675 6285 6421 E SQLiteDatabase: Error inserting transferred=1 media_job_uuid=e668d46a-5132-4693-a283-564ccfa585c9 transcoded=0 gif_attribution=0 first_scan_length=11828 direct_path=/o1/v/t62.7118-24/f1/m231/up-oil-image- df56e25f-1193-4161-8c95-0954e0542979?ccb=9-4&oh=01_Q5AaIJ8QYpmAJhw7G84-LB- eZnn_Z3xOHHoV1ZgjYyfgALrh&oe=66529423&_nc_sid=000000&_nc_hot=1714098902 thumbnail_height_width_ratio=0.98507464 is_animated_sticker=0 file_hash=g/QgdM4ebCxX9z+v7zJ6kf2/+OVQX8f5uCEE70NIs90= file_path=Media/.Statuses/a5cf97cf7aef4979b555c00553323601.jpg file_size=101068 partial_media_hash=yv96AKcB8aP3FbfU/R83jnwBc0gHUaNEtsFvGP3s6us= face_x=0 face_y=0 height=1055 trim_to=0 media_key_timestamp=1714097533000 message_url=https://mmg.whatsapp.net/o1/v/t62.7118-24/f1/m231/up-oil-image- df56e25f-1193-4161-8c95-0954e0542979?ccb=9-4&oh=01_Q5AaIJ8QYpmAJhw7G84-LB- eZnn_Z3xOHHoV1ZgjYyfgALrh&oe=66529423&_nc_sid=000000&mms3=true media_caption=null trim_from=0 mime_type=image/jpeg partial_media_enc_hash=null width=1080 original_file_hash=null has_streaming_sidecar=1 autotransfer_retry_enabled=1 media_upload_handle=null message_row_id=7573 multicast_id=null enc_file_hash=tZBPAvoH18ic8g5eOT8z296m7znHuFadwHEDYXPgFbc= mute_video=0 page_count=0 first_scan_sidecar=[B@d306762 suspicious_content=0 file_length=101068 media_name=null media_duration=0 chat_row_id=4 media_key=[B@4e810f3
04-25 22:37:22.675 6285 6421 E SQLiteDatabase: android.database.sqlite.SQLiteConstraintException: UNIQUE constraint failed: message_media.message_row_id (code 1555 SQLITE_CONSTRAINT_PRIMARYKEY)
04-25 22:37:22.675 6285 6421 E SQLiteDatabase: at android.database.sqlite.SQLiteConnection.nativeExecuteForLastInsertedRowId(Native Method)
04-25 22:37:22.675 6285 6421 E SQLiteDatabase: at android.database.sqlite.SQLiteConnection.executeForLastInsertedRowId(SQLiteConnecti on.java:938)
04-25 22:37:22.675 6285 6421 E SQLiteDatabase: at android.database.sqlite.SQLiteSession.executeForLastInsertedRowId(SQLiteSession.jav a:790)
04-25 22:37:22.675 6285 6421 E SQLiteDatabase: at android.database.sqlite.SQLiteStatement.executeInsert(SQLiteStatement.java:88)
04-25 22:37:22.675 6285 6421 E SQLiteDatabase: at android.database.sqlite.SQLiteDatabase.insertWithOnConflict(SQLiteDatabase.java:170 1)
04-25 22:37:22.675 6285 6421 E SQLiteDatabase: at android.database.sqlite.SQLiteDatabase.insert(SQLiteDatabase.java:1570)
04-25 22:37:22.675 6285 6421 E SQLiteDatabase: at X.2tm.A08(Unknown Source:6)
04-25 22:37:22.675 6285 6421 E SQLiteDatabase: at X.35Y.A07(Unknown Source:212)
04-25 22:37:22.675 6285 6421 E SQLiteDatabase: at X.3QF.A14(Unknown Source:470)
04-25 22:37:22.675 6285 6421 E SQLiteDatabase: at X.3gU.run(Unknown Source:982)
04-25 22:37:22.675 6285 6421 E SQLiteDatabase: at android.os.Handler.handleCallback(Handler.java:938)
04-25 22:37:22.675 6285 6421 E SQLiteDatabase: at android.os.Handler.dispatchMessage(Handler.java:99)
04-25 22:37:22.675 6285 6421 E SQLiteDatabase: at X.0zq.dispatchMessage(Unknown Source:4)
04-25 22:37:22.675 6285 6421 E SQLiteDatabase: at android.os.Looper.loop(Looper.java:223)
04-25 22:37:22.675 6285 6421 E SQLiteDatabase: at android.os.HandlerThread.run(HandlerThread.java:67)
