04-03 22:48:06.069 9688 9811 W System.err: at com.android.okhttp.internal.http.StreamAllocation.findHealthyConnection(StreamAlloc ation.java:128)
04-03 22:48:06.069 9688 9811 W System.err: at com.android.okhttp.internal.http.StreamAllocation.newStream(StreamAllocation.java:9 7)
04-03 22:48:06.069 9688 9811 W System.err: at com.android.okhttp.internal.http.HttpEngine.connect(HttpEngine.java:289)
04-03 22:48:06.069 9688 9811 W System.err: at com.android.okhttp.internal.http.HttpEngine.sendRequest(HttpEngine.java:232)
04-03 22:48:06.069 9688 9811 W System.err: at com.android.okhttp.internal.huc.HttpURLConnectionImpl.execute(HttpURLConnectionImpl .java:465)
04-03 22:48:06.069 9688 9811 W System.err: at com.android.okhttp.internal.huc.HttpURLConnectionImpl.connect(HttpURLConnectionImpl .java:131)
04-03 22:48:06.069 9688 9811 W System.err: at com.android.okhttp.internal.huc.DelegatingHttpsURLConnection.connect(DelegatingHttp sURLConnection.java:90)
04-03 22:48:06.069 9688 9811 W System.err: at com.android.okhttp.internal.huc.HttpsURLConnectionImpl.connect(HttpsURLConnectionIm pl.java:30)
04-03 22:48:06.069 9688 9811 W System.err: at mbmodsd.mbmodsw.home.MBTranslator.translate(Native Method)
04-03 22:48:06.069 9688 9811 W System.err: at mbmodsd.mbmodsw.home.MBTranslator$Async.doInBackground(Native Method)
04-03 22:48:06.069 9688 9811 W System.err: at mbmodsd.mbmodsw.home.MBTranslator$Async.doInBackground(Native Method)
04-03 22:48:06.069 9688 9811 W System.err: at android.os.AsyncTask$3.call(AsyncTask.java:394)
04-03 22:48:06.069 9688 9811 W System.err: at java.util.concurrent.FutureTask.run(FutureTask.java:264)
04-03 22:48:06.070 9688 9811 W System.err: at android.os.AsyncTask$SerialExecutor$1.run(AsyncTask.java:305)
04-03 22:48:06.070 9688 9811 W System.err: at java.util.concurrent.ThreadPoolExecutor.runWorker(ThreadPoolExecutor.java:1145)
04-03 22:48:06.070 9688 9811 W System.err: at java.util.concurrent.ThreadPoolExecutor$Worker.run(ThreadPoolExecutor.java:644)
04-03 22:48:06.070 9688 9811 W System.err: at java.lang.Thread.run(Thread.java:1012)
04-03 22:48:06.103 9688 9688 W Looper : PerfMonitor looperActivity : package=com.mbwhatsapp/.Conversation time=0ms latency=336ms procState=-1 historyMsgCount=7 (msgIndex=6 wall=332ms seq=459 late=8ms h=android.app.ActivityThread$H w=159)
04-03 22:48:06.122 9688 9775 E OpenGLRenderer: Unable to match the desired swap behavior.
04-03 22:48:06.210 9688 9688 E ArmVmp : Match on catch block at 0xc3 in for 0x7e4e5e4021
04-03 22:48:06.212 9688 9688 E ArmVmp : Match on catch block at 0xc3 in for 0x7e4e5e4021
04-03 22:48:06.214 9688 9688 E ArmVmp : Match on catch block at 0xc3 in for 0x7e4e5e4021
04-03 22:48:06.244 9688 9688 W Looper : PerfMonitor doFrame : time=141ms vsyncFrame=0 latency=329ms procState=-1 historyMsgCount=3 (msgIndex=1 wall=332ms seq=459 late=8ms h=android.app.ActivityThread$H w=159)
04-03 22:48:06.266 9688 9688 E ArmVmp : Match on catch block at 0xc3 in for 0x7e4e5e4025
04-03 22:48:06.268 9688 9688 E ArmVmp : Match on catch block at 0xc3 in for 0x7e4e5e4025
04-03 22:48:06.269 9688 9688 E ArmVmp : Match on catch block at 0xc3 in for 0x7e4e5e4025
04-03 22:48:06.307 9688 9688 E ArmVmp : Match on catch block at 0xc3 in for 0x7e4e5e4025
04-03 22:48:06.308 9688 9688 E ArmVmp : Match on catch block at 0xc3 in for 0x7e4e5e4025
04-03 22:48:06.309 9688 9688 E ArmVmp : Match on catch block at 0xc3 in for 0x7e4e5e4025
04-03 22:48:06.329 9688 9688 E ArmVmp : Match on catch block at 0xc3 in for 0x7e4e5e4025
04-03 22:48:06.332 9688 9688 E ArmVmp : Match on catch block at 0xc3 in for 0x7e4e5e4025
04-03 22:48:06.335 9688 9688 E ArmVmp : Match on catch block at 0xc3 in for 0x7e4e5e4025
04-03 22:48:06.350 9688 9688 E ArmVmp : Match on catch block at 0xc3 in for 0x7e4e5e4025
04-03 22:48:06.353 9688 10674 W com.mbwhatsapp: Accessing hidden method Landroid/app/MiuiNotification;-><init>()V (blocked, reflection, denied)
04-03 22:48:06.353 9688 9688 E ArmVmp : Match on catch block at 0xc3 in for 0x7e4e5e4025
04-03 22:48:06.355 9688 9688 E ArmVmp : Match on catch block at 0xc3 in for 0x7e4e5e4025
04-03 22:48:06.378 9688 9688 E ArmVmp : Match on catch block at 0xc3 in for 0x7e4e5e4025
04-03 22:48:06.380 9688 9688 E ArmVmp : Match on catch block at 0xc3 in for 0x7e4e5e4025
04-03 22:48:06.381 9688 9688 E ArmVmp : Match on catch block at 0xc3 in for 0x7e4e5e4025
04-03 22:48:06.394 9688 9688 E ArmVmp : Match on catch block at 0xc3 in for 0x7e4e5e4025
04-03 22:48:06.396 9688 9688 E ArmVmp : Match on catch block at 0xc3 in for 0x7e4e5e4025
04-03 22:48:06.398 9688 9688 E ArmVmp : Match on catch block at 0xc3 in for 0x7e4e5e4025
04-03 22:48:06.407 9688 9688 E ArmVmp : Match on catch block at 0xc3 in for 0x7e4e5e4025
04-03 22:48:06.410 9688 9688 E ArmVmp : Match on catch block at 0xc3 in for 0x7e4e5e4025
04-03 22:48:06.413 9688 9688 E ArmVmp : Match on catch block at 0xc3 in for 0x7e4e5e4025
04-03 22:48:06.424 9688 9688 E ArmVmp : Match on catch block at 0xc3 in for 0x7e4e5e4025
04-03 22:48:06.427 9688 9688 E ArmVmp : Match on catch block at 0xc3 in for 0x7e4e5e4025
04-03 22:48:06.429 9688 9688 E ArmVmp : Match on catch block at 0xc3 in for 0x7e4e5e4025
04-03 22:48:06.441 9688 9688 E ArmVmp : Match on catch block at 0xc3 in for 0x7e4e5e4025
04-03 22:48:06.443 9688 9688 E ArmVmp : Match on catch block at 0xc3 in for 0x7e4e5e4025
04-03 22:48:06.445 9688 9688 E ArmVmp : Match on catch block at 0xc3 in for 0x7e4e5e4025
04-03 22:48:06.618 9688 10674 W com.mbwhatsapp: Accessing hidden method Landroid/app/MiuiNotification;-><init>()V (blocked, reflection, denied)
04-03 22:48:06.828 9688 9688 E ArmVmp : Match on catch block at 0xc3 in for 0x7e4e5e4025
04-03 22:48:06.830 9688 9688 E ArmVmp : Match on catch block at 0xc3 in for 0x7e4e5e4025
04-03 22:48:06.832 9688 9688 E ArmVmp : Match on catch block at 0xc3 in for 0x7e4e5e4025
04-03 22:48:06.895 9688 9688 E ArmVmp : Match on catch block at 0xc3 in for 0x7e4e5e4025
04-03 22:48:06.898 9688 9688 E ArmVmp : Match on catch block at 0xc3 in for 0x7e4e5e4025
04-03 22:48:06.900 9688 9688 E ArmVmp : Match on catch block at 0xc3 in for 0x7e4e5e4025
04-03 22:48:06.912 9688 9688 E ArmVmp : Match on catch block at 0xc3 in for 0x7e4e5e4025
04-03 22:48:06.915 9688 9688 E ArmVmp : Match on catch block at 0xc3 in for 0x7e4e5e4025
04-03 22:48:06.918 9688 9688 E ArmVmp : Match on catch block at 0xc3 in for 0x7e4e5e4025
04-03 22:48:06.929 9688 9688 E ArmVmp : Match on catch block at 0xc3 in for 0x7e4e5e4025
04-03 22:48:06.932 9688 9688 E ArmVmp : Match on catch block at 0xc3 in for 0x7e4e5e4025
04-03 22:48:06.934 9688 9688 E ArmVmp : Match on catch block at 0xc3 in for 0x7e4e5e4025
04-03 22:48:06.945 9688 9688 E ArmVmp : Match on catch block at 0xc3 in for 0x7e4e5e4025
04-03 22:48:06.949 9688 9688 E ArmVmp : Match on catch block at 0xc3 in for 0x7e4e5e4025
04-03 22:48:06.951 9688 9688 E ArmVmp : Match on catch block at 0xc3 in for 0x7e4e5e4025
04-03 22:48:06.963 9688 9688 E ArmVmp : Match on catch block at 0xc3 in for 0x7e4e5e4025
04-03 22:48:06.966 9688 9688 E ArmVmp : Match on catch block at 0xc3 in for 0x7e4e5e4025
04-03 22:48:06.969 9688 9688 E ArmVmp : Match on catch block at 0xc3 in for 0x7e4e5e4025
04-03 22:48:06.979 9688 9688 E ArmVmp : Match on catch block at 0xc3 in for 0x7e4e5e4025
04-03 22:48:06.982 9688 9688 E ArmVmp : Match on catch block at 0xc3 in for 0x7e4e5e4025
04-03 22:48:06.985 9688 9688 E ArmVmp : Match on catch block at 0xc3 in for 0x7e4e5e4025
04-03 22:48:06.996 9688 9688 E ArmVmp : Match on catch block at 0xc3 in for 0x7e4e5e4025
04-03 22:48:06.999 9688 9688 E ArmVmp : Match on catch block at 0xc3 in for 0x7e4e5e4025
04-03 22:48:07.001 9688 9688 E ArmVmp : Match on catch block at 0xc3 in for 0x7e4e5e4025
04-03 22:48:07.012 9688 9688 E ArmVmp : Match on catch block at 0xc3 in for 0x7e4e5e4025
04-03 22:48:07.015 9688 9688 E ArmVmp : Match on catch block at 0xc3 in for 0x7e4e5e4025
04-03 22:48:07.018 9688 9688 E ArmVmp : Match on catch block at 0xc3 in for 0x7e4e5e4025
04-03 22:48:07.029 9688 9688 E ArmVmp : Match on catch block at 0xc3 in for 0x7e4e5e4025
04-03 22:48:07.032 9688 9688 E ArmVmp : Match on catch block at 0xc3 in for 0x7e4e5e4025
04-03 22:48:07.034 9688 9688 E ArmVmp : Match on catch block at 0xc3 in for 0x7e4e5e4025
04-03 22:48:07.045 9688 9688 E ArmVmp : Match on catch block at 0xc3 in for 0x7e4e5e4025
04-03 22:48:07.048 9688 9688 E ArmVmp : Match on catch block at 0xc3 in for 0x7e4e5e4025
04-03 22:48:07.051 9688 9688 E ArmVmp : Match on catch block at 0xc3 in for 0x7e4e5e4025
04-03 22:48:07.062 9688 9688 E ArmVmp : Match on catch block at 0xc3 in for 0x7e4e5e4025
04-03 22:48:07.065 9688 9688 E ArmVmp : Match on catch block at 0xc3 in for 0x7e4e5e4025
04-03 22:48:07.068 9688 9688 E ArmVmp : Match on catch block at 0xc3 in for 0x7e4e5e4025
04-03 22:48:07.079 9688 9688 E ArmVmp : Match on catch block at 0xc3 in for 0x7e4e5e4025
04-03 22:48:07.082 9688 9688 E ArmVmp : Match on catch block at 0xc3 in for 0x7e4e5e4025
04-03 22:48:07.085 9688 9688 E ArmVmp : Match on catch block at 0xc3 in for 0x7e4e5e4025
04-03 22:48:07.096 9688 9688 E ArmVmp : Match on catch block at 0xc3 in for 0x7e4e5e4025
04-03 22:48:07.099 9688 9688 E ArmVmp : Match on catch block at 0xc3 in for 0x7e4e5e4025
04-03 22:48:07.101 9688 9688 E ArmVmp : Match on catch block at 0xc3 in for 0x7e4e5e4025
04-03 22:48:07.112 9688 9688 E ArmVmp : Match on catch block at 0xc3 in for 0x7e4e5e4025
04-03 22:48:07.115 9688 9688 E ArmVmp : Match on catch block at 0xc3 in for 0x7e4e5e4025
04-03 22:48:07.118 9688 9688 E ArmVmp : Match on catch block at 0xc3 in for 0x7e4e5e4025
04-03 22:48:07.129 9688 9688 E ArmVmp : Match on catch block at 0xc3 in for 0x7e4e5e4025
04-03 22:48:07.132 9688 9688 E ArmVmp : Match on catch block at 0xc3 in for 0x7e4e5e4025
04-03 22:48:07.134 9688 9688 E ArmVmp : Match on catch block at 0xc3 in for 0x7e4e5e4025
04-03 22:48:07.146 9688 9688 E ArmVmp : Match on catch block at 0xc3 in for 0x7e4e5e4025
04-03 22:48:07.149 9688 9688 E ArmVmp : Match on catch block at 0xc3 in for 0x7e4e5e4025
04-03 22:48:07.152 9688 9688 E ArmVmp : Match on catch block at 0xc3 in for 0x7e4e5e4025
04-03 22:48:07.163 9688 9688 E ArmVmp : Match on catch block at 0xc3 in for 0x7e4e5e4025
04-03 22:48:07.166 9688 9688 E ArmVmp : Match on catch block at 0xc3 in for 0x7e4e5e4025
04-03 22:48:07.169 9688 9688 E ArmVmp : Match on catch block at 0xc3 in for 0x7e4e5e4025
04-03 22:48:07.179 9688 9688 E ArmVmp : Match on catch block at 0xc3 in for 0x7e4e5e4025
04-03 22:48:07.182 9688 9688 E ArmVmp : Match on catch block at 0xc3 in for 0x7e4e5e4025
04-03 22:48:07.185 9688 9688 E ArmVmp : Match on catch block at 0xc3 in for 0x7e4e5e4025
04-03 22:48:07.196 9688 9688 E ArmVmp : Match on catch block at 0xc3 in for 0x7e4e5e4025
04-03 22:48:07.199 9688 9688 E ArmVmp : Match on catch block at 0xc3 in for 0x7e4e5e4025
04-03 22:48:07.201 9688 9688 E ArmVmp : Match on catch block at 0xc3 in for 0x7e4e5e4025
04-03 22:48:07.213 9688 9688 E ArmVmp : Match on catch block at 0xc3 in for 0x7e4e5e4025
04-03 22:48:07.216 9688 9688 E ArmVmp : Match on catch block at 0xc3 in for 0x7e4e5e4025
04-03 22:48:07.218 9688 9688 E ArmVmp : Match on catch block at 0xc3 in for 0x7e4e5e4025
04-03 22:48:07.330 9688 9688 E ArmVmp : Match on catch block at 0xc3 in for 0x7e4e5e4025
04-03 22:48:07.332 9688 9688 E ArmVmp : Match on catch block at 0xc3 in for 0x7e4e5e4025
04-03 22:48:07.335 9688 9688 E ArmVmp : Match on catch block at 0xc3 in for 0x7e4e5e4025
04-03 22:48:07.830 9688 9688 E ArmVmp : Match on catch block at 0xc3 in for 0x7e4e5e4025
04-03 22:48:07.834 9688 9688 E ArmVmp : Match on catch block at 0xc3 in for 0x7e4e5e4025
04-03 22:48:07.836 9688 9688 E ArmVmp : Match on catch block at 0xc3 in for 0x7e4e5e4025
04-03 22:48:07.898 9688 9688 E ArmVmp : Match on catch block at 0xc3 in for 0x7e4e5e4025
04-03 22:48:07.902 9688 9688 E ArmVmp : Match on catch block at 0xc3 in for 0x7e4e5e4025
04-03 22:48:07.905 9688 9688 E ArmVmp : Match on catch block at 0xc3 in for 0x7e4e5e4025
04-03 22:48:07.915 9688 9688 E ArmVmp : Match on catch block at 0xc3 in for 0x7e4e5e4025
04-03 22:48:07.919 9688 9688 E ArmVmp : Match on catch block at 0xc3 in for 0x7e4e5e4025
04-03 22:48:07.922 9688 9688 E ArmVmp : Match on catch block at 0xc3 in for 0x7e4e5e4025
04-03 22:48:07.931 9688 9688 E ArmVmp : Match on catch block at 0xc3 in for 0x7e4e5e4025
04-03 22:48:07.936 9688 9688 E ArmVmp : Match on catch block at 0xc3 in for 0x7e4e5e4025
04-03 22:48:07.938 9688 9688 E ArmVmp : Match on catch block at 0xc3 in for 0x7e4e5e4025
04-03 22:48:07.948 9688 9688 E ArmVmp : Match on catch block at 0xc3 in for 0x7e4e5e4025
04-03 22:48:07.951 9688 9688 E ArmVmp : Match on catch block at 0xc3 in for 0x7e4e5e4025
04-03 22:48:07.954 9688 9688 E ArmVmp : Match on catch block at 0xc3 in for 0x7e4e5e4025
04-03 22:48:07.964 9688 9688 E ArmVmp : Match on catch block at 0xc3 in for 0x7e4e5e4025
04-03 22:48:07.968 9688 9688 E ArmVmp : Match on catch block at 0xc3 in for 0x7e4e5e4025
04-03 22:48:07.970 9688 9688 E ArmVmp : Match on catch block at 0xc3 in for 0x7e4e5e4025
04-03 22:48:07.981 9688 9688 E ArmVmp : Match on catch block at 0xc3 in for 0x7e4e5e4025
04-03 22:48:07.985 9688 9688 E ArmVmp : Match on catch block at 0xc3 in for 0x7e4e5e4025
04-03 22:48:07.987 9688 9688 E ArmVmp : Match on catch block at 0xc3 in for 0x7e4e5e4025
04-03 22:48:07.998 9688 9688 E ArmVmp : Match on catch block at 0xc3 in for 0x7e4e5e4025
04-03 22:48:08.001 9688 9688 E ArmVmp : Match on catch block at 0xc3 in for 0x7e4e5e4025
04-03 22:48:08.003 9688 9688 E ArmVmp : Match on catch block at 0xc3 in for 0x7e4e5e4025
04-03 22:48:08.015 9688 9688 E ArmVmp : Match on catch block at 0xc3 in for 0x7e4e5e4025
04-03 22:48:08.018 9688 9688 E ArmVmp : Match on catch block at 0xc3 in for 0x7e4e5e4025
04-03 22:48:08.020 9688 9688 E ArmVmp : Match on catch block at 0xc3 in for 0x7e4e5e4025
04-03 22:48:08.031 9688 9688 E ArmVmp : Match on catch block at 0xc3 in for 0x7e4e5e4025
04-03 22:48:08.035 9688 9688 E ArmVmp : Match on catch block at 0xc3 in for 0x7e4e5e4025
04-03 22:48:08.037 9688 9688 E ArmVmp : Match on catch block at 0xc3 in for 0x7e4e5e4025
04-03 22:48:08.048 9688 9688 E ArmVmp : Match on catch block at 0xc3 in for 0x7e4e5e4025
04-03 22:48:08.051 9688 9688 E ArmVmp : Match on catch block at 0xc3 in for 0x7e4e5e4025
04-03 22:48:08.054 9688 9688 E ArmVmp : Match on catch block at 0xc3 in for 0x7e4e5e4025
04-03 22:48:08.065 9688 9688 E ArmVmp : Match on catch block at 0xc3 in for 0x7e4e5e4025
04-03 22:48:08.069 9688 9688 E ArmVmp : Match on catch block at 0xc3 in for 0x7e4e5e4025
04-03 22:48:08.071 9688 9688 E ArmVmp : Match on catch block at 0xc3 in for 0x7e4e5e4025
04-03 22:48:08.082 9688 9688 E ArmVmp : Match on catch block at 0xc3 in for 0x7e4e5e4025
04-03 22:48:08.085 9688 9688 E ArmVmp : Match on catch block at 0xc3 in for 0x7e4e5e4025
04-03 22:48:08.087 9688 9688 E ArmVmp : Match on catch block at 0xc3 in for 0x7e4e5e4025
04-03 22:48:08.098 9688 9688 E ArmVmp : Match on catch block at 0xc3 in for 0x7e4e5e4025
04-03 22:48:08.101 9688 9688 E ArmVmp : Match on catch block at 0xc3 in for 0x7e4e5e4025
04-03 22:48:08.104 9688 9688 E ArmVmp : Match on catch block at 0xc3 in for 0x7e4e5e4025
04-03 22:48:08.115 9688 9688 E ArmVmp : Match on catch block at 0xc3 in for 0x7e4e5e4025
04-03 22:48:08.118 9688 9688 E ArmVmp : Match on catch block at 0xc3 in for 0x7e4e5e4025
04-03 22:48:08.120 9688 9688 E ArmVmp : Match on catch block at 0xc3 in for 0x7e4e5e4025
04-03 22:48:08.132 9688 9688 E ArmVmp : Match on catch block at 0xc3 in for 0x7e4e5e4025
04-03 22:48:08.135 9688 9688 E ArmVmp : Match on catch block at 0xc3 in for 0x7e4e5e4025
04-03 22:48:08.137 9688 9688 E ArmVmp : Match on catch block at 0xc3 in for 0x7e4e5e4025
04-03 22:48:08.149 9688 9688 E ArmVmp : Match on catch block at 0xc3 in for 0x7e4e5e4025
04-03 22:48:08.152 9688 9688 E ArmVmp : Match on catch block at 0xc3 in for 0x7e4e5e4025
04-03 22:48:08.155 9688 9688 E ArmVmp : Match on catch block at 0xc3 in for 0x7e4e5e4025
04-03 22:48:08.166 9688 9688 E ArmVmp : Match on catch block at 0xc3 in for 0x7e4e5e4025
04-03 22:48:08.169 9688 9688 E ArmVmp : Match on catch block at 0xc3 in for 0x7e4e5e4025
04-03 22:48:08.172 9688 9688 E ArmVmp : Match on catch block at 0xc3 in for 0x7e4e5e4025
04-03 22:48:08.332 9688 9688 E ArmVmp : Match on catch block at 0xc3 in for 0x7e4e5e4025
04-03 22:48:08.335 9688 9688 E ArmVmp : Match on catch block at 0xc3 in for 0x7e4e5e4025
04-03 22:48:08.337 9688 9688 E ArmVmp : Match on catch block at 0xc3 in for 0x7e4e5e4025
04-03 22:48:08.833 9688 9688 E ArmVmp : Match on catch block at 0xc3 in for 0x7e4e5e4025
04-03 22:48:08.836 9688 9688 E ArmVmp : Match on catch block at 0xc3 in for 0x7e4e5e4025
04-03 22:48:08.840 9688 9688 E ArmVmp : Match on catch block at 0xc3 in for 0x7e4e5e4025
04-03 22:48:09.336 9688 9688 E ArmVmp : Match on catch block at 0xc3 in for 0x7e4e5e4025
04-03 22:48:09.342 9688 9688 E ArmVmp : Match on catch block at 0xc3 in for 0x7e4e5e4025
04-03 22:48:09.347 9688 9688 E ArmVmp : Match on catch block at 0xc3 in for 0x7e4e5e4025
04-03 22:48:09.838 9688 9688 E ArmVmp : Match on catch block at 0xc3 in for 0x7e4e5e4025
04-03 22:48:09.844 9688 9688 E ArmVmp : Match on catch block at 0xc3 in for 0x7e4e5e4025
04-03 22:48:09.850 9688 9688 E ArmVmp : Match on catch block at 0xc3 in for 0x7e4e5e4025
04-03 22:48:10.279 9688 9688 E ArmVmp : Match on catch block at 0xc3 in for 0x7e4e5e4025
04-03 22:48:10.283 9688 9688 E ArmVmp : Match on catch block at 0xc3 in for 0x7e4e5e4025
04-03 22:48:10.286 9688 9688 E ArmVmp : Match on catch block at 0xc3 in for 0x7e4e5e4025
04-03 22:48:10.292 9688 9688 E ArmVmp : Match on catch block at 0xc3 in for 0x7e4e5e4025
04-03 22:48:10.295 9688 9688 E ArmVmp : Match on catch block at 0xc3 in for 0x7e4e5e4025
04-03 22:48:10.298 9688 9688 E ArmVmp : Match on catch block at 0xc3 in for 0x7e4e5e4025
04-03 22:48:10.308 9688 9688 E ArmVmp : Match on catch block at 0xc3 in for 0x7e4e5e4025
04-03 22:48:10.310 9688 9688 E ArmVmp : Match on catch block at 0xc3 in for 0x7e4e5e4025
04-03 22:48:10.313 9688 9688 E ArmVmp : Match on catch block at 0xc3 in for 0x7e4e5e4025
04-03 22:48:10.363 9688 9688 E ArmVmp : Match on catch block at 0xc3 in for 0x7e4e5e4025
04-03 22:48:10.366 9688 9688 E ArmVmp : Match on catch block at 0xc3 in for 0x7e4e5e4025
04-03 22:48:10.368 9688 9688 E ArmVmp : Match on catch block at 0xc3 in for 0x7e4e5e4025
04-03 22:48:10.387 9688 9775 E OpenGLRenderer: Unable to match the desired swap behavior.
04-03 22:48:10.431 9688 9688 E ArmVmp : Match on catch block at 0xc3 in for 0x7e4e5e4025
04-03 22:48:10.437 9688 9688 E ArmVmp : Match on catch block at 0xc3 in for 0x7e4e5e4025
04-03 22:48:10.442 9688 9688 E ArmVmp : Match on catch block at 0xc3 in for 0x7e4e5e4025
04-03 22:48:10.454 9688 9688 E ArmVmp : Match on catch block at 0xc3 in for 0x7e4e5e4025
04-03 22:48:10.456 9688 9688 E ArmVmp : Match on catch block at 0xc3 in for 0x7e4e5e4025
04-03 22:48:10.459 9688 9688 E ArmVmp : Match on catch block at 0xc3 in for 0x7e4e5e4025
04-03 22:48:10.479 9688 9688 E ArmVmp : Match on catch block at 0xc3 in for 0x7e4e5e4025
04-03 22:48:10.481 9688 9688 E ArmVmp : Match on catch block at 0xc3 in for 0x7e4e5e4025
04-03 22:48:10.485 9688 9688 E ArmVmp : Match on catch block at 0xc3 in for 0x7e4e5e4025
04-03 22:48:10.501 9688 9688 E ArmVmp : Match on catch block at 0xc3 in for 0x7e4e5e4025
04-03 22:48:10.507 9688 9688 E ArmVmp : Match on catch block at 0xc3 in for 0x7e4e5e4025
04-03 22:48:10.510 9688 9688 E ArmVmp : Match on catch block at 0xc3 in for 0x7e4e5e4025
04-03 22:48:10.515 9688 9688 E ArmVmp : Match on catch block at 0xc3 in for 0x7e4e5e4025
04-03 22:48:10.516 9688 9688 E ArmVmp : Match on catch block at 0xc3 in for 0x7e4e5e4025
04-03 22:48:10.517 9688 9688 E ArmVmp : Match on catch block at 0xc3 in for 0x7e4e5e4025
04-03 22:48:10.526 9688 9688 E ArmVmp : Match on catch block at 0xc3 in for 0x7e4e5e4025
04-03 22:48:10.528 9688 9688 E ArmVmp : Match on catch block at 0xc3 in for 0x7e4e5e4025
04-03 22:48:10.529 9688 9688 E ArmVmp : Match on catch block at 0xc3 in for 0x7e4e5e4025
04-03 22:48:10.541 9688 9688 E ArmVmp : Match on catch block at 0xc3 in for 0x7e4e5e4025
04-03 22:48:10.542 9688 9688 E ArmVmp : Match on catch block at 0xc3 in for 0x7e4e5e4025
04-03 22:48:10.544 9688 9688 E ArmVmp : Match on catch block at 0xc3 in for 0x7e4e5e4025
04-03 22:48:10.996 9688 9688 E ArmVmp : Match on catch block at 0xc3 in for 0x7e4e5e4025
04-03 22:48:11.001 9688 9688 E ArmVmp : Match on catch block at 0xc3 in for 0x7e4e5e4025
04-03 22:48:11.004 9688 9688 E ArmVmp : Match on catch block at 0xc3 in for 0x7e4e5e4025
04-03 22:48:11.023 9688 9688 W WindowOnBackDispatcher: sendCancelIfRunning: isInProgress=falsecallback=android.view.ViewRootImpl$ $ExternalSyntheticLambda22@9678545
04-03 22:48:12.045 9688 9775 W RenderInspector: QueueBuffer time out on com.mbwhatsapp/com.mbwhatsapp.HomeActivity, count=1, avg=27 ms, max=27 ms.
04-03 22:48:12.143 9688 9688 W WindowOnBackDispatcher: sendCancelIfRunning: isInProgress=falsecallback=android.view.ViewRootImpl$ $ExternalSyntheticLambda22@e05561d
04-03 22:48:12.265 10859 10859 W Lacrima_single_: type=1400 audit(0.0:747814): avc: denied { read } for name="sdcard" dev="tmpfs" ino=34 scontext=u:r:untrusted_app:s0:c50,c257,c512,c768 tcontext=u:object_r:mnt_sdcard_file:s0 tclass=lnk_file permissive=0 app=com.mbwhatsapp
04-03 22:48:12.269 10859 10859 W Lacrima_single_: type=1400 audit(0.0:747815): avc: denied { read } for name="sdca--------- beginning of system
04-04 10:49:32.098 10641 10641 W Looper : PerfMonitor longMsg : seq=2 plan=10:49:30.649 late=2ms wall=1436ms h=android.app.ActivityThread$H w=110 procState=-1
04-04 13:43:02.962 27666 27666 W Looper : PerfMonitor longMsg : seq=2 plan=13:43:01.574 late=8ms wall=1370ms h=android.app.ActivityThread$H w=110 procState=-1 --------- beginning of main
04-04 19:27:47.589 23223 23223 E com.mbwhatsapp: Not starting debugger since process cannot load the jdwp agent.
04-04 19:27:48.811 23223 23223 W System.err: java.lang.ClassNotFoundException: mbmodsd.mbmodsw.ui.views.btn.BtnBK
04-04 19:27:48.814 23223 23223 W System.err: at java.lang.Runtime.nativeLoad(Native Method)
04-04 19:27:48.814 23223 23223 W System.err: at java.lang.Runtime.nativeLoad(Runtime.java:1126)
04-04 19:27:48.814 23223 23223 W System.err: at java.lang.Runtime.loadLibrary0(Runtime.java:1080)
04-04 19:27:48.814 23223 23223 W System.err: at java.lang.Runtime.loadLibrary0(Runtime.java:1003)
04-04 19:27:48.814 23223 23223 W System.err: at java.lang.System.loadLibrary(System.java:1661)
04-04 19:27:48.814 23223 23223 W System.err: at arm.EpicVm.<clinit>(Unknown Source:2)
04-04 19:27:48.814 23223 23223 W System.err: at java.lang.Class.newInstance(Native Method)
04-04 19:27:48.814 23223 23223 W System.err: at android.app.AppComponentFactory.instantiateApplication(AppComponentFactory.java:76)
04-04 19:27:48.814 23223 23223 W System.err: at androidx.core.app.CoreComponentFactory.instantiateApplication(Unknown Source:0)
04-04 19:27:48.814 23223 23223 W System.err: at android.app.Instrumentation.newApplication(Instrumentation.java:1286)
04-04 19:27:48.814 23223 23223 W System.err: at android.app.LoadedApk.makeApplicationInner(LoadedApk.java:1487)
04-04 19:27:48.814 23223 23223 W System.err: at android.app.LoadedApk.makeApplicationInner(LoadedApk.java:1424)
04-04 19:27:48.814 23223 23223 W System.err: at android.app.ActivityThread.handleBindApplication(ActivityThread.java:7420)
04-04 19:27:48.815 23223 23223 W System.err: at android.app.ActivityThread.-$ $Nest$mhandleBindApplication(Unknown Source:0)
04-04 19:27:48.815 23223 23223 W System.err: at android.app.ActivityThread$H.handleMessage(ActivityThread.java:2374)
04-04 19:27:48.815 23223 23223 W System.err: at android.os.Handler.dispatchMessage(Handler.java:106)
04-04 19:27:48.815 23223 23223 W System.err: at android.os.Looper.loopOnce(Looper.java:224)
04-04 19:27:48.815 23223 23223 W System.err: at android.os.Looper.loop(Looper.java:318)
04-04 19:27:48.815 23223 23223 W System.err: at android.app.ActivityThread.main(ActivityThread.java:8727)
04-04 19:27:48.815 23223 23223 W System.err: at java.lang.reflect.Method.invoke(Native Method)
04-04 19:27:48.815 23223 23223 W System.err: at com.android.internal.os.RuntimeInit$MethodAndArgsCaller.run(RuntimeInit.java:561)
04-04 19:27:48.815 23223 23223 W System.err: at com.android.internal.os.ZygoteInit.main(ZygoteInit.java:1013)
04-04 19:27:48.875 23223 23223 E CustomActivityOnCrash: IMPORTANT WARNING! You already have an UncaughtExceptionHandler, are you sure this is correct? If you use a custom UncaughtExceptionHandler, you must initialize it AFTER CustomActivityOnCrash! Installing anyway, but your original handler will not be called.
04-04 19:27:49.319 23223 23223 W BpBinder: PerfMonitor binderTransact: time=291ms interface=android.app.IActivityManager code=31
04-04 19:27:49.329 23223 23498 W LibraryVersion: Failed to get app version for libraryName: firebase-iid
04-04 19:27:51.581 23223 23223 W com.mbwhatsapp: Accessing hidden method Lcom/android/org/conscrypt/OpenSSLSocketImpl;->setUseSessionTickets(Z)V (max- target-q,core-platform-api, reflection, denied)
04-04 19:27:51.581 23223 23223 W com.mbwhatsapp: Accessing hidden method Lcom/android/org/conscrypt/AbstractConscryptSocket;->setUseSessionTickets(Z)V (max- target-q, reflection, denied)
04-04 19:27:51.666 23861 23861 W libprocessgroup: JoinCgroup: controller schedtune is not found
04-04 19:27:51.703 23223 23223 W com.mbwhatsapp: type=1400 audit(0.0:798022): avc: granted { execute } for path="/data/data/com.mbwhatsapp/files/decompressed/libs.spk.zst/libc++_shared.so" dev="dm-55" ino=105337 scontext=u:r:untrusted_app_32:s0:c68,c257,c512,c768 tcontext=u:object_r:app_data_file:s0:c68,c257,c512,c768 tclass=file app=com.mbwhatsapp
04-04 19:27:51.715 23223 23223 W com.mbwhatsapp: type=1400 audit(0.0:798023): avc: granted { execute } for path="/data/data/com.mbwhatsapp/files/decompressed/libs.spk.zst/libvlc.so" dev="dm- 55" ino=103418 scontext=u:r:untrusted_app_32:s0:c68,c257,c512,c768 tcontext=u:object_r:app_data_file:s0:c68,c257,c512,c768 tclass=file app=com.mbwhatsapp
04-04 19:27:51.723 23223 23223 W com.mbwhatsapp: type=1400 audit(0.0:798024): avc: granted { execute } for path="/data/data/com.mbwhatsapp/files/decompressed/libs.spk.zst/libwhatsapp.so" dev="dm-55" ino=103403 scontext=u:r:untrusted_app_32:s0:c68,c257,c512,c768 tcontext=u:object_r:app_data_file:s0:c68,c257,c512,c768 tclass=file app=com.mbwhatsapp
04-04 19:27:51.827 23223 23223 W com.mbwhatsapp: type=1400 audit(0.0:798025): avc: granted { execute } for path="/data/data/com.mbwhatsapp/files/decompressed/libs.spk.zst/libcurve25519.so" dev="dm-55" ino=99665 scontext=u:r:untrusted_app_32:s0:c68,c257,c512,c768 tcontext=u:object_r:app_data_file:s0:c68,c257,c512,c768 tclass=file app=com.mbwhatsapp
04-04 19:27:52.560 23223 24004 W com.mbwhatsapp: Method void X.2rL.A03(java.lang.Integer) failed lock verification and will run slower.
04-04 19:27:52.560 23223 24004 W com.mbwhatsapp: Common causes for lock verification issues are non-optimized dex code
04-04 19:27:52.560 23223 24004 W com.mbwhatsapp: and incorrect proguard optimizations.
04-04 19:27:52.682 23223 23223 W Looper : PerfMonitor longMsg : seq=2 plan=19:27:47.675 late=7ms wall=4644ms h=android.app.ActivityThread$H w=110 procState=-1
04-04 19:27:54.488 23223 23223 W BpBinder: PerfMonitor binderTransact: time=205ms interface=android.app.IActivityManager code=34
04-04 19:27:54.650 23223 23885 W com.mbwhatsapp: Long monitor contention with owner main (23223) at void X.3QD.A07()(:-1) waiters=0 in void X.3QD.A0C(X.2Nw, java.lang.String, java.lang.String, int, boolean, boolean, boolean, boolean, boolean) for 203ms
04-04 19:27:54.861 23223 24089 W BpBinder: PerfMonitor binderTransact: time=365ms interface=android.app.job.IJobScheduler code=1
04-04 19:27:55.315 23223 24081 E ArmVmp : Match on catch block at 0x17 in for 0x7e4e5e4e11
04-04 19:27:55.317 23223 24081 W System.err: java.lang.NullPointerException
04-04 19:27:55.317 23223 24081 W System.err: at mbmodsd.mbmodsw.ui.views.toast.GET.A21(Native Method)
04-04 19:27:55.318 23223 24081 W System.err: at mbmodsd.mbmodsw.ui.views.toast.GET.getContactInfoGET(Native Method)
04-04 19:27:55.319 23223 24081 W System.err: at mbmodsd.mbmodsw.ui.views.toast.GET.<init>(Unknown Source:5)
04-04 19:27:55.337 23223 24081 W System.err: at mbmodsd.mbmodsw.ui.views.toast.MBON.rT(Native Method)
04-04 19:27:55.337 23223 24081 W System.err: at mbmodsd.mbmodsw.ui.views.toast.MBON.shTS(Native Method)
04-04 19:27:55.338 23223 24081 W System.err: at X.10L.A01(Unknown Source:214)
04-04 19:27:55.338 23223 24081 W System.err: at X.10I.handleMessage(Unknown Source:12)
04-04 19:27:55.338 23223 24081 W System.err: at android.os.Handler.dispatchMessage(Handler.java:106)
04-04 19:27:55.338 23223 24081 W System.err: at android.os.Looper.loopOnce(Looper.java:224)
04-04 19:27:55.339 23223 24081 W System.err: at android.os.Looper.loop(Looper.java:318)
04-04 19:27:55.339 23223 24081 W System.err: at android.os.HandlerThread.run(HandlerThread.java:67)
04-04 19:27:55.340 23223 24081 E ArmVmp : Match on catch block at 0x17 in for 0x7e4e5e4e0d
04-04 19:27:55.340 23223 24081 W System.err: java.lang.NullPointerException
04-04 19:27:55.340 23223 24081 W System.err: at mbmodsd.mbmodsw.ui.views.toast.GET.A21(Native Method)
04-04 19:27:55.341 23223 24081 W System.err: at mbmodsd.mbmodsw.ui.views.toast.GET.getContactInfoGET(Native Method)
04-04 19:27:55.341 23223 24081 W System.err: at mbmodsd.mbmodsw.ui.views.toast.GET.<init>(Unknown Source:5)
04-04 19:27:55.341 23223 24081 W System.err: at mbmodsd.mbmodsw.ui.views.toast.MBON.rT(Native Method)
04-04 19:27:55.341 23223 24081 W System.err: at mbmodsd.mbmodsw.MB.MBColorToast(Native Method)
04-04 19:27:55.341 23223 24081 W System.err: at X.10L.A01(Unknown Source:217)
04-04 19:27:55.341 23223 24081 W System.err: at X.10I.handleMessage(Unknown Source:12)
04-04 19:27:55.341 23223 24081 W System.err: at android.os.Handler.dispatchMessage(Handler.java:106)
04-04 19:27:55.342 23223 24081 W System.err: at android.os.Looper.loopOnce(Looper.java:224)
04-04 19:27:55.342 23223 24081 W System.err: at android.os.Looper.loop(Looper.java:318)
04-04 19:27:55.342 23223 24081 W System.err: at android.os.HandlerThread.run(HandlerThread.java:67)
04-04 19:27:56.962 23223 23223 W BpBinder: PerfMonitor binderTransact: time=247ms interface=android.app.IActivityManager code=37
04-04 19:27:57.440 23223 24589 W BpBinder: PerfMonitor binderTransact: time=315ms interface=android.app.job.IJobScheduler code=2
04-04 19:28:05.621 23223 24103 W BpBinder: PerfMonitor binderTransact: time=10985ms interface=android.system.keystore2.IKeystoreSecurityLevel code=2
04-04 19:28:10.209 23223 23260 W com.mbwhatsapp: ApkAssets: Deleting an ApkAssets object '<empty> and /data/app/~~orXk74Jjafb4iDFo-nDEIw==/com.facebook.katana- yuBvvmVptDWkBKop8R2U_A==/base.apk' with 1 weak references
04-04 19:28:10.212 23223 23260 W com.mbwhatsapp: ApkAssets: Deleting an ApkAssets object '<empty> and /data/app/~~orXk74Jjafb4iDFo-nDEIw==/com.facebook.katana- yuBvvmVptDWkBKop8R2U_A==/split_arservicesoptional.apk' with 1 weak references
04-04 19:28:10.212 23223 23260 W com.mbwhatsapp: ApkAssets: Deleting an ApkAssets object '<empty> and /data/app/~~orXk74Jjafb4iDFo-nDEIw==/com.facebook.katana- yuBvvmVptDWkBKop8R2U_A==/split_cgnativeplayer.apk' with 1 weak references
04-04 19:28:10.212 23223 23260 W com.mbwhatsapp: ApkAssets: Deleting an ApkAssets object '<empty> and /data/app/~~orXk74Jjafb4iDFo-nDEIw==/com.facebook.katana- yuBvvmVptDWkBKop8R2U_A==/split_cgwebrtc.apk' with 1 weak references
04-04 19:28:10.233 23223 23260 W com.mbwhatsapp: ApkAssets: Deleting an ApkAssets object '<empty> and /data/app/~~orXk74Jjafb4iDFo-nDEIw==/com.facebook.katana- yuBvvmVptDWkBKop8R2U_A==/split_i18n_es_LA.apk' with 1 weak references
04-04 19:28:10.252 23223 23260 W com.mbwhatsapp: ApkAssets: Deleting an ApkAssets object '<empty> and /data/app/~~orXk74Jjafb4iDFo-nDEIw==/com.facebook.katana- yuBvvmVptDWkBKop8R2U_A==/split_instantgames.apk' with 1 weak references
04-04 19:28:10.254 23223 23260 W com.mbwhatsapp: ApkAssets: Deleting an ApkAssets object '<empty> and /data/app/~~orXk74Jjafb4iDFo-nDEIw==/com.facebook.katana- yuBvvmVptDWkBKop8R2U_A==/split_instantgamesads.apk' with 1 weak references
04-04 19:28:10.254 23223 23260 W com.mbwhatsapp: ApkAssets: Deleting an ApkAssets object '<empty> and /data/app/~~orXk74Jjafb4iDFo-nDEIw==/com.facebook.katana- yuBvvmVptDWkBKop8R2U_A==/split_papaya.apk' with 1 weak references
04-04 19:28:10.254 23223 23260 W com.mbwhatsapp: ApkAssets: Deleting an ApkAssets object '<empty> and /data/app/~~orXk74Jjafb4iDFo-nDEIw==/com.facebook.katana- yuBvvmVptDWkBKop8R2U_A==/split_papayaanalyticstorch.apk' with 1 weak references
04-04 19:28:10.254 23223 23260 W com.mbwhatsapp: ApkAssets: Deleting an ApkAssets object '<empty> and /data/app/~~orXk74Jjafb4iDFo-nDEIw==/com.facebook.katana- yuBvvmVptDWkBKop8R2U_A==/split_papayatorch.apk' with 1 weak references
04-04 19:28:10.255 23223 23260 W com.mbwhatsapp: ApkAssets: Deleting an ApkAssets object '<empty> and /data/app/~~orXk74Jjafb4iDFo-nDEIw==/com.facebook.katana- yuBvvmVptDWkBKop8R2U_A==/split_pytorch.apk' with 1 weak references
04-04 19:28:10.255 23223 23260 W com.mbwhatsapp: ApkAssets: Deleting an ApkAssets object '<empty> and /data/app/~~orXk74Jjafb4iDFo-nDEIw==/com.facebook.katana- yuBvvmVptDWkBKop8R2U_A==/split_s_arservicesoptional_slam.apk' with 1 weak references
04-04 19:28:10.255 23223 23260 W com.mbwhatsapp: ApkAssets: Deleting an ApkAssets object '<empty> and /data/app/~~orXk74Jjafb4iDFo-nDEIw==/com.facebook.katana- yuBvvmVptDWkBKop8R2U_A==/split_s_cgwebrtc_horizon.apk' with 1 weak references
04-04 19:28:10.255 23223 23260 W com.mbwhatsapp: ApkAssets: Deleting an ApkAssets object '<empty> and /data/app/~~orXk74Jjafb4iDFo-nDEIw==/com.facebook.katana- yuBvvmVptDWkBKop8R2U_A==/split_s_papaya_torchedlooper.apk' with 1 weak references
04-04 19:28:10.255 23223 23260 W com.mbwhatsapp: ApkAssets: Deleting an ApkAssets object '<empty> and /data/app/~~orXk74Jjafb4iDFo-nDEIw==/com.facebook.katana- yuBvvmVptDWkBKop8R2U_A==/split_s_papayaanalyticstorch_papayatorch.apk' with 1 weak references
04-04 19:28:10.255 23223 23260 W com.mbwhatsapp: ApkAssets: Deleting an ApkAssets object '<empty> and /data/app/~~orXk74Jjafb4iDFo-nDEIw==/com.facebook.katana- yuBvvmVptDWkBKop8R2U_A==/ split_s_papayaanalyticstorch_papayatorch_torchedlooper.apk' with 1 weak references
04-04 19:28:10.255 23223 23260 W com.mbwhatsapp: ApkAssets: Deleting an ApkAssets object '<empty> and /data/app/~~orXk74Jjafb4iDFo-nDEIw==/com.facebook.katana- yuBvvmVptDWkBKop8R2U_A==/split_s_papayatorch_torchedlooper.apk' with 1 weak references
04-04 19:28:10.256 23223 23260 W com.mbwhatsapp: ApkAssets: Deleting an ApkAssets object '<empty> and /data/app/~~orXk74Jjafb4iDFo-nDEIw==/com.facebook.katana- yuBvvmVptDWkBKop8R2U_A==/split_slam.apk' with 1 weak references
04-04 19:28:11.702 23223 23991 E SQLiteDatabase: Error inserting transferred=0 media_job_uuid=7548005b-105e-4ee8-b65f-5ac8b3971c40 transcoded=0 gif_attribution=0 first_scan_length=0 direct_path=/v/t62.7161- 24/20111642_1126604732097599_6375429125594510930_n.enc?ccb=11- 4&oh=01_ASBtH0Q4UTeNBGw8OjQHb3Bgvi14FtCfFfwY2zYRezrZtQ&oe=66359F8B&_nc_sid=5e03e0 thumbnail_height_width_ratio=1.7777778 is_animated_sticker=0 file_hash=OXIRUqwvljWC1BsN5zWUqk+ge7uRth6Gss9C9MxTPOk= file_path=null file_size=0 partial_media_hash=null face_x=0 face_y=0 height=1280 trim_to=0 media_key_timestamp=1712199275000 message_url=https://mmg.whatsapp.net/v/t62.7161- 24/20111642_1126604732097599_6375429125594510930_n.enc?ccb=11- 4&oh=01_ASBtH0Q4UTeNBGw8OjQHb3Bgvi14FtCfFfwY2zYRezrZtQ&oe=66359F8B&_nc_sid=5e03e0&m ms3=true media_caption=null trim_from=0 mime_type=video/mp4 partial_media_enc_hash=null width=720 original_file_hash=null has_streaming_sidecar=1 autotransfer_retry_enabled=1 media_upload_handle=null message_row_id=26 multicast_id=null enc_file_hash=eI6B1+8ELatnywiib9sFjndrJ/d13W08ejlam+pPLm4= mute_video=0 page_count=0 first_scan_sidecar=null suspicious_content=0 file_length=1073417 media_name=null media_duration=13 chat_row_id=5 media_key=[B@ee05110
04-04 19:28:11.702 23223 23991 E SQLiteDatabase: android.database.sqlite.SQLiteConstraintException: UNIQUE constraint failed: message_media.message_row_id (code 1555 SQLITE_CONSTRAINT_PRIMARYKEY)
04-04 19:28:11.702 23223 23991 E SQLiteDatabase: at android.database.sqlite.SQLiteConnection.nativeExecuteForLastInsertedRowId(Native Method)
04-04 19:28:11.702 23223 23991 E SQLiteDatabase: at android.database.sqlite.SQLiteConnection.executeForLastInsertedRowId(SQLiteConnecti on.java:961)
04-04 19:28:11.702 23223 23991 E SQLiteDatabase: at android.database.sqlite.SQLiteSession.executeForLastInsertedRowId(SQLiteSession.jav a:790)
04-04 19:28:11.702 23223 23991 E SQLiteDatabase: at android.database.sqlite.SQLiteStatement.executeInsert(SQLiteStatement.java:89)
04-04 19:28:11.702 23223 23991 E SQLiteDatabase: at android.database.sqlite.SQLiteDatabase.insertWithOnConflict(SQLiteDatabase.java:187 0)
04-04 19:28:11.702 23223 23991 E SQLiteDatabase: at android.database.sqlite.SQLiteDatabase.insert(SQLiteDatabase.java:1739)
04-04 19:28:11.702 23223 23991 E SQLiteDatabase: at X.2tm.A08(Unknown Source:6)
04-04 19:28:11.702 23223 23991 E SQLiteDatabase: at X.35Y.A07(Unknown Source:212)
04-04 19:28:11.702 23223 23991 E SQLiteDatabase: at X.3QF.A14(Unknown Source:470)
04-04 19:28:11.702 23223 23991 E SQLiteDatabase: at X.3gU.run(Unknown Source:982)
04-04 19:28:11.702 23223 23991 E SQLiteDatabase: at android.os.Handler.handleCallback(Handler.java:958)
04-04 19:28:11.702 23223 23991 E SQLiteDatabase: at android.os.Handler.dispatchMessage(Handler.java:99) 04-04 19:--------- beginning of system
04-04 19:28:29.834 23223 24052 W BpBinder: PerfMonitor binderTransact: time=591ms interface=android.content.pm.IPackageManager code=83
04-04 19:28:45.948 23223 24004 W BpBinder: PerfMonitor binderTransact: time=448ms interface=com.android.internal.telecom.ITelecomService code=18
04-04 19:28:53.193 23223 24094 W BpBinder: PerfMonitor binderTransact: time=5264ms interface=android.content.pm.IPackageManager code=9
04-04 19:28:54.485 23223 24318 W BpBinder: PerfMonitor binderTransact: time=304ms interface=android.content.IContentProvider code=1
04-04 19:28:56.082 23223 24004 W BpBinder: PerfMonitor binderTransact: time=202ms interface=android.app.IActivityManager code=9 --------- beginning of main
04-04 20:31:01.262 23466 23466 E com.mbwhatsapp: Not starting debugger since process cannot load the jdwp agent.
04-04 20:31:01.799 23466 23466 W System.err: java.lang.ClassNotFoundException: mbmodsd.mbmodsw.ui.views.btn.BtnBK
04-04 20:31:01.799 23466 23466 W System.err: at java.lang.Runtime.nativeLoad(Native Method)
04-04 20:31:01.799 23466 23466 W System.err: at java.lang.Runtime.nativeLoad(Runtime.java:1126)
04-04 20:31:01.799 23466 23466 W System.err: at java.lang.Runtime.loadLibrary0(Runtime.java:1080)
04-04 20:31:01.799 23466 23466 W System.err: at java.lang.Runtime.loadLibrary0(Runtime.java:1003)
04-04 20:31:01.799 23466 23466 W System.err: at java.lang.System.loadLibrary(System.java:1661)
04-04 20:31:01.799 23466 23466 W System.err: at arm.EpicVm.<clinit>(Unknown Source:2)
04-04 20:31:01.799 23466 23466 W System.err: at java.lang.Class.newInstance(Native Method)
04-04 20:31:01.800 23466 23466 W System.err: at android.app.AppComponentFactory.instantiateApplication(AppComponentFactory.java:76)
04-04 20:31:01.800 23466 23466 W System.err: at androidx.core.app.CoreComponentFactory.instantiateApplication(Unknown Source:0)
04-04 20:31:01.800 23466 23466 W System.err: at android.app.Instrumentation.newApplication(Instrumentation.java:1286)
04-04 20:31:01.800 23466 23466 W System.err: at android.app.LoadedApk.makeApplicationInner(LoadedApk.java:1487)
04-04 20:31:01.800 23466 23466 W System.err: at android.app.LoadedApk.makeApplicationInner(LoadedApk.java:1424)
04-04 20:31:01.800 23466 23466 W System.err: at android.app.ActivityThread.handleBindApplication(ActivityThread.java:7420)
04-04 20:31:01.800 23466 23466 W System.err: at android.app.ActivityThread.-$ $Nest$mhandleBindApplication(Unknown Source:0)
04-04 20:31:01.800 23466 23466 W System.err: at android.app.ActivityThread$H.handleMessage(ActivityThread.java:2374)
04-04 20:31:01.800 23466 23466 W System.err: at android.os.Handler.dispatchMessage(Handler.java:106)
04-04 20:31:01.800 23466 23466 W System.err: at android.os.Looper.loopOnce(Looper.java:224)
04-04 20:31:01.800 23466 23466 W System.err: at android.os.Looper.loop(Looper.java:318)
04-04 20:31:01.800 23466 23466 W System.err: at android.app.ActivityThread.main(ActivityThread.java:8727)
04-04 20:31:01.800 23466 23466 W System.err: at java.lang.reflect.Method.invoke(Native Method)
04-04 20:31:01.800 23466 23466 W System.err: at com.android.internal.os.RuntimeInit$MethodAndArgsCaller.run(RuntimeInit.java:561)
04-04 20:31:01.800 23466 23466 W System.err: at com.android.internal.os.ZygoteInit.main(ZygoteInit.java:1013)
04-04 20:31:01.826 23466 23466 E CustomActivityOnCrash: IMPORTANT WARNING! You already have an UncaughtExceptionHandler, are you sure this is correct? If you use a custom UncaughtExceptionHandler, you must initialize it AFTER CustomActivityOnCrash! Installing anyway, but your original handler will not be called.
04-04 20:31:02.519 23466 23466 W com.mbwhatsapp: Accessing hidden method Lcom/android/org/conscrypt/OpenSSLSocketImpl;->setUseSessionTickets(Z)V (max- target-q,core-platform-api, reflection, denied)
04-04 20:31:02.524 23466 23466 W com.mbwhatsapp: Accessing hidden method Lcom/android/org/conscrypt/AbstractConscryptSocket;->setUseSessionTickets(Z)V (max- target-q, reflection, denied)
04-04 20:31:02.699 23504 23504 W libprocessgroup: JoinCgroup: controller--------- beginning of system
04-04 20:31:02.814 23466 23466 W Looper : PerfMonitor longMsg : seq=2 plan=20:31:01.286 late=7ms wall=1507ms h=android.app.ActivityThread$H w=110 procState=-1
04-04 22:01:38.896 18703 18703 W Looper : PerfMonitor longMsg : seq=2 plan=22:01:37.395 late=5ms wall=1465ms h=android.app.ActivityThread$H w=110 procState=-1
04-04 22:25:09.711 24106 24106 W Looper : PerfMonitor longMsg : seq=2 plan=22:25:07.403 late=31ms wall=2253ms h=android.app.ActivityThread$H w=110 procState=-1 --------- beginning of main
04-04 23:45:35.048 20682 20682 E com.mbwhatsapp: Not starting debugger since process cannot load the jdwp agent.
04-04 23:45:35.345 20682 20682 W System.err: java.lang.ClassNotFoundException: mbmodsd.mbmodsw.ui.views.btn.BtnBK
04-04 23:45:35.346 20682 20682 W System.err: at java.lang.Runtime.nativeLoad(Native Method)
04-04 23:45:35.346 20682 20682 W System.err: at java.lang.Runtime.nativeLoad(Runtime.java:1126)
04-04 23:45:35.346 20682 20682 W System.err: at java.lang.Runtime.loadLibrary0(Runtime.java:1080)
04-04 23:45:35.346 20682 20682 W System.err: at java.lang.Runtime.loadLibrary0(Runtime.java:1003)
04-04 23:45:35.346 20682 20682 W System.err: at java.lang.System.loadLibrary(System.java:1661)
04-04 23:45:35.346 20682 20682 W System.err: at arm.EpicVm.<clinit>(Unknown Source:2)
04-04 23:45:35.346 20682 20682 W System.err: at java.lang.Class.newInstance(Native Method)
04-04 23:45:35.346 20682 20682 W System.err: at android.app.AppComponentFactory.instantiateApplication(AppComponentFactory.java:76)
04-04 23:45:35.346 20682 20682 W System.err: at androidx.core.app.CoreComponentFactory.instantiateApplication(Unknown Source:0)
04-04 23:45:35.346 20682 20682 W System.err: at android.app.Instrumentation.newApplication(Instrumentation.java:1286)
04-04 23:45:35.346 20682 20682 W System.err: at android.app.LoadedApk.makeApplicationInner(LoadedApk.java:1487)
04-04 23:45:35.346 20682 20682 W System.err: at android.app.LoadedApk.makeApplicationInner(LoadedApk.java:1424)
04-04 23:45:35.346 20682 20682 W System.err: at android.app.ActivityThread.handleBindApplication(ActivityThread.java:7420)
04-04 23:45:35.346 20682 20682 W System.err: at android.app.ActivityThread.-$ $Nest$mhandleBindApplication(Unknown Source:0)
04-04 23:45:35.346 20682 20682 W System.err: at android.app.ActivityThread$H.handleMessage(ActivityThread.java:2374)
04-04 23:45:35.346 20682 20682 W System.err: at android.os.Handler.dispatchMessage(Handler.java:106)
04-04 23:45:35.346 20682 20682 W System.err: at android.os.Looper.loopOnce(Looper.java:224)
04-04 23:45:35.346 20682 20682 W System.err: at android.os.Looper.loop(Looper.java:318)
04-04 23:45:35.346 20682 20682 W System.err: at android.app.ActivityThread.main(ActivityThread.java:8727)
04-04 23:45:35.346 20682 20682 W System.err: at java.lang.reflect.Method.invoke(Native Method)
04-04 23:45:35.346 20682 20682 W System.err: at com.android.internal.os.RuntimeInit$MethodAndArgsCaller.run(RuntimeInit.java:561)
04-04 23:45:35.346 20682 20682 W System.err: at com.android.internal.os.ZygoteInit.main(ZygoteInit.java:1013)
04-04 23:45:35.356 20682 20682 E CustomActivityOnCrash: IMPORTANT WARNING! You already have an UncaughtExceptionHandler, are you sure this is correct? If you use a custom UncaughtExceptionHandler, you must initialize it AFTER CustomActivityOnCrash! Installing anyway, but your original handler will not be called.
04-04 23:45:35.914 20682 20682 W com.mbwhatsapp: Accessing hidden method Lcom/android/org/conscrypt/OpenSSLSocketImpl;->setUseSessionTickets(Z)V (max- target-q,core-platform-api, reflection, denied)
04-04 23:45:35.914 20682 20682 W com.mbwhatsapp: Accessing hidden method Lcom/android/org/conscrypt/AbstractConscryptSocket;->setUseSessionTickets(Z)V (max- target-q, reflection, denied)
04-04 23:45:35.973 20682 20682 W com.mbwhatsapp: type=1400 audit(0.0:834990): avc: granted { execute } for path="/data/data/com.mbwhatsapp/files/decompressed/libs.spk.zst/libc++_shared.so" dev="dm-55" ino=105337 scontext=u:r:untrusted_app_32:s0:c68,c257,c512,c768--------- beginning of system
04-04 23:45:36.147 20682 20682 W Looper : PerfMonitor longMsg : seq=2 plan=23:45:35.073 late=2ms wall=1055ms h=android.app.ActivityThread$H w=110 procState=-1 --------- beginning of main
04-05 06:16:03.823 1516 1516 E com.mbwhatsapp: Not starting debugger since process cannot load the jdwp agent.
04-05 06:16:04.444 1516 1516 W BpBinder: PerfMonitor binderTransact: time=336ms interface=android.app.IActivityManager code=25
04-05 06:16:04.826 1516 1516 W System.err: java.lang.ClassNotFoundException: mbmodsd.mbmodsw.ui.views.btn.BtnBK
04-05 06:16:04.832 1516 1516 W System.err: at java.lang.Runtime.nativeLoad(Native Method)
04-05 06:16:04.832 1516 1516 W System.err: at java.lang.Runtime.nativeLoad(Runtime.java:1126)
04-05 06:16:04.832 1516 1516 W System.err: at java.lang.Runtime.loadLibrary0(Runtime.java:1080)
04-05 06:16:04.832 1516 1516 W System.err: at java.lang.Runtime.loadLibrary0(Runtime.java:1003)
04-05 06:16:04.832 1516 1516 W System.err: at java.lang.System.loadLibrary(System.java:1661)
04-05 06:16:04.832 1516 1516 W System.err: at arm.EpicVm.<clinit>(Unknown Source:2)
04-05 06:16:04.832 1516 1516 W System.err: at java.lang.Class.newInstance(Native Method)
04-05 06:16:04.832 1516 1516 W System.err: at android.app.AppComponentFactory.instantiateApplication(AppComponentFactory.java:76)
04-05 06:16:04.832 1516 1516 W System.err: at androidx.core.app.CoreComponentFactory.instantiateApplication(Unknown Source:0)
04-05 06:16:04.832 1516 1516 W System.err: at android.app.Instrumentation.newApplication(Instrumentation.java:1286)
04-05 06:16:04.832 1516 1516 W System.err: at android.app.LoadedApk.makeApplicationInner(LoadedApk.java:1487)
04-05 06:16:04.832 1516 1516 W System.err: at android.app.LoadedApk.makeApplicationInner(LoadedApk.java:1424)
04-05 06:16:04.832 1516 1516 W System.err: at android.app.ActivityThread.handleBindApplication(ActivityThread.java:7420)
04-05 06:16:04.832 1516 1516 W System.err: at android.app.ActivityThread.-$ $Nest$mhandleBindApplication(Unknown Source:0)
04-05 06:16:04.832 1516 1516 W System.err: at android.app.ActivityThread$H.handleMessage(ActivityThread.java:2374)
04-05 06:16:04.832 1516 1516 W System.err: at android.os.Handler.dispatchMessage(Handler.java:106)
04-05 06:16:04.832 1516 1516 W System.err: at android.os.Looper.loopOnce(Looper.java:224)
04-05 06:16:04.832 1516 1516 W System.err: at android.os.Looper.loop(Looper.java:318)
04-05 06:16:04.832 1516 1516 W System.err: at android.app.ActivityThread.main(ActivityThread.java:8727)
04-05 06:16:04.832 1516 1516 W System.err: at java.lang.reflect.Method.invoke(Native Method)
04-05 06:16:04.832 1516 1516 W System.err: at com.android.internal.os.RuntimeInit$MethodAndArgsCaller.run(RuntimeInit.java:561)
04-05 06:16:04.832 1516 1516 W System.err: at com.android.internal.os.ZygoteInit.main(ZygoteInit.java:1013)
04-05 06:16:04.875 1516 1516 E CustomActivityOnCrash: IMPORTANT WARNING! You already have an UncaughtExceptionHandler, are you sure this is correct? If you use a custom UncaughtExceptionHandler, you must initialize it AFTER CustomActivityOnCrash! Installing anyway, but your original handler will not be called.
04-05 06:16:06.236 1516 1516 W com.mbwhatsapp: Accessing hidden method Lcom/android/org/conscrypt/OpenSSLSocketImpl;->setUseSessionTickets(Z)V (max- target-q,core-platform-api, reflection, denied)
04-05 06:16:06.243 1516 1516 W com.mbwhatsapp: Accessing hidden method Lcom/android/org/conscrypt/AbstractConscryptSocket;->setUseSessionTickets(Z)V (max- target-q, reflection, denied)
04-05 06:16:06.341 2292 2292 W libprocessgroup: JoinCgroup: controller schedtune is not found
04-05 06:16:06.821 1516 2503 W com.mbwhatsapp: Method void X.2rL.A03(java.lang.Integer) failed lock verification and will run slower.
04-05 06:16:06.821 1516 2503 W com.mbwhatsapp: Common causes for lock verification issues are non-optimized dex code
04-05 06:16:06.821 1516 2503 W com.mbwhatsapp: and incorrect proguard optimizations.
