04-05 20:56:36.703 31586 32410 E OpenGLRenderer: Unable to match the desired swap behavior.
04-05 20:56:36.878 31586 32410 E OpenGLRenderer: Unable to match the desired swap behavior.
04-05 20:56:36.995 31586 31586 W Looper : PerfMonitor doFrame : time=342ms vsyncFrame=0 latency=443ms procState=-1 historyMsgCount=1 (msgIndex=1 wall=458ms seq=9138 late=69ms h=android.app.ActivityThread$H w=159)
04-05 20:56:37.249 31586 31586 W Looper : PerfMonitor doFrame : time=7ms vsyncFrame=0 latency=581ms procState=-1 historyMsgCount=13 (msgIndex=1 wall=342ms seq=9139 late=443ms h=android.view.Choreographer$FrameHandler c=android.view.Choreographer$FrameDisplayEventReceiver) (msgIndex=13 wall=176ms seq=9151 late=499ms h=X.10C w=4)
04-05 20:56:38.101 31586 10710 E libOpenSLES: frameworks/wilhelm/src/android/AudioPlayer_to_android.cpp:1298: pthread_mutex_lock_timeout_np returned 110
04-05 20:56:38.122 31586 10710 E libOpenSLES: frameworks/wilhelm/src/android/AudioPlayer_to_android.cpp:1298: pthread_mutex_lock_timeout_np returned 110
04-05 20:56:38.367 31586 10639 W BpBinder: PerfMonitor binderTransact: time=243ms interface=android.media.IAudioRecord code=2
04-05 20:56:39.220 31586 31586 W Looper : PerfMonitor doFrame : time=47ms vsyncFrame=0 latency=674ms procState=-1 historyMsgCount=3 (msgIndex=1 wall=687ms seq=9246 late=1ms h=android.os.Handler w=4)
04-05 20:56:39.221 31586 31586 W Looper : PerfMonitor looperActivity : package=com.mbwhatsapp/com.whatsapp.voipcalling.VoipActivityV2 time=0ms latency=647ms procState=-1 historyMsgCount=8 (msgIndex=1 wall=687ms seq=9246 late=1ms h=android.os.Handler w=4)
04-05 20:56:39.223 31586 31586 W Looper : PerfMonitor looperActivity : package=com.mbwhatsapp/com.whatsapp.voipcalling.VoipActivityV2 time=2ms latency=640ms procState=-1 historyMsgCount=9 (msgIndex=1 wall=687ms seq=9246 late=1ms h=android.os.Handler w=4)
04-05 20:56:39.273 31586 31586 E ArmVmp : Match on catch block at 0x0a in for 0x7e4e5e4035
04-05 20:56:39.280 31586 31586 E ArmVmp : Match on catch block at 0x0a in for 0x7e4e5e4035
04-05 20:56:39.519 31586 32410 E OpenGLRenderer: Unable to match the desired swap behavior.
04-05 20:56:39.596 31586 31586 E ArmVmp : Match on catch block at 0xc3 in for 0x7e4e5e4025
04-05 20:56:39.601 31586 31960 W com.mbwhatsapp: Accessing hidden method Landroid/app/MiuiNotification;-><init>()V (blocked, reflection, denied)
04-05 20:56:39.634 31586 31586 E ArmVmp : Match on catch block at 0xc3 in for 0x7e4e5e4025
04-05 20:56:39.725 31586 31586 W Looper : PerfMonitor doFrame : time=318ms vsyncFrame=0 latency=223ms procState=-1 historyMsgCount=20 (msgIndex=14 wall=120ms seq=9262 late=135ms h=android.app.ActivityThread$H w=159)
04-05 20:56:39.788 31586 31586 E ArmVmp : Match on catch block at 0xc3 in for 0x7e4e5e4025
04-05 20:56:39.795 31586 31586 E ArmVmp : Match on catch block at 0xc3 in for 0x7e4e5e4025
04-05 20:56:39.837 31586 31586 W Looper : PerfMonitor doFrame : time=92ms vsyncFrame=0 latency=327ms procState=-1 historyMsgCount=28 (msgIndex=1 wall=318ms seq=9269 late=223ms h=android.view.Choreographer$FrameHandler c=android.view.Choreographer$FrameDisplayEventReceiver)
04-05 20:56:39.855 31586 31586 E ArmVmp : Match on catch block at 0xc3 in for 0x7e4e5e4025
04-05 20:56:39.859 31586 31586 E ArmVmp : Match on catch block at 0xc3 in for 0x7e4e5e4025
04-05 20:56:39.882 31586 31586 E ArmVmp : Match on catch block at 0xc3 in for 0x7e4e5e4025
04-05 20:56:39.889 31586 31586 E ArmVmp : Match on catch block at 0xc3 in for 0x7e4e5e4025
04-05 20:56:39.913 31586 31586 E ArmVmp : Match on catch block at 0xc3 in for 0x7e4e5e4025
04-05 20:56:39.916 31586 31586 E ArmVmp : Match on catch block at 0xc3 in for 0x7e4e5e4025
04-05 20:56:39.926 31586 31586 E ArmVmp : Match on catch block at 0xc3 in for 0x7e4e5e4025
04-05 20:56:39.930 31586 31586 E ArmVmp : Match on catch block at 0xc3 in for 0x7e4e5e4025
04-05 20:56:39.938 31586 31586 E ArmVmp : Match on catch block at 0xc3 in for 0x7e4e5e4025
04-05 20:56:39.942 31586 31586 E ArmVmp : Match on catch block at 0xc3 in for 0x7e4e5e4025
04-05 20:56:39.954 31586 31586 E ArmVmp : Match on catch block at 0xc3 in for 0x7e4e5e4025
04-05 20:56:39.957 31586 31586 E ArmVmp : Match on catch block at 0xc3 in for 0x7e4e5e4025
04-05 20:56:39.972 31586 31586 E ArmVmp : Match on catch block at 0xc3 in for 0x7e4e5e4025
04-05 20:56:39.974 31586 31586 E ArmVmp : Match on catch block at 0xc3 in for 0x7e4e5e4025
04-05 20:56:39.988 31586 31586 E ArmVmp : Match on catch block at 0xc3 in for 0x7e4e5e4025
04-05 20:56:39.993 31586 31586 E ArmVmp : Match on catch block at 0xc3 in for 0x7e4e5e4025
04-05 20:56:40.209 31586 31586 E ArmVmp : Match on catch block at 0xc3 in for 0x7e4e5e4025
04-05 20:56:40.215 31586 31586 E ArmVmp : Match on catch block at 0xc3 in for 0x7e4e5e4025
04-05 20:56:40.221 31586 31586 E ArmVmp : Match on catch block at 0xc3 in for 0x7e4e5e4025
04-05 20:56:40.225 31586 31586 E ArmVmp : Match on catch block at 0xc3 in for 0x7e4e5e4025
04-05 20:56:40.245 31586 31586 E ArmVmp : Match on catch block at 0xc3 in for 0x7e4e5e4025
04-05 20:56:40.247 31586 31586 E ArmVmp : Match on catch block at 0xc3 in for 0x7e4e5e4025
04-05 20:56:40.260 31586 31586 E ArmVmp : Match on catch block at 0xc3 in for 0x7e4e5e4025
04-05 20:56:40.264 31586 31586 E ArmVmp : Match on catch block at 0xc3 in for 0x7e4e5e4025
04-05 20:56:40.272 31586 31586 E ArmVmp : Match on catch block at 0xc3 in for 0x7e4e5e4025
04-05 20:56:40.282 31586 31586 E ArmVmp : Match on catch block at 0xc3 in for 0x7e4e5e4025
04-05 20:56:40.294 31586 31586 E ArmVmp : Match on catch block at 0xc3 in for 0x7e4e5e4025
04-05 20:56:40.304 31586 31586 E ArmVmp : Match on catch block at 0xc3 in for 0x7e4e5e4025
04-05 20:56:40.326 31586 31586 E ArmVmp : Match on catch block at 0xc3 in for 0x7e4e5e4025
04-05 20:56:40.331 31586 31586 E ArmVmp : Match on catch block at 0xc3 in for 0x7e4e5e4025
04-05 20:56:40.342 31586 31586 E ArmVmp : Match on catch block at 0xc3 in for 0x7e4e5e4025
04-05 20:56:40.347 31586 31586 E ArmVmp : Match on catch block at 0xc3 in for 0x7e4e5e4025
04-05 20:56:40.356 31586 31586 E ArmVmp : Match on catch block at 0xc3 in for 0x7e4e5e4025
04-05 20:56:40.362 31586 31586 E ArmVmp : Match on catch block at 0xc3 in for 0x7e4e5e4025
04-05 20:56:40.373 31586 31586 E ArmVmp : Match on catch block at 0xc3 in for 0x7e4e5e4025
04-05 20:56:40.378 31586 31586 E ArmVmp : Match on catch block at 0xc3 in for 0x7e4e5e4025
04-05 20:56:40.389 31586 31586 E ArmVmp : Match on catch block at 0xc3 in for 0x7e4e5e4025
04-05 20:56:40.395 31586 31586 E ArmVmp : Match on catch block at 0xc3 in for 0x7e4e5e4025
04-05 20:56:40.408 31586 31586 E ArmVmp : Match on catch block at 0xc3 in for 0x7e4e5e4025
04-05 20:56:40.416 31586 31586 E ArmVmp : Match on catch block at 0xc3 in for 0x7e4e5e4025
04-05 20:56:40.428 31586 31586 E ArmVmp : Match on catch block at 0xc3 in for 0x7e4e5e4025
04-05 20:56:40.431 31586 31586 E ArmVmp : Match on catch block at 0xc3 in for 0x7e4e5e4025
04-05 20:56:40.439 31586 31586 E ArmVmp : Match on catch block at 0xc3 in for 0x7e4e5e4025
04-05 20:56:40.442 31586 31586 E ArmVmp : Match on catch block at 0xc3 in for 0x7e4e5e4025
04-05 20:56:40.458 31586 31586 E ArmVmp : Match on catch block at 0xc3 in for 0x7e4e5e4025
04-05 20:56:40.461 31586 31586 E ArmVmp : Match on catch block at 0xc3 in for 0x7e4e5e4025
04-05 20:56:40.478 31586 31586 E ArmVmp : Match on catch block at 0xc3 in for 0x7e4e5e4025
04-05 20:56:40.494 31586 31586 E ArmVmp : Match on catch block at 0xc3 in for 0x7e4e5e4025
04-05 20:56:40.505 31586 31586 E ArmVmp : Match on catch block at 0xc3 in for 0x7e4e5e4025
04-05 20:56:40.509 31586 31586 E ArmVmp : Match on catch block at 0xc3 in for 0x7e4e5e4025
04-05 20:56:40.522 31586 31586 E ArmVmp : Match on catch block at 0xc3 in for 0x7e4e5e4025
04-05 20:56:40.527 31586 31586 E ArmVmp : Match on catch block at 0xc3 in for 0x7e4e5e4025
04-05 20:56:40.657 31586 31586 W WindowOnBackDispatcher: sendCancelIfRunning: isInProgress=falsecallback=android.view.ViewRootImpl$ $ExternalSyntheticLambda22@e043b3e
04-05 20:56:40.668 31586 31586 W WindowOnBackDispatcher: sendCancelIfRunning: isInProgress=falsecallback=android.view.ViewRootImpl$ $ExternalSyntheticLambda22@7a6cdd8
04-05 20:56:40.689 31586 31586 E ArmVmp : Match on catch block at 0xc3 in for 0x7e4e5e4025
04-05 20:56:40.691 31586 31586 E ArmVmp : Match on catch block at 0xc3 in for 0x7e4e5e4025
04-05 20:56:40.889 31586 31586 E ArmVmp : Match on catch block at 0xc3 in for 0x7e4e5e4025
04-05 20:56:40.892 31586 31586 E ArmVmp : Match on catch block at 0xc3 in for 0x7e4e5e4025
04-05 20:56:41.341 31586 31586 E ArmVmp : Match on catch block at 0xc3 in for 0x7e4e5e4025
04-05 20:56:41.344 31586 31586 E ArmVmp : Match on catch block at 0xc3 in for 0x7e4e5e4025
04-05 20:56:41.358 31586 31586 E ArmVmp : Match on catch block at 0xc3 in for 0x7e4e5e4025
04-05 20:56:41.360 31586 31586 E ArmVmp : Match on catch block at 0xc3 in for 0x7e4e5e4025
04-05 20:56:41.374 31586 31586 E ArmVmp : Match on catch block at 0xc3 in for 0x7e4e5e4025
04-05 20:56:41.376 31586 31586 E ArmVmp : Match on catch block at 0xc3 in for 0x7e4e5e4025
04-05 20:56:41.391 31586 31586 E ArmVmp : Match on catch block at 0xc3 in for 0x7e4e5e4025
04-05 20:56:41.392 31586 31586 E ArmVmp : Match on catch block at 0xc3 in for 0x7e4e5e4025
04-05 20:56:41.407 31586 31586 E ArmVmp : Match on catch block at 0xc3 in for 0x7e4e5e4025
04-05 20:56:41.410 31586 31586 E ArmVmp : Match on catch block at 0xc3 in for 0x7e4e5e4025
04-05 20:56:41.424 31586 31586 E ArmVmp : Match on catch block at 0xc3 in for 0x7e4e5e4025
04-05 20:56:41.426 31586 31586 E ArmVmp : Match on catch block at 0xc3 in for 0x7e4e5e4025
04-05 20:56:41.441 31586 31586 E ArmVmp : Match on catch block at 0xc3 in for 0x7e4e5e4025
04-05 20:56:41.442 31586 31586 E ArmVmp : Match on catch block at 0xc3 in for 0x7e4e5e4025
04-05 20:56:41.457 31586 31586 E ArmVmp : Match on catch block at 0xc3 in for 0x7e4e5e4025
04-05 20:56:41.459 31586 31586 E ArmVmp : Match on catch block at 0xc3 in for 0x7e4e5e4025
04-05 20:56:41.474 31586 31586 E ArmVmp : Match on catch block at 0xc3 in for 0x7e4e5e4025
04-05 20:56:41.476 31586 31586 E ArmVmp : Match on catch block at 0xc3 in for 0x7e4e5e4025
04-05 20:56:41.491 31586 31586 E ArmVmp : Match on catch block at 0xc3 in for 0x7e4e5e4025
04-05 20:56:41.493 31586 31586 E ArmVmp : Match on catch block at 0xc3 in for 0x7e4e5e4025
04-05 20:56:41.508 31586 31586 E ArmVmp : Match on catch block at 0xc3 in for 0x7e4e5e4025
04-05 20:56:41.509 31586 31586 E ArmVmp : Match on catch block at 0xc3 in for 0x7e4e5e4025
04-05 20:56:41.524 31586 31586 E ArmVmp : Match on catch block at 0xc3 in for 0x7e4e5e4025
04-05 20:56:41.526 31586 31586 E ArmVmp : Match on catch block at 0xc3 in for 0x7e4e5e4025
04-05 20:56:41.541 31586 31586 E ArmVmp : Match on catch block at 0xc3 in for 0x7e4e5e4025
04-05 20:56:41.542 31586 31586 E ArmVmp : Match on catch block at 0xc3 in for 0x7e4e5e4025
04-05 20:56:41.557 31586 31586 E ArmVmp : Match on catch block at 0xc3 in for 0x7e4e5e4025
04-05 20:56:41.559 31586 31586 E ArmVmp : Match on catch block at 0xc3 in for 0x7e4e5e4025
04-05 20:56:41.574 31586 31586 E ArmVmp : Match on catch block at 0xc3 in for 0x7e4e5e4025
04-05 20:56:41.576 31586 31586 E ArmVmp : Match on catch block at 0xc3 in for 0x7e4e5e4025
04-05 20:56:41.591 31586 31586 E ArmVmp : Match on catch block at 0xc3 in for 0x7e4e5e4025
04-05 20:56:41.593 31586 31586 E ArmVmp : Match on catch block at 0xc3 in for 0x7e4e5e4025
04-05 20:56:41.608 31586 31586 E ArmVmp : Match on catch block at 0xc3 in for 0x7e4e5e4025
04-05 20:56:41.609 31586 31586 E ArmVmp : Match on catch block at 0xc3 in for 0x7e4e5e4025
04-05 20:56:41.909 31586 31586 E ArmVmp : Match on catch block at 0xc3 in for 0x7e4e5e4025
04-05 20:56:41.912 31586 31586 E ArmVmp : Match on catch block at 0xc3 in for 0x7e4e5e4025
04-05 20:56:42.516 31586 31960 W com.mbwhatsapp: Accessing hidden method Landroid/app/MiuiNotification;-><init>()V (blocked, reflection, denied)
04-05 20:56:42.629 31586 31586 E ArmVmp : Match on catch block at 0xc3 in for 0x7e4e5e4025
04-05 20:56:42.636 31586 31586 E ArmVmp : Match on catch block at 0xc3 in for 0x7e4e5e4025
04-05 20:56:42.712 31586 31586 E ArmVmp : Match on catch block at 0xc3 in for 0x7e4e5e4025
04-05 20:56:42.716 31586 31586 E ArmVmp : Match on catch block at 0xc3 in for 0x7e4e5e4025
04-05 20:56:42.833 31586 31703 W AudioManager: Use of stream types is deprecated for operations other than volume control
04-05 20:56:42.833 31586 31703 W AudioManager: See the documentation of requestAudioFocus() for what to use instead with android.media.AudioAttributes to qualify your playback use case
04-05 20:56:42.843 31586 31586 W SoundPool: Use of stream types is deprecated for operations other than volume control
04-05 20:56:42.843 31586 31586 W SoundPool: See the documentation of SoundPool() for what to use instead with android.media.AudioAttributes to qualify your playback use case
04-05 20:56:42.978 31586 31586 E ArmVmp : Match on catch block at 0xc3 in for 0x7e4e5e4025
04-05 20:56:42.988 31586 31586 E ArmVmp : Match on catch block at 0xc3 in for 0x7e4e5e4025
04-05 20:56:43.026 31586 14102 W Codec2Client: query -- param skipped: index = 1107298332.
04-05 20:56:43.026 31586 14101 W Codec2Client: query -- param skipped: index = 1107298332.
04-05 20:56:43.029 31586 14101 W Codec2Client: query -- param skipped: index = 1342179345.
04-05 20:56:43.029 31586 14101 W Codec2Client: query -- param skipped: index = 2415921170.
04-05 20:56:43.052 31586 14102 W Codec2Client: query -- param skipped: index = 1342179345.
04-05 20:56:43.052 31586 14102 W Codec2Client: query -- param skipped: index = 2415921170.
04-05 20:56:43.248 31586 31586 W Looper : PerfMonitor looperActivity : package=com.mbwhatsapp/.Conversation time=1ms latency=330ms procState=-1 historyMsgCount=28 (msgIndex=1 wall=203ms seq=9500 late=112ms h=android.os.Handler c=X.3g0) (msgIndex=13 wall=66ms seq=9512 late=180ms h=android.app.ActivityThread$H c=android.app.LoadedApk$ReceiverDispatcher$Args$$ExternalSyntheticLambda0) (msgIndex=27 wall=170ms seq=9526 late=176ms h=android.os.Handler w=4)
04-05 20:56:43.299 31586 31586 W Looper : PerfMonitor looperActivity : package=com.mbwhatsapp/.Conversation time=50ms latency=326ms procState=-1 historyMsgCount=29 (msgIndex=1 wall=203ms seq=9500 late=112ms h=android.os.Handler c=X.3g0) (msgIndex=13 wall=66ms seq=9512 late=180ms h=android.app.ActivityThread$H c=android.app.LoadedApk$ReceiverDispatcher$Args$$ExternalSyntheticLambda0) (msgIndex=27 wall=170ms seq=9526 late=176ms h=android.os.Handler w=4)
04-05 20:56:43.424 31586 14136 W Codec2Client: query -- param skipped: index = 1107298332.
04-05 20:56:43.425 31586 31586 E ArmVmp : Match on catch block at 0xc3 in for 0x7e4e5e4025
04-05 20:56:43.434 31586 31586 E ArmVmp : Match on catch block at 0xc3 in for 0x7e4e5e4025
04-05 20:56:43.447 31586 14136 W Codec2Client: query -- param skipped: index = 1342179345.
04-05 20:56:43.447 31586 14136 W Codec2Client: query -- param skipped: index = 2415921170.
04-05 20:56:43.460 31586 31586 W Looper : PerfMonitor doFrame : time=75ms vsyncFrame=0 latency=409ms procState=-1 historyMsgCount=30 (msgIndex=8 wall=66ms seq=9512 late=180ms h=android.app.ActivityThread$H c=android.app.LoadedApk$ReceiverDispatcher$Args$$ExternalSyntheticLambda0) (msgIndex=22 wall=170ms seq=9526 late=176ms h=android.os.Handler w=4) (msgIndex=29 wall=64ms seq=9533 late=348ms h=android.view.ViewRootImpl$ViewRootHandler w=6)
04-05 20:56:43.594 31586 14157 W Codec2Client: query -- param skipped: index = 1107298332.
04-05 20:56:43.609 31586 14157 W Codec2Client: query -- param skipped: index = 1342179345.
04-05 20:56:43.609 31586 14157 W Codec2Client: query -- param skipped: index = 2415921170.
04-05 20:56:43.933 31586 14209 W Codec2Client: query -- param skipped: index = 1107298332.
04-05 20:56:43.948 31586 14209 W Codec2Client: query -- param skipped: index = 1342179345.
04-05 20:56:43.948 31586 14209 W Codec2Client: query -- param skipped: index = 2415921170.
04-05 20:56:43.969 31586 10639 W BpBinder: PerfMonitor binderTransact: time=210ms interface=android.media.IAudioFlingerService code=1
04-05 20:56:44.028 31586 10639 W libOpenSLES: Conversion from OpenSL ES positional channel mask 0x4 to Android mask 0 loses channels
04-05 20:56:44.263 31586 31586 W MessageMonitor: PerfMonitor: Slow Operation: Activity com.mbwhatsapp/com.whatsapp.voipcalling.VoipActivityV2 onCreate took 764ms
04-05 20:56:44.361 31586 31586 W Looper : PerfMonitor looperActivity : package=com.mbwhatsapp/com.whatsapp.voipcalling.VoipActivityV2 time=0ms latency=1087ms procState=-1 historyMsgCount=12 (msgIndex=5 wall=64ms seq=9533 late=348ms h=android.view.ViewRootImpl$ViewRootHandler w=6) (msgIndex=7 wall=75ms seq=9535 late=409ms h=android.view.Choreographer$FrameHandler c=android.view.Choreographer$FrameDisplayEventReceiver) (msgIndex=12 wall=899ms seq=9540 late=197ms h=android.app.ActivityThread$H w=159)
04-05 20:56:44.370 31586 31586 E ArmVmp : Match on catch block at 0xc3 in for 0x7e4e5e4025
04-05 20:56:44.372 31586 31586 E ArmVmp : Match on catch block at 0xc3 in for 0x7e4e5e4025
04-05 20:56:44.394 31586 32410 E OpenGLRenderer: Unable to match the desired swap behavior.
04-05 20:56:44.462 31586 32410 E OpenGLRenderer: Unable to match the desired swap behavior.
04-05 20:56:44.556 31586 31586 W Looper : PerfMonitor doFrame : time=187ms vsyncFrame=0 latency=967ms procState=-1 historyMsgCount=16 (msgIndex=1 wall=75ms seq=9535 late=409ms h=android.view.Choreographer$FrameHandler c=android.view.Choreographer$FrameDisplayEventReceiver) (msgIndex=6 wall=899ms seq=9540 late=197ms h=android.app.ActivityThread$H w=159)
04-05 20:56:44.598 31586 31586 W BottomSheetBehavior: BottomSheetBehavior now supports multiple callbacks. `setBottomSheetCallback()` removes all existing callbacks, including ones set internally by library authors, which may result in unintended behavior. This may change in the future. Please use `addBottomSheetCallback()` and `removeBottomSheetCallback()` instead to set your own callbacks.
04-05 20:56:44.765 31586 31586 E ArmVmp : Match on catch block at 0xc3 in for 0x7e4e5e4025
04-05 20:56:44.769 31586 31586 E ArmVmp : Match on catch block at 0xc3 in for 0x7e4e5e4025
04-05 20:56:44.770 31586 31586 W Looper : PerfMonitor doFrame : time=47ms vsyncFrame=0 latency=349ms procState=-1 historyMsgCount=57 (msgIndex=1 wall=187ms seq=9551 late=967ms h=android.view.Choreographer$FrameHandler c=android.view.Choreographer$FrameDisplayEventReceiver) (msgIndex=48 wall=95ms seq=9598 late=296ms h=android.app.Dialog$ListenersHandler w=69)
04-05 20:56:44.780 31586 31586 W Looper : PerfMonitor looperActivity : package=com.mbwhatsapp/.Conversation time=8ms latency=328ms procState=-1 historyMsgCount=67 (msgIndex=1 wall=187ms seq=9551 late=967ms h=android.view.Choreographer$FrameHandler c=android.view.Choreographer$FrameDisplayEventReceiver) (msgIndex=48 wall=95ms seq=9598 late=296ms h=android.app.Dialog$ListenersHandler w=69)
04-05 20:56:47.029 31586 31586 W WindowOnBackDispatcher: sendCancelIfRunning: isInProgress=falsecallback=android.view.ViewRootImpl$ $ExternalSyntheticLambda22@e92b6a3
04-05 20:56:47.295 31586 32661 W BpBinder: PerfMonitor binderTransact: time=248ms interface=android.media.IAudioPolicyService code=43
04-05 20:56:49.023 31586 32410 W RenderInspector: QueueBuffer time out on com.mbwhatsapp/com.whatsapp.voipcalling.VoipActivityV2, count=1, avg=39 ms, max=39 ms.
04-05 20:56:49.398 31586 10639 W libc : Access denied finding property "vendor.camera.aux.packagelist"
04-05 20:56:49.398 31586 10639 W libc : Access denied finding property "vendor.camera.aux.packagelistext"
04-05 20:56:49.398 31586 10639 W CameraExtImplXiaoMi: ignore the status update of camera: 2
04-05 20:56:49.500 31586 31586 E ArmVmp : Match on catch block at 0x0a in for 0x7e4e5e4035
04-05 20:56:49.505 31586 31586 E ArmVmp : Match on catch block at 0x0a in for 0x7e4e5e4035
04-05 20:56:49.597 31586 32410 E OpenGLRenderer: Unable to match the desired swap behavior.
04-05 20:56:49.651 31586 31586 E ArmVmp : Match on catch block at 0xc3 in for 0x7e4e5e4025
04-05 20:56:49.653 31586 31586 E ArmVmp : Match on catch block at 0xc3 in for 0x7e4e5e4025
04-05 20:56:49.731 31586 31586 E ArmVmp : Match on catch block at 0xc3 in for 0x7e4e5e4025
04-05 20:56:49.743 31586 31586 E ArmVmp : Match on catch block at 0xc3 in for 0x7e4e5e4025
04-05 20:56:49.750 31586 10639 W libc : Access denied finding property "vendor.camera.aux.packagelist"
04-05 20:56:49.750 31586 10639 W libc : Access denied finding property "vendor.camera.aux.packagelistext"
04-05 20:56:49.750 31586 10639 W CameraExtImplXiaoMi: ignore the status update of camera: 3
04-05 20:56:49.781 31586 31586 E ArmVmp : Match on catch block at 0xc3 in for 0x7e4e5e4025
04-05 20:56:49.790 31586 31586 E ArmVmp : Match on catch block at 0xc3 in for 0x7e4e5e4025
04-05 20:56:49.829 31586 31586 E ArmVmp : Match on catch block at 0xc3 in for 0x7e4e5e4025
04-05 20:56:49.836 31586 31586 E ArmVmp : Match on catch block at 0xc3 in for 0x7e4e5e4025
04-05 20:56:49.857 31586 31586 E ArmVmp : Match on catch block at 0xc3 in for 0x7e4e5e4025
04-05 20:56:49.859 31586 31586 E ArmVmp : Match on catch block at 0xc3 in for 0x7e4e5e4025
04-05 20:56:49.874 31586 31586 E ArmVmp : Match on catch block at 0xc3 in for 0x7e4e5e4025
04-05 20:56:49.878 31586 31586 E ArmVmp : Match on catch block at 0xc3 in for 0x7e4e5e4025
04-05 20:56:49.892 31586 31586 E ArmVmp : Match on catch block at 0xc3 in for 0x7e4e5e4025
04-05 20:56:49.894 31586 31586 E ArmVmp : Match on catch block at 0xc3 in for 0x7e4e5e4025
04-05 20:56:49.908 31586 31586 E ArmVmp : Match on catch block at 0xc3 in for 0x7e4e5e4025
04-05 20:56:49.913 31586 31586 E ArmVmp : Match on catch block at 0xc3 in for 0x7e4e5e4025
04-05 20:56:49.926 31586 31586 E ArmVmp : Match on catch block at 0xc3 in for 0x7e4e5e4025
04-05 20:56:49.937 31586 31586 E ArmVmp : Match on catch block at 0xc3 in for 0x7e4e5e4025
04-05 20:56:49.969 31586 31586 E ArmVmp : Match on catch block at 0xc3 in for 0x7e4e5e4025
04-05 20:56:49.978 31586 31586 E ArmVmp : Match on catch block at 0xc3 in for 0x7e4e5e4025
04-05 20:56:50.103 31586 10639 W libc : Access denied finding property "vendor.camera.aux.packagelist"
04-05 20:56:50.103 31586 10639 W libc : Access denied finding property "vendor.camera.aux.packagelistext"
04-05 20:56:50.103 31586 10639 W CameraExtImplXiaoMi: ignore the status update of camera: 4
04-05 20:56:50.324 31586 31586 E ArmVmp : Match on catch block at 0xc3 in for 0x7e4e5e4025
04-05 20:56:50.327 31586 31586 E ArmVmp : Match on catch block at 0xc3 in for 0x7e4e5e4025
04-05 20:56:50.357 31586 31586 E ArmVmp : Match on catch block at 0xc3 in for 0x7e4e5e4025
04-05 20:56:50.362 31586 31586 E ArmVmp : Match on catch block at 0xc3 in for 0x7e4e5e4025
04-05 20:56:50.374 31586 31586 E ArmVmp : Match on catch block at 0xc3 in for 0x7e4e5e4025
04-05 20:56:50.377 31586 31586 E ArmVmp : Match on catch block at 0xc3 in for 0x7e4e5e4025
04-05 20:56:50.393 31586 31586 E ArmVmp : Match on catch block at 0xc3 in for 0x7e4e5e4025
04-05 20:56:50.401 31586 31586 E ArmVmp : Match on catch block at 0xc3 in for 0x7e4e5e4025
04-05 20:56:50.410 31586 31586 E ArmVmp : Match on catch block at 0xc3 in for 0x7e4e5e4025
04-05 20:56:50.421 31586 31586 E ArmVmp : Match on catch block at 0xc3 in for 0x7e4e5e4025
04-05 20:56:50.441 31586 31586 E ArmVmp : Match on catch block at 0xc3 in for 0x7e4e5e4025
04-05 20:56:50.446 31586 31586 E ArmVmp : Match on catch block at 0xc3 in for 0x7e4e5e4025
04-05 20:56:50.454 31586 10639 W libc : Access denied finding property "vendor.camera.aux.packagelist"
04-05 20:56:50.454 31586 10639 W libc : Access denied finding property "vendor.camera.aux.packagelistext"
04-05 20:56:50.454 31586 10639 W CameraExtImplXiaoMi: ignore the status update of camera: 5
04-05 20:56:50.458 31586 31586 E ArmVmp : Match on catch block at 0xc3 in for 0x7e4e5e4025
04-05 20:56:50.463 31586 31586 E ArmVmp : Match on catch block at 0xc3 in for 0x7e4e5e4025
04-05 20:56:50.477 31586 31586 E ArmVmp : Match on catch block at 0xc3 in for 0x7e4e5e4025
04-05 20:56:50.482 31586 31586 E ArmVmp : Match on catch block at 0xc3 in for 0x7e4e5e4025
04-05 20:56:50.491 31586 31586 E ArmVmp : Match on catch block at 0xc3 in for 0x7e4e5e4025
04-05 20:56:50.495 31586 31586 E ArmVmp : Match on catch block at 0xc3 in for 0x7e4e5e4025
04-05 20:56:50.508 31586 31586 E ArmVmp : Match on catch block at 0xc3 in for 0x7e4e5e4025
04-05 20:56:50.515 31586 31586 E ArmVmp : Match on catch block at 0xc3 in for 0x7e4e5e4025
04-05 20:56:50.525 31586 31586 E ArmVmp : Match on catch block at 0xc3 in for 0x7e4e5e4025
04-05 20:56:50.532 31586 31586 E ArmVmp : Match on catch block at 0xc3 in for 0x7e4e5e4025
04-05 20:56:50.551 31586 14628 W BpBinder: PerfMonitor binderTransact: time=600ms interface=android.content.IContentProvider code=21
04-05 20:56:50.552 31586 10639 W libc : Access denied finding property "vendor.camera.aux.packagelist"
04-05 20:56:50.552 31586 10639 W libc : Access denied finding property "vendor.camera.aux.packagelistext"
04-05 20:56:50.552 31586 10639 W CameraExtImplXiaoMi: ignore the status update of camera: 6
04-05 20:56:50.555 31586 10639 W libc : Access denied finding property "vendor.camera.aux.packagelist"
04-05 20:56:50.555 31586 10639 W libc : Access denied finding property "vendor.camera.aux.packagelistext"
04-05 20:56:50.556 31586 10639 W libc : Access denied finding property "vendor.camera.aux.packagelist"
04-05 20:56:50.556 31586 10639 W libc : Access denied finding property "vendor.camera.aux.packagelistext"
04-05 20:56:50.560 31586 7030 W com.mbwhatsapp: Long monitor contention with owner VoIP Signaling Thread (10639) at java.lang.String[] android.hardware.camera2.CameraManager$CameraManagerGlobal.getCameraIdList() (CameraManager.java:2200) waiters=0 in void android.hardware.camera2.CameraManager$CameraManagerGlobal.onTorchStatusChanged(int , java.lang.String) for 1.516s
04-05 20:56:50.561 31586 7030 W com.mbwhatsapp: PerfMonitor async binderTransact : time=1521ms interface=android.hardware.ICameraServiceListener code=3
04-05 20:56:50.569 31586 31586 E ArmVmp : Match on catch block at 0xc3 in for 0x7e4e5e4025
04-05 20:56:50.571 31586 7030 W libc : Access denied finding property "vendor.camera.aux.packagelist"
04-05 20:56:50.571 31586 7030 W libc : Access denied finding property "vendor.camera.aux.packagelistext"
04-05 20:56:50.571 31586 7030 W CameraManagerGlobal: ignore the torch status update of camera: 2
04-05 20:56:50.572 31586 7030 W libc : Access denied finding property "vendor.camera.aux.packagelist"
04-05 20:56:50.572 31586 7030 W libc : Access denied finding property "vendor.camera.aux.packagelistext"
04-05 20:56:50.572 31586 7030 W CameraManagerGlobal: ignore the torch status update of camera: 3
04-05 20:56:50.572 31586 7030 W libc : Access denied finding property "vendor.camera.aux.packagelist"
04-05 20:56:50.572 31586 7030 W libc : Access denied finding property "vendor.camera.aux.packagelistext"
04-05 20:56:50.572 31586 7030 W CameraManagerGlobal: ignore the torch status update of camera: 4
04-05 20:56:50.572 31586 7550 W libc : Access denied finding property "vendor.camera.aux.packagelist"
04-05 20:56:50.572 31586 7550 W libc : Access denied finding property "vendor.camera.aux.packagelistext"
04-05 20:56:50.572 31586 7550 W CameraManagerGlobal: ignore the torch status update of camera: 5
04-05 20:56:50.574 31586 31586 E ArmVmp : Match on catch block at 0xc3 in for 0x7e4e5e4025
04-05 20:56:50.594 31586 31586 E ArmVmp : Match on catch block at 0xc3 in for 0x7e4e5e4025
04-05 20:56:50.601 31586 31586 E ArmVmp : Match on catch block at 0xc3 in for 0x7e4e5e4025
04-05 20:56:50.628 31586 31586 W WindowOnBackDispatcher: sendCancelIfRunning: isInProgress=falsecallback=android.view.ViewRootImpl$ $ExternalSyntheticLambda22@2d6571b
04-05 20:56:50.650 31586 31586 E ArmVmp : Match on catch block at 0xc3 in for 0x7e4e5e4025
04-05 20:56:50.655 31586 31586 E ArmVmp : Match on catch block at 0xc3 in for 0x7e4e5e4025
04-05 20:56:50.677 31586 31586 E ArmVmp : Match on catch block at 0xc3 in for 0x7e4e5e4025
04-05 20:56:50.681 31586 31586 E ArmVmp : Match on catch block at 0xc3 in for 0x7e4e5e4025
04-05 20:56:50.780 31586 31703 W AudioManager: Use of stream types is deprecated for operations other than volume control
04-05 20:56:50.780 31586 31703 W AudioManager: See the documentation of requestAudioFocus() for what to use instead with android.media.AudioAttributes to qualify your playback use case
04-05 20:56:50.789 31586 31586 W SoundPool: Use of stream types is deprecated for operations other than volume control
04-05 20:56:50.789 31586 31586 W SoundPool: See the documentation of SoundPool() for what to use instead with android.media.AudioAttributes to qualify your playback use case
04-05 20:56:50.902 31586 31586 E ArmVmp : Match on catch block at 0xc3 in for 0x7e4e5e4025
04-05 20:56:50.914 31586 31586 E ArmVmp : Match on catch block at 0xc3 in for 0x7e4e5e4025
04-05 20:56:50.938 31586 14897 W Codec2Client: query -- param skipped: index = 1107298332.
04-05 20:56:50.942 31586 14896 W Codec2Client: query -- param skipped: index = 1107298332.
04-05 20:56:50.950 31586 14897 W Codec2Client: query -- param skipped: index = 1342179345.
04-05 20:56:50.950 31586 14897 W Codec2Client: query -- param skipped: index = 2415921170.
04-05 20:56:50.951 31586 31586 E ArmVmp : Match on catch block at 0xc3 in for 0x7e4e5e4025
04-05 20:56:50.955 31586 31586 E ArmVmp : Match on catch block at 0xc3 in for 0x7e4e5e4025
04-05 20:56:50.966 31586 31586 E ArmVmp : Match on catch block at 0xc3 in for 0x7e4e5e4025
04-05 20:56:50.967 31586 14896 W Codec2Client: query -- param skipped: index = 1342179345.
04-05 20:56:50.967 31586 14896 W Codec2Client: query -- param skipped: index = 2415921170.
04-05 20:56:50.972 31586 31586 E ArmVmp : Match on catch block at 0xc3 in for 0x7e4e5e4025
04-05 20:56:50.980 31586 31586 E ArmVmp : Match on catch block at 0xc3 in for 0x7e4e5e4025
04-05 20:56:50.985 31586 31586 E ArmVmp : Match on catch block at 0xc3 in for 0x7e4e5e4025
04-05 20:56:51.015 31586 31586 E ArmVmp : Match on catch block at 0xc3 in for 0x7e4e5e4025
04-05 20:56:51.026 31586 31586 E ArmVmp : Match on catch block at 0xc3 in for 0x7e4e5e4025
04-05 20:56:51.081 31586 31586 E ArmVmp : Match on catch block at 0xc3 in for 0x7e4e5e4025
04-05 20:56:51.085 31586 31586 E ArmVmp : Match on catch block at 0xc3 in for 0x7e4e5e4025
04-05 20:56:51.122 31586 31586 E ArmVmp : Match on catch block at 0xc3 in for 0x7e4e5e4025
04-05 20:56:51.128 31586 31586 E ArmVmp : Match on catch block at 0xc3 in for 0x7e4e5e4025
04-05 20:56:51.181 31586 31586 E ArmVmp : Match on catch block at 0xc3 in for 0x7e4e5e4025
04-05 20:56:51.186 31586 31586 E ArmVmp : Match on catch block at 0xc3 in for 0x7e4e5e4025
04-05 20:56:51.238 31586 14980 W Codec2Client: query -- param skipped: index = 1107298332.
04-05 20:56:51.252 31586 14980 W Codec2Client: query -- param skipped: index = 1342179345.
04-05 20:56:51.252 31586 14980 W Codec2Client: query -- param skipped: index = 2415921170.
04-05 20:56:51.309 31586 32410 E OpenGLRenderer: Unable to match the desired swap behavior.
04-05 20:56:51.441 31586 15014 W Codec2Client: query -- param skipped: index = 1107298332.
04-05 20:56:51.460 31586 15014 W Codec2Client: query -- param skipped: index = 1342179345.
04-05 20:56:51.460 31586 15014 W Codec2Client: query -- param skipped: index = 2415921170.
04-05 20:56:51.529 31586 15023 W Codec2Client: query -- param skipped: index = 1107298332.
04-05 20:56:51.561 31586 15023 W Codec2Client: query -- param skipped: index = 1342179345.
04-05 20:56:51.561 31586 15023 W Codec2Client: query -- param skipped: index = 2415921170.
04-05 20:56:51.625 31586 31586 E ArmVmp : Match on catch block at 0xc3 in for 0x7e4e5e4025
04-05 20:56:51.648 31586 31586 E ArmVmp : Match on catch block at 0xc3 in for 0x7e4e5e4025
04-05 20:56:51.694 31586 31586 E ArmVmp : Match on catch block at 0xc3 in for 0x7e4e5e4025
04-05 20:56:51.705 31586 31586 E ArmVmp : Match on catch block at 0xc3 in for 0x7e4e5e4025
04-05 20:56:51.810 31586 31586 E ArmVmp : Match on catch block at 0xc3 in --------- beginning of system
04-05 20:56:54.609 31586 31586 W BpBinder: PerfMonitor binderTransact: time=583ms interface=android.media.IAudioService code=63
04-05 20:56:54.673 31586 31586 W Looper : PerfMonitor doFrame : time=32ms vsyncFrame=0 latency=894ms procState=-1 historyMsgCount=13 (msgIndex=1 wall=150ms seq=10195 late=83ms h=android.view.Choreographer$FrameHandler c=android.view.Choreographer$FrameDisplayEventReceiver) (msgIndex=5 wall=86ms seq=10199 late=208ms h=android.app.Dialog$ListenersHandler w=69) (msgIndex=8 wall=652ms seq=10202 late=264ms h=X.10C w=4)
04-05 20:56:54.692 31586 31586 W Looper : PerfMonitor looperActivity : package=com.mbwhatsapp/.HomeActivity time=8ms latency=322ms procState=-1 historyMsgCount=23 (msgIndex=1 wall=652ms seq=10202 late=264ms h=X.10C w=4)
04-05 20:56:55.001 31586 10639 W BpBinder: PerfMonitor binderTransact: time=257ms interface=android.media.IAudioService code=50
04-05 20:56:55.340 31586 10639 W BpBinder: PerfMonitor binderTransact: time=277ms interface=android.media.IAudioPolicyService code=3
04-05 20:56:55.524 31586 31586 W BpBinder: PerfMonitor binderTransact: time=469ms interface=android.media.IAudioService code=63
04-05 20:56:55.560 31586 10639 W BpBinder: PerfMonitor binderTransact: time=212ms interface=android.media.IAudioFlingerService code=2
04-05 20:56:55.721 31586 31586 W Looper : PerfMonitor doFrame : time=7ms vsyncFrame=0 latency=697ms procState=-1 historyMsgCount=2 (msgIndex=1 wall=711ms seq=10269 h=android.os.Handler w=4) --------- beginning of main
04-05 21:57:08.654 6108 6108 E com.mbwhatsapp: Not starting debugger since process cannot load the jdwp agent.
04-05 21:57:09.023 6108 6108 W System.err: java.lang.ClassNotFoundException: mbmodsd.mbmodsw.ui.views.btn.BtnBK
04-05 21:57:09.024 6108 6108 W System.err: at java.lang.Runtime.nativeLoad(Native Method)
04-05 21:57:09.024 6108 6108 W System.err: at java.lang.Runtime.nativeLoad(Runtime.java:1126)
04-05 21:57:09.024 6108 6108 W System.err: at java.lang.Runtime.loadLibrary0(Runtime.java:1080)
04-05 21:57:09.024 6108 6108 W System.err: at java.lang.Runtime.loadLibrary0(Runtime.java:1003)
04-05 21:57:09.024 6108 6108 W System.err: at java.lang.System.loadLibrary(System.java:1661)
04-05 21:57:09.024 6108 6108 W System.err: at arm.EpicVm.<clinit>(Unknown Source:2)
04-05 21:57:09.024 6108 6108 W System.err: at java.lang.Class.newInstance(Native Method)
04-05 21:57:09.024 6108 6108 W System.err: at android.app.AppComponentFactory.instantiateApplication(AppComponentFactory.java:76)
04-05 21:57:09.024 6108 6108 W System.err: at androidx.core.app.CoreComponentFactory.instantiateApplication(Unknown Source:0)
04-05 21:57:09.024 6108 6108 W System.err: at android.app.Instrumentation.newApplication(Instrumentation.java:1286)
04-05 21:57:09.024 6108 6108 W System.err: at android.app.LoadedApk.makeApplicationInner(LoadedApk.java:1487)
04-05 21:57:09.024 6108 6108 W System.err: at android.app.LoadedApk.makeApplicationInner(LoadedApk.java:1424)
04-05 21:57:09.024 6108 6108 W System.err: at android.app.ActivityThread.handleBindApplication(ActivityThread.java:7420)
04-05 21:57:09.024 6108 6108 W System.err: at android.app.ActivityThread.-$ $Nest$mhandleBindApplication(Unknown Source:0)
04-05 21:57:09.024 6108 6108 W System.err: at android.app.ActivityThread$H.handleMessage(ActivityThread.java:2374)
04-05 21:57:09.024 6108 6108 W System.err: at android.os.Handler.dispatchMessage(Handler.java:106)
04-05 21:57:09.025 6108 6108 W System.err: at android.os.Looper.loopOnce(Looper.java:224)
04-05 21:57:09.025 6108 6108 W System.err: at android.os.Looper.loop(Looper.java:318)
04-05 21:57:09.025 6108 6108 W System.err: at android.app.ActivityThread.main(ActivityThread.java:8727)
04-05 21:57:09.025 6108 6108 W System.err: at java.lang.reflect.Method.invoke(Native Method)
04-05 21:57:09.025 6108 6108 W System.err: at com.android.internal.os.RuntimeInit$MethodAndArgsCaller.run(RuntimeInit.java:561)
04-05 21:57:09.025 6108 6108 W System.err: at com.android.internal.os--------- beginning of system
04-05 21:57:10.039 6108 6108 W Looper : PerfMonitor longMsg : seq=2 plan=21:57:08.679 late=5ms wall=1338ms h=android.app.ActivityThread$H w=110 procState=-1 --------- beginning of main
04-06 02:29:46.106 22411 22411 E com.mbwhatsapp: Not starting debugger since process cannot load the jdwp agent.
04-06 02:29:46.330 22411 22411 W System.err: java.lang.ClassNotFoundException: mbmodsd.mbmodsw.ui.views.btn.BtnBK
04-06 02:29:46.330 22411 22411 W System.err: at java.lang.Runtime.nativeLoad(Native Method)
04-06 02:29:46.330 22411 22411 W System.err: at java.lang.Runtime.nativeLoad(Runtime.java:1126)
04-06 02:29:46.330 22411 22411 W System.err: at java.lang.Runtime.loadLibrary0(Runtime.java:1080)
04-06 02:29:46.330 22411 22411 W System.err: at java.lang.Runtime.loadLibrary0(Runtime.java:1003)
04-06 02:29:46.330 22411 22411 W System.err: at java.lang.System.loadLibrary(System.java:1661)
04-06 02:29:46.330 22411 22411 W System.err: at arm.EpicVm.<clinit>(Unknown Source:2)
04-06 02:29:46.330 22411 22411 W System.err: at java.lang.Class.newInstance(Native Method)
04-06 02:29:46.330 22411 22411 W System.err: at android.app.AppComponentFactory.instantiateApplication(AppComponentFactory.java:76)
04-06 02:29:46.330 22411 22411 W System.err: at androidx.core.app.CoreComponentFactory.instantiateApplication(Unknown Source:0)
04-06 02:29:46.330 22411 22411 W System.err: at android.app.Instrumentation.newApplication(Instrumentation.java:1286)
04-06 02:29:46.330 22411 22411 W System.err: at android.app.LoadedApk.makeApplicationInner(LoadedApk.java:1487)
04-06 02:29:46.330 22411 22411 W System.err: at android.app.LoadedApk.makeApplicationInner(LoadedApk.java:1424)
04-06 02:29:46.330 22411 22411 W System.err: at android.app.ActivityThread.handleBindApplication(ActivityThread.java:7420)
04-06 02:29:46.330 22411 22411 W System.err: at android.app.ActivityThread.-$ $Nest$mhandleBindApplication(Unknown Source:0)
04-06 02:29:46.330 22411 22411 W System.err: at android.app.ActivityThread$H.handleMessage(ActivityThread.java:2374)
04-06 02:29:46.330 22411 22411 W System.err: at android.os.Handler.dispatchMessage(Handler.java:106)
04-06 02:29:46.330 22411 22411 W System.err: at android.os.Looper.loopOnce(Looper.java:224)
04-06 02:29:46.330 22411 22411 W System.err: at android.os.Looper.loop(Looper.java:318)
04-06 02:29:46.330 22411 22411 W System.err: at android.app.ActivityThread.main(ActivityThread.java:8727)
04-06 02:29:46.331 22411 22411 W System.err: at java.lang.reflect.Method.invoke(Native Method)
04-06 02:29:46.331 22411 22411 W System.err: at com.android.internal.os.RuntimeInit$MethodAndArgsCaller.run(RuntimeInit.java:561)
04-06 02:29:46.331 22411 22411 W System.err: at com.android.internal.os.ZygoteInit.main(ZygoteInit.java:1013)
04-06 02:29:46.345 22411 22411 E CustomActivityOnCrash: IMPORTANT WARNING! You already have an UncaughtExceptionHandler, are you sure this is correct? If you use a custom UncaughtExceptionHandler, you must initialize it AFTER CustomActivityOnCrash! Installing anyway, but your original handler will not be called.
04-06 02:29:46.402 22411 22453 W LibraryVersion: Failed to get app version for libraryName: firebase-iid
04-06 02:29:46.812 22411 22411 W com.mbwhatsapp: Accessing hidden method Lcom/android/org/conscrypt/OpenSSLSocketImpl;->setUseSessionTickets(Z)V (max- target-q,core-platform-api, reflection, denied)
04-06 02:29:46.813 22411 22411 W com.mbwhatsapp: Accessing hidden method Lcom/android/org/conscrypt/AbstractConscryptSocket;->setUseSessionTickets(Z)V (max- target-q, reflection, denied)
04-06 02:29:46.835 22411 22411 W com.mbwhatsapp: type=1400 audit(0.0:893449): avc: granted { execute } for path="/data/data/com.mbwhatsapp/files/decompressed/libs.spk.zst/libc++_shared.so" dev="dm-55" ino=105337 scontext=u:r:untrusted_app_32:s0:c68,c257,c512,c768 tcontext=u:object_r:app_data_file:s0:c68,c257,c512,c768 tclass=file app=com.mbwhatsapp
04-06 02:29:46.839 22411 22411 W com.mbwhatsapp: type=1400 audit(0.0:893450): avc: granted { execute } for path="/data/data/com.mbwhatsapp/files/decompressed/libs.spk.zst/libvlc.so" dev="dm- 55" ino=103418 scontext=u:r:untrusted_app_32:s0:c68,c257,c512,c768 tcontext=u:object_r:app_data_file:s0:c68,c257,c512,c768 tclass=file app=com.mbwhatsapp
04-06 02:29:46.847 22411 22411 W com.mbwhatsapp: type=1400 audit(0.0:893451): avc: granted { execute } for path="/data/data/com.mbwhatsapp/files/decompressed/libs.spk.zst/libwhatsapp.so" dev="dm-55" ino=103403 scontext=u:r:untrusted_app_32:s0:c68,c257,c512,c768 tcontext=u:object_r:app_data_file:s0:c68,c257,c512,c768 tclass=file app=com.mbwhatsapp
04-06 02:29:46.915 22411 22411 W com.mbwhatsapp: type=1400 audit(0.0:893452): avc: granted { execute } for path="/data/data/com.mbwhatsapp/files/decompressed/libs.spk.zst/libcurve25519.so" dev="dm-55" ino=99665 scontext=u:r:untrusted_app_32:s0:c68,c257,c512,c768 tcontext=u:object_r:app_data_file:s0:c68,c257,c512,c768 tclass=file app=com.mbwhatsapp
04-06 02:29:46.980 22411 22545 W com.mbwhatsapp: Method void X.2rL.A03(java.lang.Integer) failed lock verification and will run slower.
04-06 02:29:46.980 22411 22545 W com.mbwhatsapp: Common causes for lock verification issues are non-optimized dex code
04-06 02:29:46.980 22411 22545 W com.mbwhatsapp: and incorrect proguard optimizations.
04-06 02:29:47.013 22498 22498 W libprocessgroup: JoinCgroup: controller schedtune is not found
04-06 02:30:19.202 22750 22750 E com.mbwhatsapp: Not starting debugger since process cannot load the jdwp agent.
04-06 02:30:19.323 22750 22750 W System.err: java.lang.ClassNotFoundException: mbmodsd.mbmodsw.ui.views.btn.BtnBK
04-06 02:30:19.324 22750 22750 W System.err: at java.lang.Runtime.nativeLoad(Native Method)
04-06 02:30:19.324 22750 22750 W System.err: at java.lang.Runtime.nativeLoad(Runtime.java:1126)
04-06 02:30:19.324 22750 22750 W System.err: at java.lang.Runtime.loadLibrary0(Runtime.java:1080)
04-06 02:30:19.324 22750 22750 W System.err: at java.lang.Runtime.loadLibrary0(Runtime.java:1003)
04-06 02:30:19.324 22750 22750 W System.err: at java.lang.System.loadLibrary(System.java:1661)
04-06 02:30:19.324 22750 22750 W System.err: at arm.EpicVm.<clinit>(Unknown Source:2)
04-06 02:30:19.324 22750 22750 W System.err: at java.lang.Class.newInstance(Native Method)
04-06 02:30:19.324 22750 22750 W System.err: at android.app.AppComponentFactory.instantiateApplication(AppComponentFactory.java:76)
04-06 02:30:19.324 22750 22750 W System.err: at androidx.core.app.CoreComponentFactory.instantiateApplication(Unknown Source:0)
04-06 02:30:19.324 22750 22750 W System.err: at android.app.Instrumentation.newApplication(Instrumentation.java:1286)
04-06 02:30:19.324 22750 22750 W System.err: at android.app.LoadedApk.makeApplicationInner(LoadedApk.java:1487)
04-06 02:30:19.324 22750 22750 W System.err: at android.app.LoadedApk.makeApplicationInner(LoadedApk.java:1424)
04-06 02:30:19.324 22750 22750 W System.err: at android.app.ActivityThread.handleBindApplication(ActivityThread.java:7420)
04-06 02:30:19.324 22750 22750 W System.err: at android.app.ActivityThread.-$ $Nest$mhandleBindApplication(Unknown Source:0)
04-06 02:30:19.324 22750 22750 W System.err: at android.app.ActivityThread$H.handleMessage(ActivityThread.java:2374)
04-06 02:30:19.324 22750 22750 W System.err: at android.os.Handler.dispatchMessage(Handler.java:106)
04-06 02:30:19.324 22750 22750 W System.err: at android.os.Looper.loopOnce(Looper.java:224)
04-06 02:30:19.324 22750 22750 W System.err: at android.os.Looper.loop(Looper.java:318)
04-06 02:30:19.324 22750 22750 W System.err: at android.app.ActivityThread.main(ActivityThread.java:8727)
04-06 02:30:19.324 22750 22750 W System.err: at java.lang.reflect.Method.invoke(Native Method)
04-06 02:30:19.324 22750 22750 W System.err: at com.android.internal.os.RuntimeInit$MethodAndArgsCaller.run(RuntimeInit.java:561)
04-06 02:30:19.324 22750 22750 W System.err: at com.android.internal.os.ZygoteInit.main(ZygoteInit.java:1013)
04-06 02:30:19.329 22750 22750 E CustomActivityOnCrash: IMPORTANT WARNING! You already have an UncaughtExceptionHandler, are you sure this is correct? If you use a custom UncaughtExceptionHandler, you must initialize it AFTER CustomActivityOnCrash! Installing anyway, but your original handler will not be called.
04-06 02:30:19.362 22750 22790 W LibraryVersion: Failed to get app version for libraryName: firebase-iid
04-06 02:30:19.444 22750 22750 W com.mbwhatsapp: Accessing hidden method Lcom/android/org/conscrypt/OpenSSLSocketImpl;->setUseSessionTickets(Z)V (max- target-q,core-platform-api, reflection, denied)
04-06 02:30:19.444 22750 22750 W com.mbwhatsapp: Accessing hidden method Lcom/android/org/conscrypt/AbstractConscryptSocket;->setUseSessionTickets(Z)V (max- target-q, reflection, denied)
04-06 02:30:19.514 22750 22839 W com.mbwhatsapp: Method void X.2rL.A03(java.lang.Integer) failed lock verification and will run slower.
04-06 02:30:19.514 22750 22839 W com.mbwhatsapp: Common causes for lock verification issues are non-optimized dex code
04-06 02:30:19.514 22750 22839 W com.mbwhatsapp: and incorrect proguard optimizations.
04-06 02:30:19.565 22816 22816 W libprocessgroup: JoinCgroup: controller schedtune is not found
04-06 02:30:21.315 22750 22833 E SQLiteDatabase: Error inserting transferred=1 media_job_uuid=7b265b1c-795d-4ee5-8177-5ad6596ad718 transcoded=0 gif_attribution=0 first_scan_length=0 direct_path=/v/t62.7117- 24/30988217_1082019602881782_5325942620240065644_n.enc?ccb=11- 4&oh=01_ASCK9DUHoj4joALO_E0uy1iu8GuLukQ6fjOD3Je1giQaaA&oe=66387687&_nc_sid=5e03e0 thumbnail_height_width_ratio=0.0 is_animated_sticker=0 file_hash=dYO7C0WU+nSv78hQcSUVpuZ36EKpPsyUnGGGx61z3eQ= file_path=Media/MBWhatsApp Voice Notes/202414/PTT-20240406-WA0000.opus file_size=3336 partial_media_hash=null face_x=0 face_y=0 height=0 trim_to=0 media_key_timestamp=1712388584000 message_url=https://mmg.whatsapp.net/v/t62.7117- 24/30988217_1082019602881782_5325942620240065644_n.enc?ccb=11- 4&oh=01_ASCK9DUHoj4joALO_E0uy1iu8GuLukQ6fjOD3Je1giQaaA&oe=66387687&_nc_sid=5e03e0&m ms3=true media_caption=null trim_from=0 mime_type=audio/ogg; codecs=opus partial_media_enc_hash=null width=0 original_file_hash=null has_streaming_sidecar=0 autotransfer_retry_enabled=1 media_upload_handle=null message_row_id=42 multicast_id=null enc_file_hash=DjD+ggqa8BGlwTXQrIrMJgqOCw4cSpZYb8Mlq8hvxC0= mute_video=0 page_count=0 first_scan_sidecar=null suspicious_content=0 file_length=3336 media_name=null media_duration=1 chat_row_id=6 media_key=[B@7dfd1dc
04-06 02:30:21.315 22750 22833 E SQLiteDatabase: android.database.sqlite.SQLiteConstraintException: UNIQUE constraint failed: message_media.message_row_id (code 1555 SQLITE_CONSTRAINT_PRIMARYKEY)
04-06 02:30:21.315 22750 22833 E SQLiteDatabase: at android.database.sqlite.SQLiteConnection.nativeExecuteForLastInsertedRowId(Native Method)
04-06 02:30:21.315 22750 22833 E SQLiteDatabase: at android.database.sqlite.SQLiteConnection.executeForLastInsertedRowId(SQLiteConnecti on.java:961)
04-06 02:30:21.315 22750 22833 E SQLiteDatabase: at android.database.sqlite.SQLiteSession.executeForLastInsertedRowId(SQLiteSession.jav a:790)
04-06 02:30:21.315 22750 22833 E SQLiteDatabase: at android.database.sqlite.SQLiteStatement.executeInsert(SQLiteStatement.java:89)
04-06 02:30:21.315 22750 22833 E SQLiteDatabase: at android.database.sqlite.SQLiteDatabase.insertWithOnConflict(SQLiteDatabase.java:187 0)
04-06 02:30:21.315 22750 22833 E SQLiteDatabase: at android.database.sqlite.SQLiteDatabase.insert(SQLiteDatabase.java:1739)
04-06 02:30:21.315 22750 22833 E SQLiteDatabase: at X.2tm.A08(Unknown Source:6)
04-06 02:30:21.315 22750 22833 E SQLiteDatabase: at X.35Y.A07(Unknown Source:212)
04-06 02:30:21.315 22750 22833 E SQLiteDatabase: at X.3QF.A14(Unknown Source:470)
04-06 02:30:21.315 22750 22833 E SQLiteDatabase: at X.3gU.run(Unknown Source:982)
04-06 02:30:21.315 22750 22833 E SQLiteDatabase: at android.os.Handler.handleCallback(Handler.java:958)
04-06 02:30:21.315 22750 22833 E SQLiteDatabase: at android.os.Handler.dispatchMessage(Handler.java:99)
04-06 02:30:21.315 22750 22833 E SQLiteDatabase: at X.0zq.dispatchMessage(Unknown Source:4)
04-06 02:30:21.315 22750 22833 E SQLiteD--------- beginning of system
04-06 06:17:06.296 12286 12286 W Looper : PerfMonitor longMsg : seq=2 plan=06:17:05.182 late=13ms wall=1064ms h=android.app.ActivityThread$H w=110 procState=-1
04-06 19:46:54.393 11124 11124 W Looper : PerfMonitor longMsg : seq=2 plan=19:46:50.641 late=80ms wall=3622ms h=android.app.ActivityThread$H w=110 procState=-1 --------- beginning of main
04-06 22:03:15.284 5195 5195 E com.mbwhatsapp: Not starting debugger since process cannot load the jdwp agent.
04-06 22:03:16.215 5195 5195 W System.err: java.lang.ClassNotFoundException: mbmodsd.mbmodsw.ui.views.btn.BtnBK
04-06 22:03:16.215 5195 5195 W System.err: at java.lang.Runtime.nativeLoad(Native Method)
04-06 22:03:16.215 5195 5195 W System.err: at java.lang.Runtime.nativeLoad(Runtime.java:1126)
04-06 22:03:16.215 5195 5195 W System.err: at java.lang.Runtime.loadLibrary0(Runtime.java:1080)
04-06 22:03:16.215 5195 5195 W System.err: at java.lang.Runtime.loadLibrary0(Runtime.java:1003)
04-06 22:03:16.215 5195 5195 W System.err: at java.lang.System.loadLibrary(System.java:1661)
04-06 22:03:16.215 5195 5195 W System.err: at arm.EpicVm.<clinit>(Unknown Source:2)
04-06 22:03:16.216 5195 5195 W System.err: at java.lang.Class.newInstance(Native Method)
04-06 22:03:16.216 5195 5195 W System.err: at android.app.AppComponentFactory.instantiateApplication(AppComponentFactory.java:76)
