04-03 21:17:29.588 30076 30076 W Looper : PerfMonitor looperActivity : package=com.mbwhatsapp/.Icon0 time=130ms latency=764ms procState=-1 historyMsgCount=2 (msgIndex=2 wall=759ms seq=2 late=6ms h=android.app.ActivityThread$H w=110)
04-03 21:17:29.589 30076 30076 W Looper : PerfMonitor looperActivity : package=com.mbwhatsapp/.Icon0 time=0ms latency=892ms procState=-1 historyMsgCount=3 (msgIndex=2 wall=759ms seq=2 late=6ms h=android.app.ActivityThread$H w=110) (msgIndex=3 wall=130ms seq=3 late=764ms h=android.app.ActivityThread$H w=159)
04-03 21:17:29.634 30076 30076 W com.mbwhatsapp: Method void com.mbwhatsapp.HomeActivity.A6e() failed lock verification and will run slower.
04-03 21:17:29.644 30076 30164 W libc : Access denied finding property "vendor.migl.debug"
04-03 21:17:29.949 30076 30076 E ArmVmp : Match on catch block at 0x0a in for 0x7e4e5e4031
04-03 21:17:29.972 30076 30076 E ArmVmp : Match on catch block at 0x0a in for 0x7e4e5e404d
04-03 21:17:30.017 30076 30169 W com.mbwhatsapp: Accessing hidden method Lcom/android/org/conscrypt/ConscryptEngineSocket;->setUseSessionTickets(Z)V (max- target-q,core-platform-api, reflection, denied)
04-03 21:17:30.017 30076 30169 W com.mbwhatsapp: Accessing hidden method Lcom/android/org/conscrypt/OpenSSLSocketImpl;->setUseSessionTickets(Z)V (max- target-q,core-platform-api, reflection, denied)
04-03 21:17:30.017 30076 30169 W com.mbwhatsapp: Accessing hidden method Lcom/android/org/conscrypt/AbstractConscryptSocket;->setUseSessionTickets(Z)V (max- target-q, reflection, denied)
04-03 21:17:30.018 30076 30169 W com.mbwhatsapp: Accessing hidden method Lcom/android/org/conscrypt/ConscryptEngineSocket;->setHostname(Ljava/lang/String;)V (max-target-q,core-platform-api, reflection, denied)
04-03 21:17:30.018 30076 30169 W com.mbwhatsapp: Accessing hidden method Lcom/android/org/conscrypt/OpenSSLSocketImpl;->setHostname(Ljava/lang/String;)V (max-target-q,core-platform-api, reflection, denied)
04-03 21:17:30.018 30076 30169 W com.mbwhatsapp: Accessing hidden method Lcom/android/org/conscrypt/AbstractConscryptSocket;->setHostname(Ljava/lang/ String;)V (max-target-q, reflection, denied)
04-03 21:17:30.018 30076 30169 W com.mbwhatsapp: Accessing hidden method Lcom/android/org/conscrypt/OpenSSLSocketImpl;->setAlpnProtocols([B)V (max-target- q,core-platform-api, reflection, denied)
04-03 21:17:30.018 30076 30169 W com.mbwhatsapp: Accessing hidden method Lcom/android/org/conscrypt/AbstractConscryptSocket;->setAlpnProtocols([B)V (max- target-q, reflection, denied)
04-03 21:17:30.082 30076 30076 W Activity: Can request only one set of permissions at a time
04-03 21:17:30.105 30076 30169 W com.mbwhatsapp: Accessing hidden method Lcom/android/org/conscrypt/OpenSSLSocketImpl;->getAlpnSelectedProtocol()[B (max- target-q,core-platform-api, reflection, denied)
04-03 21:17:30.105 30076 30169 W com.mbwhatsapp: Accessing hidden method Lcom/android/org/conscrypt/AbstractConscryptSocket;->getAlpnSelectedProtocol()[B (max-target-q, reflection, denied)
04-03 21:17:30.181 30076 30193 W ziparchive: Unable to open '/system/framework/QXPerformance.dm': No such file or directory
04-03 21:17:30.181 30076 30193 W ziparchive: Unable to open '/system/framework/QXPerformance.dm': No such file or directory
04-03 21:17:30.192 30076 30076 W OpenGLRenderer: Unknown dataspace 0
04-03 21:17:30.213 30076 30076 W Looper : PerfMonitor looperActivity : package=com.mbwhatsapp/.HomeActivity time=0ms latency=608ms procState=-1 historyMsgCount=3 (msgIndex=3 wall=594ms seq=14 late=15ms h=android.app.ActivityThread$H w=159)
04-03 21:17:30.705 30076 30076 E RecyclerView: No adapter attached; skipping layout
04-03 21:17:30.713 30076 30076 W Looper : PerfMonitor doFrame : time=399ms vsyncFrame=0 latency=107ms procState=-1 historyMsgCount=40 (msgIndex=1 wall=594ms seq=14 late=15ms h=android.app.ActivityThread$H w=159)
04-03 21:17:30.726 30076 30076 E ArmVmp : Match on catch block at 0x0a in for 0x7e4e5e4035
04-03 21:17:30.741 30076 30076 W Looper : PerfMonitor looperActivity : package=com.mbwhatsapp/mbmodsd.mbmodsw.mbsettings.yo.PauseActivity time=21ms latency=463ms procState=-1 historyMsgCount=31 (msgIndex=27 wall=399ms seq=54 late=107ms h=android.view.Choreographer$FrameHandler c=android.view.Choreographer$FrameDisplayEventReceiver)
04-03 21:17:30.767 30076 30111 W LibraryVersion: Failed to get app version for libraryName: firebase-iid
04-03 21:17:30.806 30076 30076 W MiuiStubRegistry: Failed to collect stub providers in android.magicpointer.util.MiuiMagicPointerUtilsStubHeadManifest$$: /system_ext/framework/miui-framework-pointer-pad.jar not exist
04-03 21:17:30.818 30076 30076 E RecyclerView: No adapter attached; skipping layout
04-03 21:17:30.820 30076 30076 W Looper : PerfMonitor doFrame : time=68ms vsyncFrame=0 latency=427ms procState=-1 historyMsgCount=13 (msgIndex=1 wall=399ms seq=54 late=107ms h=android.view.Choreographer$FrameHandler c=android.view.Choreographer$FrameDisplayEventReceiver)
04-03 21:17:30.959 30076 30220 W LOTTIE : Animation contains merge paths. Merge paths are only supported on KitKat+ and must be manually enabled by calling enableMergePathsForKitKatAndAbove().
04-03 21:17:31.174 30076 30162 E libEGL : pre_cache appList: com.miui.weather2,,
04-03 21:17:31.184 30076 30162 E OpenGLRenderer: Unable to match the desired swap behavior.
04-03 21:17:31.225 30076 30162 E LB : fail to open file: No such file or directory
04-03 21:17:31.225 30076 30162 E LB : fail to open node: No such file or directory
04-03 21:17:31.274 30076 30076 W LOTTIE : Animation contains merge paths but they are disabled.
04-03 21:17:31.446 30076 30162 E OpenGLRenderer: Unable to match the desired swap behavior.
04-03 21:17:32.944 30076 30076 W MirrorManager: this model don't Support
04-03 21:17:35.621 30076 30076 W WindowOnBackDispatcher: sendCancelIfRunning: isInProgress=falsecallback=android.view.ViewRootImpl$ $ExternalSyntheticLambda22@8f8aedd
04-03 21:17:39.159 30076 30089 W com.mbwhatsapp: Cleared Reference was only reachable from finalizer (only reported once)
04-03 21:17:39.666 30076 30076 W JobService: onNetworkChanged() not implemented in androidx.work.impl.background.systemjob.SystemJobService. Must override in a subclass.
04-03 21:17:47.137 30076 30076 W JobService: onNetworkChanged() not implemented in androidx.work.impl.background.systemjob.SystemJobService. Must override in a subclass.
04-03 21:17:52.113 30076 30076 W JobService: onNetworkChanged() not implemented in androidx.work.impl.background.systemjob.SystemJobService. Must override in a subclass.
04-03 21:18:07.521 30076 30188 W BpBinder: PerfMonitor binderTransact: time=15363ms interface=android.net.IConnectivityManager code=1
04-03 21:18:07.529 30076 30076 W JobService: onNetworkChanged() not implemented in androidx.work.impl.background.systemjob.SystemJobService. Must override in a subclass.
04-03 21:18:08.598 30076 30076 W BpBinder: PerfMonitor binderTransact: time=202ms interface=android.app.IAlarmManager code=1
04-03 21:18:17.723 30076 30076 W JobService: onNetworkChanged() not implemented in androidx.work.impl.background.systemjob.SystemJobService. Must override in a subclass.
04-03 21:18:58.684 30076 30076 W JobService: onNet--------- beginning of main
04-03 21:34:52.825 8461 8461 E com.mbwhatsapp: Not starting debugger since process cannot load the jdwp agent.
04-03 21:34:53.262 8461 8461 W System.err: java.lang.ClassNotFoundException: mbmodsd.mbmodsw.ui.views.btn.BtnBK
04-03 21:34:53.263 8461 8461 W System.err: at java.lang.Runtime.nativeLoad(Native Method)
04-03 21:34:53.263 8461 8461 W System.err: at java.lang.Runtime.nativeLoad(Runtime.java:1126)
04-03 21:34:53.263 8461 8461 W System.err: at java.lang.Runtime.loadLibrary0(Runtime.java:1080)
04-03 21:34:53.263 8461 8461 W System.err: at java.lang.Runtime.loadLibrary0(Runtime.java:1003)
04-03 21:34:53.263 8461 8461 W System.err: at java.lang.System.loadLibrary(System.java:1661)
04-03 21:34:53.263 8461 8461 W System.err: at arm.EpicVm.<clinit>(Unknown Source:2)
04-03 21:34:53.263 8461 8461 W System.err: at java.lang.Class.newInstance(Native Method)
04-03 21:34:53.263 8461 8461 W System.err: at android.app.AppComponentFactory.instantiateApplication(AppComponentFactory.java:76)
04-03 21:34:53.263 8461 8461 W System.err: at androidx.core.app.CoreComponentFactory.instantiateApplication(Unknown Source:0)
04-03 21:34:53.263 8461 8461 W System.err: at android.app.Instrumentation.newApplication(Instrumentation.java:1286)
04-03 21:34:53.263 8461 8461 W System.err: at android.app.LoadedApk.makeApplicationInner(LoadedApk.java:1487)
04-03 21:34:53.263 8461 8461 W System.err: at android.app.LoadedApk.makeApplicationInner(LoadedApk.java:1424)
04-03 21:34:53.263 8461 8461 W System.err: at android.app.ActivityThread.handleBindApplication(ActivityThread.java:7420)
04-03 21:34:53.263 8461 8461 W System.err: at android.app.ActivityThread.-$ $Nest$mhandleBindApplication(Unknown Source:0)
04-03 21:34:53.263 8461 8461 W System.err: at android.app.ActivityThread$H.handleMessage(ActivityThread.java:2374)
04-03 21:34:53.263 8461 8461 W System.err: at android.os.Handler.dispatchMessage(Handler.java:106)
04-03 21:34:53.263 8461 8461 W System.err: at android.os.Looper.loopOnce(Looper.java:224)
04-03 21:34:53.263 8461 8461 W System.err: at android.os.Looper.loop(Looper.java:318)
04-03 21:34:53.263 8461 8461 W System.err: at android.app.ActivityThread.main(ActivityThread.java:8727)
04-03 21:34:53.263 8461 8461 W System.err: at java.lang.reflect.Method.invoke(Native Method)
04-03 21:34:53.263 8461 8461 W System.err: at com.android.internal.os.RuntimeInit$MethodAndArgsCaller.run(RuntimeInit.java:561)
04-03 21:34:53.263 8461 8461 W System.err: at com.android.internal.os.ZygoteInit.main(ZygoteInit.java:1013)
04-03 21:34:53.278 8461 8461 E CustomActivityOnCrash: IMPORTANT WARNING! You already have an UncaughtExceptionHandler, are you sure this is correct? If you use a custom UncaughtExceptionHandler, you must initialize it AFTER CustomActivityOnCrash! Installing anyway, but your original handler will not be called.
04-03 21:34:54.161 8461 8461 W com.mbwhatsapp: Accessing hidden method Lcom/android/org/conscrypt/OpenSSLSocketImpl;->setUseSessionTickets(Z)V (max- target-q,core-platform-api, reflection, denied)
04-03 21:34:54.163 8461 8461 W com.mbwhatsapp: Accessing hidden method Lcom/android/org/conscrypt/AbstractConscryptSocket;->setUseSessionTickets(Z)V (max- target-q, reflection, denied)
04-03 21:34:54.288 8533 8533 W libprocessgroup: JoinCgroup: controller schedtune is not found --------- beginning of system
04-03 21:34:54.439 8461 8461 W Looper : PerfMonitor longMsg : seq=2 plan=21:34:52.854 late=1ms wall=1549ms h=android.app.ActivityThread$H w=110 procState=-1
04-03 21:34:54.449 8461 8565 W com.mbwhatsapp: Method void X.2rL.A03(java.lang.Integer) failed lock verification and will run slower.
04-03 21:34:54.449 8461 8565 W com.mbwhatsapp: Common causes for lock verification issues are non-optimized dex code
04-03 21:34:54.449 8461 8565 W com.mbwhatsapp: and incorrect proguard optimizations.
04-03 21:35:20.849 8824 8824 E com.mbwhatsapp: Not starting debugger since process cannot load the jdwp agent.
04-03 21:35:21.003 8824 8824 W System.err: java.lang.ClassNotFoundException: mbmodsd.mbmodsw.ui.views.btn.BtnBK
04-03 21:35:21.003 8824 8824 W System.err: at java.lang.Runtime.nativeLoad(Native Method)
04-03 21:35:21.003 8824 8824 W System.err: at java.lang.Runtime.nativeLoad(Runtime.java:1126)
04-03 21:35:21.003 8824 8824 W System.err: at java.lang.Runtime.loadLibrary0(Runtime.java:1080)
04-03 21:35:21.003 8824 8824 W System.err: at java.lang.Runtime.loadLibrary0(Runtime.java:1003)
04-03 21:35:21.003 8824 8824 W System.err: at java.lang.System.loadLibrary(System.java:1661)
04-03 21:35:21.003 8824 8824 W System.err: at arm.EpicVm.<clinit>(Unknown Source:2)
04-03 21:35:21.003 8824 8824 W System.err: at java.lang.Class.newInstance(Native Method)
04-03 21:35:21.003 8824 8824 W System.err: at android.app.AppComponentFactory.instantiateApplication(AppComponentFactory.java:76)
04-03 21:35:21.003 8824 8824 W System.err: at androidx.core.app.CoreComponentFactory.instantiateApplication(Unknown Source:0)
04-03 21:35:21.003 8824 8824 W System.err: at android.app.Instrumentation.newApplication(Instrumentation.java:1286)
04-03 21:35:21.003 8824 8824 W System.err: at android.app.LoadedApk.makeApplicationInner(LoadedApk.java:1487)
04-03 21:35:21.003 8824 8824 W System.err: at android.app.LoadedApk.makeApplicationInner(LoadedApk.java:1424)
04-03 21:35:21.003 8824 8824 W System.err: at android.app.ActivityThread.handleBindApplication(ActivityThread.java:7420)
04-03 21:35:21.003 8824 8824 W System.err: at android.app.ActivityThread.-$ $Nest$mhandleBindApplication(Unknown Source:0)
04-03 21:35:21.003 8824 8824 W System.err: at android.app.ActivityThread$H.handleMessage(ActivityThread.java:2374)
04-03 21:35:21.003 8824 8824 W System.err: at android.os.Handler.dispatchMessage(Handler.java:106)
04-03 21:35:21.003 8824 8824 W System.err: at android.os.Looper.loopOnce(Looper.java:224)
04-03 21:35:21.003 8824 8824 W System.err: at android.os.Looper.loop(Looper.java:318)
04-03 21:35:21.003 8824 8824 W System.err: at android.app.ActivityThread.main(ActivityThread.java:8727)
04-03 21:35:21.003 8824 8824 W System.err: at java.lang.reflect.Method.invoke(Native Method)
04-03 21:35:21.003 8824 8824 W System.err: at com.android.internal.os.RuntimeInit$MethodAndArgsCaller.run(RuntimeInit.java:561)
04-03 21:35:21.003 8824 8824 W System.err: at com.android.internal.os.ZygoteInit.main(ZygoteInit.java:1013)
04-03 21:35:21.009 8824 8824 E CustomActivityOnCrash: IMPORTANT WARNING! You already have an UncaughtExceptionHandler, are you sure this is correct? If you use a custom UncaughtExceptionHandler, you must initialize it AFTER CustomActivityOnCrash! Installing anyway, but your original handler will not be called.
04-03 21:35:21.241 8824 8824 W com.mbwhatsapp: Accessing hidden method Lcom/android/org/conscrypt/OpenSSLSocketImpl;->setUseSessionTickets(Z)V (max- target-q,core-platform-api, reflection, denied)
04-03 21:35:21.241 8824 8824 W com.mbwhatsapp: Accessing hidden method Lcom/android/org/conscrypt/AbstractConscryptSocket;->setUseSessionTickets(Z)V (max- target-q, reflection, denied)
04-03 21:35:21.263 8824 8824 W com.mbwhatsapp: type=1400 audit(0.0:741372): avc: granted { execute } for path="/data/data/com.mbwhatsapp/files/decompressed/libs.spk.zst/libc++_shared.so" dev="dm-55" ino=105337 scontext=u:r:untrusted_app_32:s0:c68,c257,c512,c768 tcontext=u:object_r:app_data_file:s0:c68,c257,c512,c768 tclass=file app=com.mbwhatsapp
04-03 21:35:21.263 8824 8824 W com.mbwhatsapp: type=1400 audit(0.0:741373): avc: granted { execute } for path="/data/data/com.mbwhatsapp/files/decompressed/libs.spk.zst/libvlc.so" dev="dm- 55" ino=103418 scontext=u:r:untrusted_app_32:s0:c68,c257,c512,c768 tcontext=u:object_r:app_data_file:s0:c68,c257,c512,c768 tclass=file app=com.mbwhatsapp
04-03 21:35:21.271 8824 8824 W com.mbwhatsapp: type=1400 audit(0.0:741374): avc: granted { execute } for path="/data/data/com.mbwhatsapp/files/decompressed/libs.spk.zst/libwhatsapp.so" dev="dm-55" ino=103403 scontext=u:r:untrusted_app_32:s0:c68,c25--------- beginning of main
04-03 21:35:21.287 8824 8824 W com.mbwhatsapp: type=1400 audit(0.0:741375): avc: granted { execute } for path="/data/data/com.mbwhatsapp/files/decompressed/libs.spk.zst/libcurve25519.so" dev="dm-55" ino=99665 scontext=u:r:untrusted_app_32:s0:c68,c257,c512,c768 tcontext=u:object_r:app_data_file:s0:c68,c257,c512,c768 tclass=file app=com.mbwhatsapp
04-03 21:35:21.291 8824 8824 W com.mbwhatsapp: type=1400 audit(0.0:741376): avc: granted { execute } for path="/data/data/com.mbwhatsapp/files/decompressed/libs.spk.zst/libwhatsapp.so" dev="dm-55" ino=103403 scontext=u:r:untrusted_app_32:s0:c68,c257,c512,c768 tcontext=u:object_r:app_data_file:s0:c68,c257,c512,c768 tclass=file app=com.mbwhatsapp
04-03 21:35:21.291 8824 8824 W com.mbwhatsapp: type=1400 audit(0.0:741377): avc: granted { execute } for path="/data/data/com.mbwhatsapp/files/decompressed/libs.spk.zst/libwhatsapp.so" dev="dm-55" ino=103403 scontext=u:r:untrusted_app_32:s0:c68,c257,c512,c768 tcontext=u:object_r:app_data_file:s0:c68,c257,c512,c768 tclass=file app=com.mbwhatsapp
04-03 21:35:21.332 8824 8886 W com.mbwhatsapp: Method void X.2rL.A03(java.lang.Integer) failed lock verification and will run slower.
04-03 21:35:21.332 8824 8886 W com.mbwhatsapp: Common causes for lock verification issues are non-optimized dex code
04-03 21:35:21.332 8824 8886 W com.mbwhatsapp: and incorrect proguard optimizations.
04-03 21:35:21.334 8865 8865 W libprocessgroup: JoinCgroup: controller schedtune is not found
04-03 21:35:22.386 8824 8945 W com.mbwhatsapp: Accessing hidden method Landroid/app/MiuiNotification;-><init>()V (blocked, reflection, denied)
04-03 21:35:43.611 8824 8824 W JobService: onNetworkChanged() not implemented in androidx.work.impl.background.systemjob.SystemJobService. Must override in a subclass.
04-03 21:35:52.699 8824 8824 W JobService: onNetworkChanged() not implemented in androidx.work.impl.background.systemjob.SystemJobService. Must override in a subclass.
04-03 21:35:55.069 8824 8824 W JobService: onNetworkChanged() not implemented in androidx.work.impl.background.systemjob.SystemJobService. Must override in a subclass.
04-03 21:35:55.802 8824 8824 W JobService: onNetworkChanged() not implemented in androidx.work.impl.background.systemjob.SystemJobService. Must override in a subclass.
04-03 21:37:52.150 12354 12354 E com.mbwhatsapp: Not starting debugger since process cannot load the jdwp agent.
04-03 21:37:52.361 12354 12354 W System.err: java.lang.ClassNotFoundException: mbmodsd.mbmodsw.ui.views.btn.BtnBK
04-03 21:37:52.365 12354 12354 W System.err: at java.lang.Runtime.nativeLoad(Native Method)
04-03 21:37:52.365 12354 12354 W System.err: at java.lang.Runtime.nativeLoad(Runtime.java:1126)
04-03 21:37:52.365 12354 12354 W System.err: at java.lang.Runtime.loadLibrary0(Runtime.java:1080)
04-03 21:37:52.365 12354 12354 W System.err: at java.lang.Runtime.loadLibrary0(Runtime.java:1003)
04-03 21:37:52.365 12354 12354 W System.err: at java.lang.System.loadLibrary(System.java:1661)
04-03 21:37:52.365 12354 12354 W System.err: at arm.EpicVm.<clinit>(Unknown Source:2)
04-03 21:37:52.365 12354 12354 W System.err: at java.lang.Class.newInstance(Native Method)
04-03 21:37:52.365 12354 12354 W System.err: at android.app.AppComponentFactory.instantiateApplication(AppComponentFactory.java:76)
04-03 21:37:52.366 12354 12354 W System.err: at androidx.core.app.CoreComponentFactory.instantiateApplication(Unknown Source:0)
04-03 21:37:52.366 12354 12354 W System.err: at android.app.Instrumentation.newApplication(Instrumentation.java:1286)
04-03 21:37:52.366 12354 12354 W System.err: at android.app.LoadedApk.makeApplicationInner(LoadedApk.java:1487)
04-03 21:37:52.367 12354 12354 W System.err: at android.app.LoadedApk.makeApplicationInner(LoadedApk.java:1424)
04-03 21:37:52.367 12354 12354 W System.err: at android.app.ActivityThread.handleBindApplication(ActivityThread.java:7420)
04-03 21:37:52.367 12354 12354 W System.err: at android.app.ActivityThread.-$ $Nest$mhandleBindApplication(Unknown Source:0) 04--------- beginning of main
04-03 21:37:52.384 12354 12354 E CustomActivityOnCrash: IMPORTANT WARNING! You already have an UncaughtExceptionHandler, are you sure this is correct? If you use a custom UncaughtExceptionHandler, you must initialize it AFTER CustomActivityOnCrash! Installing anyway, but your original handler will not be called.
04-03 21:37:53.887 12354 12354 W com.mbwhatsapp: Accessing hidden method Lcom/android/org/conscrypt/OpenSSLSocketImpl;->setUseSessionTickets(Z)V (max- target-q,core-platform-api, reflection, denied)
04-03 21:37:53.891 12354 12354 W com.mbwhatsapp: Accessing hidden method Lcom/android/org/conscrypt/AbstractConscryptSocket;->setUseSessionTickets(Z)V (max- target-q, reflection, denied)
04-03 21:37:53.932 12452 12452 W libprocessgroup: JoinCgroup: controller schedtune is not found
04-03 21:37:53.931 12452 12452 W logcat : type=1400 audit(0.0:741935): avc: denied { ioctl } for path="/storage/emulated/0/Download/FMThemes/MBLogs/logcat.txt" dev="fuse" ino=97763 ioctlcmd=0xf50d scontext=u:r:untrusted_app_32:s0:c68,c257,c512,c768 tcontext=u:object_r:fuse:s0 tclass=file permissive=0 app=com.mbwhatsapp
04-03 21:37:54.538 12354 12520 W com.mbwhatsapp: Method void X.2rL.A03(java.lang.Integer) failed lock verification and will run slower.
04-03 21:37:54.538 12354 12520 W com.mbwhatsapp: Common causes for lock verification issues are non-optimized dex code
04-03 21:37:54.538 12354 12520 W com.mbwhatsapp: and incorrect proguard optimizations. --------- beginning of system
04-03 21:37:54.624 12354 12354 W Looper : PerfMonitor longMsg : seq=2 plan=21:37:52.182 late=4ms wall=2307ms h=android.app.ActivityThread$H w=110 procState=-1
04-03 21:38:24.987 14365 14365 E com.mbwhatsapp: Not starting debugger since process cannot load the jdwp agent.
04-03 21:38:25.308 14365 14365 W System.err: java.lang.ClassNotFoundException: mbmodsd.mbmodsw.ui.views.btn.BtnBK
04-03 21:38:25.308 14365 14365 W System.err: at java.lang.Runtime.nativeLoad(Native Method)
04-03 21:38:25.308 14365 14365 W System.err: at java.lang.Runtime.nativeLoad(Runtime.java:1126)
04-03 21:38:25.308 14365 14365 W System.err: at java.lang.Runtime.loadLibrary0(Runtime.java:1080)
04-03 21:38:25.308 14365 14365 W System.err: at java.lang.Runtime.loadLibrary0(Runtime.java:1003)
04-03 21:38:25.308 14365 14365 W System.err: at java.lang.System.loadLibrary(System.java:1661)
04-03 21:38:25.308 14365 14365 W System.err: at arm.EpicVm.<clinit>(Unknown Source:2)
04-03 21:38:25.308 14365 14365 W System.err: at java.lang.Class.newInstance(Native Method)
04-03 21:38:25.308 14365 14365 W System.err: at android.app.AppComponentFactory.instantiateApplication(AppComponentFactory.java:76)
04-03 21:38:25.308 14365 14365 W System.err: at androidx.core.app.CoreComponentFactory.instantiateApplication(Unknown Source:0)
04-03 21:38:25.308 14365 14365 W System.err: at android.app.Instrumentation.newApplication(Instrumentation.java:1286)
04-03 21:38:25.308 14365 14365 W System.err: at android.app.LoadedApk.makeApplicationInner(LoadedApk.java:1487)
04-03 21:38:25.308 14365 14365 W System.err: at android.app.LoadedApk.makeApplicationInner(LoadedApk.java:1424)
04-03 21:38:25.308 14365 14365 W System.err: at android.app.ActivityThread.handleBindApplication(ActivityThread.java:7420)
04-03 21:38:25.308 14365 14365 W System.err: at android.app.ActivityThread.-$ $Nest$mhandleBindApplication(Unknown Source:0)
04-03 21:38:25.308 14365 14365 W System.err: at android.app.ActivityThread$H.handleMessage(ActivityThread.java:2374)
04-03 21:38:25.308 14365 14365 W System.err: at android.os.Handler.dispatchMessage(Handler.java:106)
04-03 21:38:25.308 14365 14365 W System.err: at android.os.Looper.loopOnce(Looper.java:224)
04-03 21:38:25.308 14365 14365 W System.err: at android.os.Looper.loop(Looper.java:318)
04-03 21:38:25.308 14365 14365 W System.err: at android.app.ActivityThread.main(ActivityThread.java:8727)
04-03 21:38:25.308 14365 14365 W System.err: at java.lang.reflect.Method.invoke(Native Method)
04-03 21:38:25.308 14365 14365 W System.err: at com.android.inter--------- beginning of main
04-03 21:38:25.325 14365 14365 E CustomActivityOnCrash: IMPORTANT WARNING! You already have an UncaughtExceptionHandler, are you sure this is correct? If you use a custom UncaughtExceptionHandler, you must initialize it AFTER CustomActivityOnCrash! Installing anyway, but your original handler will not be called.
04-03 21:38:25.745 14365 14365 W com.mbwhatsapp: Accessing hidden method Lcom/android/org/conscrypt/OpenSSLSocketImpl;->setUseSessionTickets(Z)V (max- target-q,core-platform-api, reflection, denied)
04-03 21:38:25.746 14365 14365 W com.mbwhatsapp: Accessing hidden method Lcom/android/org/conscrypt/AbstractConscryptSocket;->setUseSessionTickets(Z)V (max- target-q, reflection, denied)
04-03 21:38:25.821 14422 14422 W libprocessgroup: JoinCgroup: controller schedtune is not found
04-03 21:38:25.903 14365 14436 W com.mbwhatsapp: Method void X.2rL.A03(java.lang.Integer) failed lock verification and will run slower.
04-03 21:38:25.903 14365 14436 W com.mbwhatsapp: Common causes for lock verification issues are non-optimized dex code
04-03 21:38:25.903 14365 14436 W com.mbwhatsapp: and incorrect proguard optimizations.
04-03 21:38:27.597 14365 14503 W libc : Access denied finding property "vendor.camera.aux.packagelist"
04-03 21:38:27.609 14365 14503 W libc : Access denied finding property "vendor.camera.aux.packagelistext"
04-03 21:38:27.610 14365 14503 W CameraExtImplXiaoMi: ignore the status update of camera: 2
04-03 21:38:27.962 14365 14503 W libc : Access denied finding property "vendor.camera.aux.packagelist"
04-03 21:38:27.963 14365 14503 W libc : Access denied finding property "vendor.camera.aux.packagelistext"
04-03 21:38:27.963 14365 14503 W CameraExtImplXiaoMi: ignore the status update of camera: 3
04-03 21:38:28.316 14365 14503 W libc : Access denied finding property "vendor.camera.aux.packagelist"
04-03 21:38:28.316 14365 14503 W libc : Access denied finding property "vendor.camera.aux.packagelistext"
04-03 21:38:28.316 14365 14503 W CameraExtImplXiaoMi: ignore the status update of camera: 4
04-03 21:38:28.667 14365 14503 W libc : Access denied finding property "vendor.camera.aux.packagelist"
04-03 21:38:28.667 14365 14503 W libc : Access denied finding property "vendor.camera.aux.packagelistext"
04-03 21:38:28.667 14365 14503 W CameraExtImplXiaoMi: ignore the status update of camera: 5 --------- beginning of system
04-03 21:38:28.870 14365 14529 W BpBinder: PerfMonitor binderTransact: time=286ms interface=android.content.IContentProvider code=1
04-03 21:38:29.019 14365 14503 W libc : Access denied finding property "vendor.camera.aux.packagelist"
04-03 21:38:29.020 14365 14503 W libc : Access denied finding property "vendor.camera.aux.packagelistext"
04-03 21:38:29.020 14365 14503 W CameraExtImplXiaoMi: ignore the status update of camera: 6
04-03 21:38:31.747 14846 14846 E com.mbwhatsapp: Not starting debugger since process cannot load the jdwp agent.
04-03 21:38:32.131 14846 14846 W System.err: java.lang.ClassNotFoundException: mbmodsd.mbmodsw.ui.views.btn.BtnBK
04-03 21:38:32.132 14846 14846 W System.err: at java.lang.Runtime.nativeLoad(Native Method)
04-03 21:38:32.132 14846 14846 W System.err: at java.lang.Runtime.nativeLoad(Runtime.java:1126)
04-03 21:38:32.132 14846 14846 W System.err: at java.lang.Runtime.loadLibrary0(Runtime.java:1080)
04-03 21:38:32.132 14846 14846 W System.err: at java.lang.Runtime.loadLibrary0(Runtime.java:1003)
04-03 21:38:32.132 14846 14846 W System.err: at java.lang.System.loadLibrary(System.java:1661)
04-03 21:38:32.132 14846 14846 W System.err: at arm.EpicVm.<clinit>(Unknown Source:2)
04-03 21:38:32.132 14846 14846 W System.err: at java.lang.Class.newInstance(Native Method)
04-03 21:38:32.132 14846 14846 W System.err: at android.app.AppComponentFactory.instantiateApplication(AppComponentFactory.java:76)
04-03 21:38:32.132 14846 14846 W System.err: at androidx.core.app.CoreComponentFactory.instantiateApplication(Unknown Source:0)
04-03 21:38:32.132 14846 14846 W System.err: at android.app.Instrumentation.newApplication(Instrumentation.java:1286)
04-03 21:38:32.133 14846 14846 W System.err: at android.app.LoadedApk.makeApplicationInner(LoadedApk.java:1487)
04-03 21:38:32.133 14846 14846 W System.err: at android.app.LoadedApk.makeApplicationInner(LoadedApk.java:1424)
04-03 21:38:32.133 14846 14846 W System.err: at android.app.ActivityThread.handleBindApplication(ActivityThread.java:7420)
04-03 21:38:32.133 14846 14846 W System.err: at android.app.ActivityThread.-$ $Nest$mhandleBindApplication(Unknown Source:0)
04-03 21:38:32.133 14846 14846 W System.err: at android.app.ActivityThread$H.handleMessage(ActivityThread.java:2374)
04-03 21:38:32.133 14846 14846 W System.err: at android.os.Handler.dispatchMessage(Handler.java:106)
04-03 21:38:32.133 14846 14846 W System.err: at android.os.Looper.loopOnce(Looper.java:224)
04-03 21:38:32.133 14846 14846 W System.err: at android.os.Looper.loop(Looper.java:318)
04-03 21:38:32.133 14846 14846 W System.err: at android.app.ActivityThread.main(ActivityThread.java:8727)
04-03 21:38:32.133 14846 14846 W System.err: at java.lang.reflect.Method.invoke(Native Method)
04-03 21:38:32.133 14846 14846 W System.err: at com.android.internal.os.RuntimeInit$MethodAndArgsCaller.run(RuntimeInit.java:561)
04-03 21:38:32.133 14846 14846 W System.err: at com.android.internal.os.ZygoteInit.main(ZygoteInit.java:1013)
04-03 21:38:32.152 14846 14846 E CustomActivityOnCrash: IMPORTANT WARNING! You already have an UncaughtExceptionHandler, are you sure this is correct? If you use a custom UncaughtExceptionHandler, you must initialize it AFTER CustomActivityOnCrash! Installing anyway, but your original handler will not be called.
04-03 21:38:32.798 14846 14846 W com.mbwhatsapp: Accessing hidden method Lcom/android/org/conscrypt/OpenSSLSocketImpl;->setUseSessionTickets(Z)V (max- target-q,core-platform-api, reflection, denied)
04-03 21:38:32.800 14846 14846 W com.mbwhatsapp: Accessing hidden method Lcom/android/org/conscrypt/AbstractConscryptSocket;->setUseSessionTickets(Z)V (max- target-q, reflection, denied)
04-03 21:38:32.905 14887 14887 W libprocessgroup: JoinCgroup: controller schedtune is not found
04-03 21:38:32.921 14846 14908 W com.mbwhatsapp: Method void X.2rL.A03(java.lang.Integer) failed lock verification and will run slower.
04-03 21:38:32.921 14846 14908 W com.mbwhatsapp: Common causes for lock verification issues are non-optimized dex code
04-03 21:38:32.921 14846 14908 W com.mbwhatsapp: and incorrect proguard optimizations.
04-03 21:38:32.946 14846 14846 W Looper : PerfMonitor longMsg : seq=2 plan=21:38:31.781 late=3ms wall=1142ms h=android.app.ActivityThread$H w=110 procState=-1
04-03 21:38:33.374 14846 14846 W JobService: onNetworkChanged() not implemented in androidx.work.impl.background.systemjob.SystemJobService. Must override in a subclass.
04-03 21:38:36.422 14846 14846 W JobService: onNetworkChanged() not implemented in androidx.work.impl.background.systemjob.SystemJobService. Must override in a subclass.
04-03 21:38:40.218 14846 15137 W com.mbwhatsapp: Accessing hidden field Landroid/app/Notification;->extraNotification:Landroid/app/MiuiNotification; (blocked, reflection, denied)
04-03 21:38:40.293 14846 15137 W EpFrameworkFactory: activated: false jar exist: false
04-03 21:38:40.371 14846 15137 W com.mbwhatsapp: Accessing hidden field Landroid/app/Notification;->extraNotification:Landroid/app/MiuiNotification; (blocked, reflection, denied)
04-03 21:38:40.417 14846 15137 W com.mbwhatsapp: Accessing hidden field Landroid/app/Notification;->extraNotification:Landroid/app/MiuiNotification; (blocked, reflection, denied)
04-03 21:38:40.445 14846 15145 W com.mbwhatsapp: Accessing hidden method Landroid/app/MiuiNotification;-><init>()V (blocked, reflection, denied)
04-03 21:38:49.171 14846 14854 W com.mbwhatsapp: Cleared Reference was only reachable from finalizer (only reported once)
04-03 21:38:49.245 14846 14856 W System : A resource failed to call AbstractCursor.close.
04-03 21:38:49.247 14846 14856 W System : A resource failed to call CursorWrapperInner.close.
04-03 21:39:00.967 1484--------- beginning of main
04-03 22:47:52.729 9688 9688 E com.mbwhatsapp: Not starting debugger since process cannot load the jdwp agent.
04-03 22:47:53.101 9688 9688 W System.err: java.lang.ClassNotFoundException: mbmodsd.mbmodsw.ui.views.btn.BtnBK
04-03 22:47:53.101 9688 9688 W System.err: at java.lang.Runtime.nativeLoad(Native Method)
04-03 22:47:53.101 9688 9688 W System.err: at java.lang.Runtime.nativeLoad(Runtime.java:1126)
04-03 22:47:53.101 9688 9688 W System.err: at java.lang.Runtime.loadLibrary0(Runtime.java:1080)
04-03 22:47:53.101 9688 9688 W System.err: at java.lang.Runtime.loadLibrary0(Runtime.java:1003)
04-03 22:47:53.101 9688 9688 W System.err: at java.lang.System.loadLibrary(System.java:1661)
04-03 22:47:53.101 9688 9688 W System.err: at arm.EpicVm.<clinit>(Unknown Source:2)
04-03 22:47:53.101 9688 9688 W System.err: at java.lang.Class.newInstance(Native Method)
04-03 22:47:53.101 9688 9688 W System.err: at android.app.AppComponentFactory.instantiateApplication(AppComponentFactory.java:76)
04-03 22:47:53.101 9688 9688 W System.err: at androidx.core.app.CoreComponentFactory.instantiateApplication(Unknown Source:0)
04-03 22:47:53.101 9688 9688 W System.err: at android.app.Instrumentation.newApplication(Instrumentation.java:1286)
04-03 22:47:53.101 9688 9688 W System.err: at android.app.LoadedApk.makeApplicationInner(LoadedApk.java:1487)
04-03 22:47:53.101 9688 9688 W System.err: at android.app.LoadedApk.makeApplicationInner(LoadedApk.java:1424)
04-03 22:47:53.101 9688 9688 W System.err: at android.app.ActivityThread.handleBindApplication(ActivityThread.java:7420)
04-03 22:47:53.101 9688 9688 W System.err: at android.app.ActivityThread.-$ $Nest$mhandleBindApplication(Unknown Source:0)
04-03 22:47:53.101 9688 9688 W System.err: at android.app.ActivityThread$H.handleMessage(ActivityThread.java:2374)
04-03 22:47:53.101 9688 9688 W System.err: at android.os.Handler.dispatchMessage(Handler.java:106)
04-03 22:47:53.101 9688 9688 W System.err: at android.os.Looper.loopOnce(Looper.java:224)
04-03 22:47:53.101 9688 9688 W System.err: at android.os.Looper.loop(Looper.java:318)
04-03 22:47:53.101 9688 9688 W System.err: at android.app.ActivityThread.main(ActivityThread.java:8727)
04-03 22:47:53.101 9688 9688 W System.err: at java.lang.reflect.Method.invoke(Native Method)
04-03 22:47:53.101 9688 9688 W System.err: at com.android.internal.os.RuntimeInit$MethodAndArgsCaller.run(RuntimeInit.java:561)
04-03 22:47:53.101 9688 9688 W System.err: at com.android.internal.os.ZygoteInit.main(ZygoteInit.java:1013)
04-03 22:47:53.113 9688 9688 E CustomActivityOnCrash: IMPORTANT WARNING! You already have an UncaughtExceptionHandler, are you sure this is correct? If you use a custom UncaughtExceptionHandler, you must initialize it AFTER CustomActivityOnCrash! Installing anyway, but your original handler will not be called.
04-03 22:47:53.368 9688 9688 W com.mbwhatsapp: Accessing hidden method Lcom/android/org/conscrypt/OpenSSLSocketImpl;->setUseSessionTickets(Z)V (max- target-q,core-platform-api, reflection, denied)
04-03 22:47:53.368 9688 9688 W com.mbwhatsapp: Accessing hidden method Lcom/android/org/conscrypt/AbstractConscryptSocket;->setUseSessionTickets(Z)V (max- target-q, reflection, denied)
04-03 22:47:53.435 9745 9745 W libprocessgroup: JoinCgroup: controller schedtune is not found
04-03 22:47:53.466 9688 9761 W com.mbwhatsapp: Method void X.2rL.A03(java.lang.Integer) failed lock verification and will run slower.
04-03 22:47:53.466 9688 9761 W com.mbwhatsapp: Common causes for lock verification issues are non-optimized dex code
04-03 22:47:53.466 9688 9761 W com.mbwhatsapp: and incorrect proguard optimizations.
04-03 22:47:53.475 9688 9688 W com.mbwhatsapp: Method void X.0eU.A0h(X.0tK, boolean) failed lock verification and will run slower.
04-03 22:47:53.540 9688 9688 W libc : Access denied finding property "ro.vendor.df.effect.conflict" --------- beginning of system
04-03 22:47:53.560 9688 9688 W Looper : PerfMonitor looperActivity : package=com.mbwhatsapp/.Icon0 time=94ms latency=636ms procState=-1 historyMsgCount=2 (msgIndex=2 wall=623ms seq=2 late=17ms h=android.app.ActivityThread$H w=110)
04-03 22:47:53.561 9688 9688 W Looper : PerfMonitor looperActivity : package=com.mbwhatsapp/.Icon0 time=0ms latency=728ms procState=-1 historyMsgCount=3 (msgIndex=2 wall=623ms seq=2 late=17ms h=android.app.ActivityThread$H w=110) (msgIndex=3 wall=94ms seq=3 late=636ms h=android.app.ActivityThread$H w=159)
04-03 22:47:53.592 9688 9688 W com.mbwhatsapp: Method void com.mbwhatsapp.HomeActivity.A6e() failed lock verification and will run slower.
04-03 22:47:53.600 9688 9776 W libc : Access denied finding property "vendor.migl.debug"
04-03 22:47:53.873 9688 9688 E ArmVmp : Match on catch block at 0x0a in for 0x7e4e5e4031
04-03 22:47:53.893 9688 9688 E ArmVmp : Match on catch block at 0x0a in for 0x7e4e5e404d
04-03 22:47:54.001 9688 9688 W Activity: Can request only one set of permissions at a time
04-03 22:47:54.049 9688 9811 E ArmVmp : No matching catch block at 0x07
04-03 22:47:54.049 9688 9811 E ArmVmp : Match on catch block at 0x02 in for 0x7e4d6e2a05
04-03 22:47:54.066 9688 9811 W System.err: java.net.UnknownHostException: Unable to resolve host "pastebin.com": No address associated with hostname
04-03 22:47:54.069 9688 9811 W System.err: at java.net.Inet6AddressImpl.lookupHostByName(Inet6AddressImpl.java:156)
04-03 22:47:54.070 9688 9811 W System.err: at java.net.Inet6AddressImpl.lookupAllHostAddr(Inet6AddressImpl.java:103)
04-03 22:47:54.070 9688 9811 W System.err: at java.net.InetAddress.getAllByName(InetAddress.java:1152)
04-03 22:47:54.070 9688 9811 W System.err: at com.android.okhttp.Dns$1.lookup(Dns.java:41)
04-03 22:47:54.070 9688 9811 W System.err: at com.android.okhttp.internal.http.RouteSelector.resetNextInetSocketAddress(RouteSele ctor.java:178)
04-03 22:47:54.070 9688 9811 W System.err: at com.android.okhttp.internal.http.RouteSelector.nextProxy(RouteSelector.java:144)
04-03 22:47:54.070 9688 9811 W System.err: at com.android.okhttp.internal.http.RouteSelector.next(RouteSelector.java:86)
04-03 22:47:54.070 9688 9811 W System.err: at com.android.okhttp.internal.http.StreamAllocation.findConnection(StreamAllocation.j ava:176)
04-03 22:47:54.070 9688 9811 W System.err: at com.android.okhttp.internal.http.StreamAllocation.findHealthyConnection(StreamAlloc ation.java:128)
04-03 22:47:54.070 9688 9811 W System.err: at com.android.okhttp.internal.http.StreamAllocation.newStream(StreamAllocation.java:9 7)
04-03 22:47:54.070 9688 9811 W System.err: at com.android.okhttp.internal.http.HttpEngine.connect(HttpEngine.java:289)
04-03 22:47:54.070 9688 9811 W System.err: at com.android.okhttp.internal.http.HttpEngine.sendRequest(HttpEngine.java:232)
04-03 22:47:54.070 9688 9811 W System.err: at com.android.okhttp.internal.huc.HttpURLConnectionImpl.execute(HttpURLConnectionImpl .java:465)
04-03 22:47:54.071 9688 9811 W System.err: at com.android.okhttp.internal.huc.HttpURLConnectionImpl.getResponse(HttpURLConnection Impl.java:411)
04-03 22:47:54.071 9688 9811 W System.err: at com.android.okhttp.internal.huc.HttpURLConnectionImpl.getInputStream(HttpURLConnect ionImpl.java:248)
04-03 22:47:54.071 9688 9811 W System.err: at com.android.okhttp.internal.huc.DelegatingHttpsURLConnection.getInputStream(Delegat ingHttpsURLConnection.java:211)
04-03 22:47:54.071 9688 9811 W System.err: at com.android.okhttp.internal.huc.HttpsURLConnectionImpl.getInputStream(HttpsURLConne ctionImpl.java:30)
04-03 22:47:54.071 9688 9811 W System.err: at java.net.URL.openStream(URL.java:1072)
04-03 22:47:54.071 9688 9811 W System.err: at mbmodsd.mbmodsw.mbdialog.MBDialogMan.loadJsonFromUrl(Native Method)
04-03 22:47:54.071 9688 9811 W System.err: at mbmodsd.mbmodsw.mbdialog.MBDialogMan.access$000(Native Method)
04-03 22:47:54.071 9688 9811 W System.err: at mbmodsd.mbmodsw.mbdialog.MBDialogMan$FetchJsonTask.doInBackground(Native Method)
04-03 22:47:54.071 9688 9811 W System.err: at mbmodsd.mbmodsw.mbdialog.MBDialogMan$FetchJsonTask.doInBackground(Native Method)
04-03 22:47:54.071 9688 9811 W System.err: at android.os.AsyncTask$3.call(AsyncTask.java:394)
04-03 22:47:54.071 9688 9811 W System.err: at java.util.concurrent.FutureTask.run(FutureTask.java:264)
04-03 22:47:54.071 9688 9811 W System.err: at android.os.AsyncTask$SerialExecutor$1.run(AsyncTask.java:305)
04-03 22:47:54.071 9688 9811 W System.err: at java.util.concurrent.ThreadPoolExecutor.runWorker(ThreadPoolExecutor.java:1145)
04-03 22:47:54.071 9688 9811 W System.err: at java.util.concurrent.ThreadPoolExecutor$Worker.run(ThreadPoolExecutor.java:644)
04-03 22:47:54.071 9688 9811 W System.err: at java.lang.Thread.run(Thread.java:1012)
04-03 22:47:54.071 9688 9811 W System.err: Caused by: android.system.GaiException: android_getaddrinfo failed: EAI_NODATA (No address associated with hostname)
04-03 22:47:54.071 9688 9811 W System.err: at libcore.io.Linux.android_getaddrinfo(Native Method)
04-03 22:47:54.071 9688 9811 W System.err: at libcore.io.ForwardingOs.android_getaddrinfo(ForwardingOs.java:133)
04-03 22:47:54.072 9688 9811 W System.err: at libcore.io.BlockGuardOs.android_getaddrinfo(BlockGuardOs.java:222)
04-03 22:47:54.072 9688 9811 W System.err: at libcore.io.ForwardingOs.android_getaddrinfo(ForwardingOs.java:133)
04-03 22:47:54.072 9688 9811 W System.err: at java.net.Inet6AddressImpl.lookupHostByName(Inet6AddressImpl.java:135)
04-03 22:47:54.072 9688 9811 W System.err: ... 27 more
04-03 22:47:54.169 9688 9866 W ziparchive: Unable to open '/system/framework/QXPerformance.dm': No such file or directory
04-03 22:47:54.171 9688 9866 W ziparchive: Unable to open '/system/framework/QXPerformance.dm': No such file or directory
04-03 22:47:54.184 9688 9688 W OpenGLRenderer: Unknown dataspace 0
04-03 22:47:54.247 9688 9688 W Looper : PerfMonitor looperActivity : package=com.mbwhatsapp/.HomeActivity time=0ms latency=671ms procState=-1 historyMsgCount=3 (msgIndex=2 wall=636ms seq=13 late=12ms h=android.app.ActivityThread$H w=159)
04-03 22:47:54.254 9688 9688 W Looper : PerfMonitor looperActivity : package=com.mbwhatsapp/.HomeActivity time=0ms latency=348ms procState=-1 historyMsgCount=12 (msgIndex=1 wall=636ms seq=13 late=12ms h=android.app.ActivityThread$H w=159)
04-03 22:47:54.288 9688 9688 W Looper : PerfMonitor looperActivity : package=com.mbwhatsapp/.HomeActivity time=34ms latency=349ms procState=-1 historyMsgCount=13 (msgIndex=1 wall=636ms seq=13 late=12ms h=android.app.ActivityThread$H w=159)
04-03 22:47:54.589 9688 9775 E libEGL : pre_cache appList: com.miui.weather2,,
04-03 22:47:54.612 9688 9775 E OpenGLRenderer: Unable to match the desired swap behavior.
04-03 22:47:54.775 9688 9688 E RecyclerView: No adapter attached; skipping layout
04-03 22:47:54.830 9688 9775 E LB : fail to open file: No such file or directory
04-03 22:47:54.831 9688 9775 E LB : fail to open node: No such file or directory
04-03 22:47:54.884 9688 9688 W Looper : PerfMonitor doFrame : time=589ms vsyncFrame=0 latency=82ms procState=-1 historyMsgCount=29 (msgIndex=1 wall=636ms seq=13 late=12ms h=android.app.ActivityThread$H w=159)
04-03 22:47:54.919 9688 9688 E ArmVmp : Match on catch block at 0x0a in for 0x7e4e5e4035
04-03 22:47:54.936 9688 9688 W Looper : PerfMonitor looperActivity : package=com.mbwhatsapp/mbmodsd.mbmodsw.mbsettings.yo.PauseActivity time=51ms latency=598ms procState=-1 historyMsgCount=19 (msgIndex=17 wall=589ms seq=42 late=82ms h=android.view.Choreographer$FrameHandler c=android.view.Choreographer$FrameDisplayEventReceiver)
04-03 22:47:54.978 9688 9688 E RecyclerView: No adapter attached; skipping layout
04-03 22:47:54.987 9688 9688 W Looper : PerfMonitor doFrame : time=51ms vsyncFrame=0 latency=624ms procState=-1 historyMsgCount=6 (msgIndex=1 wall=589ms seq=42 late=82ms h=android.view.Choreographer$FrameHandler c=android.view.Choreographer$FrameDisplayEventReceiver) (msgIndex=4 wall=51ms seq=45 late=598ms h=android.app.ActivityThread$H w=159)
04-03 22:47:55.081 9688 9688 W MiuiStubRegistry: Failed to collect stub providers in android.magicpointer.util.MiuiMagicPointerUtilsStubHeadManifest$$: /system_ext/framework/miui-framework-pointer-pad.jar not exist
04-03 22:47:55.224 9688 10032 W LOTTIE : Animation contains merge paths. Merge paths are only supported on KitKat+ and must be manually enabled by calling enableMergePathsForKitKatAndAbove().
04-03 22:47:55.257 9688 9775 E OpenGLRenderer: Unable to match the desired swap behavior.
04-03 22:47:55.346 9688 9688 W LOTTIE : Animation contains merge paths but they are disabled.
04-03 22:48:05.640 9688 9688 W MirrorManager: this model don't Support
04-03 22:48:05.738 9688 9698 W com.mbwhatsapp: Cleared Reference was only reachable from finalizer (only reported once)
04-03 22:48:05.859 9688 10658 E RenderScript: Failed to find hal setup entry points: undefined symbol: rsdHalAbort
04-03 22:48:05.859 9688 10658 E RenderScript: Failed to load runtime , loading default
04-03 22:48:06.059 9688 9688 E ArmVmp : Match on catch block at 0x0a in for 0x7e4e5e4035
04-03 22:48:06.064 9688 9688 E ArmVmp : Match on catch block at 0x0a in for 0x7e4e5e4035
04-03 22:48:06.066 9688 9811 E ArmVmp : Match on catch block at 0x48 in for 0x7e4d6e2a21
04-03 22:48:06.066 9688 9811 W System.err: java.net.UnknownHostException: Unable to resolve host "translate.googleapis.com": No address associated with hostname
04-03 22:48:06.067 9688 9811 W System.err: at java.net.Inet6AddressImpl.lookupHostByName(Inet6AddressImpl.java:156)
04-03 22:48:06.067 9688 9811 W System.err: at java.net.Inet6AddressImpl.lookupAllHostAddr(Inet6AddressImpl.java:103)
04-03 22:48:06.067 9688 9811 W System.err: at java.net.InetAddress.getAllByName(InetAddress.java:1152)
04-03 22:48:06.067 9688 9811 W System.err: at com.android.okhttp.Dns$1.lookup(Dns.java:41)
04-03 22:48:06.067 9688 9811 W System.err: at com.android.okhttp.internal.http.RouteSelector.resetNextInetSocketAddress(RouteSele ctor.java:178)
04-03 22:48:06.067 9688 9811 W System.err: at com.android.okhttp.internal.http.RouteSelector.nextProxy(RouteSelector.java:144)
04-03 22:48:06.067 9688 9811 W System.err: at com.android.okhttp.internal.http.RouteSelector.next(RouteSelector.java:86)
04-03 22:48:06.067 9688 9811 W System.err: at com.android.okhttp.internal.http.StreamAllocation.findConnection(StreamAllocation.j ava:176)
04-03 22:48:06.067 9688 9811 W System.err: at com.android.okhttp.internal.http.StreamAllocation.findHealthyConnection(StreamAlloc ation.java:128)
04-03 22:48:06.067 9688 9811 W System.err: at com.android.okhttp.internal.http.StreamAllocation.newStream(StreamAllocation.java:9 7)
04-03 22:48:06.067 9688 9811 W System.err: at com.android.okhttp.internal.http.HttpEngine.connect(HttpEngine.java:289)
04-03 22:48:06.067 9688 9811 W System.err: at com.android.okhttp.internal.http.HttpEngine.sendRequest(HttpEngine.java:232)
04-03 22:48:06.067 9688 9811 W System.err: at com.android.okhttp.internal.huc.HttpURLConnectionImpl.execute(HttpURLConnectionImpl .java:465)
04-03 22:48:06.067 9688 9811 W System.err: at com.android.okhttp.internal.huc.HttpURLConnectionImpl.connect(HttpURLConnectionImpl .java:131)
04-03 22:48:06.067 9688 9811 W System.err: at com.android.okhttp.internal.huc.DelegatingHttpsURLConnection.connect(DelegatingHttp sURLConnection.java:90)
04-03 22:48:06.067 9688 9811 W System.err: at com.android.okhttp.internal.huc.HttpsURLConnectionImpl.connect(HttpsURLConnectionIm pl.java:30)
04-03 22:48:06.067 9688 9811 W System.err: at mbmodsd.mbmodsw.home.MBTranslator.translate(Native Method)
04-03 22:48:06.067 9688 9811 W System.err: at mbmodsd.mbmodsw.home.MBTranslator$Async.doInBackground(Native Method)
04-03 22:48:06.067 9688 9811 W System.err: at mbmodsd.mbmodsw.home.MBTranslator$Async.doInBackground(Native Method)
04-03 22:48:06.067 9688 9811 W System.err: at android.os.AsyncTask$3.call(AsyncTask.java:394)
04-03 22:48:06.067 9688 9811 W System.err: at java.util.concurrent.FutureTask.run(FutureTask.java:264)
04-03 22:48:06.067 9688 9811 W System.err: at android.os.AsyncTask$SerialExecutor$1.run(AsyncTask.java:305)
04-03 22:48:06.067 9688 9811 W System.err: at java.util.concurrent.ThreadPoolExecutor.runWorker(ThreadPoolExecutor.java:1145)
04-03 22:48:06.068 9688 9811 W System.err: at java.util.concurrent.ThreadPoolExecutor$Worker.run(ThreadPoolExecutor.java:644)
04-03 22:48:06.068 9688 9811 W System.err: at java.lang.Thread.run(Thread.java:1012)
04-03 22:48:06.068 9688 9811 W System.err: Caused by: android.system.GaiException: android_getaddrinfo failed: EAI_NODATA (No address associated with hostname)
04-03 22:48:06.068 9688 9811 W System.err: at libcore.io.Linux.android_getaddrinfo(Native Method)
04-03 22:48:06.068 9688 9811 W System.err: at libcore.io.ForwardingOs.android_getaddrinfo(ForwardingOs.java:133)
04-03 22:48:06.068 9688 9811 W System.err: at libcore.io.BlockGuardOs.android_getaddrinfo(BlockGuardOs.java:222)
04-03 22:48:06.068 9688 9811 W System.err: at libcore.io.ForwardingOs.android_getaddrinfo(ForwardingOs.java:133)
04-03 22:48:06.068 9688 9811 W System.err: at java.net.Inet6AddressImpl.lookupHostByName(Inet6AddressImpl.java:135)
04-03 22:48:06.068 9688 9811 W System.err: ... 24 more
04-03 22:48:06.068 9688 9811 E ArmVmp : Match on catch block at 0x48 in for 0x7e4d6e2a25
04-03 22:48:06.068 9688 9811 W System.err: java.net.UnknownHostException: Unable to resolve host "translate.googleapis.com": No address associated with hostname
04-03 22:48:06.069 9688 9811 W System.err: at java.net.Inet6AddressImpl.lookupHostByName(Inet6AddressImpl.java:124)
04-03 22:48:06.069 9688 9811 W System.err: at java.net.Inet6AddressImpl.lookupAllHostAddr(Inet6AddressImpl.java:103)
04-03 22:48:06.069 9688 9811 W System.err: at java.net.InetAddress.getAllByName(InetAddress.java:1152)
04-03 22:48:06.069 9688 9811 W System.err: at com.android.okhttp.Dns$1.lookup(Dns.java:41)
04-03 22:48:06.069 9688 9811 W System.err: at com.android.okhttp.internal.http.RouteSelector.resetNextInetSocketAddress(RouteSele ctor.java:178)
04-03 22:48:06.069 9688 9811 W System.err: at com.android.okhttp.internal.http.RouteSelector.nextProxy(RouteSelector.java:144)
04-03 22:48:06.069 9688 9811 W System.err: at com.android.okhttp.internal.http.RouteSelector.next(RouteSelector.java:86)
04-03 22:48:06.069 9688 9811 W System.err: at com.android.okhttp.internal.http.StreamAllocation.findConnection(StreamAllocation.j ava:176)
