04-07 18:12:42.176 26672 26672 W Looper : PerfMonitor looperActivity : package=com.mbwhatsapp/mbmodsd.mbmodsw.mbsettings.yo.PauseActivity time=0ms latency=495ms procState=-1 historyMsgCount=74 (msgIndex=1 wall=1541ms seq=62 late=125ms h=android.view.Choreographer$FrameHandler c=android.view.Choreographer$FrameDisplayEventReceiver) (msgIndex=13 wall=60ms seq=74 late=1573ms h=android.app.ActivityThread$H w=159) (msgIndex=16 wall=69ms seq=77 late=1607ms h=android.view.Choreographer$FrameHandler c=android.view.Choreographer$FrameDisplayEventReceiver)
04-07 18:12:42.177 26672 26672 W Looper : PerfMonitor looperActivity : package=com.mbwhatsapp/mbmodsd.mbmodsw.mbsettings.yo.PauseActivity time=0ms latency=492ms procState=-1 historyMsgCount=75 (msgIndex=1 wall=1541ms seq=62 late=125ms h=android.view.Choreographer$FrameHandler c=android.view.Choreographer$FrameDisplayEventReceiver) (msgIndex=13 wall=60ms seq=74 late=1573ms h=android.app.ActivityThread$H w=159) (msgIndex=16 wall=69ms seq=77 late=1607ms h=android.view.Choreographer$FrameHandler c=android.view.Choreographer$FrameDisplayEventReceiver)
04-07 18:12:42.338 26672 26741 W LibraryVersion: Failed to get app version for libraryName: firebase-iid
04-07 18:12:42.501 26672 27552 W LOTTIE : Animation contains merge paths. Merge paths are only supported on KitKat+ and must be manually enabled by calling enableMergePathsForKitKatAndAbove().
04-07 18:12:42.642 26672 26672 W LOTTIE : Animation contains merge paths but they are disabled.
04-07 18:12:42.785 26672 26998 W com.mbwhatsapp: Accessing hidden method Lcom/android/org/conscrypt/OpenSSLSocketImpl;->getAlpnSelectedProtocol()[B (max- target-q,core-platform-api, reflection, denied)
04-07 18:12:42.785 26672 26998 W com.mbwhatsapp: Accessing hidden method Lcom/android/org/conscrypt/AbstractConscryptSocket;->getAlpnSelectedProtocol()[B (max-target-q, reflection, denied)
04-07 18:12:43.053 26672 26901 E libEGL : pre_cache appList: com.miui.weather2,,
04-07 18:12:43.059 26672 26901 E OpenGLRenderer: Unable to match the desired swap behavior.
04-07 18:12:43.071 26672 26901 E LB : fail to open file: No such file or directory
04-07 18:12:43.071 26672 26901 E LB : fail to open node: No such file or directory
04-07 18:12:43.113 26672 26901 E OpenGLRenderer: Unable to match the desired swap behavior.
04-07 18:12:50.934 26672 26672 W MirrorManager: this model don't Support
04-07 18:12:50.995 26672 26683 W com.mbwhatsapp: Cleared Reference was only reachable from finalizer (only reported once)
04-07 18:12:51.068 26672 26672 W WindowOnBackDispatcher: sendCancelIfRunning: isInProgress=falsecallback=android.view.ViewRootImpl$ $ExternalSyntheticLambda22@fec382e
04-07 18:12:53.035 26672 28835 E RenderScript: Failed to find hal setup entry points: undefined symbol: rsdHalAbort
04-07 18:12:53.035 26672 28835 E RenderScript: Failed to load runtime , loading default
04-07 18:12:53.273 26672 26672 E ArmVmp : Match on catch block at 0x0a in for 0x74d1783035
04-07 18:12:53.280 26672 26672 E ArmVmp : Match on catch block at 0x0a in for 0x74d1783035
04-07 18:12:53.370 26672 26672 W Looper : PerfMonitor looperActivity : package=com.mbwhatsapp/.Conversation time=0ms latency=473ms procState=-1 historyMsgCount=5 (msgIndex=5 wall=468ms seq=702 late=6ms h=android.app.ActivityThread$H w=159)
04-07 18:12:53.402 26672 26901 E OpenGLRenderer: Unable to match the desired swap behavior.
04-07 18:12:53.616 26672 26672 E ArmVmp : Match on catch block at 0xc3 in for 0x74d1783021
04-07 18:12:53.618 26672 26672 E ArmVmp : Match on catch block at 0xc3 in for 0x74d1783021
04-07 18:12:53.622 26672 26672 E ArmVmp : Match on catch block at 0xc3 in for 0x74d1783021
04-07 18:12:53.662 26672 26672 W Looper : PerfMonitor doFrame : time=291ms vsyncFrame=0 latency=468ms procState=-1 historyMsgCount=4 (msgIndex=3 wall=468ms seq=702 late=6ms h=android.app.ActivityThread$H w=159)
04-07 18:12:53.702 26672 26672 E ArmVmp : Match on catch block at 0xc3 in for 0x74d1783025
04-07 18:12:53.704 26672 26672 E ArmVmp : Match on catch block at 0xc3 in for 0x74d1783025
04-07 18:12:53.705 26672 26672 E ArmVmp : Match on catch block at 0xc3 in for 0x74d1783025
04-07 18:12:53.719 26672 26672 W Looper : PerfMonitor doFrame : time=24ms vsyncFrame=0 latency=308ms procState=-1 historyMsgCount=54 (msgIndex=1 wall=291ms seq=704 late=468ms h=android.view.Choreographer$FrameHandler c=android.view.Choreographer$FrameDisplayEventReceiver)
04-07 18:12:53.745 26672 26672 E ArmVmp : Match on catch block at 0xc3 in for 0x74d1783025
04-07 18:12:53.748 26672 26672 E ArmVmp : Match on catch block at 0xc3 in for 0x74d1783025
04-07 18:12:53.751 26672 26672 E ArmVmp : Match on catch block at 0xc3 in for 0x74d1783025
04-07 18:12:53.795 26672 26672 E ArmVmp : Match on catch block at 0xc3 in for 0x74d1783025
04-07 18:12:53.797 26672 26672 E ArmVmp : Match on catch block at 0xc3 in for 0x74d1783025
04-07 18:12:53.805 26672 26672 E ArmVmp : Match on catch block at 0xc3 in for 0x74d1783025
04-07 18:12:53.836 26672 26672 E ArmVmp : Match on catch block at 0xc3 in for 0x74d1783025
04-07 18:12:53.840 26672 28877 W com.mbwhatsapp: Accessing hidden method Landroid/app/MiuiNotification;-><init>()V (blocked, reflection, denied)
04-07 18:12:53.844 26672 26672 E ArmVmp : Match on catch block at 0xc3 in for 0x74d1783025
04-07 18:12:53.849 26672 26672 E ArmVmp : Match on catch block at 0xc3 in for 0x74d1783025
04-07 18:12:53.871 26672 26672 E ArmVmp : Match on catch block at 0xc3 in for 0x74d1783025
04-07 18:12:53.873 26672 26672 E ArmVmp : Match on catch block at 0xc3 in for 0x74d1783025
04-07 18:12:53.874 26672 26672 E ArmVmp : Match on catch block at 0xc3 in for 0x74d1783025
04-07 18:12:53.890 26672 26672 E ArmVmp : Match on catch block at 0xc3 in for 0x74d1783025
04-07 18:12:53.894 26672 26672 E ArmVmp : Match on catch block at 0xc3 in for 0x74d1783025
04-07 18:12:53.897 26672 26672 E ArmVmp : Match on catch block at 0xc3 in for 0x74d1783025
04-07 18:12:53.904 26672 26672 E ArmVmp : Match on catch block at 0xc3 in for 0x74d1783025
04-07 18:12:53.907 26672 26672 E ArmVmp : Match on catch block at 0xc3 in for 0x74d1783025
04-07 18:12:53.910 26672 26672 E ArmVmp : Match on catch block at 0xc3 in for 0x74d1783025
04-07 18:12:53.915 26672 26672 E ArmVmp : Match on catch block at 0xc3 in for 0x74d1783025
04-07 18:12:53.917 26672 26672 E ArmVmp : Match on catch block at 0xc3 in for 0x74d1783025
04-07 18:12:53.919 26672 26672 E ArmVmp : Match on catch block at 0xc3 in for 0x74d1783025
04-07 18:12:53.924 26672 26672 E ArmVmp : Match on catch block at 0xc3 in for 0x74d1783025
04-07 18:12:53.926 26672 26672 E ArmVmp : Match on catch block at 0xc3 in for 0x74d1783025
04-07 18:12:53.929 26672 26672 E ArmVmp : Match on catch block at 0xc3 in for 0x74d1783025
04-07 18:12:53.941 26672 26672 E ArmVmp : Match on catch block at 0xc3 in for 0x74d1783025
04-07 18:12:53.943 26672 26672 E ArmVmp : Match on catch block at 0xc3 in for 0x74d1783025
04-07 18:12:53.945 26672 26672 E ArmVmp : Match on catch block at 0xc3 in for 0x74d1783025
04-07 18:12:53.957 26672 26672 E ArmVmp : Match on catch block at 0xc3 in for 0x74d1783025
04-07 18:12:53.960 26672 26672 E ArmVmp : Match on catch block at 0xc3 in for 0x74d1783025
04-07 18:12:53.963 26672 26672 E ArmVmp : Match on catch block at 0xc3 in for 0x74d1783025
04-07 18:12:53.974 26672 26672 E ArmVmp : Match on catch block at 0xc3 in for 0x74d1783025
04-07 18:12:53.977 26672 26672 E ArmVmp : Match on catch block at 0xc3 in for 0x74d1783025
04-07 18:12:53.979 26672 26672 E ArmVmp : Match on catch block at 0xc3 in for 0x74d1783025
04-07 18:12:53.991 26672 26672 E ArmVmp : Match on catch block at 0xc3 in for 0x74d1783025
04-07 18:12:53.995 26672 26672 E ArmVmp : Match on catch block at 0xc3 in for 0x74d1783025
04-07 18:12:53.997 26672 26672 E ArmVmp : Match on catch block at 0xc3 in for 0x74d1783025
04-07 18:12:54.008 26672 26672 E ArmVmp : Match on catch block at 0xc3 in for 0x74d1783025
04-07 18:12:54.010 26672 26672 E ArmVmp : Match on catch block at 0xc3 in for 0x74d1783025
04-07 18:12:54.011 26672 26672 E ArmVmp : Match on catch block at 0xc3 in for 0x74d1783025
04-07 18:12:54.024 26672 26672 E ArmVmp : Match on catch block at 0xc3 in for 0x74d1783025
04-07 18:12:54.027 26672 26672 E ArmVmp : Match on catch block at 0xc3 in for 0x74d1783025
04-07 18:12:54.029 26672 26672 E ArmVmp : Match on catch block at 0xc3 in for 0x74d1783025
04-07 18:12:54.041 26672 26672 E ArmVmp : Match on catch block at 0xc3 in for 0x74d1783025
04-07 18:12:54.043 26672 26672 E ArmVmp : Match on catch block at 0xc3 in for 0x74d1783025
04-07 18:12:54.045 26672 26672 E ArmVmp : Match on catch block at 0xc3 in for 0x74d1783025
04-07 18:12:54.058 26672 26672 E ArmVmp : Match on catch block at 0xc3 in for 0x74d1783025
04-07 18:12:54.060 26672 26672 E ArmVmp : Match on catch block at 0xc3 in for 0x74d1783025
04-07 18:12:54.062 26672 26672 E ArmVmp : Match on catch block at 0xc3 in for 0x74d1783025
04-07 18:12:54.070 26672 28877 W com.mbwhatsapp: Accessing hidden method Landroid/app/MiuiNotification;-><init>()V (blocked, reflection, denied)
04-07 18:12:54.159 26672 26672 E ArmVmp : Match on catch block at 0xc3 in for 0x74d1783025
04-07 18:12:54.162 26672 26672 E ArmVmp : Match on catch block at 0xc3 in for 0x74d1783025
04-07 18:12:54.165 26672 26672 E ArmVmp : Match on catch block at 0xc3 in for 0x74d1783025
04-07 18:12:54.176 26672 26672 E ArmVmp : Match on catch block at 0xc3 in for 0x74d1783025
04-07 18:12:54.180 26672 26672 E ArmVmp : Match on catch block at 0xc3 in for 0x74d1783025
04-07 18:12:54.184 26672 26672 E ArmVmp : Match on catch block at 0xc3 in for 0x74d1783025
04-07 18:12:54.194 26672 26672 E ArmVmp : Match on catch block at 0xc3 in for 0x74d1783025
04-07 18:12:54.196 26672 26672 E ArmVmp : Match on catch block at 0xc3 in for 0x74d1783025
04-07 18:12:54.199 26672 26672 E ArmVmp : Match on catch block at 0xc3 in for 0x74d1783025
04-07 18:12:54.208 26672 26672 E ArmVmp : Match on catch block at 0xc3 in for 0x74d1783025
04-07 18:12:54.211 26672 26672 E ArmVmp : Match on catch block at 0xc3 in for 0x74d1783025
04-07 18:12:54.214 26672 26672 E ArmVmp : Match on catch block at 0xc3 in for 0x74d1783025
04-07 18:12:54.225 26672 26672 E ArmVmp : Match on catch block at 0xc3 in for 0x74d1783025
04-07 18:12:54.229 26672 26672 E ArmVmp : Match on catch block at 0xc3 in for 0x74d1783025
04-07 18:12:54.232 26672 26672 E ArmVmp : Match on catch block at 0xc3 in for 0x74d1783025
04-07 18:12:54.242 26672 26672 E ArmVmp : Match on catch block at 0xc3 in for 0x74d1783025
04-07 18:12:54.246 26672 26672 E ArmVmp : Match on catch block at 0xc3 in for 0x74d1783025
04-07 18:12:54.249 26672 26672 E ArmVmp : Match on catch block at 0xc3 in for 0x74d1783025
04-07 18:12:54.269 26672 26672 E ArmVmp : Match on catch block at 0xc3 in for 0x74d1783025
04-07 18:12:54.270 26672 26672 E ArmVmp : Match on catch block at 0xc3 in for 0x74d1783025
04-07 18:12:54.272 26672 26672 E ArmVmp : Match on catch block at 0xc3 in for 0x74d1783025
04-07 18:12:54.287 26672 26672 E ArmVmp : Match on catch block at 0xc3 in for 0x74d1783025
04-07 18:12:54.289 26672 26672 E ArmVmp : Match on catch block at 0xc3 in for 0x74d1783025
04-07 18:12:54.290 26672 26672 E ArmVmp : Match on catch block at 0xc3 in for 0x74d1783025
04-07 18:12:54.309 26672 26672 E ArmVmp : Match on catch block at 0xc3 in for 0x74d1783025
04-07 18:12:54.312 26672 26672 E ArmVmp : Match on catch block at 0xc3 in for 0x74d1783025
04-07 18:12:54.315 26672 26672 E ArmVmp : Match on catch block at 0xc3 in for 0x74d1783025
04-07 18:12:54.325 26672 26672 E ArmVmp : Match on catch block at 0xc3 in for 0x74d1783025
04-07 18:12:54.328 26672 26672 E ArmVmp : Match on catch block at 0xc3 in for 0x74d1783025
04-07 18:12:54.330 26672 26672 E ArmVmp : Match on catch block at 0xc3 in for 0x74d1783025
04-07 18:12:54.342 26672 26672 E ArmVmp : Match on catch block at 0xc3 in for 0x74d1783025
04-07 18:12:54.345 26672 26672 E ArmVmp : Match on catch block at 0xc3 in for 0x74d1783025
04-07 18:12:54.347 26672 26672 E ArmVmp : Match on catch block at 0xc3 in for 0x74d1783025
04-07 18:12:54.359 26672 26672 E ArmVmp : Match on catch block at 0xc3 in for 0x74d1783025
04-07 18:12:54.362 26672 26672 E ArmVmp : Match on catch block at 0xc3 in for 0x74d1783025
04-07 18:12:54.364 26672 26672 E ArmVmp : Match on catch block at 0xc3 in for 0x74d1783025
04-07 18:12:54.376 26672 26672 E ArmVmp : Match on catch block at 0xc3 in for 0x74d1783025
04-07 18:12:54.378 26672 26672 E ArmVmp : Match on catch block at 0xc3 in for 0x74d1783025
04-07 18:12:54.381 26672 26672 E ArmVmp : Match on catch block at 0xc3 in for 0x74d1783025
04-07 18:12:54.392 26672 26672 E ArmVmp : Match on catch block at 0xc3 in for 0x74d1783025
04-07 18:12:54.395 26672 26672 E ArmVmp : Match on catch block at 0xc3 in for 0x74d1783025
04-07 18:12:54.397 26672 26672 E ArmVmp : Match on catch block at 0xc3 in for 0x74d1783025
04-07 18:12:54.409 26672 26672 E ArmVmp : Match on catch block at 0xc3 in for 0x74d1783025
04-07 18:12:54.413 26672 26672 E ArmVmp : Match on catch block at 0xc3 in for 0x74d1783025
04-07 18:12:54.415 26672 26672 E ArmVmp : Match on catch block at 0xc3 in for 0x74d1783025
04-07 18:12:54.427 26672 26672 E ArmVmp : Match on catch block at 0xc3 in for 0x74d1783025
04-07 18:12:54.430 26672 26672 E ArmVmp : Match on catch block at 0xc3 in for 0x74d1783025
04-07 18:12:54.432 26672 26672 E ArmVmp : Match on catch block at 0xc3 in for 0x74d1783025
04-07 18:12:54.442 26672 26672 E ArmVmp : Match on catch block at 0xc3 in for 0x74d1783025
04-07 18:12:54.444 26672 26672 E ArmVmp : Match on catch block at 0xc3 in for 0x74d1783025
04-07 18:12:54.446 26672 26672 E ArmVmp : Match on catch block at 0xc3 in for 0x74d1783025
04-07 18:12:54.458 26672 26672 E ArmVmp : Match on catch block at 0xc3 in for 0x74d1783025
04-07 18:12:54.461 26672 26672 E ArmVmp : Match on catch block at 0xc3 in for 0x74d1783025
04-07 18:12:54.462 26672 26672 E ArmVmp : Match on catch block at 0xc3 in for 0x74d1783025
04-07 18:12:54.475 26672 26672 E ArmVmp : Match on catch block at 0xc3 in for 0x74d1783025
04-07 18:12:54.477 26672 26672 E ArmVmp : Match on catch block at 0xc3 in for 0x74d1783025
04-07 18:12:54.479 26672 26672 E ArmVmp : Match on catch block at 0xc3 in for 0x74d1783025
04-07 18:12:54.792 26672 26672 E ArmVmp : Match on catch block at 0xc3 in for 0x74d1783025
04-07 18:12:54.794 26672 26672 E ArmVmp : Match on catch block at 0xc3 in for 0x74d1783025
04-07 18:12:54.796 26672 26672 E ArmVmp : Match on catch block at 0xc3 in for 0x74d1783025
04-07 18:12:55.295 26672 26672 E ArmVmp : Match on catch block at 0xc3 in for 0x74d1783025
04-07 18:12:55.297 26672 26672 E ArmVmp : Match on catch block at 0xc3 in for 0x74d1783025
04-07 18:12:55.300 26672 26672 E ArmVmp : Match on catch block at 0xc3 in for 0x74d1783025
04-07 18:12:55.378 26672 26672 E ArmVmp : Match on catch block at 0xc3 in for 0x74d1783025
04-07 18:12:55.381 26672 26672 E ArmVmp : Match on catch block at 0xc3 in for 0x74d1783025
04-07 18:12:55.383 26672 26672 E ArmVmp : Match on catch block at 0xc3 in for 0x74d1783025
04-07 18:12:55.395 26672 26672 E ArmVmp : Match on catch block at 0xc3 in for 0x74d1783025
04-07 18:12:55.401 26672 26672 E ArmVmp : Match on catch block at 0xc3 in for 0x74d1783025
04-07 18:12:55.403 26672 26672 E ArmVmp : Match on catch block at 0xc3 in for 0x74d1783025
04-07 18:12:55.412 26672 26672 E ArmVmp : Match on catch block at 0xc3 in for 0x74d1783025
04-07 18:12:55.415 26672 26672 E ArmVmp : Match on catch block at 0xc3 in for 0x74d1783025
04-07 18:12:55.417 26672 26672 E ArmVmp : Match on catch block at 0xc3 in for 0x74d1783025
04-07 18:12:55.428 26672 26672 E ArmVmp : Match on catch block at 0xc3 in for 0x74d1783025
04-07 18:12:55.433 26672 26672 E ArmVmp : Match on catch block at 0xc3 in for 0x74d1783025
04-07 18:12:55.435 26672 26672 E ArmVmp : Match on catch block at 0xc3 in for 0x74d1783025
04-07 18:12:55.445 26672 26672 E ArmVmp : Match on catch block at 0xc3 in for 0x74d1783025
04-07 18:12:55.450 26672 26672 E ArmVmp : Match on catch block at 0xc3 in for 0x74d1783025
04-07 18:12:55.452 26672 26672 E ArmVmp : Match on catch block at 0xc3 in for 0x74d1783025
04-07 18:12:55.462 26672 26672 E ArmVmp : Match on catch block at 0xc3 in for 0x74d1783025
04-07 18:12:55.465 26672 26672 E ArmVmp : Match on catch block at 0xc3 in for 0x74d1783025
04-07 18:12:55.467 26672 26672 E ArmVmp : Match on catch block at 0xc3 in for 0x74d1783025
04-07 18:12:55.479 26672 26672 E ArmVmp : Match on catch block at 0xc3 in for 0x74d1783025
04-07 18:12:55.482 26672 26672 E ArmVmp : Match on catch block at 0xc3 in for 0x74d1783025
04-07 18:12:55.484 26672 26672 E ArmVmp : Match on catch block at 0xc3 in for 0x74d1783025
04-07 18:12:55.495 26672 26672 E ArmVmp : Match on catch block at 0xc3 in for 0x74d1783025
04-07 18:12:55.499 26672 26672 E ArmVmp : Match on catch block at 0xc3 in for 0x74d1783025
04-07 18:12:55.501 26672 26672 E ArmVmp : Match on catch block at 0xc3 in for 0x74d1783025
04-07 18:12:55.512 26672 26672 E ArmVmp : Match on catch block at 0xc3 in for 0x74d1783025
04-07 18:12:55.515 26672 26672 E ArmVmp : Match on catch block at 0xc3 in for 0x74d1783025
04-07 18:12:55.519 26672 26672 E ArmVmp : Match on catch block at 0xc3 in for 0x74d1783025
04-07 18:12:55.528 26672 26672 E ArmVmp : Match on catch block at 0xc3 in for 0x74d1783025
04-07 18:12:55.531 26672 26672 E ArmVmp : Match on catch block at 0xc3 in for 0x74d1783025
04-07 18:12:55.534 26672 26672 E ArmVmp : Match on catch block at 0xc3 in for 0x74d1783025
04-07 18:12:55.545 26672 26672 E ArmVmp : Match on catch block at 0xc3 in for 0x74d1783025
04-07 18:12:55.548 26672 26672 E ArmVmp : Match on catch block at 0xc3 in for 0x74d1783025
04-07 18:12:55.550 26672 26672 E ArmVmp : Match on catch block at 0xc3 in for 0x74d1783025
04-07 18:12:55.562 26672 26672 E ArmVmp : Match on catch block at 0xc3 in for 0x74d1783025
04-07 18:12:55.565 26672 26672 E ArmVmp : Match on catch block at 0xc3 in for 0x74d1783025
04-07 18:12:55.567 26672 26672 E ArmVmp : Match on catch block at 0xc3 in for 0x74d1783025
04-07 18:12:55.579 26672 26672 E ArmVmp : Match on catch block at 0xc3 in for 0x74d1783025
04-07 18:12:55.581 26672 26672 E ArmVmp : Match on catch block at 0xc3 in for 0x74d1783025
04-07 18:12:55.584 26672 26672 E ArmVmp : Match on catch block at 0xc3 in for 0x74d1783025
04-07 18:12:55.595 26672 26672 E ArmVmp : Match on catch block at 0xc3 in for 0x74d1783025
04-07 18:12:55.598 26672 26672 E ArmVmp : Match on catch block at 0xc3 in for 0x74d1783025
04-07 18:12:55.601 26672 26672 E ArmVmp : Match on catch block at 0xc3 in for 0x74d1783025
04-07 18:12:55.612 26672 26672 E ArmVmp : Match on catch block at 0xc3 in for 0x74d1783025
04-07 18:12:55.615 26672 26672 E ArmVmp : Match on catch block at 0xc3 in for 0x74d1783025
04-07 18:12:55.618 26672 26672 E ArmVmp : Match on catch block at 0xc3 in for 0x74d1783025
04-07 18:12:55.629 26672 26672 E ArmVmp : Match on catch block at 0xc3 in for 0x74d1783025
04-07 18:12:55.631 26672 26672 E ArmVmp : Match on catch block at 0xc3 in for 0x74d1783025
04-07 18:12:55.634 26672 26672 E ArmVmp : Match on catch block at 0xc3 in for 0x74d1783025
04-07 18:12:55.645 26672 26672 E ArmVmp : Match on catch block at 0xc3 in for 0x74d1783025
04-07 18:12:55.649 26672 26672 E ArmVmp : Match on catch block at 0xc3 in for 0x74d1783025
04-07 18:12:55.651 26672 26672 E ArmVmp : Match on catch block at 0xc3 in for 0x74d1783025
04-07 18:12:55.796 26672 26672 E ArmVmp : Match on catch block at 0xc3 in for 0x74d1783025
04-07 18:12:55.799 26672 26672 E ArmVmp : Match on catch block at 0xc3 in for 0x74d1783025
04-07 18:12:55.801 26672 26672 E ArmVmp : Match on catch block at 0xc3 in for 0x74d1783025
04-07 18:12:56.297 26672 26672 E ArmVmp : Match on catch block at 0xc3 in for 0x74d1783025
04-07 18:12:56.300 26672 26672 E ArmVmp : Match on catch block at 0xc3 in for 0x74d1783025
04-07 18:12:56.302 26672 26672 E ArmVmp : Match on catch block at 0xc3 in for 0x74d1783025
04-07 18:12:56.654 26672 26672 W JobService: onNetworkChanged() not implemented in androidx.work.impl.background.systemjob.SystemJobService. Must override in a subclass.
04-07 18:12:56.798 26672 26672 E ArmVmp : Match on catch block at 0xc3 in for 0x74d1783025
04-07 18:12:56.801 26672 26672 E ArmVmp : Match on catch block at 0xc3 in for 0x74d1783025
04-07 18:12:56.804 26672 26672 E ArmVmp : Match on catch block at 0xc3 in for 0x74d1783025
04-07 18:12:57.300 26672 26672 E ArmVmp : Match on catch block at 0xc3 in for 0x74d1783025
04-07 18:12:57.305 26672 26672 E ArmVmp : Match on catch block at 0xc3 in for 0x74d1783025
04-07 18:12:57.309 26672 26672 E ArmVmp : Match on catch block at 0xc3 in for 0x74d1783025
04-07 18:12:57.802 26672 26672 E ArmVmp : Match on catch block at 0xc3 in for 0x74d1783025
04-07 18:12:57.809 26672 26672 E ArmVmp : Match on catch block at 0xc3 in for 0x74d1783025
04-07 18:12:57.817 26672 26672 E ArmVmp : Match on catch block at 0xc3 in for 0x74d1783025
04-07 18:12:58.304 26672 26672 E ArmVmp : Match on catch block at 0xc3 in for 0x74d1783025
04-07 18:12:58.309 26672 26672 E ArmVmp : Match on catch block at 0xc3 in for 0x74d1783025
04-07 18:12:58.314 26672 26672 E ArmVmp : Match on catch block at 0xc3 in for 0x74d1783025
04-07 18:12:58.803 26672 26672 E ArmVmp : Match on catch block at 0xc3 in for 0x74d1783025
04-07 18:12:58.806 26672 26672 E ArmVmp : Match on catch block at 0xc3 in for 0x74d1783025
04-07 18:12:58.808 26672 26672 E ArmVmp : Match on catch block at 0xc3 in for 0x74d1783025
04-07 18:12:59.303 26672 26672 E ArmVmp : Match on catch block at 0xc3 in for 0x74d1783025
04-07 18:12:59.306 26672 26672 E ArmVmp : Match on catch block at 0xc3 in for 0x74d1783025
04-07 18:12:59.307 26672 26672 E ArmVmp : Match on catch block at 0xc3 in for 0x74d1783025
04-07 18:12:59.806 26672 26672 E ArmVmp : Match on catch block at 0xc3 in for 0x74d1783025
04-07 18:12:59.809 26672 26672 E ArmVmp : Match on catch block at 0xc3 in for 0x74d1783025
04-07 18:12:59.811 26672 26672 E ArmVmp : Match on catch block at 0xc3 in for 0x74d1783025
04-07 18:13:00.307 26672 26672 E ArmVmp : Match on catch block at 0xc3 in for 0x74d1783025
04-07 18:13:00.310 26672 26672 E ArmVmp : Match on catch block at 0xc3 in for 0x74d1783025
04-07 18:13:00.312 26672 26672 E ArmVmp : Match on catch block at 0xc3 in for 0x74d1783025
04-07 18:13:00.610 26672 26672 E ArmVmp : Match on catch block at 0xc3 in for 0x74d1783025
04-07 18:13:00.616 26672 26672 E ArmVmp : Match on catch block at 0xc3 in for 0x74d1783025
04-07 18:13:00.618 26672 26672 E ArmVmp : Match on catch block at 0xc3 in for 0x74d1783025
04-07 18:13:00.623 26672 26672 E ArmVmp : Match on catch block at 0xc3 in for 0x74d1783025
04-07 18:13:00.625 26672 26672 E ArmVmp : Match on catch block at 0xc3 in for 0x74d1783025
04-07 18:13:00.626 26672 26672 E ArmVmp : Match on catch block at 0xc3 in for 0x74d1783025
04-07 18:13:00.807 26672 26672 E ArmVmp : Match on catch block at 0xc3 in for 0x74d1783025
04-07 18:13:00.816 26672 26672 E ArmVmp : Match on catch block at 0xc3 in for 0x74d1783025
04-07 18:13:00.821 26672 26672 E ArmVmp : Match on catch block at 0xc3 in for 0x74d1783025
04-07 18:13:00.921 26672 26672 E ArmVmp : Match on catch block at 0xc3 in for 0x74d1783025
04-07 18:13:00.922 26672 26672 E ArmVmp : Match on catch block at 0xc3 in for 0x74d1783025
04-07 18:13:00.925 26672 26672 E ArmVmp : Match on catch block at 0xc3 in for 0x74d1783025
04-07 18:13:00.931 26672 26672 E ArmVmp : Match on catch block at 0xc3 in for 0x74d1783025
04-07 18:13:00.934 26672 26672 E ArmVmp : Match on catch block at 0xc3 in for 0x74d1783025
04-07 18:13:00.936 26672 26672 E ArmVmp : Match on catch block at 0xc3 in for 0x74d1783025
04-07 18:13:01.164 26672 26672 E ArmVmp : Match on catch block at 0xc3 in for 0x74d1783025
04-07 18:13:01.166 26672 26672 E ArmVmp : Match on catch block at 0xc3 in for 0x74d1783025
04-07 18:13:01.169 26672 26672 E ArmVmp : Match on catch block at 0xc3 in for 0x74d1783025
04-07 18:13:01.176 26672 26672 E ArmVmp : Match on catch block at 0xc3 in for 0x74d1783025
04-07 18:13:01.179 26672 26672 E ArmVmp : Match on catch block at 0xc3 in for 0x74d1783025
04-07 18:13:01.182 26672 26672 E ArmVmp : Match on catch block at 0xc3 in for 0x74d1783025
04-07 18:13:01.309 26672 26672 E ArmVmp : Match on catch block at 0xc3 in for 0x74d1783025
04-07 18:13:01.312 26672 26672 E ArmVmp : Match on catch block at 0xc3 in for 0x74d1783025
04-07 18:13:01.315 26672 26672 E ArmVmp : Match on catch block at 0xc3 in for 0x74d1783025
04-07 18:13:01.811 26672 26672 E ArmVmp : Match on catch block at 0xc3 in for 0x74d1783025
04-07 18:13:01.814 26672 26672 E ArmVmp : Match on catch block at 0xc3 in for 0x74d1783025
04-07 18:13:01.817 26672 26672 E ArmVmp : Match on catch block at 0xc3 in for 0x74d1783025
04-07 18:13:02.101 26672 26672 E ArmVmp : Match on catch block at 0xc3 in for 0x74d1783025
04-07 18:13:02.103 26672 26672 E ArmVmp : Match on catch block at 0xc3 in for 0x74d1783025
04-07 18:13:02.106 26672 26672 E ArmVmp : Match on catch block at 0xc3 in for 0x74d1783025
04-07 18:13:02.117 26672 26672 E ArmVmp : Match on catch block at 0xc3 in for 0x74d1783025
04-07 18:13:02.120 26672 26672 E ArmVmp : Match on catch block at 0xc3 in for 0x74d1783025
04-07 18:13:02.123 26672 26672 E ArmVmp : Match on catch block at 0xc3 in for 0x74d1783025
04-07 18:13:02.127 26672 26672 E ArmVmp : Match on catch block at 0xc3 in for 0x74d1783025
04-07 18:13:02.131 26672 26672 E ArmVmp : Match on catch block at 0xc3 in for 0x74d1783025
04-07 18:13:02.135 26672 26672 E ArmVmp : Match on catch block at 0xc3 in for 0x74d1783025
04-07 18:13:02.143 26672 26672 E ArmVmp : Match on catch block at 0xc3 in for 0x74d1783025
04-07 18:13:02.145 26672 26672 E ArmVmp : Match on catch block at 0xc3 in for 0x74d1783025
04-07 18:13:02.146 26672 26672 E ArmVmp : Match on catch block at 0xc3 in for 0x74d1783025
04-07 18:13:02.161 26672 26672 E ArmVmp : Match on catch block at 0xc3 in for 0x74d1783025
04-07 18:13:02.162 26672 26672 E ArmVmp : Match on catch block at 0xc3 in for 0x74d1783025
04-07 18:13:02.164 26672 26672 E ArmVmp : Match on catch block at 0xc3 in for 0x74d1783025
04-07 18:13:02.177 26672 26672 E ArmVmp : Match on catch block at 0xc3 in for 0x74d1783025
04-07 18:13:02.180 26672 26672 E ArmVmp : Match on catch block at 0xc3 in for 0x74d1783025
04-07 18:13:02.183 26672 26672 E ArmVmp : Match on catch block at 0xc3 in for 0x74d1783025
04-07 18:13:02.194 26672 26672 E ArmVmp : Match on catch block at 0xc3 in for 0x74d1783025
04-07 18:13:02.197 26672 26672 E ArmVmp : Match on catch block at 0xc3 in for 0x74d1783025
04-07 18:13:02.203 26672 26672 E ArmVmp : Match on catch block at 0xc3 in for 0x74d1783025
04-07 18:13:02.218 26672 26672 E ArmVmp : Match on catch block at 0xc3 in for 0x74d1783025
04-07 18:13:02.221 26672 26672 E ArmVmp : Match on catch block at 0xc3 in for 0x74d1783025
04-07 18:13:02.224 26672 26672 E ArmVmp : Match on catch block at 0xc3 in for 0x74d1783025
04-07 18:13:02.245 26672 26672 E ArmVmp : Match on catch block at 0xc3 in for 0x74d1783025
04-07 18:13:02.250 26672 26672 E ArmVmp : Match on catch block at 0xc3 in for 0x74d1783025
04-07 18:13:02.253 26672 26672 E ArmVmp : Match on catch block at 0xc3 in for 0x74d1783025
04-07 18:13:02.261 26672 26672 E ArmVmp : Match on catch block at 0xc3 in for 0x74d1783025
04-07 18:13:02.266 26672 26672 E ArmVmp : Match on catch block at 0xc3 in for 0x74d1783025
04-07 18:13:02.269 26672 26672 E ArmVmp : Match on catch block at 0xc3 in for 0x74d1783025
04-07 18:13:02.278 26672 26672 E ArmVmp : Match on catch block at 0xc3 in for 0x74d1783025
04-07 18:13:02.281 26672 26672 E ArmVmp : Match on catch block at 0xc3 in for 0x74d1783025
04-07 18:13:02.287 26672 26672 E ArmVmp : Match on catch block at 0xc3 in for 0x74d1783025
04-07 18:13:02.295 26672 26672 E ArmVmp : Match on catch block at 0xc3 in for 0x74d1783025
04-07 18:13:02.299 26672 26672 E ArmVmp : Match on catch block at 0xc3 in for 0x74d1783025
04-07 18:13:02.302 26672 26672 E ArmVmp : Match on catch block at 0xc3 in for 0x74d1783025
04-07 18:13:02.462 26672 26672 E ArmVmp : Match on catch block at 0xc3 in for 0x74d1783025
04-07 18:13:02.465 26672 26672 E ArmVmp : Match on catch block at 0xc3 in for 0x74d1783025
04-07 18:13:02.469 26672 26672 E ArmVmp : Match on catch block at 0xc3 in for 0x74d1783025
04-07 18:13:02.732 26672 26672 W JobService: onNetworkChanged() not implemented in androidx.work.impl.background.systemjob.SystemJobService. Must override in a subclass.
04-07 18:13:02.749 26672 26672 E ArmVmp : Match on catch block at 0xc3 in for 0x74d1783025
04-07 18:13:02.753 26672 26672 E ArmVmp : Match on catch block at 0xc3 in for 0x74d1783025
04-07 18:13:02.758 26672 26672 E ArmVmp : Match on catch block at 0xc3 in for 0x74d1783025
04-07 18:13:02.762 26672 26672 E ArmVmp : Match on catch block at 0xc3 in for 0x74d1783025
04-07 18:13:02.767 26672 26672 E ArmVmp : Match on catch block at 0xc3 in for 0x74d1783025
04-07 18:13:02.770 26672 26672 E ArmVmp : Match on catch block at 0xc3 in for 0x74d1783025
04-07 18:13:02.779 26672 26672 E ArmVmp : Match on catch block at 0xc3 in for 0x74d1783025
04-07 18:13:02.782 26672 26672 E ArmVmp : Match on catch block at 0xc3 in for 0x74d1783025
04-07 18:13:02.785 26672 26672 E ArmVmp : Match on catch block at 0xc3 in for 0x74d1783025
04-07 18:13:02.796 26672 26672 E ArmVmp : Match on catch block at 0xc3 in for 0x74d1783025
04-07 18:13:02.799 26672 26672 E ArmVmp : Match on catch block at 0xc3 in for 0x74d1783025
04-07 18:13:02.802 26672 26672 E ArmVmp : Match on catch block at 0xc3 in for 0x74d1783025
04-07 18:13:02.812 26672 26672 E ArmVmp : Match on catch block at 0xc3 in for 0x74d1783025
04-07 18:13:02.816 26672 26672 E ArmVmp : Match on catch block at 0xc3 in for 0x74d1783025
04-07 18:13:02.819 26672 26672 E ArmVmp : Match on catch block at 0xc3 in for 0x74d1783025
04-07 18:13:02.831 26672 26672 E ArmVmp : Match on catch block at 0xc3 in for 0x74d1783025
04-07 18:13:02.834 26672 26672 E ArmVmp : Match on catch block at 0xc3 in for 0x74d1783025
04-07 18:13:02.837 26672 26672 E ArmVmp : Match on catch block at 0xc3 in for 0x74d1783025
04-07 18:13:02.846 26672 26672 E ArmVmp : Match on catch block at 0xc3 in for 0x74d1783025
04-07 18:13:02.849 26672 26672 E ArmVmp : Match on catch block at 0xc3 in for 0x74d1783025
04-07 18:13:02.853 26672 26672 E ArmVmp : Match on catch block at 0xc3 in for 0x74d1783025
04-07 18:13:02.863 26672 26672 E ArmVmp : Match on catch block at 0xc3 in for 0x74d1783025
04-07 18:13:02.867 26672 26672 E ArmVmp : Match on catch block at 0xc3 in for 0x74d1783025
04-07 18:13:02.870 26672 26672 E ArmVmp : Match on catch block at 0xc3 in for 0x74d1783025
04-07 18:13:02.880 26672 26672 E ArmVmp : Match on catch block at 0xc3 in for 0x74d1783025
04-07 18:13:02.884 26672 26672 E ArmVmp : Match on catch block at 0xc3 in for 0x74d1783025
04-07 18:13:02.889 26672 26672 E ArmVmp : Match on catch block at 0xc3 in for 0x74d1783025
04-07 18:13:02.897 26672 26672 E ArmVmp : Match on catch block at 0xc3 in for 0x74d1783025
04-07 18:13:02.901 26672 26672 E ArmVmp : Match on catch block at 0xc3 in for 0x74d1783025
04-07 18:13:02.904 26672 26672 E ArmVmp : Match on catch block at 0xc3 in for 0x74d1783025
04-07 18:13:02.913 26672 26672 E ArmVmp : Match on catch block at 0xc3 in for 0x74d1783025
04-07 18:13:02.916 26672 26672 E ArmVmp : Match on catch block at 0xc3 in for 0x74d1783025
04-07 18:13:02.920 26672 26672 E ArmVmp : Match on catch block at 0xc3 in for 0x74d1783025
04-07 18:13:02.930 26672 26672 E ArmVmp : Match on catch block at 0xc3 in for 0x74d1783025
04-07 18:13:02.934 26672 26672 E ArmVmp : Match on catch block at 0xc3 in for 0x74d1783025
04-07 18:13:02.937 26672 26672 E ArmVmp : Match on catch block at 0xc3 in for 0x74d1783025
04-07 18:13:02.946 26672 26672 E ArmVmp : Match on catch block at 0xc3 in for 0x74d1783025
04-07 18:13:02.950 26672 26672 E ArmVmp : Match on catch block at 0xc3 in for 0x74d1783025
04-07 18:13:02.953 26672 26672 E ArmVmp : Match on catch block at 0xc3 in for 0x74d1783025
04-07 18:13:02.963 26672 26672 E ArmVmp : Match on catch block at 0xc3 in for 0x74d1783025
04-07 18:13:02.967 26672 26672 E ArmVmp : Match on catch block at 0xc3 in for 0x74d1783025
04-07 18:13:02.971 26672 26672 E ArmVmp : Match on catch block at 0xc3 in for 0x74d1783025
04-07 18:13:02.981 26672 26672 E ArmVmp : Match on catch block at 0xc3 in for 0x74d1783025
04-07 18:13:02.986 26672 26672 E ArmVmp : Match on catch block at 0xc3 in for 0x74d1783025
04-07 18:13:02.989 26672 26672 E ArmVmp : Match on catch block at 0xc3 in for 0x74d1783025
04-07 18:13:02.997 26672 26672 E ArmVmp : Match on catch block at 0xc3 in for 0x74d1783025
04-07 18:13:03.002 26672 26672 E ArmVmp : Match on catch block at 0xc3 in for 0x74d1783025
04-07 18:13:03.006 26672 26672 E ArmVmp : Match on catch block at 0xc3 in for 0x74d1783025
04-07 18:13:03.465 26672 26672 E ArmVmp : Match on catch block at 0xc3 in for 0x74d1783025
04-07 18:13:03.468 26672 26672 E ArmVmp : Match on catch block at 0xc3 in for 0x74d1783025
04-07 18:13:03.471 26672 26672 E ArmVmp : Match on catch block at 0xc3 in for 0x74d1783025
04-07 18:13:03.615 26672 26672 E ArmVmp : Match on catch block at 0xc3 in for 0x74d1783025
04-07 18:13:03.621 26672 26672 E ArmVmp : Match on catch block at 0xc3 in for 0x74d1783025
04-07 18:13:03.624 26672 26672 E ArmVmp : Match on catch block at 0xc3 in for 0x74d1783025
04-07 18:13:03.833 26672 26672 E ArmVmp : Match on catch block at 0xc3 in for 0x74d1783025
04-07 18:13:03.838 26672 26672 E ArmVmp : Match on catch block at 0xc3 in for 0x74d1783025
04-07 18:13:03.844 26672 26672 E ArmVmp : Match on catch block at 0xc3 in for 0x74d1783025
04-07 18:13:04.015 26672 26672 E ArmVmp : Match on catch block at 0xc3 in for 0x74d1783025
04-07 18:13:04.020 26672 26672 E ArmVmp : Match on catch block at 0xc3 in for 0x74d1783025
04-07 18:13:04.023 26672 26672 E ArmVmp : Match on catch block at 0xc3 in for 0x74d1783025
04-07 18:13:04.165 26672 26672 E ArmVmp : Match on catch block at 0xc3 in for 0x74d1783025
04-07 18:13:04.166 26672 26672 E ArmVmp : Match on catch block at 0xc3 in for 0x74d1783025
04-07 18:13:04.169 26672 26672 E ArmVmp : Match on catch block at 0xc3 in for 0x74d1783025
04-07 18:13:04.434 26672 26672 E ArmVmp : Match on catch block at 0xc3 in for 0x74d1783025
04-07 18:13:04.438 26672 26672 E ArmVmp : Match on catch block at 0xc3 in for 0x74d1783025
04-07 18:13:04.441 26672 26672 E ArmVmp : Match on catch block at 0xc3 in for 0x74d1783025
04-07 18:13:04.869 26672 26672 E ArmVmp : Match on catch block at 0xc3 in for 0x74d1783025
04-07 18:13:04.875 26672 26672 E ArmVmp : Match on catch block at 0xc3 in for 0x74d1783025
04-07 18:13:04.878 26672 26672 E ArmVmp : Match on catch block at 0xc3 in for 0x74d1783025
04-07 18:13:05.068 26672 26672 E ArmVmp : Match on catch block at 0xc3 in for 0x74d1783025
04-07 18:13:05.075 26672 26672 E ArmVmp : Match on catch block at 0xc3 in for 0x74d1783025
04-07 18:13:05.078 26672 26672 E ArmVmp : Match on catch block at 0xc3 in for 0x74d1783025
04-07 18:13:05.404 26672 26672 E ArmVmp : Match on catch block at 0xc3 in for 0x74d1783025
04-07 18:13:05.410 26672 26672 E ArmVmp : Match on catch block at 0xc3 in for 0x74d1783025
04-07 18:13:05.413 26672 26672 E ArmVmp : Match on catch block at 0xc3 in for 0x74d1783025
04-07 18:13:05.637 26672 26672 E ArmVmp : Match on catch block at 0xc3 in for 0x74d1783025
04-07 18:13:05.643 26672 26672 E ArmVmp : Match on catch block at 0xc3 in for 0x74d1783025
04-07 18:13:05.647 26672 26672 E ArmVmp : Match on catch block at 0xc3 in for 0x74d1783025
04-07 18:13:05.760 26672 26672 W JobService: onNetworkChanged() not implemented in androidx.work.impl.background.systemjob.SystemJobService. Must override in a subclass.
04-07 18:13:05.870 26672 26672 E ArmVmp : Match on catch block at 0xc3 in for 0x74d1783025
04-07 18:13:05.875 26672 26672 E ArmVmp : Match on catch block at 0xc3 in for 0x74d1783025
04-07 18:13:05.879 26672 26672 E ArmVmp : Match on catch block at 0xc3 in for 0x74d1783025
04-07 18:13:06.087 26672 26672 E ArmVmp : Match on catch block at 0xc3 in for 0x74d1783025
04-07 18:13:06.090 26672 26672 E ArmVmp : Match on catch block at 0xc3 in for 0x74d1783025
04-07 18:13:06.094 26672 26672 E ArmVmp : Match on catch block at 0xc3 in for 0x74d1783025
04-07 18:13:06.458 26672 26672 W JobService: onNetworkChanged() not implemented in androidx.work.impl.background.systemjob.SystemJobService. Must override in a subclass.
04-07 18:13:06.589 26672 26672 E ArmVmp : Match on catch block at 0xc3 in for 0x74d1783025
04-07 18:13:06.592 26672 26672 E ArmVmp : Match on catch block at 0xc3 in for 0x74d1783025
04-07 18:13:06.595 26672 26672 E ArmVmp : Match on catch block at 0xc3 in for 0x74d1783025
04-07 18:13:07.092 26672 26672 E ArmVmp : Match on catch block at 0xc3 in for 0x74d1783025
04-07 18:13:07.101 26672 26672 E ArmVmp : Match on catch block at 0xc3 in for 0x74d1783025
04-07 18:13:07.111 26672 26672 E ArmVmp : Match on catch block at 0xc3 in for 0x74d1783025
04-07 18:13:07.611 26672 26672 E ArmVmp : Match on catch block at 0xc3 in for 0x74d1783025
04-07 18:13:07.619 26672 26672 E ArmVmp : Match on catch block at 0xc3 in for 0x74d1783025
04-07 18:13:07.627 26672 26672 E ArmVmp : Match on catch block at 0xc3 in for 0x74d1783025
04-07 18:13:08.113 26672 26672 E ArmVmp : Match on catch block at 0xc3 in for 0x74d1783025
04-07 18:13:08.121 26672 26672 E ArmVmp : Match on catch block at 0xc3 in for 0x74d1783025
04-07 18:13:08.131 26672 26672 E ArmVmp : Match on catch block at 0xc3 in for 0x74d1783025
04-07 18:13:08.613 26672 26672 E ArmVmp : Match on catch block at 0xc3 in for 0x74d1783025
04-07 18:13:08.621 26672 26672 E ArmVmp : Match on catch block at 0xc3 in for 0x74d1783025
04-07 18:13:08.631 26672 26672 E ArmVmp : Match on catch block at 0xc3 in for 0x74d1783025
04-07 18:13:08.785 26672 26672 W JobService: onNetworkChanged() not implemented in androidx.work.impl.background.systemjob.SystemJobService. Must override in a subclass.
04-07 18:13:09.113 26672 26672 E ArmVmp : Match on catch block at 0xc3 in for 0x74d1783025
04-07 18:13:09.120 26672 26672 E ArmVmp : Match on catch block at 0xc3 in for 0x74d1783025
04-07 18:13:09.126 26672 26672 E ArmVmp : Match on catch block at 0xc3 in for 0x74d1783025
04-07 18:13:09.615 26672 26672 E ArmVmp : Match on catch block at 0xc3 in for 0x74d1783025
04-07 18:13:09.623 26672 26672 E ArmVmp : Match on catch block at 0xc3 in for 0x74d1783025
04-07 18:13:09.632 26672 26672 E ArmVmp : Match on catch block at 0xc3 in for 0x74d1783025
04-07 18:13:10.117 26672 26672 E ArmVmp : Match on catch block at 0xc3 in for 0x74d1783025
04-07 18:13:10.125 26672 26672 E ArmVmp : Match on catch block at 0xc3 in for 0x74d1783025
04-07 18:13:10.134 26672 26672 E ArmVmp : Match on catch block at 0xc3 in for 0x74d1783025
04-07 18:13:10.619 26672 26672 E ArmVmp : Match on catch block at 0xc3 in for 0x74d1783025
04-07 18:13:10.627 26672 26672 E ArmVmp : Match on catch block at 0xc3 in for 0x74d1783025
04-07 18:13:10.636 26672 26672 E ArmVmp : Match on catch block at 0xc3 in for 0x74d1783025
04-07 18:13:11.118 26672 26672 E ArmVmp : Match on catch block at 0xc3 in for 0x74d1783025
04-07 18:13:11.122 26672 26672 E ArmVmp : Match on catch block at 0xc3 in for 0x74d1783025
04-07 18:13:11.125 26672 26672 E ArmVmp : Match on catch block at 0xc3 in for 0x74d1783025
04-07 18:13:11.618 26672 26672 E ArmVmp : Match on catch block at 0xc3 in for 0x74d1783025
04-07 18:13:11.621 26672 26672 E ArmVmp : Match on catch block at 0xc3 in for 0x74d1783025
04-07 18:13:11.625 26672 26672 E ArmVmp : Match on catch block at 0xc3 in for 0x74d1783025
04-07 18:13:11.823 26672 26672 W JobService: onNetworkChanged() not implemented in androidx.work.impl.background.systemjob.SystemJobService. Must override in a subclass.
04-07 18:13:12.122 26672 26672 E ArmVmp : Match on catch block at 0xc3 in for 0x74d1783025
04-07 18:13:12.130 26672 26672 E ArmVmp : Match on catch block at 0xc3 in for 0x74d1783025
04-07 18:13:12.138 26672 26672 E ArmVmp : Match on catch block at 0xc3 in for 0x74d1783025
04-07 18:13:12.622 26672 26672 E ArmVmp : Match on catch block at 0xc3 in for 0x74d1783025
04-07 18:13:12.630 26672 26672 E ArmVmp : Match on catch block at 0xc3 in for 0x74d1783025
04-07 18:13:12.639 26672 26672 E ArmVmp : Match on catch block at 0xc3 in for 0x74d1783025
04-07 18:13:13.124 26672 26672 E ArmVmp : Match on catch block at 0xc3 in for 0x74d1783025
04-07 18:13:13.131 26672 26672 E ArmVmp : Match on catch block at 0xc3 in for 0x74d1783025
04-07 18:13:13.139 26672 26672 E ArmVmp : Match on catch block at 0xc3 in for 0x74d1783025
04-07 18:13:13.625 26672 26672 E ArmVmp : Match on catch block at 0xc3 in for 0x74d1783025
04-07 18:13:13.635 26672 26672 E ArmVmp : Match on catch block at 0xc3 in for 0x74d1783025
04-07 18:13:13.643 26672 26672 E ArmVmp : Match on catch block at 0xc3 in for 0x74d1783025
04-07 18:13:14.125 26672 26672 E ArmVmp : Match on catch block at 0xc3 in for 0x74d1783025
04-07 18:13:14.130 26672 26672 E ArmVmp : Match on catch block at 0xc3 in for 0x74d1783025
04-07 18:13:14.135 26672 26672 E ArmVmp : Match on catch block at 0xc3 in for 0x74d1783025
04-07 18:13:14.627 26672 26672 E ArmVmp : Match on catch block at 0xc3 in for 0x74d1783025
04-07 18:13:14.635 26672 26672 E ArmVmp : Match on catch block at 0xc3 in for 0x74d1783025
04-07 18:13:14.643 26672 26672 E ArmVmp : Match on catch block at 0xc3 in for 0x74d1783025
04-07 18:13:14.864 26672 26672 W JobService: onNetworkChanged() not implemented in androidx.work.impl.background.systemjob.SystemJobService. Must override in a subclass.
04-07 18:13:15.128 26672 26672 E ArmVmp : Match on catch block at 0xc3 in for 0x74d1783025
04-07 18:13:15.136 26672 26672 E ArmVmp : Match on catch block at 0xc3 in for 0x74d1783025
04-07 18:13:15.145 26672 26672 E ArmVmp : Match on catch block at 0xc3 in for 0x74d1783025
04-07 18:13:15.629 26672 26672 E ArmVmp : Match on catch block at 0xc3 in for 0x74d1783025
04-07 18:13:15.637 26672 26672 E ArmVmp : Match on catch block at 0xc3 in for 0x74d1783025
04-07 18:13:15.646 26672 26672 E ArmVmp : Match on catch block at 0xc3 in for 0x74d1783025
04-07 18:13:16.130 26672 26672 E ArmVmp : Match on catch block at 0xc3 in for 0x74d1783025
04-07 18:13:16.138 26672 26672 E ArmVmp : Match on catch block at 0xc3 in for 0x74d1783025
04-07 18:13:16.146 26672 26672 E ArmVmp : Match on catch block at 0xc3 in for 0x74d1783025
04-07 18:13:16.632 26672 26672 E ArmVmp : Match on catch block at 0xc3 in for 0x74d1783025
04-07 18:13:16.639 26672 26672 E ArmVmp : Match on catch block at 0xc3 in for 0x74d1783025
04-07 18:13:16.648 26672 26672 E ArmVmp : Match on catch block at 0xc3 in for 0x74d1783025
04-07 18:13:17.151 26672 26672 E ArmVmp : Match on catch block at 0xc3 in for 0x74d1783025
04-07 18:13:17.158 26672 26672 E ArmVmp : Match on catch block at 0xc3 in for 0x74d1783025
04-07 18:13:17.167 26672 26672 E ArmVmp : Match on catch block at 0xc3 in for 0x74d1783025
04-07 18:13:17.652 26672 26672 E ArmVmp : Match on catch block at 0xc3 in for 0x74d1783025
04-07 18:13:17.660 26672 26672 E ArmVmp : Match on catch block at 0xc3 in for 0x74d1783025
04-07 18:13:17.668 26672 26672 E ArmVmp : Match on catch block at 0xc3 in for 0x74d1783025
04-07 18:13:18.153 26672 26672 E ArmVmp : Match on catch block at 0xc3 in for 0x74d1783025
04-07 18:13:18.160 26672 26672 E ArmVmp : Match on catch block at 0xc3 in for 0x74d1783025
04-07 18:13:18.168 26672 26672 E ArmVmp : Match on catch block at 0xc3 in for 0x74d1783025
04-07 18:13:18.655 26672 26672 E ArmVmp : Match on catch block at 0xc3 in for 0x74d1783025
04-07 18:13:18.663 26672 26672 E ArmVmp : Match on catch block at 0xc3 in for 0x74d1783025
04-07 18:13:18.672 26672 26672 E ArmVmp : Match on catch block at 0xc3 in for 0x74d1783025
04-07 18:13:19.153 26672 26672 E ArmVmp : Match on catch block at 0xc3 in for 0x74d1783025
04-07 18:13:19.159 26672 26672 E ArmVmp : Match on catch block at 0xc3 in for 0x74d1783025
04-07 18:13:19.165 26672 26672 E ArmVmp : Match on catch block at 0xc3 in for 0x74d1783025
04-07 18:13:19.657 26672 26672 E ArmVmp : Match on catch block at 0xc3 in for 0x74d1783025
04-07 18:13:19.665 26672 26672 E ArmVmp : Match on catch block at 0xc3 in for 0x74d1783025
04-07 18:13:19.673 26672 26672 E ArmVmp : Match on catch block at 0xc3 in for 0x74d1783025
04-07 18:13:20.159 26672 26672 E ArmVmp : Match on catch block at 0xc3 in for 0x74d1783025
04-07 18:13:20.167 26672 26672 E ArmVmp : Match on catch block at 0xc3 in for 0x74d1783025
04-07 18:13:20.175 26672 26672 E ArmVmp : Match on catch block at 0xc3 in for 0x74d1783025
04-07 18:13:20.659 26672 26672 E ArmVmp : Match on catch block at 0xc3 in for 0x74d1783025
04-07 18:13:20.667 26672 26672 E ArmVmp : Match on catch block at 0xc3 in for 0x74d1783025
04-07 18:13:20.675 26672 26672 E ArmVmp : Match on catch block at 0xc3 in for 0x74d1783025
04-07 18:13:21.158 26672 26672 E ArmVmp : Match on catch block at 0xc3 in for 0x74d1783025
04-07 18:13:21.161 26672 26672 E ArmVmp : Match on catch block at 0xc3 in for 0x74d1783025
04-07 18:13:21.164 26672 26672 E ArmVmp : Match on catch block at 0xc3 in for 0x74d1783025
04-07 18:13:21.661 26672 26672 E ArmVmp : Match on catch block at 0xc3 in for 0x74d1783025
04-07 18:13:21.669 26672 26672 E ArmVmp : Match on catch block at 0xc3 in for 0x74d1783025
04-07 18:13:21.678 26672 26672 E ArmVmp : Match on catch block at 0xc3 in for 0x74d1783025
04-07 18:13:21.844 26672 26672 E ArmVmp : Match on catch block at 0xc3 in for 0x74d1783025
04-07 18:13:21.850 26672 26672 E ArmVmp : Match on catch block at 0xc3 in for 0x74d1783025
04-07 18:13:21.857 26672 26672 E ArmVmp : Match on catch block at 0xc3 in for 0x74d1783025
04-07 18:13:21.877 26672 26672 E ArmVmp : Match on catch block at 0xc3 in for 0x74d1783025
04-07 18:13:21.883 26672 26672 E ArmVmp : Match on catch block at 0xc3 in for 0x74d1783025
04-07 18:13:21.887 26672 26672 E ArmVmp : Match on catch block at 0xc3 in for 0x74d1783025
04-07 18:13:21.896 26672 26672 E ArmVmp : Match on catch block at 0xc3 in for 0x74d1783025
04-07 18:13:21.900 26672 26672 E ArmVmp : Match on catch block at 0xc3 in for 0x74d1783025
04-07 18:13:21.904 26672 26672 E ArmVmp : Match on catch block at 0xc3 in for 0x74d1783025
04-07 18:13:21.923 26672 26672 E ArmVmp : Match on catch block at 0xc3 in for 0x74d1783025
04-07 18:13:21.925 26672 26672 E ArmVmp : Match on catch block at 0xc3 in for 0x74d1783025
04-07 18:13:21.927 26672 26672 E ArmVmp : Match on catch block at 0xc3 in for 0x74d1783025
04-07 18:13:21.953 26672 26672 E ArmVmp : Match on catch block at 0xc3 in for 0x74d1783025
04-07 18:13:21.955 26672 26672 E ArmVmp : Match on catch block at 0xc3 in for 0x74d1783025
04-07 18:13:21.960 26672 26672 E ArmVmp : Match on catch block at 0xc3 in for 0x74d1783025
04-07 18:13:21.963 26672 26672 E ArmVmp : Match on catch block at 0xc3 in for 0x74d1783025
04-07 18:13:21.975 26672 26672 E ArmVmp : Match on catch block at 0xc3 in for 0x74d1783025
04-07 18:13:21.978 26672 26672 E ArmVmp : Match on catch block at 0xc3 in for 0x74d1783025
04-07 18:13:22.021 26672 26672 E ArmVmp : Match on catch block at 0xc3 in for 0x74d1783025
04-07 18:13:22.022 26672 26672 E ArmVmp : Match on catch block at 0xc3 in for 0x74d1783025
04-07 18:13:22.037 26672 26672 E ArmVmp : Match on catch block at 0xc3 in for 0x74d1783025
04-07 18:13:22.041 26672 26672 E ArmVmp : Match on catch block at 0xc3 in for 0x74d1783025
04-07 18:13:22.058 26672 26672 E ArmVmp : Match on catch block at 0xc3 in for 0x74d1783025
04-07 18:13:22.060 26672 26672 E ArmVmp : Match on catch block at 0xc3 in for 0x74d1783025
04-07 18:13:22.075 26672 26672 E ArmVmp : Match on catch block at 0xc3 in for 0x74d1783025
04-07 18:13:22.076 26672 26672 E ArmVmp : Match on catch block at 0xc3 in for 0x74d1783025
04-07 18:13:22.094 26672 26672 E ArmVmp : Match on catch block at 0xc3 in for 0x74d1783025
04-07 18:13:22.105 26672 26672 E ArmVmp : Match on catch block at 0xc3 in for 0x74d1783025
04-07 18:13:22.125 26672 26672 E ArmVmp : Match on catch block at 0xc3 in for 0x74d1783025
04-07 18:13:22.126 26672 26672 E ArmVmp : Match on catch block at 0xc3 in for 0x74d1783025
04-07 18:13:22.333 26672 26672 E ArmVmp : Match on catch block at 0xc3 in for 0x74d1783025
04-07 18:13:22.336 26672 26672 E ArmVmp : Match on catch block at 0xc3 in for 0x74d1783025
04-07 18:13:22.349 26672 26672 E ArmVmp : Match on catch block at 0xc3 in for 0x74d1783025
04-07 18:13:22.350 26672 26672 E ArmVmp : Match on catch block at 0xc3 in for 0x74d1783025
04-07 18:13:22.423 26672 27011 W MediaPlayer: Use of stream types is deprecated for operations other than volume control
04-07 18:13:22.423 26672 27011 W MediaPlayer: See the documentation of setAudioStreamType() for what to use instead with android.media.AudioAttributes to qualify your playback use case
04-07 18:13:22.426 26672 26672 E ArmVmp : Match on catch block at 0xc3 in for 0x74d1783025
04-07 18:13:22.429 26672 26672 E ArmVmp : Match on catch block at 0xc3 in for 0x74d1783025
04-07 18:13:22.927 26672 26672 E ArmVmp : Match on catch block at 0xc3 in for 0x74d1783025
04-07 18:13:22.929 26672 26672 E ArmVmp : Match on catch block at 0xc3 in for 0x74d1783025
04-07 18:13:23.429 26672 26672 E ArmVmp : Match on catch block at 0xc3 in for 0x74d1783025
04-07 18:13:23.433 26672 26672 E ArmVmp : Match on catch block at 0xc3 in for 0x74d1783025
04-07 18:13:23.635 26672 26672 E ArmVmp : Match on catch block at 0xc3 in for 0x74d1783025
04-07 18:13:23.638 26672 26672 E ArmVmp : Match on catch block at 0xc3 in for 0x74d1783025
04-07 18:13:23.663 26672 26672 E ArmVmp : Match on catch block at 0xc3 in for 0x74d1783025
04-07 18:13:23.666 26672 26672 E ArmVmp : Match on catch block at 0xc3 in for 0x74d1783025
04-07 18:13:23.673 26672 26672 E ArmVmp : Match on catch block at 0xc3 in for 0x74d1783025
04-07 18:13:23.676 26672 26672 E ArmVmp : Match on catch block at 0xc3 in for 0x74d1783025
