04-03 16:44:58.290 8246 8246 W System.err: at android.app.ActivityThread$H.handleMessage(ActivityThread.java:2374)
04-03 16:44:58.290 8246 8246 W System.err: at android.os.Handler.dispatchMessage(Handler.java:106)
04-03 16:44:58.290 8246 8246 W System.err: at android.os.Looper.loopOnce(Looper.java:224)
04-03 16:44:58.290 8246 8246 W System.err: at android.os.Looper.loop(Looper.java:318)
04-03 16:44:58.290 8246 8246 W System.err: at android.app.ActivityThread.main(ActivityThread.java:8727)
04-03 16:44:58.290 8246 8246 W System.err: at java.lang.reflect.Method.invoke(Native Method)
04-03 16:44:58.290 8246 8246 W System.err: at com.android.internal.os.RuntimeInit$MethodAndArgsCaller.run(RuntimeInit.java:561)
04-03 16:44:58.290 8246 8246 W System.err: at com.android.internal.os.ZygoteInit.main(ZygoteInit.java:1013)
04-03 16:44:58.324 8246 8246 E CustomActivityOnCrash: IMPORTANT WARNING! You already have an UncaughtExceptionHandler, are you sure this is correct? If you use a custom UncaughtExceptionHandler, you must initialize it AFTER CustomActivityOnCrash! Installing anyway, but your original handler will not be called.
04-03 16:44:59.267 8246 8246 W com.mbwhatsapp: Accessing hidden method Lcom/android/org/conscrypt/OpenSSLSocketImpl;->setUseSessionTickets(Z)V (max- target-q,core-platform-api, reflection, denied)
04-03 16:44:59.267 8246 8246 W com.mbwhatsapp: Accessing hidden method Lcom/android/org/conscrypt/AbstractConscryptSocket;->setUseSessionTickets(Z)V (max- target-q, reflection, denied)
04-03 16:44:59.389 8659 8659 W libprocessgroup: JoinCgroup: controller schedtune is not found
04-03 16:44:59.656 8246 8780 W com.mbwhatsapp: Method void X.2rL.A03(java.lang.Integer) failed lock verification and will run slower.
04-03 16:44:59.656 8246 8780 W com.mbwhatsapp: Common causes for lock verification issues are non-optimized dex code
04-03 16:44:59.656 8246 8780 W com.mbwhatsapp: and incorrect proguard optimizations.
04-03 16:44:59.705 8246 8246 W Looper : PerfMonitor longMsg : seq=2 plan=16:44:57.576 late=5ms wall=2121ms h=android.app.ActivityThread$H w=110 procState=-1
04-03 16:44:59.741 8246 8246 W com.mbwhatsapp: Method void com.mbwhatsapp.HomeActivity.A6e() failed lock verification and will run slower.
04-03 16:44:59.785 8246 8246 W com.mbwhatsapp: Method void X.0eU.A0h(X.0tK, boolean) failed lock verification and will run slower.
04-03 16:44:59.796 8246 8827 W libc : Access denied finding property "vendor.migl.debug"
04-03 16:45:00.177 8246 8246 W libc : Access denied finding property "ro.vendor.df.effect.conflict"
04-03 16:45:00.994 8246 8246 E ArmVmp : Match on catch block at 0x0a in for 0x7e4e5e4031
04-03 16:45:01.071 8246 8246 E ArmVmp : Match on catch block at 0x0a in for 0x7e4e5e404d
04-03 16:45:01.184 8246 9071 W com.mbwhatsapp: Accessing hidden method Lcom/android/org/conscrypt/ConscryptEngineSocket;->setUseSessionTickets(Z)V (max- target-q,core-platform-api, reflection, denied)
04-03 16:45:01.184 8246 9071 W com.mbwhatsapp: Accessing hidden method Lcom/android/org/conscrypt/OpenSSLSocketImpl;->setUseSessionTickets(Z)V (max- target-q,core-platform-api, reflection, denied)
04-03 16:45:01.184 8246 9071 W com.mbwhatsapp: Accessing hidden method Lcom/android/org/conscrypt/AbstractConscryptSocket;->setUseSessionTickets(Z)V (max- target-q, reflection, denied)
04-03 16:45:01.184 8246 9071 W com.mbwhatsapp: Accessing hidden method Lcom/android/org/conscrypt/ConscryptEngineSocket;->setHostname(Ljava/lang/String;)V (max-target-q,core-platform-api, reflection, denied)
04-03 16:45:01.184 8246 9071 W com.mbwhatsapp: Accessing hidden method Lcom/android/org/conscrypt/OpenSSLSocketImpl;->setHostname(Ljava/lang/String;)V (max-target-q,core-platform-api, reflection, denied)
04-03 16:45:01.184 8246 9071 W com.mbwhatsapp: Accessing hidden method Lcom/android/org/conscrypt/AbstractConscryptSocket;->setHostname(Ljava/lang/ String;)V (max-target-q, reflection, denied)
04-03 16:45:01.184 8246 9071 W com.mbwhatsapp: Accessing hidden method Lcom/android/org/conscrypt/OpenSSLSocketImpl;->setAlpnProtocols([B)V (max-target- q,core-platform-api, reflection, denied)
04-03 16:45:01.184 8246 9071 W com.mbwhatsapp: Accessing hidden method Lcom/android/org/conscrypt/AbstractConscryptSocket;->setAlpnProtocols([B)V (max- target-q, reflection, denied)
04-03 16:45:01.333 8246 9071 W com.mbwhatsapp: Accessing hidden method Lcom/android/org/conscrypt/OpenSSLSocketImpl;->getAlpnSelectedProtocol()[B (max- target-q,core-platform-api, reflection, denied)
04-03 16:45:01.333 8246 9071 W com.mbwhatsapp: Accessing hidden method Lcom/android/org/conscrypt/AbstractConscryptSocket;->getAlpnSelectedProtocol()[B (max-target-q, reflection, denied)
04-03 16:45:01.369 8246 8246 W BpBinder: PerfMonitor binderTransact: time=269ms interface=android.app.IActivityTaskManager code=1
04-03 16:45:01.568 8246 8246 W Activity: Can request only one set of permissions at a time
04-03 16:45:01.772 8246 8246 W MessageMonitor: PerfMonitor: Slow Operation: Activity com.mbwhatsapp/.HomeActivity onCreate took 1930ms
04-03 16:45:01.998 8246 8246 W BpBinder: PerfMonitor binderTransact: time=213ms interface=android.app.IActivityManager code=34
04-03 16:45:02.191 8246 9206 W ziparchive: Unable to open '/system/framework/QXPerformance.dm': No such file or directory
04-03 16:45:02.204 8246 9206 W ziparchive: Unable to open '/system/framework/QXPerformance.dm': No such file or directory
04-03 16:45:02.224 8246 8294 W MIUIScout App: Enter APP_SCOUT_WARNING State
04-03 16:45:02.225 8246 8294 W MIUIScout App: (Current message: duration=2519ms seq=3 late=2119ms h=android.app.ActivityThread$H w=159)
04-03 16:45:02.384 8246 8246 W MessageMonitor: PerfMonitor: Slow Operation: Activity com.mbwhatsapp/.HomeActivity onStart took 608ms
04-03 16:45:02.407 8246 9220 W MIUIScout App: Event:APP_SCOUT_WARNING Thread:main backtrace:
04-03 16:45:02.407 8246 9220 W MIUIScout App: at android.content.res.AssetManager.nativeApplyStyle(Native Method)
04-03 16:45:02.407 8246 9220 W MIUIScout App: at android.content.res.AssetManager.applyStyle(AssetManager.java:1162)
04-03 16:45:02.407 8246 9220 W MIUIScout App: at android.content.res.ResourcesImpl$ThemeImpl.obtainStyledAttributes(ResourcesImpl.ja va:1459)
04-03 16:45:02.407 8246 9220 W MIUIScout App: at android.content.res.Resources$Theme.obtainStyledAttributes(Resources.java:1760)
04-03 16:45:02.407 8246 9220 W MIUIScout App: at android.content.Context.obtainStyledAttributes(Context.java:1050)
04-03 16:45:02.407 8246 9220 W MIUIScout App: at X.0Uw.A00(Unknown Source:0)
04-03 16:45:02.407 8246 9220 W MIUIScout App: at X.0X5.A0B(Unknown Source:289)
04-03 16:45:02.407 8246 9220 W MIUIScout App: at X.03r.<init>(Unknown Source:32)
04-03 16:45:02.407 8246 9220 W MIUIScout App: at X.03r.<init>(Unknown Source:3)
04-03 16:45:02.407 8246 9220 W MIUIScout App: at X.4NU.<init>(Unknown Source:0)
04-03 16:45:02.407 8246 9220 W MIUIScout App: at com.mbwhatsapp.WaTextView.<init>(Unknown Source:5)
04-03 16:45:02.407 8246 9220 W MIUIScout App: at X.4g2.<init>(Unknown Source:0)
04-03 16:45:02.407 8246 9220 W MIUIScout App: at com.mbwhatsapp.TextEmojiLabel.<init>(Unknown Source:0)
04-03 16:45:02.407 8246 9220 W MIUIScout App: at java.lang.reflect.Constructor.newInstance0(Native Method)
04-03 16:45:02.407 8246 9220 W MIUIScout App: at java.lang.reflect.Constructor.newInstance(Constructor.java:343)
04-03 16:45:02.407 8246 9220 W MIUIScout App: at android.view.LayoutInflater.createView(LayoutInflater.java:879)
04-03 16:45:02.407 8246 9220 W MIUIScout App: at android.view.LayoutInflater.createViewFromTag(LayoutInflater.java:1031)
04-03 16:45:02.407 8246 9220 W MIUIScout App: at android.view.LayoutInflater.createViewFromTag(LayoutInflater.java:986)
04-03 16:45:02.407 8246 9220 W MIUIScout App: at android.view.LayoutInflater.rInflate(LayoutInflater.java:1148)
04-03 16:45:02.407 8246 9220 W MIUIScout App: at android.view.LayoutInflater.rInflateChildren(LayoutInflater.java:1109)
04-03 16:45:02.407 8246 9220 W MIUIScout App: at android.view.LayoutInflater.parseInclude(LayoutInflater.java:1293)
04-03 16:45:02.407 8246 9220 W MIUIScout App: at android.view.LayoutInflater.rInflate(LayoutInflater.java:1144)
04-03 16:45:02.407 8246 9220 W MIUIScout App: at android.view.LayoutInflater.rInflateChildren(LayoutInflater.java:1109)
04-03 16:45:02.407 8246 9220 W MIUIScout App: at android.view.LayoutInflater.inflate(LayoutInflater.java:707)
04-03 16:45:02.407 8246 9220 W MIUIScout App: at android.view.LayoutInflater.inflate(LayoutInflater.java:545)
04-03 16:45:02.407 8246 9220 W MIUIScout App: at X.10U.inflate(Unknown Source:0)
04-03 16:45:02.407 8246 9220 W MIUIScout App: at com.whatsapp.calling.callhistory.view.CallsHistoryFragmentV2.A0K(Unknown Source:37)
04-03 16:45:02.407 8246 9220 W MIUIScout App: at X.0f4.A0v(Unknown Source:20)
04-03 16:45:02.407 8246 9220 W MIUIScout App: at X.0X0.A04(Unknown Source:401)
04-03 16:45:02.407 8246 9220 W MIUIScout App: at X.0eU.A0T(Unknown Source:55)
04-03 16:45:02.407 8246 9220 W MIUIScout App: at X.0eU.A0S(Unknown Source:30)
04-03 16:45:02.407 8246 9220 W MIUIScout App: at X.03u.onStart(Unknown Source:25)
04-03 16:45:02.407 8246 9220 W MIUIScout App: at X.07w.onStart(Unknown Source:0)
04-03 16:45:02.407 8246 9220 W MIUIScout App: at X.4fW.onStart(Unknown Source:0)
04-03 16:45:02.407 8246 9220 W MIUIScout App: at X.4fV.onStart(Unknown Source:0)
04-03 16:45:02.407 8246 9220 W MIUIScout App: at X.4fS.onStart(Unknown Source:0)
04-03 16:45:02.407 8246 9220 W MIUIScout App: at X.4fQ.onStart(Unknown Source:0)
04-03 16:45:02.407 8246 9220 W MIUIScout App: at X.4bS.onStart(Unknown Source:0)
04-03 16:45:02.407 8246 9220 W MIUIScout App: at X.4yR.onStart(Unknown Source:0)
04-03 16:45:02.407 8246 9220 W MIUIScout App: at com.mbwhatsapp.HomeActivity.onStart(Unknown Source:0)
04-03 16:45:02.407 8246 9220 W MIUIScout App: at android.app.Instrumentation.callActivityOnStart(Instrumentation.java:1594)
04-03 16:45:02.407 8246 9220 W MIUIScout App: at android.app.Activity.performStart(Activity.java:8931)
04-03 16:45:02.407 8246 9220 W MIUIScout App: at android.app.ActivityThread.handleStartActivity(ActivityThread.java:4008)
04-03 16:45:02.407 8246 9220 W MIUIScout App: at android.app.servertransaction.TransactionExecutor.performLifecycleSequence(Transact ionExecutor.java:235)
04-03 16:45:02.407 8246 9220 W MIUIScout App: at android.app.servertransaction.TransactionExecutor.cycleToPath(TransactionExecutor.j ava:215)
04-03 16:45:02.407 8246 9220 W MIUIScout App: at android.app.servertransaction.TransactionExecutor.executeLifecycleState(Transaction Executor.java:187)
04-03 16:45:02.407 8246 9220 W MIUIScout App: at android.app.servertransaction.TransactionExecutor.execute(TransactionExecutor.java: 101)
04-03 16:45:02.407 8246 9220 W MIUIScout App: at android.app.ActivityThread$H.handleMessage(ActivityThread.java:2581)
04-03 16:45:02.407 8246 9220 W MIUIScout App: at android.os.Handler.dispatchMessage(Handler.java:106)
04-03 16:45:02.407 8246 9220 W MIUIScout App: at android.os.Looper.loopOnce(Looper.java:224)
04-03 16:45:02.407 8246 9220 W MIUIScout App: at android.os.Looper.loop(Looper.java:318)
04-03 16:45:02.407 8246 9220 W MIUIScout App: at android.app.ActivityThread.main(ActivityThread.java:8727)
04-03 16:45:02.407 8246 9220 W MIUIScout App: at java.lang.reflect.Method.invoke(Native Method)
04-03 16:45:02.407 8246 9220 W MIUIScout App: at com.android.internal.os.RuntimeInit$MethodAndArgsCaller.run(RuntimeInit.java:561)
04-03 16:45:02.407 8246 9220 W MIUIScout App: at com.android.internal.os.ZygoteInit.main(ZygoteInit.java:1013)
04-03 16:45:02.712 8246 9318 W LOTTIE : Animation contains merge paths. Merge paths are only supported on KitKat+ and must be manually enabled by calling enableMergePathsForKitKatAndAbove().
04-03 16:45:02.960 8246 8246 W OpenGLRenderer: Unknown dataspace 0
04-03 16:45:03.065 8246 8246 W Looper : PerfMonitor longMsg : seq=3 plan=16:44:57.586 late=2119ms wall=3358ms h=android.app.ActivityThread$H w=159 procState=-1
04-03 16:45:03.066 8246 8246 W Looper : PerfMonitor looperActivity : package=com.mbwhatsapp/.HomeActivity time=3358ms latency=2119ms procState=-1 historyMsgCount=1 (msgIndex=1 wall=2121ms seq=2 late=5ms h=android.app.ActivityThread$H w=110)
04-03 16:45:03.066 8246 8246 W Looper : PerfMonitor looperActivity : package=com.mbwhatsapp/.HomeActivity time=0ms latency=5479ms procState=-1 historyMsgCount=2 (msgIndex=1 wall=2121ms seq=2 late=5ms h=android.app.ActivityThread$H w=110) (msgIndex=2 wall=3358ms seq=3 late=2119ms h=android.app.ActivityThread$H w=159)
04-03 16:45:03.445 8246 8246 W Looper : PerfMonitor looperActivity : package=com.mbwhatsapp/.HomeActivity time=4ms latency=2080ms procState=-1 historyMsgCount=24 (msgIndex=1 wall=3358ms seq=3 late=2119ms h=android.app.ActivityThread$H w=159) (msgIndex=11 wall=98ms seq=13 late=4064ms h=android.app.ActivityThread$H w=113) (msgIndex=14 wall=92ms seq=16 late=3959ms h=android.app.ActivityThread$H w=114) (msgIndex=18 wall=110ms seq=20 late=3503ms h=X.102 w=0)
04-03 16:45:03.685 8246 8246 W MessageMonitor: PerfMonitor: Slow Operation: Activity com.mbwhatsapp/.HomeActivity onPause took 240ms
04-03 16:45:03.689 8246 8246 W Looper : PerfMonitor looperActivity : package=com.mbwhatsapp/.HomeActivity time=244ms latency=2085ms procState=-1 historyMsgCount=25 (msgIndex=1 wall=3358ms seq=3 late=2119ms h=android.app.ActivityThread$H w=159) (msgIndex=11 wall=98ms seq=13 late=4064ms h=android.app.ActivityThread$H w=113) (msgIndex=14 wall=92ms seq=16 late=3959ms h=android.app.ActivityThread$H w=114) (msgIndex=18 wall=110ms seq=20 late=3503ms h=X.102 w=0)
04-03 16:45:03.752 8246 8246 E ArmVmp : Match on catch block at 0x0a in for 0x7e4e5e4035
04-03 16:45:03.821 8246 8246 W Looper : PerfMonitor looperActivity : package=com.mbwhatsapp/mbmodsd.mbmodsw.mbsettings.yo.PauseActivity time=111ms latency=1688ms procState=-1 historyMsgCount=37 (msgIndex=1 wall=3358ms seq=3 late=2119ms h=android.app.ActivityThread$H w=159) (msgIndex=11 wall=98ms seq=13 late=4064ms h=android.app.ActivityThread$H w=113) (msgIndex=14 wall=92ms seq=16 late=3959ms h=android.app.ActivityThread$H w=114) (msgIndex=18 wall=110ms seq=20 late=3503ms h=X.102 w=0) (msgIndex=26 wall=244ms seq=28 late=2085ms h=android.app.ActivityThread$H w=159)
04-03 16:45:03.841 8246 8246 W LOTTIE : Animation contains merge paths but they are disabled.
04-03 16:45:04.716 8246 8294 W MIUIScout App: Enter APP_SCOUT_SLOW state
04-03 16:45:04.901 8246 8801 E libEGL : pre_cache appList: com.miui.weather2,,
04-03 16:45:04.911 8246 8801 E OpenGLRenderer: Unable to match the desired swap behavior.
04-03 16:45:05.209 8246 8246 E RecyclerView: No adapter attached; skipping layout
04-03 16:45:05.301 8246 8801 E LB : fail to open file: No such file or directory
04-03 16:45:05.301 8246 8801 E LB : fail to open node: No such file or directory
04-03 16:45:05.371 8246 8246 W Looper : PerfMonitor longMsg : seq=60 plan=16:45:03.025 late=818ms wall=1526ms h=android.view.Choreographer$FrameHandler c=android.view.Choreographer$FrameDisplayEventReceiver procState=-1
04-03 16:45:05.371 8246 8246 W Looper : PerfMonitor doFrame : time=1526ms vsyncFrame=0 latency=818ms procState=-1 historyMsgCount=57 (msgIndex=1 wall=3358ms seq=3 late=2119ms h=android.app.ActivityThread$H w=159) (msgIndex=11 wall=98ms seq=13 late=4064ms h=android.app.ActivityThread$H w=113) (msgIndex=14 wall=92ms seq=16 late=3959ms h=android.app.ActivityThread$H w=114) (msgIndex=18 wall=110ms seq=20 late=3503ms h=X.102 w=0) (msgIndex=26 wall=244ms seq=28 late=2085ms h=android.app.ActivityThread$H w=159) (msgIndex=38 wall=111ms seq=40 late=1688ms h=android.app.ActivityThread$H w=159)
04-03 16:45:05.734 8246 8246 W BpBinder: PerfMonitor binderTransact: time=344ms interface=android.app.job.IJobCallback code=3
04-03 16:45:05.898 8246 8464 W LibraryVersion: Failed to get app version for libraryName: firebase-iid
04-03 16:45:06.039 8246 8246 W BpBinder: PerfMonitor binderTransact: time=227ms interface=android.app.IActivityManager code=19
04-03 16:45:06.215 8246 8246 W Looper : PerfMonitor doFrame : time=110ms vsyncFrame=0 latency=2245ms procState=-1 historyMsgCount=46 (msgIndex=1 wall=1526ms seq=60 late=818ms h=android.view.Choreographer$FrameHandler c=android.view.Choreographer$FrameDisplayEventReceiver) (msgIndex=19 wall=346ms seq=78 late=2283ms h=android.app.job.JobServiceEngine$JobHandler w=0) (msgIndex=31 wall=286ms seq=90 late=2390ms h=X.10F w=0)
04-03 16:45:06.234 8246 8246 W Looper : PerfMonitor looperActivity : package=com.mbwhatsapp/.HomeActivity time=0ms latency=1670ms procState=-1 historyMsgCount=54 (msgIndex=1 wall=1526ms seq=60 late=818ms h=android.view.Choreographer$FrameHandler c=android.view.Choreographer$FrameDisplayEventReceiver) (msgIndex=19 wall=346ms seq=78 late=2283ms h=android.app.job.JobServiceEngine$JobHandler w=0) (msgIndex=31 wall=286ms seq=90 late=2390ms h=X.10F w=0) (msgIndex=47 wall=110ms seq=106 late=2245ms h=android.view.Choreographer$FrameHandler c=android.view.Choreographer$FrameDisplayEventReceiver)
04-03 16:45:06.323 8246 8246 W Looper : PerfMonitor looperActivity : package=com.mbwhatsapp/.HomeActivity time=89ms latency=1667ms procState=-1 historyMsgCount=55 (msgIndex=1 wall=1526ms seq=60 late=818ms h=android.view.Choreographer$FrameHandler c=android.view.Choreographer$FrameDisplayEventReceiver) (msgIndex=19 wall=346ms seq=78 late=2283ms h=android.app.job.JobServiceEngine$JobHandler w=0) (msgIndex=31 wall=286ms seq=90 late=2390ms h=X.10F w=0) (msgIndex=47 wall=110ms seq=106 late=2245ms h=android.view.Choreographer$FrameHandler c=android.view.Choreographer$FrameDisplayEventReceiver)
04-03 16:45:06.503 8246 8246 W Looper : PerfMonitor doFrame : time=74ms vsyncFrame=0 latency=313ms procState=-1 historyMsgCount=51 (msgIndex=1 wall=110ms seq=106 late=2245ms h=android.view.Choreographer$FrameHandler c=android.view.Choreographer$FrameDisplayEventReceiver) (msgIndex=10 wall=89ms seq=115 late=1667ms h=android.app.ActivityThread$H w=159) (msgIndex=32 wall=56ms seq=137 late=636ms h=android.app.job.JobServiceEngine$JobHandler w=1)
04-03 16:45:06.704 8246 8246 W MessageMonitor: PerfMonitor: Slow Operation: Activity com.mbwhatsapp/.HomeActivity onPause took 129ms
04-03 16:45:07.010 8246 8246 W Looper : PerfMonitor doFrame : time=20ms vsyncFrame=0 latency=557ms procState=-1 historyMsgCount=32 (msgIndex=1 wall=74ms seq=157 late=313ms h=android.view.Choreographer$FrameHandler c=android.view.Choreographer$FrameDisplayEventReceiver) (msgIndex=2 wall=62ms seq=158 late=351ms h=android.app.job.JobServiceEngine$JobHandler w=0) (msgIndex=17 wall=195ms seq=173 late=251ms h=android.app.ActivityThread$H w=159) (msgIndex=20 wall=212ms seq=176 late=381ms h=android.os.AsyncTask$InternalHandler w=1)
04-03 16:45:07.515 8246 8246 W Looper : PerfMonitor looperActivity : package=com.mbwhatsapp/.backup.google.GoogleDriveNewUserSetupActivity time=0ms latency=753ms procState=-1 historyMsgCount=30 (msgIndex=1 wall=195ms seq=173 late=251ms h=android.app.ActivityThread$H w=159) (msgIndex=4 wall=212ms seq=176 late=381ms h=android.os.AsyncTask$InternalHandler w=1) (msgIndex=30 wall=492ms seq=202 late=264ms h=android.app.ActivityThread$H w=159)
04-03 16:45:07.670 8246 8266 W com.mbwhatsapp: Cleared Reference was only reachable from finalizer (only reported once)
04-03 16:45:07.808 8246 8246 W Looper : PerfMonitor doFrame : time=267ms vsyncFrame=0 latency=539ms procState=-1 historyMsgCount=28 (msgIndex=14 wall=492ms seq=202 late=264ms h=android.app.ActivityThread$H w=159)
04-03 16:45:07.930 8246 8246 W Looper : PerfMonitor looperActivity : package=com.mbwhatsapp/.backup.google.GoogleDriveNewUserSetupActivity time=2ms latency=434ms procState=-1 historyMsgCount=63 (msgIndex=1 wall=492ms seq=202 late=264ms h=android.app.ActivityThread$H w=159) (msgIndex=16 wall=267ms seq=217 late=539ms h=android.view.Choreographer$FrameHandler c=android.view.Choreographer$FrameDisplayEventReceiver)
04-03 16:45:07.954 8246 8246 W Looper : PerfMonitor looperActivity : package=com.mbwhatsapp/.backup.google.GoogleDriveNewUserSetupActivity time=24ms latency=435ms procState=-1 historyMsgCount=64 (msgIndex=1 wall=492ms seq=202 late=264ms h=android.app.ActivityThread$H w=159) (msgIndex=16 wall=267ms seq=217 late=539ms h=android.view.Choreographer$FrameHandler c=android.view.Choreographer$FrameDisplayEventReceiver)
04-03 16:45:07.969 8246 8246 W Looper : PerfMonitor doFrame : time=14ms vsyncFrame=0 latency=352ms procState=-1 historyMsgCount=60 (msgIndex=1 wall=267ms seq=217 late=539ms h=android.view.Choreographer$FrameHandler c=android.view.Choreographer$FrameDisplayEventReceiver)
04-03 16:45:08.262 8246 8246 W MirrorManager: this model don't Support
04-03 16:45:08.440 8246 8246 W InputTransport: PerfMonitor: 246ms so far, channel '4842243 com.mbwhatsapp/com.mbwhatsapp.HomeActivity (client)' consumer ~ consumed montion event,seq=10184827
04-03 16:45:08.446 8246 8246 W InputTransport: PerfMonitor: 219ms so far, channel '4842243 com.mbwhatsapp/com.mbwhatsapp.HomeActivity (client)' consumer ~ consumed montion event,seq=10184831
04-03 16:45:08.459 8246 8246 W InputTransport: PerfMonitor: 207ms so far, channel '4842243 com.mbwhatsapp/com.mbwhatsapp.HomeActivity (client)' consumer ~ consumed montion event,seq=10184836
04-03 16:45:08.475 8246 8246 W Looper : PerfMonitor doFrame : time=13ms vsyncFrame=0 latency=492ms procState=-1 historyMsgCount=10 (msgIndex=4 wall=85ms seq=300 late=73ms h=android.os.Handler c=X.3fx) (msgIndex=5 wall=137ms seq=301 late=149ms h=android.os.AsyncTask$InternalHandler w=1)
04-03 16:45:08.485 8246 8246 W Looper : PerfMonitor looperActivity : package=com.mbwhatsapp/.HomeActivity time=0ms latency=447ms procState=-1 historyMsgCount=10 (msgIndex=1 wall=85ms seq=300 late=73ms h=android.os.Handler c=X.3fx) (msgIndex=2 wall=137ms seq=301 late=149ms h=android.os.AsyncTask$InternalHandler w=1)
04-03 16:45:08.594 8246 8246 W MessageMonitor: PerfMonitor: Slow Operation: Activity com.mbwhatsapp/.HomeActivity onResume took 107ms
04-03 16:45:08.607 8246 8246 W Looper : PerfMonitor looperActivity : package=com.mbwhatsapp/.HomeActivity time=121ms latency=447ms procState=-1 historyMsgCount=11 (msgIndex=1 wall=85ms seq=300 late=73ms h=android.os.Handler c=X.3fx) (msgIndex=2 wall=137ms seq=301 late=149ms h=android.os.AsyncTask$InternalHandler w=1)
04-03 16:45:08.882 8246 10557 W com.mbwhatsapp: Accessing hidden method Landroid/app/MiuiNotification;-><init>()V (blocked, reflection, denied)
04-03 16:45:09.149 8246 8801 W RenderInspector: DequeueBuffer time out on com.mbwhatsapp/com.mbwhatsapp.HomeActivity, count=1, avg=77 ms, max=77 ms.
04-03 16:45:09.339 8246 8801 W RenderInspector: DequeueBuffer time out on com.mbwhatsapp/com.mbwhatsapp.HomeActivity, count=1, avg=31 ms, max=31 ms.
04-03 16:45:09.574 8246 10583 W BpBinder: PerfMonitor binderTransact: time=576ms interface=android.content.IContentProvider code=1
04-03 16:45:09.816 8246 8801 W RenderInspector: DequeueBuffer time out on com.mbwhatsapp/com.mbwhatsapp.HomeActivity, count=1, avg=20 ms, max=20 ms.
04-03 16:45:09.831 8246 10715 E RenderScript: Failed to find hal setup entry points: undefined symbol: rsdHalAbort
04-03 16:45:09.831 8246 10715 E RenderScript: Failed to load runtime , loading default
04-03 16:45:10.023 8246 8801 W RenderInspector: QueueBuffer time out on com.mbwhatsapp/com.mbwhatsapp.HomeActivity, count=1, avg=52 ms, max=52 ms.
04-03 16:45:10.527 8246 9318 W LOTTIE : Unknown shape type rd
04-03 16:45:10.672 8246 8246 W MessageMonitor: PerfMonitor: Slow Operation: Activity com.mbwhatsapp/.Conversation onCreate took 1355ms
04-03 16:45:10.809 8246 8246 E ArmVmp : Match on catch block at 0x0a in for 0x7e4e5e4035
04-03 16:45:10.870 8246 8246 E ArmVmp : Match on catch block at 0x0a in for 0x7e4e5e4035
04-03 16:45:10.909 8246 8246 W MessageMonitor: PerfMonitor: Slow Operation: Activity com.mbwhatsapp/.Conversation onStart took 236ms
04-03 16:45:11.149 8246 8801 W RenderInspector: DequeueBuffer time out on com.mbwhatsapp/com.mbwhatsapp.HomeActivity, count=1, avg=18 ms, max=18 ms.
04-03 16:45:11.361 8246 8246 W BpBinder: PerfMonitor binderTransact: time=235ms interface=android.view.IWindowSession code=2
04-03 16:45:11.367 8246 8246 W Looper : PerfMonitor longMsg : seq=372 plan=16:45:09.009 late=268ms wall=2089ms h=android.app.ActivityThread$H w=159 procState=-1
04-03 16:45:11.367 8246 8246 W Looper : PerfMonitor looperActivity : package=com.mbwhatsapp/.Conversation time=0ms latency=2347ms procState=-1 historyMsgCount=26 (msgIndex=1 wall=57ms seq=347 late=256ms h=android.app.ActivityThread$H w=159) (msgIndex=2 wall=54ms seq=348 late=285ms h=android.view.Choreographer$FrameHandler c=android.view.Choreographer$FrameDisplayEventReceiver) (msgIndex=14 wall=150ms seq=360 late=198ms h=android.os.Handler c=X.3dr) (msgIndex=26 wall=2089ms seq=372 late=268ms h=android.app.ActivityThread$H w=159)
04-03 16:45:11.509 8246 8801 E OpenGLRenderer: Unable to match the desired swap behavior.
04-03 16:45:11.722 8246 8801 W RenderInspector: DequeueBuffer time out on com.mbwhatsapp/com.mbwhatsapp.HomeActivity, count=1, avg=21 ms, max=21 ms.
04-03 16:45:11.868 8246 8801 W RenderInspector: DequeueBuffer time out on com.mbwhatsapp/com.mbwhatsapp.HomeActivity, count=1, avg=43 ms, max=43 ms.
04-03 16:45:12.083 8246 8246 E ArmVmp : Match on catch block at 0xc3 in for 0x7e4e5e4021
04-03 16:45:12.095 8246 8246 E ArmVmp : Match on catch block at 0xc3 in for 0x7e4e5e4021
04-03 16:45:12.100 8246 8246 E ArmVmp : Match on catch block at 0xc3 in for 0x7e4e5e4021
04-03 16:45:12.219 8246 8246 W Looper : PerfMonitor doFrame : time=846ms vsyncFrame=0 latency=2311ms procState=-1 historyMsgCount=26 (msgIndex=1 wall=54ms seq=348 late=285ms h=android.view.Choreographer$FrameHandler c=android.view.Choreographer$FrameDisplayEventReceiver) (msgIndex=13 wall=150ms seq=360 late=198ms h=android.os.Handler c=X.3dr) (msgIndex=25 wall=2089ms seq=372 late=268ms h=android.app.ActivityThread$H w=159)
04-03 16:45:12.317 8246 8246 E ArmVmp : Match on catch block at 0xc3 in for 0x7e4e5e4025
04-03 16:45:12.330 8246 8246 E ArmVmp : Match on catch block at 0xc3 in for 0x7e4e5e4025
04-03 16:45:12.345 8246 8246 E ArmVmp : Match on catch block at 0xc3 in for 0x7e4e5e4025
04-03 16:45:12.364 8246 8246 W Looper : PerfMonitor doFrame : time=69ms vsyncFrame=0 latency=917ms procState=-1 historyMsgCount=81 (msgIndex=1 wall=846ms seq=374 late=2311ms h=android.view.Choreographer$FrameHandler c=android.view.Choreographer$FrameDisplayEventReceiver)
04-03 16:45:12.530 8246 8246 E ArmVmp : Match on catch block at 0xc3 in for 0x7e4e5e4025
04-03 16:45:12.537 8246 8246 E ArmVmp : Match on catch block at 0xc3 in for 0x7e4e5e4025
04-03 16:45:12.547 8246 8246 E ArmVmp : Match on catch block at 0xc3 in for 0x7e4e5e4025
04-03 16:45:12.604 8246 8246 E ArmVmp : Match on catch block at 0xc3 in for 0x7e4e5e4025
04-03 16:45:12.617 8246 8246 E ArmVmp : Match on catch block at 0xc3 in for 0x7e4e5e4025
04-03 16:45:12.625 8246 8246 E ArmVmp : Match on catch block at 0xc3 in for 0x7e4e5e4025
04-03 16:45:12.678 8246 10557 W com.mbwhatsapp: Accessing hidden method Landroid/app/MiuiNotification;-><init>()V (blocked, reflection, denied)
04-03 16:45:12.713 8246 8246 E ArmVmp : Match on catch block at 0xc3 in for 0x7e4e5e4025
04-03 16:45:12.727 8246 8801 W RenderInspector: DequeueBuffer time out on com.mbwhatsapp/com.mbwhatsapp.HomeActivity, count=1, avg=75 ms, max=75 ms.
04-03 16:45:12.741 8246 8246 E ArmVmp : Match on catch block at 0xc3 in for 0x7e4e5e4025
04-03 16:45:12.752 8246 8246 E ArmVmp : Match on catch block at 0xc3 in for 0x7e4e5e4025
04-03 16:45:12.767 8246 8246 E ArmVmp : Match on catch block at 0xc3 in for 0x7e4e5e4025
04-03 16:45:12.770 8246 8246 E ArmVmp : Match on catch block at 0xc3 in for 0x7e4e5e4025
04-03 16:45:12.778 8246 8246 E ArmVmp : Match on catch block at 0xc3 in for 0x7e4e5e4025
04-03 16:45:12.825 8246 8246 E ArmVmp : Match on catch block at 0xc3 in for 0x7e4e5e4025
04-03 16:45:12.839 8246 8246 E ArmVmp : Match on catch block at 0xc3 in for 0x7e4e5e4025
04-03 16:45:12.841 8246 8246 E ArmVmp : Match on catch block at 0xc3 in for 0x7e4e5e4025
04-03 16:45:12.892 8246 8246 E ArmVmp : Match on catch block at 0xc3 in for 0x7e4e5e4025
04-03 16:45:12.898 8246 8246 E ArmVmp : Match on catch block at 0xc3 in for 0x7e4e5e4025
04-03 16:45:12.900 8246 8246 E ArmVmp : Match on catch block at 0xc3 in for 0x7e4e5e4025
04-03 16:45:12.918 8246 8246 W MiuiStubRegistry: Failed to collect stub providers in android.magicpointer.util.MiuiMagicPointerUtilsStubHeadManifest$$: /system_ext/framework/miui-framework-pointer-pad.jar not exist
04-03 16:45:13.068 8246 10557 W com.mbwhatsapp: Accessing hidden method Landroid/app/MiuiNotification;-><init>()V (blocked, reflection, denied)
04-03 16:45:13.093 8246 8246 E ArmVmp : Match on catch block at 0xc3 in for 0x7e4e5e4025
04-03 16:45:13.095 8246 8246 E ArmVmp : Match on catch block at 0xc3 in for 0x7e4e5e4025
04-03 16:45:13.098 8246 8246 E ArmVmp : Match on catch block at 0xc3 in for 0x7e4e5e4025
04-03 16:45:13.603 8246 8246 E ArmVmp : Match on catch block at 0xc3 in for 0x7e4e5e4025
04-03 16:45:13.605 8246 8246 E ArmVmp : Match on catch block at 0xc3 in for 0x7e4e5e4025
04-03 16:45:13.608 8246 8246 E ArmVmp : Match on catch block at 0xc3 in for 0x7e4e5e4025
04-03 16:45:13.697 8246 8736 E SQLiteDatabase: Error inserting transferred=0 media_job_uuid=1f0a915b-cd6b-48c1-8985-a8f9854d7896 transcoded=0 gif_attribution=0 first_scan_length=0 direct_path=/v/t62.7161- 24/23766992_985768729744953_1607716614285893115_n.enc?ccb=11- 4&oh=01_ASAqdoNaR128EsoJ-UZboecotQ-e2okFgtXeFWe8MjfDDg&oe=66352317&_nc_sid=5e03e0 thumbnail_height_width_ratio=1.3333334 is_animated_sticker=0 file_hash=N1GsPGT9XjAHzaZwm9/ECHRN+fm0xMyIiMxCfYDk9Ns= file_path=null file_size=0 partial_media_hash=null face_x=0 face_y=0 height=768 trim_to=0 media_key_timestamp=1712180408000 message_url=https://mmg.whatsapp.net/v/t62.7161- 24/23766992_985768729744953_1607716614285893115_n.enc?ccb=11- 4&oh=01_ASAqdoNaR128EsoJ-UZboecotQ- e2okFgtXeFWe8MjfDDg&oe=66352317&_nc_sid=5e03e0&mms3=true media_caption=null trim_from=0 mime_type=video/mp4 partial_media_enc_hash=null width=576 original_file_hash=null has_streaming_sidecar=1 autotransfer_retry_enabled=1 media_upload_handle=null message_row_id=11 multicast_id=null enc_file_hash=sY1CXSiCdjDF5Aa9sbAEChQW/a9FHgNtNZL7+s73L6c= mute_video=0 page_count=0 first_scan_sidecar=null suspicious_content=0 file_length=2282659 media_name=null media_duration=17 chat_row_id=5 media_key=[B@63e4e11
04-03 16:45:13.697 8246 8736 E SQLiteDatabase: android.database.sqlite.SQLiteConstraintException: UNIQUE constraint failed: message_media.message_row_id (code 1555 SQLITE_CONSTRAINT_PRIMARYKEY)
04-03 16:45:13.697 8246 8736 E SQLiteDatabase: at android.database.sqlite.SQLiteConnection.nativeExecuteForLastInsertedRowId(Native Method)
04-03 16:45:13.697 8246 8736 E SQLiteDatabase: at android.database.sqlite.SQLiteConnection.executeForLastInsertedRowId(SQLiteConnecti on.java:961)
04-03 16:45:13.697 8246 8736 E SQLiteDatabase: at android.database.sqlite.SQLiteSession.executeForLastInsertedRowId(SQLiteSession.jav a:790)
04-03 16:45:13.697 8246 8736 E SQLiteDatabase: at android.database.sqlite.SQLiteStatement.executeInsert(SQLiteStatement.java:89)
04-03 16:45:13.697 8246 8736 E SQLiteDatabase: at android.database.sqlite.SQLiteDatabase.insertWithOnConflict(SQLiteDatabase.java:187 0)
04-03 16:45:13.697 8246 8736 E SQLiteDatabase: at android.database.sqlite.SQLiteDatabase.insert(SQLiteDatabase.java:1739)
04-03 16:45:13.697 8246 8736 E SQLiteDatabase: at X.2tm.A08(Unknown Source:6)
04-03 16:45:13.697 8246 8736 E SQLiteDatabase: at X.35Y.A07(Unknown Source:212)
04-03 16:45:13.697 8246 8736 E SQLiteDatabase: at X.3QF.A14(Unknown Source:470)
04-03 16:45:13.697 8246 8736 E SQLiteDatabase: at X.3gU.run(Unknown Source:982)
04-03 16:45:13.697 8246 8736 E SQLiteDatabase: at android.os.Handler.handleCallback(Handler.java:958)
04-03 16:45:13.697 8246 8736 E SQLiteDatabase: at android.os.Handler.dispatchMessage(Handler.java:99)
04-03 16:45:13.697 8246 8736 E SQLiteDatabase: at X.0zq.dispatchMessage(Unknown Source:4)
04-03 16:45:13.697 8246 8736 E SQLiteDatabase: at android.os.Looper.loopOnce(Looper.java:224)
04-03 16:45:13.697 8246 8736 E SQLiteDatabase: at android.os.Looper.loop(Looper.java:318)
04-03 16:45:13.697 8246 8736 E SQLiteDatabase: at android.os.HandlerThread.run(HandlerThread.java:67)
04-03 16:45:13.701 8246 10557 W com.mbwhatsapp: Accessing hidden method Landroid/app/MiuiNotification;-><init>()V (blocked, reflection, denied)
04-03 16:45:13.903 8246 8246 E ArmVmp : Match on catch block at 0xc3 in for 0x7e4e5e4025
04-03 16:45:13.906 8246 8246 E ArmVmp : Match on catch block at 0xc3 in for 0x7e4e5e4025
04-03 16:45:13.908 8246 8246 E ArmVmp : Match on catch block at 0xc3 in for 0x7e4e5e4025
04-03 16:45:13.947 8246 8246 W AudioManager: Use of stream types is deprecated for operations other than volume control
04-03 16:45:13.947 8246 8246 W AudioManager: See the documentation of requestAudioFocus() for what to use instead with android.media.AudioAttributes to qualify your playback use case
04-03 16:45:14.149 8246 8736 E SQLiteDatabase: Error inserting transferred=1 media_job_uuid=4a5da47e-6fd5-4de0-8cce-9f98c7b11c3d transcoded=0 gif_attribution=0 first_scan_length=0 direct_path=/v/t62.7117- 24/32518926_832570942243193_947572549984094707_n.enc?ccb=11-4&oh=01_ASBPL6l- DwNzkmDDLZ3nnkRkRT56n4r46AcX-l-H_IeeyA&oe=66352779&_nc_sid=5e03e0 thumbnail_height_width_ratio=0.0 is_animated_sticker=0 file_hash=aqpQVyGrUwt9kx7h6dArHUc1V2pIqwWp5sEb2eFA/O4= file_path=Media/MBWhatsApp Voice Notes/202414/PTT-20240403-WA0000.opus file_size=5970 partial_media_hash=null face_x=0 face_y=0 height=0 trim_to=0 media_key_timestamp=1712175222000 message_url=https://mmg.whatsapp.net/v/t62.7117- 24/32518926_832570942243193_947572549984094707_n.enc?ccb=11-4&oh=01_ASBPL6l- DwNzkmDDLZ3nnkRkRT56n4r46AcX-l-H_IeeyA&oe=66352779&_nc_sid=5e03e0&mms3=true media_caption=null trim_from=0 mime_type=audio/ogg; codecs=opus partial_media_enc_hash=null width=0 original_file_hash=null has_streaming_sidecar=0 autotransfer_retry_enabled=1 media_upload_handle=null message_row_id=8 multicast_id=null enc_file_hash=ff6/iUlVfthGN+WEXKaDQ3/mXWPDh5z+1M4SQrEuSgk= mute_video=0 page_count=0 first_scan_sidecar=null suspicious_content=0 file_length=5970 media_name=PTT-20240403-WA0000.opus media_duration=2 chat_row_id=6 media_key=[B@a737bfe
04-03 16:45:14.149 8246 8736 E SQLiteDatabase: android.database.sqlite.SQLiteConstraintException: UNIQUE constraint failed: message_media.message_row_id (code 1555 SQLITE_CONSTRAINT_PRIMARYKEY)
04-03 16:45:14.149 8246 8736 E SQLiteDatabase: at android.database.sqlite.SQLiteConnection.nativeExecuteForLastInsertedRowId(Native Method)
04-03 16:45:14.149 8246 8736 E SQLiteDatabase: at android.database.sqlite.SQLiteConnection.executeForLastInsertedRowId(SQLiteConnecti on.java:961)
04-03 16:45:14.149 8246 8736 E SQLiteDatabase: at android.database.sqlite.SQLiteSession.executeForLastInsertedRowId(SQLiteSession.jav a:790)
04-03 16:45:14.149 8246 8736 E SQLiteDatabase: at android.database.sqlite.SQLiteStatement.executeInsert(SQLiteStatement.java:89)
04-03 16:45:14.149 8246 8736 E SQLiteDatabase: at android.database.sqlite.SQLiteDatabase.insertWithOnConflict(SQLiteDatabase.java:187 0)
04-03 16:45:14.149 8246 8736 E SQLiteDatabase: at android.database.sqlite.SQLiteDatabase.insert(SQLiteDatabase.java:1739)
04-03 16:45:14.149 8246 8736 E SQLiteDatabase: at X.2tm.A08(Unknown Source:6)
04-03 16:45:14.149 8246 8736 E SQLiteDatabase: at X.35Y.A07(Unknown Source:212)
04-03 16:45:14.149 8246 8736 E SQLiteDatabase: at X.3QF.A14(Unknown Source:470)
04-03 16:45:14.149 8246 8736 E SQLiteDatabase: at X.31e.A03(Unknown Source:174)
04-03 16:45:14.149 8246 8736 E SQLiteDatabase: at X.3g7.run(Unknown Source:1017)
04-03 16:45:14.149 8246 8736 E SQLiteDatabase: at android.os.Handler.handleCallback(Handler.java:958)
04-03 16:45:14.149 8246 8736 E SQLiteDatabase: at android.os.Handler.dispatchMessage(Handler.java:99)
04-03 16:45:14.149 8246 8736 E SQLiteDatabase: at X.0zq.dispatchMessage(Unknown Source:4)
04-03 16:45:14.149 8246 8736 E SQLiteDatabase: at android.os.Looper.loopOnce(Looper.java:224)
04-03 16:45:14.149 8246 8736 E SQLiteDatabase: at android.os.Looper.loop(Looper.java:318)
04-03 16:45:14.149 8246 8736 E SQLiteDatabase: at android.os.HandlerThread.run(HandlerThread.java:67)
04-03 16:45:14.207 8246 8246 W EpFrameworkFactory: activated: false jar exist: false
04-03 16:45:14.438 8246 8737 E SQLiteDatabase: Error inserting transferred=1 media_job_uuid=4a5da47e-6fd5-4de0-8cce-9f98c7b11c3d transcoded=0 gif_attribution=0 first_scan_length=0 direct_path=/v/t62.7117- 24/32518926_832570942243193_947572549984094707_n.enc?ccb=11-4&oh=01_ASBPL6l- DwNzkmDDLZ3nnkRkRT56n4r46AcX-l-H_IeeyA&oe=66352779&_nc_sid=5e03e0 thumbnail_height_width_ratio=0.0 is_animated_sticker=0 file_hash=aqpQVyGrUwt9kx7h6dArHUc1V2pIqwWp5sEb2eFA/O4= file_path=Media/MBWhatsApp Voice Notes/202414/PTT-20240403-WA0000.opus file_size=5970 partial_media_hash=null face_x=0 face_y=0 height=0 trim_to=0 media_key_timestamp=1712175222000 message_url=https://mmg.whatsapp.net/v/t62.7117- 24/32518926_832570942243193_947572549984094707_n.enc?ccb=11-4&oh=01_ASBPL6l- DwNzkmDDLZ3nnkRkRT56n4r46AcX-l-H_IeeyA&oe=66352779&_nc_sid=5e03e0&mms3=true media_caption=null trim_from=0 mime_type=audio/ogg; codecs=opus partial_media_enc_hash=null width=0 original_file_hash=null has_streaming_sidecar=0 autotransfer_retry_enabled=1 media_upload_handle=null message_row_id=8 multicast_id=null enc_file_hash=ff6/iUlVfthGN+WEXKaDQ3/mXWPDh5z+1M4SQrEuSgk= mute_video=0 page_count=0 first_scan_sidecar=null suspicious_content=0 file_length=5970 media_name=PTT-20240403-WA0000.opus media_duration=2 chat_row_id=6 media_key=[B@a737bfe
04-03 16:45:14.438 8246 8737 E SQLiteDatabase: android.database.sqlite.SQLiteConstraintException: UNIQUE constraint failed: message_media.message_row_id (code 1555 SQLITE_CONSTRAINT_PRIMARYKEY)
04-03 16:45:14.438 8246 8737 E SQLiteDatabase: at android.database.sqlite.SQLiteConnection.nativeExecuteForLastInsertedRowId(Native Method)
04-03 16:45:14.438 8246 8737 E SQLiteDatabase: at android.database.sqlite.SQLiteConnection.executeForLastInsertedRowId(SQLiteConnecti on.java:961)
04-03 16:45:14.438 8246 8737 E SQLiteDatabase: at android.database.sqlite.SQLiteSession.executeForLastInsertedRowId(SQLiteSession.jav a:790)
04-03 16:45:14.438 8246 8737 E SQLiteDatabase: at android.database.sqlite.SQLiteStatement.executeInsert(SQLiteStatement.java:89)
04-03 16:45:14.438 8246 8737 E SQLiteDatabase: at android.database.sqlite.SQLiteDatabase.insertWithOnConflict(SQLiteDatabase.java:187 0)
04-03 16:45:14.438 8246 8737 E SQLiteDatabase: at android.database.sqlite.SQLiteDatabase.insert(SQLiteDatabase.java:1739)
04-03 16:45:14.438 8246 8737 E SQLiteDatabase: at X.2tm.A08(Unknown Source:6)
04-03 16:45:14.438 8246 8737 E SQLiteDatabase: at X.35Y.A07(Unknown Source:212)
04-03 16:45:14.438 8246 8737 E SQLiteDatabase: at X.3QF.A14(Unknown Source:470)
04-03 16:45:14.438 8246 8737 E SQLiteDatabase: at X.31e.A03(Unknown Source:174)
04-03 16:45:14.438 8246 8737 E SQLiteDatabase: at X.3Uz.A07(Unknown Source:381)
04-03 16:45:14.438 8246 8737 E SQLiteDatabase: at X.3Uz.A02(Unknown Source:692)
04-03 16:45:14.438 8246 8737 E SQLiteDatabase: at X.3eS.run(Unknown Source:4041)
04-03 16:45:14.438 8246 8737 E SQLiteDatabase: at android.os.Handler.handleCallback(Handler.java:958)
04-03 16:45:14.438 8246 8737 E SQLiteDatabase: at android.os.Handler.dispatchMessage(Handler.java:99)
04-03 16:45:14.438 8246 8737 E SQLiteDatabase: at X.0zr.dispatchMessage(Unknown Source:4)
04-03 16:45:14.438 8246 8737 E SQLiteDatabase: at android.os.Looper.loopOnce(Looper.java:224)
04-03 16:45:14.438 8246 8737 E SQLiteDatabase: at android.os.Looper.loop(Looper.java:318)
04-03 16:45:14.438 8246 8737 E SQLiteDatabase: at android.os.HandlerThread.run(HandlerThread.java:67)
04-03 16:45:14.536 8246 8246 E ArmVmp : Match on catch block at 0xc3 in for 0x7e4e5e4025
04-03 16:45:14.539 8246 8246 E ArmVmp : Match on catch block at 0xc3 in for 0x7e4e5e4025
04-03 16:45:14.542 8246 8246 E ArmVmp : Match on catch block at 0xc3 in for 0x7e4e5e4025
04-03 16:45:14.557 8246 8246 W Looper : PerfMonitor doFrame : time=41ms vsyncFrame=0 latency=364ms procState=-1 historyMsgCount=27 (msgIndex=1 wall=483ms seq=688 late=15ms h=android.view.ViewRootImpl$ViewRootHandler c=android.view.View$PerformClick) (msgIndex=17 wall=92ms seq=704 late=420ms h=X.4Fa w=0)
04-03 16:45:14.587 8246 8246 E ArmVmp : Match on catch block at 0xc3 in for 0x7e4e5e4025
04-03 16:45:14.592 8246 8246 E ArmVmp : Match on catch block at 0xc3 in for 0x7e4e5e4025
04-03 16:45:14.595 8246 8246 E ArmVmp : Match on catch block at 0xc3 in for 0x7e4e5e4025
04-03 16:45:14.607 8246 11209 W EpFrameworkFactory: activated: false jar exist: false
04-03 16:45:14.649 8246 8246 E ArmVmp : Match on catch block at 0xc3 in for 0x7e4e5e4025
04-03 16:45:14.658 8246 8246 E ArmVmp : Match on catch block at 0xc3 in for 0x7e4e5e4025
04-03 16:45:14.674 8246 8246 E ArmVmp : Match on catch block at 0xc3 in for 0x7e4e5e4025
04-03 16:45:14.732 8246 8246 E ArmVmp : Match on catch block at 0xc3 in for 0x7e4e5e4025
04-03 16:45:14.754 8246 8246 E ArmVmp : Match on catch block at 0xc3 in for 0x7e4e5e4025
04-03 16:45:14.768 8246 8246 E ArmVmp : Match on catch block at 0xc3 in for 0x7e4e5e4025
04-03 16:45:14.837 8246 8246 E ArmVmp : Match on catch block at 0xc3 in for 0x7e4e5e4025
04-03 16:45:14.847 8246 8246 E ArmVmp : Match on catch block at 0xc3 in for 0x7e4e5e4025
04-03 16:45:14.852 8246 8246 E ArmVmp : Match on catch block at 0xc3 in for 0x7e4e5e4025
04-03 16:45:14.881 8246 8246 E ArmVmp : Match on catch block at 0xc3 in for 0x7e4e5e4025
04-03 16:45:14.889 8246 8246 E ArmVmp : Match on catch block at 0xc3 in for 0x7e4e5e4025
04-03 16:45:14.899 8246 8246 E ArmVmp : Match on catch block at 0xc3 in for 0x7e4e5e4025
04-03 16:45:14.926 8246 8246 E ArmVmp : Match on catch block at 0xc3 in for 0x7e4e5e4025
04-03 16:45:14.930 8246 8246 E ArmVmp : Match on catch block at 0xc3 in for 0x7e4e5e4025
04-03 16:45:14.932 8246 8246 E ArmVmp : Match on catch block at 0xc3 in for 0x7e4e5e4025
04-03 16:45:14.938 8246 8246 E ArmVmp : Match on catch block at 0xc3 in for 0x7e4e5e4025
04-03 16:45:14.942 8246 8246 E ArmVmp : Match on catch block at 0xc3 in for 0x7e4e5e4025
04-03 16:45:14.945 8246 8246 E ArmVmp : Match on catch block at 0xc3 in for 0x7e4e5e4025
04-03 16:45:14.954 8246 8246 E ArmVmp : Match on catch block at 0xc3 in for 0x7e4e5e4025
04-03 16:45:14.963 8246 8246 E ArmVmp : Match on catch block at 0xc3 in for 0x7e4e5e4025
04-03 16:45:14.968 8246 8246 E ArmVmp : Match on catch block at 0xc3 in for 0x7e4e5e4025
04-03 16:45:14.974 8246 8246 E ArmVmp : Match on catch block at 0xc3 in for 0x7e4e5e4025
04-03 16:45:14.974 8246 11209 W AudioTrack: getTimestamp_l(11573): retrograde timestamp time corrected, 301589877557345 < 301589898823856
04-03 16:45:14.977 8246 8246 E ArmVmp : Match on catch block at 0xc3 in for 0x7e4e5e4025
04-03 16:45:14.979 8246 8246 E ArmVmp : Match on catch block at 0xc3 in for 0x7e4e5e4025
04-03 16:45:14.991 8246 8246 E ArmVmp : Match on catch block at 0xc3 in for 0x7e4e5e4025
04-03 16:45:14.998 8246 8246 E ArmVmp : Match on catch block at 0xc3 in for 0x7e4e5e4025
04-03 16:45:15.003 8246 8246 E ArmVmp : Match on catch block at 0xc3 in for 0x7e4e5e4025
04-03 16:45:15.023 8246 8246 E ArmVmp : Match on catch block at 0xc3 in for 0x7e4e5e4025
04-03 16:45:15.028 8246 8246 E ArmVmp : Match on catch block at 0xc3 in for 0x7e4e5e4025
04-03 16:45:15.034 8246 8246 E ArmVmp : Match on catch block at 0xc3 in for 0x7e4e5e4025
04-03 16:45:15.045 8246 8246 E ArmVmp : Match on catch block at 0xc3 in for 0x7e4e5e4025
04-03 16:45:15.053 8246 8246 E ArmVmp : Match on catch block at 0xc3 in for 0x7e4e5e4025
04-03 16:45:15.063 8246 8246 E ArmVmp : Match on catch block at 0xc3 in for 0x7e4e5e4025
04-03 16:45:15.069 8246 8246 E ArmVmp : Match on catch block at 0xc3 in for 0x7e4e5e4025
04-03 16:45:15.076 8246 8246 E ArmVmp : Match on catch block at 0xc3 in for 0x7e4e5e4025
04-03 16:45:15.082 8246 8246 E ArmVmp : Match on catch block at 0xc3 in for 0x7e4e5e4025
04-03 16:45:15.088 8246 8246 E ArmVmp : Match on catch block at 0xc3 in for 0x7e4e5e4025
04-03 16:45:15.093 8246 8246 E ArmVmp : Match on catch block at 0xc3 in for 0x7e4e5e4025
04-03 16:45:15.098 8246 8246 E ArmVmp : Match on catch block at 0xc3 in for 0x7e4e5e4025
04-03 16:45:15.103 8246 8246 E ArmVmp : Match on catch block at 0xc3 in for 0x7e4e5e4025
04-03 16:45:15.108 8246 8246 E ArmVmp : Match on catch block at 0xc3 in for 0x7e4e5e4025
04-03 16:45:15.118 8246 8246 E ArmVmp : Match on catch block at 0xc3 in for 0x7e4e5e4025
04-03 16:45:15.129 8246 8246 E ArmVmp : Match on catch block at 0xc3 in for 0x7e4e5e4025
04-03 16:45:15.134 8246 8246 E ArmVmp : Match on catch block at 0xc3 in for 0x7e4e5e4025
04-03 16:45:15.139 8246 8246 E ArmVmp : Match on catch block at 0xc3 in for 0x7e4e5e4025
04-03 16:45:15.201 8246 8246 E ArmVmp : Match on catch block at 0xc3 in for 0x7e4e5e4025
04-03 16:45:15.208 8246 8246 E ArmVmp : Match on catch block at 0xc3 in for 0x7e4e5e4025
04-03 16:45:15.218 8246 8246 E ArmVmp : Match on catch block at 0xc3 in for 0x7e4e5e4025
04-03 16:45:15.307 8246 8246 E ArmVmp : Match on catch block at 0xc3 in for 0x7e4e5e4025
04-03 16:45:15.312 8246 8246 E ArmVmp : Match on catch block at 0xc3 in for 0x7e4e5e4025
04-03 16:45:15.316 8246 8246 E ArmVmp : Match on catch block at 0xc3 in for 0x7e4e5e4025
04-03 16:45:15.627 8246 11461 W BpBinder: PerfMonitor binderTransact: time=240ms interface=android.media.IAudioFlingerService code=1
04-03 16:45:15.866 8246 8246 E ArmVmp : Match on catch block at 0xc3 in for 0x7e4e5e4025
04-03 16:45:15.868 8246 8246 E ArmVmp : Match on catch block at 0xc3 in for 0x7e4e5e4025
04-03 16:45:15.871 8246 8246 E ArmVmp : Match on catch block at 0xc3 in for 0x7e4e5e4025
04-03 16:45:16.790 8246 8246 E ArmVmp : Match on catch block at 0xc3 in for 0x7e4e5e4025
04-03 16:45:16.794 8246 8246 E ArmVmp : Match on catch block at 0xc3 in for 0x7e4e5e4025
04-03 16:45:16.798 8246 8246 E ArmVmp : Match on catch block at 0xc3 in for 0x7e4e5e4025
04-03 16:45:16.809 8246 8246 E ArmVmp : Match on catch block at 0xc3 in for 0x7e4e5e4025
04-03 16:45:16.812 8246 8246 E ArmVmp : Match on catch block at 0xc3 in for 0x7e4e5e4025
04-03 16:45:16.815 8246 8246 E ArmVmp : Match on catch block at 0xc3 in for 0x7e4e5e4025
04-03 16:45:16.823 8246 8246 E ArmVmp : Match on catch block at 0xc3 in for 0x7e4e5e4025
04-03 16:45:16.828 8246 8246 E ArmVmp : Match on catch block at 0xc3 in for 0x7e4e5e4025
04-03 16:45:16.841 8246 8246 E ArmVmp : Match on catch block at 0xc3 in for 0x7e4e5e4025
04-03 16:45:16.853 8246 8246 E ArmVmp : Match on catch block at 0xc3 in for 0x7e4e5e4025
04-03 16:45:16.856 8246 8246 E ArmVmp : Match on catch block at 0xc3 in for 0x7e4e5e4025
04-03 16:45:16.858 8246 8246 E ArmVmp : Match on catch block at 0xc3 in for 0x7e4e5e4025
04-03 16:45:16.874 8246 8246 E ArmVmp : Match on catch block at 0xc3 in for 0x7e4e5e4025
04-03 16:45:16.881 8246 8246 E ArmVmp : Match on catch block at 0xc3 in for 0x7e4e5e4025
04-03 16:45:16.883 8246 8246 E ArmVmp : Match on catch block at 0xc3 in for 0x7e4e5e4025
04-03 16:45:16.890 8246 8246 E ArmVmp : Match on catch block at 0xc3 in for 0x7e4e5e4025
04-03 16:45:16.894 8246 8246 E ArmVmp : Match on catch block at 0xc3 in for 0x7e4e5e4025
04-03 16:45:16.897 8246 8246 E ArmVmp : Match on catch block at 0xc3 in for 0x7e4e5e4025
04-03 16:45:16.906 8246 8246 E ArmVmp : Match on catch block at 0xc3 in for 0x7e4e5e4025
04-03 16:45:16.909 8246 8246 E ArmVmp : Match on catch block at 0xc3 in for 0x7e4e5e4025
04-03 16:45:16.910 8246 8246 E ArmVmp : Match on catch block at 0xc3 in for 0x7e4e5e4025
04-03 16:45:16.923 8246 8246 E ArmVmp : Match on catch block at 0xc3 in for 0x7e4e5e4025
04-03 16:45:16.925 8246 8246 E ArmVmp : Match on catch block at 0xc3 in for 0x7e4e5e4025
04-03 16:45:16.929 8246 8246 E ArmVmp : Match on catch block at 0xc3 in for 0x7e4e5e4025
04-03 16:45:16.939 8246 8246 E ArmVmp : Match on catch block at 0xc3 in for 0x7e4e5e4025
04-03 16:45:16.942 8246 8246 E ArmVmp : Match on catch block at 0xc3 in for 0x7e4e5e4025
04-03 16:45:16.944 8246 8246 E ArmVmp : Match on catch block at 0xc3 in for 0x7e4e5e4025
04-03 16:45:16.963 8246 8246 E ArmVmp : Match on catch block at 0xc3 in for 0x7e4e5e4025
04-03 16:45:16.965 8246 8246 E ArmVmp : Match on catch block at 0xc3 in for 0x7e4e5e4025
04-03 16:45:16.968 8246 8246 E ArmVmp : Match on catch block at 0xc3 in for 0x7e4e5e4025
04-03 16:45:16.979 8246 8246 E ArmVmp : Match on catch block at 0xc3 in for 0x7e4e5e4025
04-03 16:45:16.981 8246 8246 E ArmVmp : Match on catch block at 0xc3 in for 0x7e4e5e4025
04-03 16:45:16.983 8246 8246 E ArmVmp : Match on catch block at 0xc3 in for 0x7e4e5e4025
04-03 16:45:16.996 8246 8246 E ArmVmp : Match on catch block at 0xc3 in for 0x7e4e5e4025
04-03 16:45:16.999 8246 8246 E ArmVmp : Match on catch block at 0xc3 in for 0x7e4e5e4025
04-03 16:45:17.006 8246 8246 E ArmVmp : Match on catch block at 0xc3 in for 0x7e4e5e4025
04-03 16:45:17.027 8246 8246 E ArmVmp : Match on catch block at 0xc3 in for 0x7e4e5e4025
04-03 16:45:17.029 8246 8246 E ArmVmp : Match on catch block at 0xc3 in for 0x7e4e5e4025
04-03 16:45:17.031 8246 8246 E ArmVmp : Match on catch block at 0xc3 in for 0x7e4e5e4025
04-03 16:45:17.043 8246 8246 E ArmVmp : Match on catch block at 0xc3 in for 0x7e4e5e4025
04-03 16:45:17.045 8246 8246 E ArmVmp : Match on catch block at 0xc3 in for 0x7e4e5e4025
04-03 16:45:17.046 8246 8246 E ArmVmp : Match on catch block at 0xc3 in for 0x7e4e5e4025
04-03 16:45:18.607 8246 8246 W MediaPlayer: Use of stream types is deprecated for operations other than volume control
