04-07 18:17:05.858 26672 26672 E ArmVmp : Match on catch block at 0xc3 in for 0x74d1783025
04-07 18:17:06.060 26672 26672 E ArmVmp : Match on catch block at 0xc3 in for 0x74d1783025
04-07 18:17:06.070 26672 26672 E ArmVmp : Match on catch block at 0xc3 in for 0x74d1783025
04-07 18:17:06.209 26672 26672 E ArmVmp : Match on catch block at 0xc3 in for 0x74d1783025
04-07 18:17:06.214 26672 26672 E ArmVmp : Match on catch block at 0xc3 in for 0x74d1783025
04-07 18:17:06.276 26672 26672 E ArmVmp : Match on catch block at 0xc3 in for 0x74d1783025
04-07 18:17:06.283 26672 26672 E ArmVmp : Match on catch block at 0xc3 in for 0x74d1783025
04-07 18:17:06.374 26672 26672 E ArmVmp : Match on catch block at 0xc3 in for 0x74d1783025
04-07 18:17:06.376 26672 26672 E ArmVmp : Match on catch block at 0xc3 in for 0x74d1783025
04-07 18:17:06.476 26672 26672 E ArmVmp : Match on catch block at 0xc3 in for 0x74d1783025
04-07 18:17:06.480 26672 26672 E ArmVmp : Match on catch block at 0xc3 in for 0x74d1783025
04-07 18:17:06.627 26672 26672 E ArmVmp : Match on catch block at 0xc3 in for 0x74d1783025
04-07 18:17:06.634 26672 26672 E ArmVmp : Match on catch block at 0xc3 in for 0x74d1783025
04-07 18:17:06.727 26672 26672 E ArmVmp : Match on catch block at 0xc3 in for 0x74d1783025
04-07 18:17:06.732 26672 26672 E ArmVmp : Match on catch block at 0xc3 in for 0x74d1783025
04-07 18:17:06.809 26672 26672 E ArmVmp : Match on catch block at 0xc3 in for 0x74d1783025
04-07 18:17:06.811 26672 26672 E ArmVmp : Match on catch block at 0xc3 in for 0x74d1783025
04-07 18:17:06.993 26672 26672 E ArmVmp : Match on catch block at 0xc3 in for 0x74d1783025
04-07 18:17:06.996 26672 26672 E ArmVmp : Match on catch block at 0xc3 in for 0x74d1783025
04-07 18:17:07.062 26672 32393 W EpFrameworkFactory: activated: false jar exist: false
04-07 18:17:07.070 26672 28877 W com.mbwhatsapp: Accessing hidden method Landroid/app/MiuiNotification;-><init>()V (blocked, reflection, denied)
04-07 18:17:07.073 26672 26672 E ArmVmp : Match on catch block at 0xc3 in for 0x74d1783025
04-07 18:17:07.075 26672 26672 E ArmVmp : Match on catch block at 0xc3 in for 0x74d1783025
04-07 18:17:07.086 26672 26672 E ArmVmp : Match on catch block at 0xc3 in for 0x74d1783025
04-07 18:17:07.088 26672 26672 E ArmVmp : Match on catch block at 0xc3 in for 0x74d1783025
04-07 18:17:07.126 26672 26672 E ArmVmp : Match on catch block at 0xc3 in for 0x74d1783025
04-07 18:17:07.129 26672 26672 E ArmVmp : Match on catch block at 0xc3 in for 0x74d1783025
04-07 18:17:07.133 26672 26672 E ArmVmp : Match on catch block at 0xc3 in for 0x74d1783021
04-07 18:17:07.150 26672 26672 E ArmVmp : Match on catch block at 0xc3 in for 0x74d1783025
04-07 18:17:07.152 26672 26672 E ArmVmp : Match on catch block at 0xc3 in for 0x74d1783025
04-07 18:17:07.153 26672 26672 E ArmVmp : Match on catch block at 0xc3 in for 0x74d1783025
04-07 18:17:07.165 26672 26672 E ArmVmp : Match on catch block at 0xc3 in for 0x74d1783025
04-07 18:17:07.167 26672 26672 E ArmVmp : Match on catch block at 0xc3 in for 0x74d1783025
04-07 18:17:07.169 26672 26672 E ArmVmp : Match on catch block at 0xc3 in for 0x74d1783025
04-07 18:17:07.177 26672 26672 E ArmVmp : Match on catch block at 0xc3 in for 0x74d1783025
04-07 18:17:07.180 26672 26672 E ArmVmp : Match on catch block at 0xc3 in for 0x74d1783025
04-07 18:17:07.182 26672 26672 E ArmVmp : Match on catch block at 0xc3 in for 0x74d1783025
04-07 18:17:07.414 26672 26672 E ArmVmp : Match on catch block at 0xc3 in for 0x74d1783025
04-07 18:17:07.423 26672 26672 E ArmVmp : Match on catch block at 0xc3 in for 0x74d1783025
04-07 18:17:07.430 26672 26672 E ArmVmp : Match on catch block at 0xc3 in for 0x74d1783025
04-07 18:17:07.562 26672 26672 E ArmVmp : Match on catch block at 0xc3 in for 0x74d1783025
04-07 18:17:07.566 26672 26672 E ArmVmp : Match on catch block at 0xc3 in for 0x74d1783025
04-07 18:17:07.568 26672 26672 E ArmVmp : Match on catch block at 0xc3 in for 0x74d1783025
04-07 18:17:07.695 26672 26672 E ArmVmp : Match on catch block at 0xc3 in for 0x74d1783025
04-07 18:17:07.699 26672 26672 E ArmVmp : Match on catch block at 0xc3 in for 0x74d1783025
04-07 18:17:07.703 26672 26672 E ArmVmp : Match on catch block at 0xc3 in for 0x74d1783025
04-07 18:17:07.896 26672 26672 E ArmVmp : Match on catch block at 0xc3 in for 0x74d1783025
04-07 18:17:07.904 26672 26672 E ArmVmp : Match on catch block at 0xc3 in for 0x74d1783025
04-07 18:17:07.908 26672 26672 E ArmVmp : Match on catch block at 0xc3 in for 0x74d1783025
04-07 18:17:08.030 26672 26672 E ArmVmp : Match on catch block at 0xc3 in for 0x74d1783025
04-07 18:17:08.043 26672 26672 E ArmVmp : Match on catch block at 0xc3 in for 0x74d1783025
04-07 18:17:08.049 26672 26672 E ArmVmp : Match on catch block at 0xc3 in for 0x74d1783025
04-07 18:17:08.147 26672 26672 E ArmVmp : Match on catch block at 0xc3 in for 0x74d1783025
04-07 18:17:08.154 26672 26672 E ArmVmp : Match on catch block at 0xc3 in for 0x74d1783025
04-07 18:17:08.157 26672 26672 E ArmVmp : Match on catch block at 0xc3 in for 0x74d1783025
04-07 18:17:08.281 26672 26672 E ArmVmp : Match on catch block at 0xc3 in for 0x74d1783025
04-07 18:17:08.289 26672 26672 E ArmVmp : Match on catch block at 0xc3 in for 0x74d1783025
04-07 18:17:08.293 26672 26672 E ArmVmp : Match on catch block at 0xc3 in for 0x74d1783025
04-07 18:17:08.732 26672 26672 E ArmVmp : Match on catch block at 0xc3 in for 0x74d1783025
04-07 18:17:08.736 26672 26672 E ArmVmp : Match on catch block at 0xc3 in for 0x74d1783025
04-07 18:17:08.740 26672 26672 E ArmVmp : Match on catch block at 0xc3 in for 0x74d1783025
04-07 18:17:08.748 26672 26672 E ArmVmp : Match on catch block at 0xc3 in for 0x74d1783025
04-07 18:17:08.753 26672 26672 E ArmVmp : Match on catch block at 0xc3 in for 0x74d1783025
04-07 18:17:08.757 26672 26672 E ArmVmp : Match on catch block at 0xc3 in for 0x74d1783025
04-07 18:17:08.765 26672 26672 E ArmVmp : Match on catch block at 0xc3 in for 0x74d1783025
04-07 18:17:08.771 26672 26672 E ArmVmp : Match on catch block at 0xc3 in for 0x74d1783025
04-07 18:17:08.774 26672 26672 E ArmVmp : Match on catch block at 0xc3 in for 0x74d1783025
04-07 18:17:08.782 26672 26672 E ArmVmp : Match on catch block at 0xc3 in for 0x74d1783025
04-07 18:17:08.787 26672 26672 E ArmVmp : Match on catch block at 0xc3 in for 0x74d1783025
04-07 18:17:08.791 26672 26672 E ArmVmp : Match on catch block at 0xc3 in for 0x74d1783025
04-07 18:17:08.798 26672 26672 E ArmVmp : Match on catch block at 0xc3 in for 0x74d1783025
04-07 18:17:08.803 26672 26672 E ArmVmp : Match on catch block at 0xc3 in for 0x74d1783025
04-07 18:17:08.806 26672 26672 E ArmVmp : Match on catch block at 0xc3 in for 0x74d1783025
04-07 18:17:08.816 26672 26672 E ArmVmp : Match on catch block at 0xc3 in for 0x74d1783025
04-07 18:17:08.820 26672 26672 E ArmVmp : Match on catch block at 0xc3 in for 0x74d1783025
04-07 18:17:08.823 26672 26672 E ArmVmp : Match on catch block at 0xc3 in for 0x74d1783025
04-07 18:17:08.832 26672 26672 E ArmVmp : Match on catch block at 0xc3 in for 0x74d1783025
04-07 18:17:08.837 26672 26672 E ArmVmp : Match on catch block at 0xc3 in for 0x74d1783025
04-07 18:17:08.840 26672 26672 E ArmVmp : Match on catch block at 0xc3 in for 0x74d1783025
04-07 18:17:08.848 26672 26672 E ArmVmp : Match on catch block at 0xc3 in for 0x74d1783025
04-07 18:17:08.853 26672 26672 E ArmVmp : Match on catch block at 0xc3 in for 0x74d1783025
04-07 18:17:08.856 26672 26672 E ArmVmp : Match on catch block at 0xc3 in for 0x74d1783025
04-07 18:17:08.865 26672 26672 E ArmVmp : Match on catch block at 0xc3 in for 0x74d1783025
04-07 18:17:08.869 26672 26672 E ArmVmp : Match on catch block at 0xc3 in for 0x74d1783025
04-07 18:17:08.873 26672 26672 E ArmVmp : Match on catch block at 0xc3 in for 0x74d1783025
04-07 18:17:08.882 26672 26672 E ArmVmp : Match on catch block at 0xc3 in for 0x74d1783025
04-07 18:17:08.887 26672 26672 E ArmVmp : Match on catch block at 0xc3 in for 0x74d1783025
04-07 18:17:08.892 26672 26672 E ArmVmp : Match on catch block at 0xc3 in for 0x74d1783025
04-07 18:17:08.898 26672 26672 E ArmVmp : Match on catch block at 0xc3 in for 0x74d1783025
04-07 18:17:08.903 26672 26672 E ArmVmp : Match on catch block at 0xc3 in for 0x74d1783025
04-07 18:17:08.906 26672 26672 E ArmVmp : Match on catch block at 0xc3 in for 0x74d1783025
04-07 18:17:08.916 26672 26672 E ArmVmp : Match on catch block at 0xc3 in for 0x74d1783025
04-07 18:17:08.919 26672 26672 E ArmVmp : Match on catch block at 0xc3 in for 0x74d1783025
04-07 18:17:08.922 26672 26672 E ArmVmp : Match on catch block at 0xc3 in for 0x74d1783025
04-07 18:17:08.932 26672 26672 E ArmVmp : Match on catch block at 0xc3 in for 0x74d1783025
04-07 18:17:08.937 26672 26672 E ArmVmp : Match on catch block at 0xc3 in for 0x74d1783025
04-07 18:17:08.942 26672 26672 E ArmVmp : Match on catch block at 0xc3 in for 0x74d1783025
04-07 18:17:08.949 26672 26672 E ArmVmp : Match on catch block at 0xc3 in for 0x74d1783025
04-07 18:17:08.954 26672 26672 E ArmVmp : Match on catch block at 0xc3 in for 0x74d1783025
04-07 18:17:08.958 26672 26672 E ArmVmp : Match on catch block at 0xc3 in for 0x74d1783025
04-07 18:17:08.965 26672 26672 E ArmVmp : Match on catch block at 0xc3 in for 0x74d1783025
04-07 18:17:08.970 26672 26672 E ArmVmp : Match on catch block at 0xc3 in for 0x74d1783025
04-07 18:17:08.973 26672 26672 E ArmVmp : Match on catch block at 0xc3 in for 0x74d1783025
04-07 18:17:08.982 26672 26672 E ArmVmp : Match on catch block at 0xc3 in for 0x74d1783025
04-07 18:17:08.987 26672 26672 E ArmVmp : Match on catch block at 0xc3 in for 0x74d1783025
04-07 18:17:08.990 26672 26672 E ArmVmp : Match on catch block at 0xc3 in for 0x74d1783025
04-07 18:17:08.999 26672 26672 E ArmVmp : Match on catch block at 0xc3 in for 0x74d1783025
04-07 18:17:09.002 26672 26672 E ArmVmp : Match on catch block at 0xc3 in for 0x74d1783025
04-07 18:17:09.005 26672 26672 E ArmVmp : Match on catch block at 0xc3 in for 0x74d1783025
04-07 18:17:09.233 26672 26672 E ArmVmp : Match on catch block at 0xc3 in for 0x74d1783025
04-07 18:17:09.237 26672 26672 E ArmVmp : Match on catch block at 0xc3 in for 0x74d1783025
04-07 18:17:09.240 26672 26672 E ArmVmp : Match on catch block at 0xc3 in for 0x74d1783025
04-07 18:17:09.274 26672 26672 E ArmVmp : Match on catch block at 0xc3 in for 0x74d1783025
04-07 18:17:09.277 26672 26672 E ArmVmp : Match on catch block at 0xc3 in for 0x74d1783025
04-07 18:17:09.279 26672 26672 E ArmVmp : Match on catch block at 0xc3 in for 0x74d1783025
04-07 18:17:09.297 26672 26672 E ArmVmp : Match on catch block at 0xc3 in for 0x74d1783025
04-07 18:17:09.299 26672 26672 E ArmVmp : Match on catch block at 0xc3 in for 0x74d1783025
04-07 18:17:09.343 26672 26672 E ArmVmp : Match on catch block at 0xc3 in for 0x74d1783025
04-07 18:17:09.357 26672 26672 E ArmVmp : Match on catch block at 0xc3 in for 0x74d1783025
04-07 18:17:09.379 26672 26672 E ArmVmp : Match on catch block at 0xc3 in for 0x74d1783025
04-07 18:17:09.392 26672 26672 E ArmVmp : Match on catch block at 0xc3 in for 0x74d1783025
04-07 18:17:09.407 26672 26672 E ArmVmp : Match on catch block at 0xc3 in for 0x74d1783025
04-07 18:17:09.411 26672 26672 E ArmVmp : Match on catch block at 0xc3 in for 0x74d1783025
04-07 18:17:09.417 26672 26672 E ArmVmp : Match on catch block at 0xc3 in for 0x74d1783025
04-07 18:17:09.422 26672 26672 E ArmVmp : Match on catch block at 0xc3 in for 0x74d1783025
04-07 18:17:09.433 26672 26672 E ArmVmp : Match on catch block at 0xc3 in for 0x74d1783025
04-07 18:17:09.442 26672 26672 E ArmVmp : Match on catch block at 0xc3 in for 0x74d1783025
04-07 18:17:09.450 26672 26672 E ArmVmp : Match on catch block at 0xc3 in for 0x74d1783025
04-07 18:17:09.454 26672 26672 E ArmVmp : Match on catch block at 0xc3 in for 0x74d1783025
04-07 18:17:09.658 26672 26672 E ArmVmp : Match on catch block at 0xc3 in for 0x74d1783025
04-07 18:17:09.662 26672 26672 E ArmVmp : Match on catch block at 0xc3 in for 0x74d1783025
04-07 18:17:09.672 26672 26672 E ArmVmp : Match on catch block at 0xc3 in for 0x74d1783025
04-07 18:17:09.676 26672 26672 E ArmVmp : Match on catch block at 0xc3 in for 0x74d1783025
04-07 18:17:09.677 26672 4121 W MediaPlayer: Use of stream types is deprecated for operations other than volume control
04-07 18:17:09.677 26672 4121 W MediaPlayer: See the documentation of setAudioStreamType() for what to use instead with android.media.AudioAttributes to qualify your playback use case
04-07 18:17:09.768 26672 26672 E ArmVmp : Match on catch block at 0xc3 in for 0x74d1783025
04-07 18:17:09.773 26672 26672 E ArmVmp : Match on catch block at 0xc3 in for 0x74d1783025
04-07 18:17:10.273 26672 26672 E ArmVmp : Match on catch block at 0xc3 in for 0x74d1783025
04-07 18:17:10.287 26672 26672 E ArmVmp : Match on catch block at 0xc3 in for 0x74d1783025
04-07 18:17:10.409 26672 26672 E ArmVmp : Match on catch block at 0xc3 in for 0x74d1783025
04-07 18:17:10.413 26672 26672 E ArmVmp : Match on catch block at 0xc3 in for 0x74d1783025
04-07 18:17:10.429 26672 26672 E ArmVmp : Match on catch block at 0xc3 in for 0x74d1783025
04-07 18:17:10.432 26672 26672 E ArmVmp : Match on catch block at 0xc3 in for 0x74d1783025
04-07 18:17:10.444 26672 26672 E ArmVmp : Match on catch block at 0xc3 in for 0x74d1783025
04-07 18:17:10.448 26672 26672 E ArmVmp : Match on catch block at 0xc3 in for 0x74d1783025
04-07 18:17:10.770 26672 26672 E ArmVmp : Match on catch block at 0xc3 in for 0x74d1783025
04-07 18:17:10.775 26672 26672 E ArmVmp : Match on catch block at 0xc3 in for 0x74d1783025
04-07 18:17:11.271 26672 26672 E ArmVmp : Match on catch block at 0xc3 in for 0x74d1783025
04-07 18:17:11.276 26672 26672 E ArmVmp : Match on catch block at 0xc3 in for 0x74d1783025
04-07 18:17:11.776 26672 26672 E ArmVmp : Match on catch block at 0xc3 in for 0x74d1783025
04-07 18:17:11.788 26672 26672 E ArmVmp : Match on catch block at 0xc3 in for 0x74d1783025
04-07 18:17:12.025 26672 26672 E ArmVmp : Match on catch block at 0xc3 in for 0x74d1783025
04-07 18:17:12.039 26672 26672 E ArmVmp : Match on catch block at 0xc3 in for 0x74d1783025
04-07 18:17:12.057 26672 26672 E ArmVmp : Match on catch block at 0xc3 in for 0x74d1783025
04-07 18:17:12.065 26672 26672 E ArmVmp : Match on catch block at 0xc3 in for 0x74d1783025
04-07 18:17:12.074 26672 26672 E ArmVmp : Match on catch block at 0xc3 in for 0x74d1783025
04-07 18:17:12.084 26672 26672 E ArmVmp : Match on catch block at 0xc3 in for 0x74d1783025
04-07 18:17:12.095 26672 26672 E ArmVmp : Match on catch block at 0xc3 in for 0x74d1783025
04-07 18:17:12.103 26672 26672 E ArmVmp : Match on catch block at 0xc3 in for 0x74d1783025
04-07 18:17:12.112 26672 26672 E ArmVmp : Match on catch block at 0xc3 in for 0x74d1783025
04-07 18:17:12.117 26672 26672 E ArmVmp : Match on catch block at 0xc3 in for 0x74d1783025
04-07 18:17:12.123 26672 26672 E ArmVmp : Match on catch block at 0xc3 in for 0x74d1783025
04-07 18:17:12.126 26672 26672 E ArmVmp : Match on catch block at 0xc3 in for 0x74d1783025
04-07 18:17:12.139 26672 26672 E ArmVmp : Match on catch block at 0xc3 in for 0x74d1783025
04-07 18:17:12.143 26672 26672 E ArmVmp : Match on catch block at 0xc3 in for 0x74d1783025
04-07 18:17:12.157 26672 26672 E ArmVmp : Match on catch block at 0xc3 in for 0x74d1783025
04-07 18:17:12.162 26672 26672 E ArmVmp : Match on catch block at 0xc3 in for 0x74d1783025
04-07 18:17:12.173 26672 26672 E ArmVmp : Match on catch block at 0xc3 in for 0x74d1783025
04-07 18:17:12.179 26672 26672 E ArmVmp : Match on catch block at 0xc3 in for 0x74d1783025
04-07 18:17:12.190 26672 26672 E ArmVmp : Match on catch block at 0xc3 in for 0x74d1783025
04-07 18:17:12.195 26672 26672 E ArmVmp : Match on catch block at 0xc3 in for 0x74d1783025
04-07 18:17:12.206 26672 26672 E ArmVmp : Match on catch block at 0xc3 in for 0x74d1783025
04-07 18:17:12.209 26672 26672 E ArmVmp : Match on catch block at 0xc3 in for 0x74d1783025
04-07 18:17:12.223 26672 26672 E ArmVmp : Match on catch block at 0xc3 in for 0x74d1783025
04-07 18:17:12.228 26672 26672 E ArmVmp : Match on catch block at 0xc3 in for 0x74d1783025
04-07 18:17:12.240 26672 26672 E ArmVmp : Match on catch block at 0xc3 in for 0x74d1783025
04-07 18:17:12.244 26672 26672 E ArmVmp : Match on catch block at 0xc3 in for 0x74d1783025
04-07 18:17:12.256 26672 26672 E ArmVmp : Match on catch block at 0xc3 in for 0x74d1783025
04-07 18:17:12.261 26672 26672 E ArmVmp : Match on catch block at 0xc3 in for 0x74d1783025
04-07 18:17:12.273 26672 26672 E ArmVmp : Match on catch block at 0xc3 in for 0x74d1783025
04-07 18:17:12.278 26672 26672 E ArmVmp : Match on catch block at 0xc3 in for 0x74d1783025
04-07 18:17:12.290 26672 26672 E ArmVmp : Match on catch block at 0xc3 in for 0x74d1783025
04-07 18:17:12.295 26672 26672 E ArmVmp : Match on catch block at 0xc3 in for 0x74d1783025
04-07 18:17:12.775 26672 26672 E ArmVmp : Match on catch block at 0xc3 in for 0x74d1783025
04-07 18:17:12.780 26672 26672 E ArmVmp : Match on catch block at 0xc3 in for 0x74d1783025
04-07 18:17:13.277 26672 26672 E ArmVmp : Match on catch block at 0xc3 in for 0x74d1783025
04-07 18:17:13.283 26672 26672 E ArmVmp : Match on catch block at 0xc3 in for 0x74d1783025
04-07 18:17:13.780 26672 26672 E ArmVmp : Match on catch block at 0xc3 in for 0x74d1783025
04-07 18:17:13.791 26672 26672 E ArmVmp : Match on catch block at 0xc3 in for 0x74d1783025
04-07 18:17:14.281 26672 26672 E ArmVmp : Match on catch block at 0xc3 in for 0x74d1783025
04-07 18:17:14.292 26672 26672 E ArmVmp : Match on catch block at 0xc3 in for 0x74d1783025
04-07 18:17:14.780 26672 26672 E ArmVmp : Match on catch block at 0xc3 in for 0x74d1783025
04-07 18:17:14.785 26672 26672 E ArmVmp : Match on catch block at 0xc3 in for 0x74d1783025
04-07 18:17:15.284 26672 26672 E ArmVmp : Match on catch block at 0xc3 in for 0x74d1783025
04-07 18:17:15.295 26672 26672 E ArmVmp : Match on catch block at 0xc3 in for 0x74d1783025
04-07 18:17:15.784 26672 26672 E ArmVmp : Match on catch block at 0xc3 in for 0x74d1783025
04-07 18:17:15.796 26672 26672 E ArmVmp : Match on catch block at 0xc3 in for 0x74d1783025
04-07 18:17:16.286 26672 26672 E ArmVmp : Match on catch block at 0xc3 in for 0x74d1783025
04-07 18:17:16.299 26672 26672 E ArmVmp : Match on catch block at 0xc3 in for 0x74d1783025
04-07 18:17:16.787 26672 26672 E ArmVmp : Match on catch block at 0xc3 in for 0x74d1783025
04-07 18:17:16.799 26672 26672 E ArmVmp : Match on catch block at 0xc3 in for 0x74d1783025
04-07 18:17:17.286 26672 26672 E ArmVmp : Match on catch block at 0xc3 in for 0x74d1783025
04-07 18:17:17.296 26672 26672 E ArmVmp : Match on catch block at 0xc3 in for 0x74d1783025
04-07 18:17:17.513 26672 26672 E ArmVmp : Match on catch block at 0xc3 in for 0x74d1783025
04-07 18:17:17.516 26672 26672 E ArmVmp : Match on catch block at 0xc3 in for 0x74d1783025
04-07 18:17:17.524 26672 26672 E ArmVmp : Match on catch block at 0xc3 in for 0x74d1783025
04-07 18:17:17.527 26672 26672 E ArmVmp : Match on catch block at 0xc3 in for 0x74d1783025
04-07 18:17:17.787 26672 26672 E ArmVmp : Match on catch block at 0xc3 in for 0x74d1783025
04-07 18:17:17.793 26672 26672 E ArmVmp : Match on catch block at 0xc3 in for 0x74d1783025
04-07 18:17:18.287 26672 26672 E ArmVmp : Match on catch block at 0xc3 in for 0x74d1783025
04-07 18:17:18.288 26672 26672 E ArmVmp : Match on catch block at 0xc3 in for 0x74d1783025
04-07 18:17:18.789 26672 26672 E ArmVmp : Match on catch block at 0xc3 in for 0x74d1783025
04-07 18:17:18.793 26672 26672 E ArmVmp : Match on catch block at 0xc3 in for 0x74d1783025
04-07 18:17:19.109 26672 26672 E ArmVmp : Match on catch block at 0xc3 in for 0x74d1783025
04-07 18:17:19.115 26672 26672 E ArmVmp : Match on catch block at 0xc3 in for 0x74d1783025
04-07 18:17:19.125 26672 26672 E ArmVmp : Match on catch block at 0xc3 in for 0x74d1783025
04-07 18:17:19.129 26672 26672 E ArmVmp : Match on catch block at 0xc3 in for 0x74d1783025
04-07 18:17:19.140 26672 26672 E ArmVmp : Match on catch block at 0xc3 in for 0x74d1783025
04-07 18:17:19.145 26672 26672 E ArmVmp : Match on catch block at 0xc3 in for 0x74d1783025
04-07 18:17:19.156 26672 26672 E ArmVmp : Match on catch block at 0xc3 in for 0x74d1783025
04-07 18:17:19.159 26672 26672 E ArmVmp : Match on catch block at 0xc3 in for 0x74d1783025
04-07 18:17:19.172 26672 26672 E ArmVmp : Match on catch block at 0xc3 in for 0x74d1783025
04-07 18:17:19.175 26672 26672 E ArmVmp : Match on catch block at 0xc3 in for 0x74d1783025
04-07 18:17:19.189 26672 26672 E ArmVmp : Match on catch block at 0xc3 in for 0x74d1783025
04-07 18:17:19.193 26672 26672 E ArmVmp : Match on catch block at 0xc3 in for 0x74d1783025
04-07 18:17:19.206 26672 26672 E ArmVmp : Match on catch block at 0xc3 in for 0x74d1783025
04-07 18:17:19.208 26672 26672 E ArmVmp : Match on catch block at 0xc3 in for 0x74d1783025
04-07 18:17:19.222 26672 26672 E ArmVmp : Match on catch block at 0xc3 in for 0x74d1783025
04-07 18:17:19.225 26672 26672 E ArmVmp : Match on catch block at 0xc3 in for 0x74d1783025
04-07 18:17:19.240 26672 26672 E ArmVmp : Match on catch block at 0xc3 in for 0x74d1783025
04-07 18:17:19.243 26672 26672 E ArmVmp : Match on catch block at 0xc3 in for 0x74d1783025
04-07 18:17:19.257 26672 26672 E ArmVmp : Match on catch block at 0xc3 in for 0x74d1783025
04-07 18:17:19.261 26672 26672 E ArmVmp : Match on catch block at 0xc3 in for 0x74d1783025
04-07 18:17:19.273 26672 26672 E ArmVmp : Match on catch block at 0xc3 in for 0x74d1783025
04-07 18:17:19.277 26672 26672 E ArmVmp : Match on catch block at 0xc3 in for 0x74d1783025
04-07 18:17:19.290 26672 26672 E ArmVmp : Match on catch block at 0xc3 in for 0x74d1783025
04-07 18:17:19.293 26672 26672 E ArmVmp : Match on catch block at 0xc3 in for 0x74d1783025
04-07 18:17:19.306 26672 26672 E ArmVmp : Match on catch block at 0xc3 in for 0x74d1783025
04-07 18:17:19.311 26672 26672 E ArmVmp : Match on catch block at 0xc3 in for 0x74d1783025
04-07 18:17:19.323 26672 26672 E ArmVmp : Match on catch block at 0xc3 in for 0x74d1783025
04-07 18:17:19.327 26672 26672 E ArmVmp : Match on catch block at 0xc3 in for 0x74d1783025
04-07 18:17:19.339 26672 26672 E ArmVmp : Match on catch block at 0xc3 in for 0x74d1783025
04-07 18:17:19.342 26672 26672 E ArmVmp : Match on catch block at 0xc3 in for 0x74d1783025
04-07 18:17:19.356 26672 26672 E ArmVmp : Match on catch block at 0xc3 in for 0x74d1783025
04-07 18:17:19.359 26672 26672 E ArmVmp : Match on catch block at 0xc3 in for 0x74d1783025
04-07 18:17:19.373 26672 26672 E ArmVmp : Match on catch block at 0xc3 in for 0x74d1783025
04-07 18:17:19.375 26672 26672 E ArmVmp : Match on catch block at 0xc3 in for 0x74d1783025
04-07 18:17:19.808 26672 26672 E ArmVmp : Match on catch block at 0xc3 in for 0x74d1783025
04-07 18:17:19.811 26672 26672 E ArmVmp : Match on catch block at 0xc3 in for 0x74d1783025
04-07 18:17:20.309 26672 26672 E ArmVmp : Match on catch block at 0xc3 in for 0x74d1783025
04-07 18:17:20.314 26672 26672 E ArmVmp : Match on catch block at 0xc3 in for 0x74d1783025
04-07 18:17:20.811 26672 26672 E ArmVmp : Match on catch block at 0xc3 in for 0x74d1783025
04-07 18:17:20.815 26672 26672 E ArmVmp : Match on catch block at 0xc3 in for 0x74d1783025
04-07 18:17:21.312 26672 26672 E ArmVmp : Match on catch block at 0xc3 in for 0x74d1783025
04-07 18:17:21.315 26672 26672 E ArmVmp : Match on catch block at 0xc3 in for 0x74d1783025
04-07 18:17:21.813 26672 26672 E ArmVmp : Match on catch block at 0xc3 in for 0x74d1783025
04-07 18:17:21.818 26672 26672 E ArmVmp : Match on catch block at 0xc3 in for 0x74d1783025
04-07 18:17:22.315 26672 26672 E ArmVmp : Match on catch block at 0xc3 in for 0x74d1783025
04-07 18:17:22.319 26672 26672 E ArmVmp : Match on catch block at 0xc3 in for 0x74d1783025
04-07 18:17:22.816 26672 26672 E ArmVmp : Match on catch block at 0xc3 in for 0x74d1783025
04-07 18:17:22.823 26672 26672 E ArmVmp : Match on catch block at 0xc3 in for 0x74d1783025
04-07 18:17:23.316 26672 26672 E ArmVmp : Match on catch block at 0xc3 in for 0x74d1783025
04-07 18:17:23.320 26672 26672 E ArmVmp : Match on catch block at 0xc3 in for 0x74d1783025
04-07 18:17:23.817 26672 26672 E ArmVmp : Match on catch block at 0xc3 in for 0x74d1783025
04-07 18:17:23.821 26672 26672 E ArmVmp : Match on catch block at 0xc3 in for 0x74d1783025
04-07 18:17:24.319 26672 26672 E ArmVmp : Match on catch block at 0xc3 in for 0x74d1783025
04-07 18:17:24.322 26672 26672 E ArmVmp : Match on catch block at 0xc3 in for 0x74d1783025
04-07 18:17:24.821 26672 26672 E ArmVmp : Match on catch block at 0xc3 in for 0x74d1783025
04-07 18:17:24.825 26672 26672 E ArmVmp : Match on catch block at 0xc3 in for 0x74d1783025
04-07 18:17:25.322 26672 26672 E ArmVmp : Match on catch block at 0xc3 in for 0x74d1783025
04-07 18:17:25.325 26672 26672 E ArmVmp : Match on catch block at 0xc3 in for 0x74d1783025
04-07 18:17:25.825 26672 26672 E ArmVmp : Match on catch block at 0xc3 in for 0x74d1783025
04-07 18:17:25.835 26672 26672 E ArmVmp : Match on catch block at 0xc3 in for 0x74d1783025
04-07 18:17:26.327 26672 26672 E ArmVmp : Match on catch block at 0xc3 in for 0x74d1783025
04-07 18:17:26.336 26672 26672 E ArmVmp : Match on catch block at 0xc3 in for 0x74d1783025
04-07 18:17:26.828 26672 26672 E ArmVmp : Match on catch block at 0xc3 in for 0x74d1783025
04-07 18:17:26.837 26672 26672 E ArmVmp : Match on catch block at 0xc3 in for 0x74d1783025
04-07 18:17:27.329 26672 26672 E ArmVmp : Match on catch block at 0xc3 in for 0x74d1783025
04-07 18:17:27.339 26672 26672 E ArmVmp : Match on catch block at 0xc3 in for 0x74d1783025
04-07 18:17:27.828 26672 26672 E ArmVmp : Match on catch block at 0xc3 in for 0x74d1783025
04-07 18:17:27.834 26672 26672 E ArmVmp : Match on catch block at 0xc3 in for 0x74d1783025
04-07 18:17:28.328 26672 26672 E ArmVmp : Match on catch block at 0xc3 in for 0x74d1783025
04-07 18:17:28.336 26672 26672 E ArmVmp : Match on catch block at 0xc3 in for 0x74d1783025
04-07 18:17:28.830 26672 26672 E ArmVmp : Match on catch block at 0xc3 in for 0x74d1783025
04-07 18:17:28.834 26672 26672 E ArmVmp : Match on catch block at 0xc3 in for 0x74d1783025
04-07 18:17:29.332 26672 26672 E ArmVmp : Match on catch block at 0xc3 in for 0x74d1783025
04-07 18:17:29.336 26672 26672 E ArmVmp : Match on catch block at 0xc3 in for 0x74d1783025
04-07 18:17:29.832 26672 26672 E ArmVmp : Match on catch block at 0xc3 in for 0x74d1783025
04-07 18:17:29.835 26672 26672 E ArmVmp : Match on catch block at 0xc3 in for 0x74d1783025
04-07 18:17:30.334 26672 26672 E ArmVmp : Match on catch block at 0xc3 in for 0x74d1783025
04-07 18:17:30.343 26672 26672 E ArmVmp : Match on catch block at 0xc3 in for 0x74d1783025
04-07 18:17:30.835 26672 26672 E ArmVmp : Match on catch block at 0xc3 in for 0x74d1783025
04-07 18:17:30.839 26672 26672 E ArmVmp : Match on catch block at 0xc3 in for 0x74d1783025
04-07 18:17:31.335 26672 26672 E ArmVmp : Match on catch block at 0xc3 in for 0x74d1783025
04-07 18:17:31.339 26672 26672 E ArmVmp : Match on catch block at 0xc3 in for 0x74d1783025
04-07 18:17:31.837 26672 26672 E ArmVmp : Match on catch block at 0xc3 in for 0x74d1783025
04-07 18:17:31.841 26672 26672 E ArmVmp : Match on catch block at 0xc3 in for 0x74d1783025
04-07 18:17:32.338 26672 26672 E ArmVmp : Match on catch block at 0xc3 in for 0x74d1783025
04-07 18:17:32.341 26672 26672 E ArmVmp : Match on catch block at 0xc3 in for 0x74d1783025
04-07 18:17:32.839 26672 26672 E ArmVmp : Match on catch block at 0xc3 in for 0x74d1783025
04-07 18:17:32.842 26672 26672 E ArmVmp : Match on catch block at 0xc3 in for 0x74d1783025
04-07 18:17:33.340 26672 26672 E ArmVmp : Match on catch block at 0xc3 in for 0x74d1783025
04-07 18:17:33.342 26672 26672 E ArmVmp : Match on catch block at 0xc3 in for 0x74d1783025
04-07 18:17:33.842 26672 26672 E ArmVmp : Match on catch block at 0xc3 in for 0x74d1783025
04-07 18:17:33.846 26672 26672 E ArmVmp : Match on catch block at 0xc3 in for 0x74d1783025
04-07 18:17:34.343 26672 26672 E ArmVmp : Match on catch block at 0xc3 in for 0x74d1783025
04-07 18:17:34.347 26672 26672 E ArmVmp : Match on catch block at 0xc3 in for 0x74d1783025
04-07 18:17:34.844 26672 26672 E ArmVmp : Match on catch block at 0xc3 in for 0x74d1783025
04-07 18:17:34.848 26672 26672 E ArmVmp : Match on catch block at 0xc3 in for 0x74d1783025
04-07 18:17:35.366 26672 26672 E ArmVmp : Match on catch block at 0xc3 in for 0x74d1783025
04-07 18:17:35.377 26672 26672 E ArmVmp : Match on catch block at 0xc3 in for 0x74d1783025
04-07 18:17:35.867 26672 26672 E ArmVmp : Match on catch block at 0xc3 in for 0x74d1783025
04-07 18:17:35.877 26672 26672 E ArmVmp : Match on catch block at 0xc3 in for 0x74d1783025
04-07 18:17:36.368 26672 26672 E ArmVmp : Match on catch block at 0xc3 in for 0x74d1783025
04-07 18:17:36.376 26672 26672 E ArmVmp : Match on catch block at 0xc3 in for 0x74d1783025
04-07 18:17:36.869 26672 26672 E ArmVmp : Match on catch block at 0xc3 in for 0x74d1783025
04-07 18:17:36.878 26672 26672 E ArmVmp : Match on catch block at 0xc3 in for 0x74d1783025
04-07 18:17:37.371 26672 26672 E ArmVmp : Match on catch block at 0xc3 in for 0x74d1783025
04-07 18:17:37.380 26672 26672 E ArmVmp : Match on catch block at 0xc3 in for 0x74d1783025
04-07 18:17:37.872 26672 26672 E ArmVmp : Match on catch block at 0xc3 in for 0x74d1783025
04-07 18:17:37.881 26672 26672 E ArmVmp : Match on catch block at 0xc3 in for 0x74d1783025
04-07 18:17:38.374 26672 26672 E ArmVmp : Match on catch block at 0xc3 in for 0x74d1783025
04-07 18:17:38.383 26672 26672 E ArmVmp : Match on catch block at 0xc3 in for 0x74d1783025
04-07 18:17:38.871 26672 26672 E ArmVmp : Match on catch block at 0xc3 in for 0x74d1783025
04-07 18:17:38.879 26672 26672 E ArmVmp : Match on catch block at 0xc3 in for 0x74d1783025
04-07 18:17:39.376 26672 26672 E ArmVmp : Match on catch block at 0xc3 in for 0x74d1783025
04-07 18:17:39.387 26672 26672 E ArmVmp : Match on catch block at 0xc3 in for 0x74d1783025
04-07 18:17:39.876 26672 26672 E ArmVmp : Match on catch block at 0xc3 in for 0x74d1783025
04-07 18:17:39.886 26672 26672 E ArmVmp : Match on catch block at 0xc3 in for 0x74d1783025
04-07 18:17:40.377 26672 26672 E ArmVmp : Match on catch block at 0xc3 in for 0x74d1783025
04-07 18:17:40.387 26672 26672 E ArmVmp : Match on catch block at 0xc3 in for 0x74d1783025
04-07 18:17:40.879 26672 26672 E ArmVmp : Match on catch block at 0xc3 in for 0x74d1783025
04-07 18:17:40.888 26672 26672 E ArmVmp : Match on catch block at 0xc3 in for 0x74d1783025
04-07 18:17:41.379 26672 26672 E ArmVmp : Match on catch block at 0xc3 in for 0x74d1783025
04-07 18:17:41.388 26672 26672 E ArmVmp : Match on catch block at 0xc3 in for 0x74d1783025
04-07 18:17:41.880 26672 26672 E ArmVmp : Match on catch block at 0xc3 in for 0x74d1783025
04-07 18:17:41.890 26672 26672 E ArmVmp : Match on catch block at 0xc3 in for 0x74d1783025
04-07 18:17:42.382 26672 26672 E ArmVmp : Match on catch block at 0xc3 in for 0x74d1783025
04-07 18:17:42.391 26672 26672 E ArmVmp : Match on catch block at 0xc3 in for 0x74d1783025
04-07 18:17:42.883 26672 26672 E ArmVmp : Match on catch block at 0xc3 in for 0x74d1783025
04-07 18:17:42.893 26672 26672 E ArmVmp : Match on catch block at 0xc3 in for 0x74d1783025
04-07 18:17:43.384 26672 26672 E ArmVmp : Match on catch block at 0xc3 in for 0x74d1783025
04-07 18:17:43.395 26672 26672 E ArmVmp : Match on catch block at 0xc3 in for 0x74d1783025
04-07 18:17:43.885 26672 26672 E ArmVmp : Match on catch block at 0xc3 in for 0x74d1783025
04-07 18:17:43.895 26672 26672 E ArmVmp : Match on catch block at 0xc3 in for 0x74d1783025
04-07 18:17:44.387 26672 26672 E ArmVmp : Match on catch block at 0xc3 in for 0x74d1783025
04-07 18:17:44.398 26672 26672 E ArmVmp : Match on catch block at 0xc3 in for 0x74d1783025
04-07 18:17:44.651 26672 26672 E ArmVmp : Match on catch block at 0xc3 in for 0x74d1783025
04-07 18:17:44.653 26672 26672 E ArmVmp : Match on catch block at 0xc3 in for 0x74d1783025
04-07 18:17:44.661 26672 26672 E ArmVmp : Match on catch block at 0xc3 in for 0x74d1783025
04-07 18:17:44.663 26672 26672 E ArmVmp : Match on catch block at 0xc3 in for 0x74d1783025
04-07 18:17:44.673 26672 26672 W WindowOnBackDispatcher: sendCancelIfRunning: isInProgress=falsecallback=ImeCallback=ImeOnBackInvokedCallback@239641076 Callback=android.window.IOnBackInvokedCallback$Stub$Proxy@c81706b
04-07 18:17:44.885 26672 26672 E ArmVmp : Match on catch block at 0xc3 in for 0x74d1783025
04-07 18:17:44.889 26672 26672 E ArmVmp : Match on catch block at 0xc3 in for 0x74d1783025
04-07 18:17:45.201 26672 26901 E OpenGLRenderer: Unable to match the desired swap behavior.
04-07 18:17:45.223 26672 26672 E ArmVmp : Match on catch block at 0xc3 in for 0x74d1783025
04-07 18:17:45.229 26672 26672 E ArmVmp : Match on catch block at 0xc3 in for 0x74d1783025
04-07 18:17:45.240 26672 26672 E ArmVmp : Match on catch block at 0xc3 in for 0x74d1783025
04-07 18:17:45.244 26672 26672 E ArmVmp : Match on catch block at 0xc3 in for 0x74d1783025
04-07 18:17:45.261 26672 26672 E ArmVmp : Match on catch block at 0xc3 in for 0x74d1783025
04-07 18:17:45.263 26672 26672 E ArmVmp : Match on catch block at 0xc3 in for 0x74d1783025
04-07 18:17:45.273 26672 26672 E ArmVmp : Match on catch block at 0xc3 in for 0x74d1783025
04-07 18:17:45.275 26672 26672 E ArmVmp : Match on catch block at 0xc3 in for 0x74d1783025
04-07 18:17:45.292 26672 26672 E ArmVmp : Match on catch block at 0xc3 in for 0x74d1783025
04-07 18:17:45.295 26672 26672 E ArmVmp : Match on catch block at 0xc3 in for 0x74d1783025
04-07 18:17:45.308 26672 26672 E ArmVmp : Match on catch block at 0xc3 in for 0x74d1783025
04-07 18:17:45.311 26672 26672 E ArmVmp : Match on catch block at 0xc3 in for 0x74d1783025
04-07 18:17:45.324 26672 26672 E ArmVmp : Match on catch block at 0xc3 in for 0x74d1783025
04-07 18:17:45.327 26672 26672 E ArmVmp : Match on catch block at 0xc3 in for 0x74d1783025
04-07 18:17:45.337 26672 26672 E ArmVmp : Match on catch block at 0xc3 in for 0x74d1783025
04-07 18:17:45.339 26672 26672 E ArmVmp : Match on catch block at 0xc3 in for 0x74d1783025
04-07 18:17:45.353 26672 26672 E ArmVmp : Match on catch block at 0xc3 in for 0x74d1783025
04-07 18:17:45.355 26672 26672 E ArmVmp : Match on catch block at 0xc3 in for 0x74d1783025
04-07 18:17:45.373 26672 26672 E ArmVmp : Match on catch block at 0xc3 in for 0x74d1783025
04-07 18:17:45.375 26672 26672 E ArmVmp : Match on catch block at 0xc3 in for 0x74d1783025
04-07 18:17:45.414 26672 26901 E OpenGLRenderer: Unable to match the desired swap behavior.
04-07 18:17:45.496 26672 26672 E ArmVmp : Match on catch block at 0xc3 in for 0x74d1783025
04-07 18:17:45.498 26672 26672 E ArmVmp : Match on catch block at 0xc3 in for 0x74d1783025
04-07 18:17:45.537 26672 26672 E ArmVmp : Match on catch block at 0xc3 in for 0x74d1783025
04-07 18:17:45.538 26672 26672 E ArmVmp : Match on catch block at 0xc3 in for 0x74d1783025
04-07 18:17:45.556 26672 26672 E ArmVmp : Match on catch block at 0xc3 in for 0x74d1783025
04-07 18:17:45.557 26672 26672 E ArmVmp : Match on catch block at 0xc3 in for 0x74d1783025
04-07 18:17:45.574 26672 26672 E ArmVmp : Match on catch block at 0xc3 in for 0x74d1783025
04-07 18:17:45.577 26672 26672 E ArmVmp : Match on catch block at 0xc3 in for 0x74d1783025
04-07 18:17:45.592 26672 26672 E ArmVmp : Match on catch block at 0xc3 in for 0x74d1783025
04-07 18:17:45.594 26672 26672 E ArmVmp : Match on catch block at 0xc3 in for 0x74d1783025
04-07 18:17:45.607 26672 26672 E ArmVmp : Match on catch block at 0xc3 in for 0x74d1783025
04-07 18:17:45.609 26672 26672 E ArmVmp : Match on catch block at 0xc3 in for 0x74d1783025
04-07 18:17:45.912 26672 26901 E OpenGLRenderer: Unable to match the desired swap behavior.
04-07 18:17:45.927 26672 26901 E OpenGLRenderer: Unable to match the desired swap behavior.
04-07 18:17:45.945 26672 26901 E OpenGLRenderer: Unable to match the desired swap behavior.
04-07 18:17:45.961 26672 26901 E OpenGLRenderer: Unable to match the desired swap behavior.
04-07 18:17:45.977 26672 26901 E OpenGLRenderer: Unable to match the desired swap behavior.
04-07 18:17:45.996 26672 26901 E OpenGLRenderer: Unable to match the desired swap behavior.
04-07 18:17:46.012 26672 26901 E OpenGLRenderer: Unable to match the desired swap behavior.
04-07 18:17:46.031 26672 26901 E OpenGLRenderer: Unable to match the desired swap behavior.
04-07 18:17:46.049 26672 26901 E OpenGLRenderer: Unable to match the desired swap behavior.
04-07 18:17:46.065 26672 26672 W WindowOnBackDispatcher: sendCancelIfRunning: isInProgress=falsecallback=android.view.ViewRootImpl$ $ExternalSyntheticLambda22@8d57c9d
04-07 18:17:46.093 26672 26901 E OpenGLRenderer: Unable to match the desired swap behavior.
04-07 18:17:46.100 26672 26901 E OpenGLRenderer: Unable to match the desired swap behavior.
04-07 18:17:46.110 26672 26901 E OpenGLRenderer: Unable to match the desired swap behavior.
04-07 18:17:46.127 26672 26901 E OpenGLRenderer: Unable to match the desired swap behavior.
04-07 18:17:46.144 26672 26901 E OpenGLRenderer: Unable to match the desired swap behavior.
04-07 18:17:46.166 26672 26901 E OpenGLRenderer: Unable to match the desired swap behavior.
04-07 18:17:46.181 26672 26901 E OpenGLRenderer: Unable to match the desired swap behavior.
04-07 18:17:46.199 26672 26901 E OpenGLRenderer: Unable to match the desired swap behavior.
04-07 18:17:47.292 26672 26672 E ArmVmp : Match on catch block at 0x0a in for 0x74d1783035
04-07 18:17:47.295 26672 26672 E ArmVmp : Match on catch block at 0x0a in for 0x74d1783035
04-07 18:17:47.347 26672 26901 E OpenGLRenderer: Unable to match the desired swap behavior.
04-07 18:17:47.500 26672 26672 E ArmVmp : Match on catch block at 0xc3 in for 0x74d1783021
04-07 18:17:47.501 26672 26672 E ArmVmp : Match on catch block at 0xc3 in for 0x74d1783021
04-07 18:17:47.502 26672 26672 E ArmVmp : Match on catch block at 0xc3 in for 0x74d1783021
04-07 18:17:47.523 26672 26672 W WindowOnBackDispatcher: sendCancelIfRunning: isInProgress=falsecallback=android.view.ViewRootImpl$ $ExternalSyntheticLambda22@319d3a
04-07 18:17:47.556 26672 26672 E ArmVmp : Match on catch block at 0xc3 in for 0x74d1783025
04-07 18:17:47.558 26672 26672 E ArmVmp : Match on catch block at 0xc3 in for 0x74d1783025
04-07 18:17:47.559 26672 26672 E ArmVmp : Match on catch block at 0xc3 in for 0x74d1783025
04-07 18:17:47.604 26672 26672 E ArmVmp : Match on catch block at 0xc3 in for 0x74d1783025
04-07 18:17:47.606 26672 26672 E ArmVmp : Match on catch block at 0xc3 in for 0x74d1783025
04-07 18:17:47.613 26672 26672 E ArmVmp : Match on catch block at 0xc3 in for 0x74d1783025
04-07 18:17:47.625 26672 28877 W com.mbwhatsapp: Accessing hidden method Landroid/app/MiuiNotification;-><init>()V (blocked, reflection, denied)
04-07 18:17:47.638 26672 26672 E ArmVmp : Match on catch block at 0xc3 in for 0x74d1783025
04-07 18:17:47.640 26672 26672 E ArmVmp : Match on catch block at 0xc3 in for 0x74d1783025
04-07 18:17:47.644 26672 26672 E ArmVmp : Match on catch block at 0xc3 in for 0x74d1783025
04-07 18:17:47.670 26672 26672 E ArmVmp : Match on catch block at 0xc3 in for 0x74d1783025
04-07 18:17:47.672 26672 26672 E ArmVmp : Match on catch block at 0xc3 in for 0x74d1783025
04-07 18:17:47.676 26672 26672 E ArmVmp : Match on catch block at 0xc3 in for 0x74d1783025
04-07 18:17:47.699 26672 26672 E ArmVmp : Match on catch block at 0xc3 in for 0x74d1783025
04-07 18:17:47.701 26672 26672 E ArmVmp : Match on catch block at 0xc3 in for 0x74d1783025
04-07 18:17:47.703 26672 26672 E ArmVmp : Match on catch block at 0xc3 in for 0x74d1783025
04-07 18:17:47.714 26672 26672 E ArmVmp : Match on catch block at 0xc3 in for 0x74d1783025
04-07 18:17:47.719 26672 26672 E ArmVmp : Match on catch block at 0xc3 in for 0x74d1783025
04-07 18:17:47.721 26672 26672 E ArmVmp : Match on catch block at 0xc3 in for 0x74d1783025
04-07 18:17:47.904 26672 28877 W com.mbwhatsapp: Accessing hidden method Landroid/app/MiuiNotification;-><init>()V (blocked, reflection, denied)
04-07 18:17:48.115 26672 26672 E ArmVmp : Match on catch block at 0xc3 in for 0x74d1783025
04-07 18:17:48.117 26672 26672 E ArmVmp : Match on catch block at 0xc3 in for 0x74d1783025
04-07 18:17:48.119 26672 26672 E ArmVmp : Match on catch block at 0xc3 in for 0x74d1783025
04-07 18:17:48.133 26672 26672 E ArmVmp : Match on catch block at 0xc3 in for 0x74d1783025
04-07 18:17:48.135 26672 26672 E ArmVmp : Match on catch block at 0xc3 in for 0x74d1783025
04-07 18:17:48.137 26672 26672 E ArmVmp : Match on catch block at 0xc3 in for 0x74d1783025
04-07 18:17:48.153 26672 26672 E ArmVmp : Match on catch block at 0xc3 in for 0x74d1783025
04-07 18:17:48.155 26672 26672 E ArmVmp : Match on catch block at 0xc3 in for 0x74d1783025
04-07 18:17:48.156 26672 26672 E ArmVmp : Match on catch block at 0xc3 in for 0x74d1783025
04-07 18:17:48.186 26672 26672 E ArmVmp : Match on catch block at 0xc3 in for 0x74d1783025
04-07 18:17:48.188 26672 26672 E ArmVmp : Match on catch block at 0xc3 in for 0x74d1783025
04-07 18:17:48.189 26672 26672 E ArmVmp : Match on catch block at 0xc3 in for 0x74d1783025
04-07 18:17:48.206 26672 26901 E OpenGLRenderer: Unable to match the desired swap behavior.
04-07 18:17:48.270 26672 26672 E ArmVmp : Match on catch block at 0xc3 in for 0x74d1783025
04-07 18:17:48.272 26672 26672 E ArmVmp : Match on catch block at 0xc3 in for 0x74d1783025
04-07 18:17:48.284 26672 26672 E ArmVmp : Match on catch block at 0xc3 in for 0x74d1783025
04-07 18:17:48.306 26672 26672 E ArmVmp : Match on catch block at 0xc3 in for 0x74d1783025
04-07 18:17:48.308 26672 26672 E ArmVmp : Match on catch block at 0xc3 in for 0x74d1783025
04-07 18:17:48.310 26672 26672 E ArmVmp : Match on catch block at 0xc3 in for 0x74d1783025
04-07 18:17:48.326 26672 26672 E ArmVmp : Match on catch block at 0xc3 in for 0x74d1783025
04-07 18:17:48.331 26672 26672 E ArmVmp : Match on catch block at 0xc3 in for 0x74d1783025
04-07 18:17:48.334 26672 26672 E ArmVmp : Match on catch block at 0xc3 in for 0x74d1783025
04-07 18:17:48.346 26672 26672 E ArmVmp : Match on catch block at 0xc3 in for 0x74d1783025
04-07 18:17:48.348 26672 26672 E ArmVmp : Match on catch block at 0xc3 in for 0x74d1783025
04-07 18:17:48.350 26672 26672 E ArmVmp : Match on catch block at 0xc3 in for 0x74d1783025
04-07 18:17:48.359 26672 26672 E ArmVmp : Match on catch block at 0xc3 in for 0x74d1783025
04-07 18:17:48.361 26672 26672 E ArmVmp : Match on catch block at 0xc3 in for 0x74d1783025
04-07 18:17:48.362 26672 26672 E ArmVmp : Match on catch block at 0xc3 in for 0x74d1783025
04-07 18:17:48.376 26672 26672 E ArmVmp : Match on catch block at 0xc3 in for 0x74d1783025
04-07 18:17:48.377 26672 26672 E ArmVmp : Match on catch block at 0xc3 in for 0x74d1783025
04-07 18:17:48.379 26672 26672 E ArmVmp : Match on catch block at 0xc3 in for 0x74d1783025
04-07 18:17:48.393 26672 26672 E ArmVmp : Match on catch block at 0xc3 in for 0x74d1783025
04-07 18:17:48.394 26672 26672 E ArmVmp : Match on catch block at 0xc3 in for 0x74d1783025
04-07 18:17:48.396 26672 26672 E ArmVmp : Match on catch block at 0xc3 in for 0x74d1783025
04-07 18:17:48.410 26672 26672 E ArmVmp : Match on catch block at 0xc3 in for 0x74d1783025
04-07 18:17:48.412 26672 26672 E ArmVmp : Match on catch block at 0xc3 in for 0x74d1783025
04-07 18:17:48.414 26672 26672 E ArmVmp : Match on catch block at 0xc3 in for 0x74d1783025
04-07 18:17:48.426 26672 26672 E ArmVmp : Match on catch block at 0xc3 in for 0x74d1783025
04-07 18:17:48.428 26672 26672 E ArmVmp : Match on catch block at 0xc3 in for 0x74d1783025
04-07 18:17:48.429 26672 26672 E ArmVmp : Match on catch block at 0xc3 in for 0x74d1783025
04-07 18:17:48.442 26672 26672 E ArmVmp : Match on catch block at 0xc3 in for 0x74d1783025
04-07 18:17:48.444 26672 26672 E ArmVmp : Match on catch block at 0xc3 in for 0x74d1783025
04-07 18:17:48.446 26672 26672 E ArmVmp : Match on catch block at 0xc3 in for 0x74d1783025
04-07 18:17:48.459 26672 26672 E ArmVmp : Match on catch block at 0xc3 in for 0x74d1783025
04-07 18:17:48.460 26672 26672 E ArmVmp : Match on catch block at 0xc3 in for 0x74d1783025
04-07 18:17:48.462 26672 26672 E ArmVmp : Match on catch block at 0xc3 in for 0x74d1783025
04-07 18:17:48.855 26672 26672 E ArmVmp : Match on catch block at 0xc3 in for 0x74d1783025
04-07 18:17:48.868 26672 26672 E ArmVmp : Match on catch block at 0xc3 in for 0x74d1783025
04-07 18:17:48.880 26672 26672 E ArmVmp : Match on catch block at 0xc3 in for 0x74d1783025
04-07 18:17:48.935 26672 26672 W WindowOnBackDispatcher: sendCancelIfRunning: isInProgress=falsecallback=android.view.ViewRootImpl$ $ExternalSyntheticLambda22@4d586cc
04-07 18:18:36.861 26672 26672 W JobService: onNetworkChanged() not implemented in androidx.work.impl.background.systemjob.SystemJobService. Must override in a subclass.
04-07 18:18:39.468 26672 26672 W MessageMonitor: PerfMonitor: Slow Operation: Activity com.mbwhatsapp/.HomeActivity onStart took 177ms
04-07 18:18:39.705 26672 26901 E OpenGLRenderer: Unable to match the desired swap behavior.
04-07 18:18:39.796 26672 26672 W Looper : PerfMonitor doFrame : time=124ms vsyncFrame=0 latency=526ms procState=-1 historyMsgCount=3 (msgIndex=1 wall=97ms seq=16300 late=2ms h=android.view.ViewRootImpl$ViewRootHandler w=8) (msgIndex=3 wall=448ms seq=16302 late=87ms h=android.app.ActivityThread$H w=159)
04-07 18:18:39.939 26672 26672 W JobService: onNetworkChanged() not implemented in androidx.work.impl.background.systemjob.SystemJobService. Must override in a subclass.
04-07 18:18:41.860 26672 26672 E ArmVmp : Match on catch block at 0x0a in for 0x74d1783035
04-07 18:18:41.865 26672 26672 E ArmVmp : Match on catch block at 0x0a in for 0x74d1783035
04-07 18:18:41.916 26672 26672 W Looper : PerfMonitor looperActivity : package=com.mbwhatsapp/.Conversation time=0ms latency=375ms procState=-1 historyMsgCount=6 (msgIndex=6 wall=364ms seq=16423 late=14ms h=android.app.ActivityThread$H w=159)
04-07 18:18:41.946 26672 26901 E OpenGLRenderer: Unable to match the desired swap behavior.
04-07 18:18:42.217 26672 26672 E ArmVmp : Match on catch block at 0xc3 in for 0x74d1783021
04-07 18:18:42.219 26672 26672 E ArmVmp : Match on catch block at 0xc3 in for 0x74d1783021
04-07 18:18:42.246 26672 26672 W Looper : PerfMonitor doFrame : time=329ms vsyncFrame=0 latency=365ms procState=-1 historyMsgCount=6 (msgIndex=4 wall=364ms seq=16423 late=14ms h=android.app.ActivityThread$H w=159)
04-07 18:18:42.300 26672 26672 E ArmVmp : Match on catch block at 0xc3 in for 0x74d1783025
04-07 18:18:42.302 26672 26672 E ArmVmp : Match on catch block at 0xc3 in for 0x74d1783025
04-07 18:18:42.328 26672 26672 W Looper : PerfMonitor doFrame : time=58ms vsyncFrame=0 latency=350ms procState=-1 historyMsgCount=51 (msgIndex=1 wall=329ms seq=16426 late=365ms h=android.view.Choreographer$FrameHandler c=android.view.Choreographer$FrameDisplayEventReceiver)
04-07 18:18:42.343 26672 26672 E ArmVmp : Match on catch block at 0xc3 in for 0x74d1783025
04-07 18:18:42.344 26672 26672 E ArmVmp : Match on catch block at 0xc3 in for 0x74d1783025
04-07 18:18:42.384 26672 26672 E ArmVmp : Match on catch block at 0xc3 in for 0x74d1783025
04-07 18:18:42.385 26672 26672 E ArmVmp : Match on catch block at 0xc3 in for 0x74d1783025
04-07 18:18:42.401 26672 26672 E ArmVmp : Match on catch block at 0xc3 in for 0x74d1783025
04-07 18:18:42.404 26672 26672 E ArmVmp : Match on catch block at 0xc3 in for 0x74d1783025
04-07 18:18:42.426 26672 26672 E ArmVmp : Match on catch block at 0xc3 in for 0x74d1783025
04-07 18:18:42.433 26672 26672 E ArmVmp : Match on catch block at 0xc3 in for 0x74d1783025
04-07 18:18:42.445 26672 26672 E ArmVmp : Match on catch block at 0xc3 in for 0x74d1783025
04-07 18:18:42.449 26672 26672 E ArmVmp : Match on catch block at 0xc3 in for 0x74d1783025
04-07 18:18:42.459 26672 26672 E ArmVmp : Match on catch block at 0xc3 in for 0x74d1783025
04-07 18:18:42.463 26672 26672 E ArmVmp : Match on catch block at 0xc3 in for 0x74d1783025
04-07 18:18:42.473 26672 26672 E ArmVmp : Match on catch block at 0xc3 in for 0x74d1783025
04-07 18:18:42.476 26672 26672 E ArmVmp : Match on catch block at 0xc3 in for 0x74d1783025
04-07 18:18:42.707 26672 26672 E ArmVmp : Match on catch block at 0xc3 in for 0x74d1783025
04-07 18:18:42.710 26672 26672 E ArmVmp : Match on catch block at 0xc3 in for 0x74d1783025
04-07 18:18:42.724 26672 26672 E ArmVmp : Match on catch block at 0xc3 in for 0x74d1783025
04-07 18:18:42.728 26672 26672 E ArmVmp : Match on catch block at 0xc3 in for 0x74d1783025
04-07 18:18:42.741 26672 26672 E ArmVmp : Match on catch block at 0xc3 in for 0x74d1783025
04-07 18:18:42.745 26672 26672 E ArmVmp : Match on catch block at 0xc3 in for 0x74d1783025
04-07 18:18:42.757 26672 26672 E ArmVmp : Match on catch block at 0xc3 in for 0x74d1783025
04-07 18:18:42.760 26672 26672 E ArmVmp : Match on catch block at 0xc3 in for 0x74d1783025
04-07 18:18:42.774 26672 26672 E ArmVmp : Match on catch block at 0xc3 in for 0x74d1783025
04-07 18:18:42.777 26672 26672 E ArmVmp : Match on catch block at 0xc3 in for 0x74d1783025
04-07 18:18:42.790 26672 26672 E ArmVmp : Match on catch block at 0xc3 in for 0x74d1783025
04-07 18:18:42.793 26672 26672 E ArmVmp : Match on catch block at 0xc3 in for 0x74d1783025
04-07 18:18:42.807 26672 26672 E ArmVmp : Match on catch block at 0xc3 in for 0x74d1783025
04-07 18:18:42.810 26672 26672 E ArmVmp : Match on catch block at 0xc3 in for 0x74d1783025
04-07 18:18:42.823 26672 26672 E ArmVmp : Match on catch block at 0xc3 in for 0x74d1783025
04-07 18:18:42.827 26672 26672 E ArmVmp : Match on catch block at 0xc3 in for 0x74d1783025
04-07 18:18:42.840 26672 26672 E ArmVmp : Match on catch block at 0xc3 in for 0x74d1783025
04-07 18:18:42.845 26672 26672 E ArmVmp : Match on catch block at 0xc3 in for 0x74d1783025
04-07 18:18:42.861 26672 26672 E ArmVmp : Match on catch block at 0xc3 in for 0x74d1783025
04-07 18:18:42.863 26672 26672 E ArmVmp : Match on catch block at 0xc3 in for 0x74d1783025
