We take content rights seriously. If you suspect this is your content, claim it here.
Available Formats
Download as TXT, PDF, TXT or read online on Scribd
You are on page 1/ 14340
--------- beginning of main
04-03 12:37:28.494 23812 23812 E com.mbwhatsapp: Not starting debugger since
process cannot load the jdwp agent.
04-03 12:37:29.056 23812 23812 W System.err: java.lang.ClassNotFoundException: mbmodsd.mbmodsw.ui.views.btn.BtnBK
04-03 12:37:29.056 23812 23812 W System.err: at java.lang.Runtime.nativeLoad(Native Method)
04-03 12:37:29.056 23812 23812 W System.err: at java.lang.Runtime.nativeLoad(Runtime.java:1126)
04-03 12:37:29.056 23812 23812 W System.err: at java.lang.Runtime.loadLibrary0(Runtime.java:1080)
04-03 12:37:29.056 23812 23812 W System.err: at java.lang.Runtime.loadLibrary0(Runtime.java:1003)
04-03 12:37:29.056 23812 23812 W System.err: at java.lang.System.loadLibrary(System.java:1661)
04-03 12:37:29.056 23812 23812 W System.err: at arm.EpicVm.<clinit>(Unknown Source:2)
04-03 12:37:29.056 23812 23812 W System.err: at java.lang.Class.newInstance(Native Method)
04-03 12:37:29.056 23812 23812 W System.err: at android.app.AppComponentFactory.instantiateApplication(AppComponentFactory.java:76)
04-03 12:37:29.056 23812 23812 W System.err: at androidx.core.app.CoreComponentFactory.instantiateApplication(Unknown Source:0)
04-03 12:37:29.057 23812 23812 W System.err: at android.app.Instrumentation.newApplication(Instrumentation.java:1286)
04-03 12:37:29.057 23812 23812 W System.err: at android.app.LoadedApk.makeApplicationInner(LoadedApk.java:1487)
04-03 12:37:29.057 23812 23812 W System.err: at android.app.LoadedApk.makeApplicationInner(LoadedApk.java:1424)
04-03 12:37:29.057 23812 23812 W System.err: at android.app.ActivityThread.handleBindApplication(ActivityThread.java:7420)
04-03 12:37:29.057 23812 23812 W System.err: at android.app.ActivityThread.-$ $Nest$mhandleBindApplication(Unknown Source:0)
04-03 12:37:29.057 23812 23812 W System.err: at android.app.ActivityThread$H.handleMessage(ActivityThread.java:2374)
04-03 12:37:29.057 23812 23812 W System.err: at android.os.Handler.dispatchMessage(Handler.java:106)
04-03 12:37:29.057 23812 23812 W System.err: at android.os.Looper.loopOnce(Looper.java:224)
04-03 12:37:29.057 23812 23812 W System.err: at android.os.Looper.loop(Looper.java:318)
04-03 12:37:29.057 23812 23812 W System.err: at android.app.ActivityThread.main(ActivityThread.java:8727)
04-03 12:37:29.057 23812 23812 W System.err: at java.lang.reflect.Method.invoke(Native Method)
04-03 12:37:29.057 23812 23812 W System.err: at com.android.internal.os.RuntimeInit$MethodAndArgsCaller.run(RuntimeInit.java:561)
04-03 12:37:29.057 23812 23812 W System.err: at com.android.internal.os.ZygoteInit.main(ZygoteInit.java:1013)
04-03 12:37:29.131 23812 23812 E CustomActivityOnCrash: IMPORTANT WARNING! You already have an UncaughtExceptionHandler, are you sure this is correct? If you use a custom UncaughtExceptionHandler, you must initialize it AFTER CustomActivityOnCrash! Installing anyway, but your original handler will not be called.
04-03 12:37:29.910 23812 23913 W LibraryVersion: Failed to get app version for libraryName: firebase-iid
04-03 12:37:30.041 24116 24116 E com.mbwhatsapp: Not starting debugger since process cannot load the jdwp agent.
04-03 12:37:30.216 24116 24116 W System.err: java.lang.ClassNotFoundException: mbmodsd.mbmodsw.ui.views.btn.BtnBK
04-03 12:37:30.216 24116 24116 W System.err: at java.lang.Runtime.nativeLoad(Native Method)
04-03 12:37:30.216 24116 24116 W System.err: at java.lang.Runtime.nativeLoad(Runtime.java:1126)
04-03 12:37:30.216 24116 24116 W System.err: at java.lang.Runtime.loadLibrary0(Runtime.java:1080)
04-03 12:37:30.216 24116 24116 W System.err: at java.lang.Runtime.loadLibrary0(Runtime.java:1003)
04-03 12:37:30.216 24116 24116 W System.err: at java.lang.System.loadLibrary(System.java:1661)
04-03 12:37:30.216 24116 24116 W System.err: at arm.EpicVm.<clinit>(Unknown Source:2)
04-03 12:37:30.216 24116 24116 W System.err: at java.lang.Class.newInstance(Native Method)
04-03 12:37:30.216 24116 24116 W System.err: at android.app.AppComponentFactory.instantiateApplication(AppComponentFactory.java:76)
04-03 12:37:30.216 24116 24116 W System.err: at androidx.core.app.CoreComponentFactory.instantiateApplication(Unknown Source:0)
04-03 12:37:30.216 24116 24116 W System.err: at android.app.Instrumentation.newApplication(Instrumentation.java:1286)
04-03 12:37:30.216 24116 24116 W System.err: at android.app.LoadedApk.makeApplicationInner(LoadedApk.java:1487)
04-03 12:37:30.216 24116 24116 W System.err: at android.app.LoadedApk.makeApplicationInner(LoadedApk.java:1424)
04-03 12:37:30.216 24116 24116 W System.err: at android.app.ActivityThread.handleBindApplication(ActivityThread.java:7420)
04-03 12:37:30.216 24116 24116 W System.err: at android.app.ActivityThread.-$ $Nest$mhandleBindApplication(Unknown Source:0)
04-03 12:37:30.216 24116 24116 W System.err: at android.app.ActivityThread$H.handleMessage(ActivityThread.java:2374)
04-03 12:37:30.216 24116 24116 W System.err: at android.os.Handler.dispatchMessage(Handler.java:106)
04-03 12:37:30.216 24116 24116 W System.err: at android.os.Looper.loopOnce(Looper.java:224)
04-03 12:37:30.216 24116 24116 W System.err: at android.os.Looper.loop(Looper.java:318)
04-03 12:37:30.216 24116 24116 W System.err: at android.app.ActivityThread.main(ActivityThread.java:8727)
04-03 12:37:30.216 24116 24116 W System.err: at java.lang.reflect.Method.invoke(Native Method)
04-03 12:37:30.216 24116 24116 W System.err: at com.android.internal.os.RuntimeInit$MethodAndArgsCaller.run(RuntimeInit.java:561)
04-03 12:37:30.216 24116 24116 W System.err: at com.android.internal.os.ZygoteInit.main(ZygoteInit.java:1013)
04-03 12:37:30.258 24116 24116 E CustomActivityOnCrash: IMPORTANT WARNING! You already have an UncaughtExceptionHandler, are you sure this is correct? If you use a custom UncaughtExceptionHandler, you must initialize it AFTER CustomActivityOnCrash! Installing anyway, but your original handler will not be called.
04-03 12:37:30.304 24116 24164 W LibraryVersion: Failed to get app version for libraryName: firebase-iid
04-03 12:37:30.537 24116 24116 W com.mbwhatsapp: Accessing hidden method Lcom/android/org/conscrypt/OpenSSLSocketImpl;->setUseSessionTickets(Z)V (max- target-q,core-platform-api, reflection, denied)
04-03 12:37:30.538 24116 24116 W com.mbwhatsapp: Accessing hidden method Lcom/android/org/conscrypt/AbstractConscryptSocket;->setUseSessionTickets(Z)V (max- target-q, reflection, denied)
04-03 12:37:30.605 24191 24191 W libprocessgroup: JoinCgroup: controller schedtune is not found
04-03 12:37:31.377 24116 24285 W com.mbwhatsapp: Method void X.2rL.A03(java.lang.Integer) failed lock verification and will run slower.
04-03 12:37:31.377 24116 24285 W com.mbwhatsapp: Common causes for lock verification issues are non-optimized dex code
04-03 12:37:31.377 24116 24285 W com.mbwhatsapp: and incorrect proguard optimizations. --------- beginning of system
04-03 12:37:31.389 24116 24116 W Looper : PerfMonitor longMsg : seq=2 plan=12:37:30.076 late=22ms wall=1281ms h=android.app.ActivityThread$H w=110 procState=-1
04-03 12:37:31.411 24116 24116 W com.mbwhatsapp: Method void X.0eU.A0h(X.0tK, boolean) failed lock verification and will run slower.
04-03 12:37:31.546 24116 24116 W libc : Access denied finding property "ro.vendor.df.effect.conflict"
04-03 12:37:31.610 24116 24116 W Looper : PerfMonitor looperActivity : package=com.mbwhatsapp/.Icon0 time=221ms latency=1311ms procState=-1 historyMsgCount=2 (msgIndex=2 wall=1281ms seq=2 late=22ms h=android.app.ActivityThread$H w=110)
04-03 12:37:31.610 24116 24116 W Looper : PerfMonitor looperActivity : package=com.mbwhatsapp/.Icon0 time=0ms latency=1519ms procState=-1 historyMsgCount=3 (msgIndex=2 wall=1281ms seq=2 late=22ms h=android.app.ActivityThread$H w=110) (msgIndex=3 wall=221ms seq=3 late=1311ms h=android.app.ActivityThread$H w=159)
04-03 12:37:31.652 24116 24301 W libc : Access denied finding property "vendor.migl.debug"
04-03 12:37:31.874 24116 24116 E com.mbwhatsapp: Invalid resource ID 0x00000000.
04-03 12:37:31.874 24116 24116 W System.err: android.content.res.Resources$NotFoundException: String resource ID #0x0
04-03 12:37:31.876 24116 24116 W System.err: at android.content.res.Resources.getText(Resources.java:486)
04-03 12:37:31.876 24116 24116 W System.err: at android.content.res.MiuiResources.getText(MiuiResources.java:106)
04-03 12:37:31.876 24116 24116 W System.err: at android.content.res.Resources.getString(Resources.java:579)
04-03 12:37:31.876 24116 24116 W System.err: at X.35t.A0E(Unknown Source:46)
04-03 12:37:31.876 24116 24116 W System.err: at com.mbwhatsapp.yo.yo.getString(Native Method)
04-03 12:37:31.876 24116 24116 W System.err: at com.mbwhatsapp.yo.yo.getString(Native Method)
04-03 12:37:31.876 24116 24116 W System.err: at com.mbwhatsapp.youbasha.task.utils.requestAllFilesAccess14(Native Method)
04-03 12:37:31.876 24116 24116 W System.err: at com.mbwhatsapp.yo.dep.showStoragePermissionRequest(Native Method)
04-03 12:37:31.876 24116 24116 W System.err: at com.mbwhatsapp.registration.EULA.onCreate(Unknown Source:248)
04-03 12:37:31.876 24116 24116 W System.err: at android.app.Activity.performCreate(Activity.java:8891)
04-03 12:37:31.876 24116 24116 W System.err: at android.app.Activity.performCreate(Activity.java:8856)
04-03 12:37:31.876 24116 24116 W System.err: at android.app.Instrumentation.callActivityOnCreate(Instrumentation.java:1468)
04-03 12:37:31.877 24116 24116 W System.err: at android.app.ActivityThread.performLaunchActivity(ActivityThread.java:3965)
04-03 12:37:31.877 24116 24116 W System.err: at android.app.ActivityThread.handleLaunchActivity(ActivityThread.java:4136)
04-03 12:37:31.877 24116 24116 W System.err: at android.app.servertransaction.LaunchActivityItem.execute(LaunchActivityItem.java:10 3)
04-03 12:37:31.877 24116 24116 W System.err: at android.app.servertransaction.TransactionExecutor.executeCallbacks(TransactionExecu tor.java:149)
04-03 12:37:31.877 24116 24116 W System.err: at android.app.servertransaction.TransactionExecutor.execute(TransactionExecutor.java: 99)
04-03 12:37:31.877 24116 24116 W System.err: at android.app.ActivityThread$H.handleMessage(ActivityThread.java:2581)
04-03 12:37:31.877 24116 24116 W System.err: at android.os.Handler.dispatchMessage(Handler.java:106)
04-03 12:37:31.877 24116 24116 W System.err: at android.os.Looper.loopOnce(Looper.java:224)
04-03 12:37:31.877 24116 24116 W System.err: at android.os.Looper.loop(Looper.java:318)
04-03 12:37:31.877 24116 24116 W System.err: at android.app.ActivityThread.main(ActivityThread.java:8727)
04-03 12:37:31.877 24116 24116 W System.err: at java.lang.reflect.Method.invoke(Native Method)
04-03 12:37:31.877 24116 24116 W System.err: at com.android.internal.os.RuntimeInit$MethodAndArgsCaller.run(RuntimeInit.java:561)
04-03 12:37:31.877 24116 24116 W System.err: at com.android.internal.os.ZygoteInit.main(ZygoteInit.java:1013)
04-03 12:37:32.060 24116 24116 W Activity: Can request only one set of permissions at a time
04-03 12:37:32.158 24116 24338 E RenderScript: Failed to find hal setup entry points: undefined symbol: rsdHalAbort
04-03 12:37:32.158 24116 24338 E RenderScript: Failed to load runtime , loading default
04-03 12:37:32.269 24116 24116 E ArmVmp : Match on catch block at 0x0a in for 0x7e4e5e404d
04-03 12:37:32.292 24116 24356 W ziparchive: Unable to open '/system/framework/QXPerformance.dm': No such file or directory
04-03 12:37:32.292 24116 24356 W ziparchive: Unable to open '/system/framework/QXPerformance.dm': No such file or directory
04-03 12:37:32.307 24116 24116 W OpenGLRenderer: Unknown dataspace 0
04-03 12:37:32.334 24116 24116 W MessageMonitor: PerfMonitor: Slow Operation: Activity com.mbwhatsapp/.registration.EULA onStart took 412ms
04-03 12:37:32.382 24116 24116 W Looper : PerfMonitor looperActivity : package=com.mbwhatsapp/.registration.EULA time=0ms latency=757ms procState=-1 historyMsgCount=2 (msgIndex=2 wall=748ms seq=12 late=11ms h=android.app.ActivityThread$H w=159)
04-03 12:37:32.399 24116 24116 W Looper : PerfMonitor looperActivity : package=com.mbwhatsapp/.registration.EULA time=17ms latency=520ms procState=-1 historyMsgCount=6 (msgIndex=1 wall=748ms seq=12 late=11ms h=android.app.ActivityThread$H w=159)
04-03 12:37:32.417 24116 24116 W Looper : PerfMonitor looperActivity : package=com.mbwhatsapp/.registration.EULA time=17ms latency=537ms procState=-1 historyMsgCount=7 (msgIndex=1 wall=748ms seq=12 late=11ms h=android.app.ActivityThread$H w=159)
04-03 12:37:32.856 24116 24300 E libEGL : pre_cache appList: com.miui.weather2,,
04-03 12:37:32.873 24116 24300 E OpenGLRenderer: Unable to match the desired swap behavior.
04-03 12:37:32.957 24116 24300 E LB : fail to open file: No such file or directory
04-03 12:37:32.957 24116 24300 E LB : fail to open node: No such file or directory
04-03 12:37:32.969 24116 24300 E libEGL : pre_cache appList: com.miui.weather2,,
04-03 12:37:34.141 24116 24116 W Looper : PerfMonitor longMsg : seq=26 plan=12:37:32.330 late=150ms wall=1661ms h=android.view.Choreographer$FrameHandler c=android.view.Choreographer$FrameDisplayEventReceiver procState=-1
04-03 12:37:34.142 24116 24116 W Looper : PerfMonitor doFrame : time=1661ms vsyncFrame=0 latency=150ms procState=-1 historyMsgCount=14 (msgIndex=1 wall=748ms seq=12 late=11ms h=android.app.ActivityThread$H w=159)
04-03 12:37:34.171 24116 24116 W Looper : PerfMonitor doFrame : time=28ms vsyncFrame=0 latency=1646ms procState=-1 historyMsgCount=2 (msgIndex=1 wall=1661ms seq=26 late=150ms h=android.view.Choreographer$FrameHandler c=android.view.Choreographer$FrameDisplayEventReceiver)
04-03 12:37:34.238 24116 24116 W Looper : PerfMonitor looperActivity : package=com.mbwhatsapp/.registration.EULA time=23ms latency=704ms procState=-1 historyMsgCount=38 (msgIndex=1 wall=1661ms seq=26 late=150ms h=android.view.Choreographer$FrameHandler c=android.view.Choreographer$FrameDisplayEventReceiver)
04-03 12:37:34.255 24116 24116 W MiuiStubRegistry: Failed to collect stub providers in android.magicpointer.util.MiuiMagicPointerUtilsStubHeadManifest$$: /system_ext/framework/miui-framework-pointer-pad.jar not exist
04-03 12:37:35.294 24116 24116 E com.mbwhatsapp: Invalid resource ID 0x00000000.
04-03 12:37:35.295 24116 24116 E com.mbwhatsapp: Invalid resource ID 0x00000000.
04-03 12:37:35.296 24116 24116 E com.mbwhatsapp: Invalid resource ID 0x00000000.
04-03 12:37:35.296 24116 24116 E com.mbwhatsapp: Invalid resource ID 0x00000000.
04-03 12:37:35.297 24116 24116 E com.mbwhatsapp: Invalid resource ID 0x00000000.
04-03 12:37:35.298 24116 24116 E com.mbwhatsapp: Invalid resource ID 0x00000000.
04-03 12:37:35.303 24116 24116 E com.mbwhatsapp: Invalid resource ID 0x00000000.
04-03 12:37:35.312 24116 24116 E com.mbwhatsapp: Invalid resource ID 0x00000000.
04-03 12:37:39.772 24116 24300 E OpenGLRenderer: Unable to match the desired swap behavior.
04-03 12:37:39.897 24116 25182 W com.mbwhatsapp: Cleared Reference was only reachable from finalizer (only reported once)
04-03 12:37:40.182 24116 24116 W Activity: Can request only one set of permissions at a time
04-03 12:37:40.182 24116 24116 W Activity: Can request only one set of permissions at a time
04-03 12:37:40.259 24116 24300 E OpenGLRenderer: Unable to match the desired swap behavior.
04-03 12:37:40.783 24116 24116 W Looper : PerfMonitor doFrame : time=564ms vsyncFrame=0 latency=85ms procState=-1 historyMsgCount=1 (msgIndex=1 wall=91ms seq=204 late=4ms h=android.app.ActivityThread$H w=159)
04-03 12:37:40.809 24116 24116 W Looper : PerfMonitor doFrame : time=22ms vsyncFrame=0 latency=521ms procState=-1 historyMsgCount=4 (msgIndex=1 wall=564ms seq=205 late=85ms h=android.view.Choreographer$FrameHandler c=android.view.Choreographer$FrameDisplayEventReceiver)
04-03 12:37:41.784 24116 24116 W MirrorManager: this model don't Support
04-03 12:37:43.508 24116 24116 E RippleDrawable: The RippleDrawable.STYLE_PATTERNED animation is not supported for a non-hardware accelerated Canvas. Skipping animation.
04-03 12:37:43.521 24116 24116 E RippleDrawable: The RippleDrawable.STYLE_PATTERNED animation is not supported for a non-hardware accelerated Canvas. Skipping animation.
04-03 12:37:43.537 24116 24116 E RippleDrawable: The RippleDrawable.STYLE_PATTERNED animation is not supported for a non-hardware accelerated Canvas. Skipping animation.
04-03 12:37:43.555 24116 24116 E RippleDrawable: The RippleDrawable.STYLE_PATTERNED animation is not supported for a non-hardware accelerated Canvas. Skipping animation.
04-03 12:37:43.569 24116 24116 E RippleDrawable: The RippleDrawable.STYLE_PATTERNED animation is not supported for a non-hardware accelerated Canvas. Skipping animation.
04-03 12:37:43.586 24116 24116 E RippleDrawable: The RippleDrawable.STYLE_PATTERNED animation is not supported for a non-hardware accelerated Canvas. Skipping animation.
04-03 12:37:43.600 24116 24116 E RippleDrawable: The RippleDrawable.STYLE_PATTERNED animation is not supported for a non-hardware accelerated Canvas. Skipping animation.
04-03 12:37:43.616 24116 24116 W WindowOnBackDispatcher: sendCancelIfRunning: isInProgress=falsecallback=android.view.ViewRootImpl$ $ExternalSyntheticLambda22@5da4f58
04-03 12:37:44.732 24116 25842 E ShortcutInfoCompatSaver: Failed to load saved values from file /data/user/0/com.mbwhatsapp/files/ShortcutInfoCompatSaver_share_targets/ targets.xml. Old state removed, new added
04-03 12:37:44.732 24116 25842 E ShortcutInfoCompatSaver: java.io.FileNotFoundException: /data/user/0/com.mbwhatsapp/files/ShortcutInfoCompatSaver_share_targets/ targets.xml: open failed: ENOENT (No such file or directory)
04-03 12:37:44.732 24116 25842 E ShortcutInfoCompatSaver: at libcore.io.IoBridge.open(IoBridge.java:574)
04-03 12:37:44.732 24116 25842 E ShortcutInfoCompatSaver: at java.io.FileInputStream.<init>(FileInputStream.java:160)
04-03 12:37:44.732 24116 25842 E ShortcutInfoCompatSaver: at X.0nz.run(Unknown Source:82)
04-03 12:37:44.732 24116 25842 E ShortcutInfoCompatSaver: at java.util.concurrent.Executors$RunnableAdapter.call(Executors.java:487)
04-03 12:37:44.732 24116 25842 E ShortcutInfoCompatSaver: at java.util.concurrent.FutureTask.run(FutureTask.java:264)
04-03 12:37:44.732 24116 25842 E ShortcutInfoCompatSaver: at java.util.concurrent.ThreadPoolExecutor.runWorker(ThreadPoolExecutor.java:1145)
04-03 12:37:44.732 24116 25842 E ShortcutInfoCompatSaver: at java.util.concurrent.ThreadPoolExecutor$Worker.run(ThreadPoolExecutor.java:644)
04-03 12:37:44.732 24116 25842 E ShortcutInfoCompatSaver: at java.lang.Thread.run(Thread.java:1012)
04-03 12:37:44.732 24116 25842 E ShortcutInfoCompatSaver: Caused by: android.system.ErrnoException: open failed: ENOENT (No such file or directory)
04-03 12:37:44.732 24116 25842 E ShortcutInfoCompatSaver: at libcore.io.Linux.open(Native Method)
04-03 12:37:44.732 24116 25842 E ShortcutInfoCompatSaver: at libcore.io.ForwardingOs.open(ForwardingOs.java:563)
04-03 12:37:44.732 24116 25842 E ShortcutInfoCompatSaver: at libcore.io.BlockGuardOs.open(BlockGuardOs.java:274)
04-03 12:37:44.732 24116 25842 E ShortcutInfoCompatSaver: at libcore.io.ForwardingOs.open(ForwardingOs.java:563)
04-03 12:37:44.732 24116 25842 E ShortcutInfoCompatSaver: at android.app.ActivityThread$AndroidOs.open(ActivityThread.java:8603)
04-03 12:37:44.732 24116 25842 E ShortcutInfoCompatSaver: at libcore.io.IoBridge.open(IoBridge.java:560)
04-03 12:37:44.732 24116 25842 E ShortcutInfoCompatSaver: ... 7 more
04-03 12:37:44.785 24116 24300 E FrameEvents: updateAcquireFence: Did not find frame.
04-03 12:37:44.818 24116 24300 E FrameEvents: updateAcquireFence: Did not find frame.
04-03 12:37:44.828 24116 24300 E FrameEvents: updateAcquireFence: Did not find frame.
04-03 12:37:45.203 24116 24300 W RenderInspector: QueueBuffer time out on com.mbwhatsapp/com.mbwhatsapp.registration.EULA, count=1, avg=33 ms, max=33 ms.
04-03 12:37:47.392 24116 24300 E OpenGLRenderer: Unable to match the desired swap behavior.
04-03 12:37:47.930 24116 24116 W WindowOnBackDispatcher: sendCancelIfRunning: isInProgress=falsecallback=android.view.ViewRootImpl$ $ExternalSyntheticLambda22@850bf83
04-03 12:37:48.903 24116 24300 E OpenGLRenderer: Unable to match the desired swap behavior.
04-03 12:37:52.564 24116 24116 W WindowOnBackDispatcher: sendCancelIfRunning: isInProgress=falsecallback=android.view.ViewRootImpl$ $ExternalSyntheticLambda22@ef5639a 04-03 12:37:5--------- beginning of main
04-03 12:37:53.097 24116 24300 E OpenGLRenderer: Unable to match the desired swap behavior.
04-03 12:37:56.356 24116 24116 W WindowOnBackDispatcher: sendCancelIfRunning: isInProgress=falsecallback=android.view.ViewRootImpl$ $ExternalSyntheticLambda22@c348087 --------- beginning of system
04-03 12:37:58.218 24116 24307 W BpBinder: PerfMonitor binderTransact: time=10398ms interface=android.system.keystore2.IKeystoreSecurityLevel code=2
04-03 12:38:35.694 24116 24300 E OpenGLRenderer: Unable to match the desired swap behavior.
04-03 12:38:37.428 24116 24300 E OpenGLRenderer: Unable to match the desired swap behavior.
04-03 12:38:37.593 24116 24116 W WindowOnBackDispatcher: sendCancelIfRunning: isInProgress=falsecallback=android.view.ViewRootImpl$ $ExternalSyntheticLambda22@1edea03
04-03 12:38:37.719 24116 24195 W BpBinder: PerfMonitor binderTransact: time=342ms interface=android.system.keystore2.IKeystoreSecurityLevel code=2
04-03 12:38:38.323 24116 24116 W WindowOnBackDispatcher: sendCancelIfRunning: isInProgress=falsecallback=android.view.ViewRootImpl$ $ExternalSyntheticLambda22@d112086
04-03 12:38:41.346 24116 24300 E OpenGLRenderer: Unable to match the desired swap behavior.
04-03 12:38:42.875 24116 24300 E OpenGLRenderer: Unable to match the desired swap behavior.
04-03 12:38:42.998 24116 24116 W WindowOnBackDispatcher: sendCancelIfRunning: isInProgress=falsecallback=ImeCallback=ImeOnBackInvokedCallback@245962031 Callback=android.window.IOnBackInvokedCallback$Stub$Proxy@7ca177f
04-03 12:38:43.018 24116 24116 W WindowOnBackDispatcher: sendCancelIfRunning: isInProgress=falsecallback=android.view.ViewRootImpl$ $ExternalSyntheticLambda22@90c94ac
04-03 12:38:43.029 24116 24116 W RemoteInputConnectionImpl: requestCursorAnchorInfo on inactive InputConnection
04-03 12:38:43.059 24116 24116 W WindowOnBackDispatcher: sendCancelIfRunning: isInProgress=falsecallback=ImeCallback=ImeOnBackInvokedCallback@245962031 Callback=android.window.IOnBackInvokedCallback$Stub$Proxy@7ca177f
04-03 12:38:43.465 24116 24116 W WindowOnBackDispatcher: sendCancelIfRunning: isInProgress=falsecallback=android.view.ViewRootImpl$ $ExternalSyntheticLambda22@d838656
04-03 12:38:48.416 24116 24116 W WindowOnBackDispatcher: sendCancelIfRunning: isInProgress=falsecallback=android.view.ViewRootImpl$ $ExternalSyntheticLambda22@4d08860
04-03 12:38:49.368 24116 24116 W Activity: Can request only one set of permissions at a time
04-03 12:38:49.467 24116 24300 E OpenGLRenderer: Unable to match the desired swap behavior.
04-03 12:38:52.088 24116 24300 E OpenGLRenderer: Unable to match the desired swap behavior.
04-03 12:38:52.610 24116 24116 W WindowOnBackDispatcher: sendCancelIfRunning: isInProgress=falsecallback=android.view.ViewRootImpl$ $ExternalSyntheticLambda22@a37cea
04-03 12:38:53.835 24116 24116 W WindowOnBackDispatcher: sendCancelIfRunning: isInProgress=falsecallback=android.view.ViewRootImpl$ $ExternalSyntheticLambda22@a676a3f
04-03 12:38:54.499 30534 30534 E com.mbwhatsapp: Not starting debugger since process cannot load the jdwp agent.
04-03 12:38:54.771 30534 30534 W System.err: java.lang.ClassNotFoundException: mbmodsd.mbmodsw.ui.views.btn.BtnBK
04-03 12:38:54.771 30534 30534 W System.err: at java.lang.Runtime.nativeLoad(Native Method)
04-03 12:38:54.771 30534 30534 W System.err: at java.lang.Runtime.nativeLoad(Runtime.java:1126)
04-03 12:38:54.771 30534 30534 W System.err: at java.lang.Runtime.loadLibrary0(Runtime.java:1080)
04-03 12:38:54.771 30534 30534 W System.err: at java.lang.Runtime.loadLibrary0(Runtime.java:1003)
04-03 12:38:54.771 30534 30534 W System.err: at java.lang.System.loadLibrary(System.java:1661)
04-03 12:38:54.771 30534 30534 W System.err: at arm.EpicVm.<clinit>(Unknown Source:2)
04-03 12:38:54.771 30534 30534 W System.err: at java.lang.Class.newInstance(Native Method)
04-03 12:38:54.771 30534 30534 W System.err: at android.app.AppComponentFactory.instantiateApplication(AppComponentFactory.java:76)
04-03 12:38:54.771 30534 30534 W System.err: at androidx.core.app.CoreComponentFactory.instantiateApplication(Unknown Source:0)
04-03 12:38:54.771 30534 30534 W System.err: at android.app.Instrumentation.newApplication(Instrumentation.java:1286)
04-03 12:38:54.771 30534 30534 W System.err: at android.app.LoadedApk.makeApplicationInner(LoadedApk.java:1487)
04-03 12:38:54.771 30534 30534 W System.err: at android.app.LoadedApk.makeApplicationInner(LoadedApk.java:1424)
04-03 12:38:54.771 30534 30534 W System.err: at android.app.ActivityThread.handleBindApplication(ActivityThread.java:7420)
04-03 12:38:54.772 30534 30534 W System.err: at android.app.ActivityThread.-$ $Nest$mhandleBindApplication(Unknown Source:0)
04-03 12:38:54.772 30534 30534 W System.err: at android.app.ActivityThread$H.handleMessage(ActivityThread.java:2374)
04-03 12:38:54.772 30534 30534 W System.err: at android.os.Handler.dispatchMessage(Handler.java:106)
04-03 12:38:54.772 30534 30534 W System.err: at android.os.Looper.loopOnce(Looper.java:224)
04-03 12:38:54.772 30534 30534 W System.err: at android.os.Looper.loop(Looper.java:318)
04-03 12:38:54.772 30534 30534 W System.err: at android.app.ActivityThread.main(ActivityThread.java:8727)
04-03 12:38:54.772 30534 30534 W System.err: at java.lang.reflect.Method.invoke(Native Method)
04-03 12:38:54.772 30534 30534 W System.err: at com.android.internal.os.RuntimeInit$MethodAndArgsCaller.run(RuntimeInit.java:561)
04-03 12:38:54.772 30534 30534 W System.err: at com.android.internal.os.ZygoteInit.main(ZygoteInit.java:1013)
04-03 12:38:54.782 30534 30534 E CustomActivityOnCrash: IMPORTANT WARNING! You already have an UncaughtExceptionHandler, are you sure this is correct? If you use a custom UncaughtExceptionHandler, you must initialize it AFTER CustomActivityOnCrash! Installing anyway, but your original handler will not be called.
04-03 12:38:55.036 30534 30534 W com.mbwhatsapp: Accessing hidden method Lcom/android/org/conscrypt/OpenSSLSocketImpl;->setUseSessionTickets(Z)V (max- target-q,core-platform-api, reflection, denied)
04-03 12:38:55.036 30534 30534 W com.mbwhatsapp: Accessing hidden method Lcom/android/org/conscrypt/AbstractConscryptSocket;->setUseSessionTickets(Z)V (max- target-q, reflection, denied)
04-03 12:38:55.050 30626 30626 W libprocessgroup: JoinCgroup: controller schedtune is not found
04-03 12:38:55.050 30534 30534 W com.mbwhatsapp: type=1400 audit(0.0:653257): avc: granted { execute } for path="/data/data/com.mbwhatsapp/files/decompressed/libs.spk.zst/libc++_shared.so" dev="dm-55" ino=105337 scontext=u:r:untrusted_app_32:s0:c68,c257,c512,c768 tcontext=u:object_r:app_data_file:s0:c68,c257,c512,c768 tclass=file app=com.mbwhatsapp
04-03 12:38:55.206 30534 30534 W libc : Access denied finding property "ro.vendor.df.effect.conflict"
04-03 12:38:55.232 30534 30534 W Looper : PerfMonitor looperActivity : package=com.mbwhatsapp/.Icon0 time=109ms latency=526ms procState=-1 historyMsgCount=2 (msgIndex=2 wall=515ms seq=2 late=13ms h=android.app.ActivityThread$H w=110)
04-03 12:38:55.232 30534 30534 W Looper : PerfMonitor looperActivity : package=com.mbwhatsapp/.Icon0 time=0ms latency=635ms procState=-1 historyMsgCount=3 (msgIndex=2 wall=515ms seq=2 late=13ms h=android.app.ActivityThread$H w=110) (msgIndex=3 wall=109ms seq=3 late=526ms h=android.app.ActivityThread$H w=159)
04-03 12:38:55.269 30534 30654 W libc : Access denied finding property "vendor.migl.debug"
04-03 12:38:55.374 30534 30534 W Activity: Can request only one set of permissions at a time
04-03 12:38:55.403 30534 30663 W ziparchive: Unable to open '/system/framework/QXPerformance.dm': No such file or directory
04-03 12:38:55.403 30534 30663 W ziparchive: Unable to open '/system/framework/QXPerformance.dm': No such file or directory
04-03 12:38:55.407 30534 30534 W OpenGLRenderer: Unknown dataspace 0
04-03 12:38:55.541 30534 30652 E libEGL : pre_cache appList: com.miui.weather2,,
04-03 12:38:55.548 30534 30652 E OpenGLRenderer: Unable to match the desired swap behavior.
04-03 12:38:55.582 30534 30652 E LB : fail to open file: No such file or directory
04-03 12:38:55.582 30534 30652 E LB : fail to open node: No such file or directory
04-03 12:38:56.114 30534 30534 W com.mbwhatsapp: type=1400 audit(0.0:653266): avc: denied { read } for name="osrelease" dev="proc" ino=37967133 scontext=u:r:untrusted_app_32:s0:c68,c257,c512,c768 tcontext=u:object_r:proc:s0 tclass=file permissive=0 app=com.mbwhatsapp
04-03 12:38:56.114 30534 30534 W com.mbwhatsapp: type=1400 audit(0.0:653267): avc: denied { read } for name="version" dev="proc" ino=37967134 scontext=u:r:untrusted_app_32:s0:c68,c257,c512,c768 tcontext=u:object_r:proc:s0 tclass=file permissive=0 app=com.mbwhatsapp
04-03 12:38:56.451 30534 30534 W MirrorManager: this model don't Support
04-03 12:38:56.644 30534 30652 E OpenGLRenderer: Unable to match the desired swap behavior.
04-03 12:38:58.171 30534 30534 W WindowOnBackDispatcher: sendCancelIfRunning: isInProgress=falsecallback=android.view.ViewRootImpl$ $ExternalSyntheticLambda22@85893b2
04-03 12:38:58.177 30534 30534 W MiuiStubRegistry: Failed to collect stub providers in android.magicpointer.util.MiuiMagicPointerUtilsStubHeadManifest$$: /system_ext/framework/miui-framework-pointer-pad.jar not exist
04-03 12:38:59.968 30534 30652 E OpenGLRenderer: Unable to match the desired swap behavior.
04-03 12:39:00.506 30534 30534 W WindowOnBackDispatcher: sendCancelIfRunning: isInProgress=falsecallback=android.view.ViewRootImpl$ $ExternalSyntheticLambda22@5a6a35e
04-03 12:39:05.191 30534 30546 W com.mbwhatsapp: Cleared Reference was only reachable from finalizer (only reported once)
04-03 12:39:05.231 30534 30652 E OpenGLRenderer: Unable to match the desired swap behavior.
04-03 12:39:05.665 30534 30652 E OpenGLRenderer: Unable to match the desired swap behavior.
04-03 12:39:05.860 30534 30655 W Settings: Setting wifi_sleep_policy has moved from android.provider.Settings.System to android.provider.Settings.Global, returning read-only value.
04-03 12:39:05.869 30534 30534 W WindowOnBackDispatcher: sendCancelIfRunning: isInProgress=falsecallback=android.view.ViewRootImpl$ $ExternalSyntheticLambda22@fc43a18
04-03 12:39:05.999 30534 30534 W WindowOnBackDispatcher: sendCancelIfRunning: isInProgress=falsecallback=android.view.ViewRootImpl$ $ExternalSyntheticLambda22@f9a651a
04-03 12:39:06.164 30534 30652 E OpenGLRenderer: Unable to match the desired swap behavior.
04-03 12:39:06.204 30534 30652 E libEGL : pre_cache appList: com.miui.weather2,,
04-03 12:39:07.406 30534 30652 E OpenGLRenderer: Unable to match the desired swap behavior.
04-03 12:39:07.746 30534 30652 W RenderInspector: DequeueBuffer time out on com.mbwhatsapp/com.mbwhatsapp.support.DescribeProblemActivity, count=1, avg=18 ms, max=18 ms.
04-03 12:39:07.901 30534 30534 W WindowOnBackDispatcher: sendCancelIfRunning: isInProgress=falsecallback=android.view.ViewRootImpl$ $ExternalSyntheticLambda22@da89f3f
04-03 12:39:09.562 30534 30652 E OpenGLRenderer: Unable to match the desired swap behavior.
04-03 12:39:10.553 30534 30652 E OpenGLRenderer: Unable to match the desired swap behavior.
04-03 12:39:10.674 30534 30534 W WindowOnBackDispatcher: sendCancelIfRunning: isInProgress=falsecallback=android.view.ViewRootImpl$ $ExternalSyntheticLambda22@dbcbef6
04-03 12:39:10.916 30534 30534 W WindowOnBackDispatcher: sendCancelIfRunning: isInProgress=falsecallback=android.view.ViewRootImpl$ $ExternalSyntheticLambda22@e19cce1
04-03 12:39:38.914 30534 30652 E OpenGLRenderer: Unable to match the desired swap behavior.
04-03 12:39:39.567 30534 30630 E PlayCore: UID: [10324] PID: [30534] StandardIntegrity : Phonesky is not installed.
04-03 12:39:40.379 30534 30534 W WindowOnBackDispatcher: sendCancelIfRunning: isInProgress=falsecallback=android.view.ViewRootImpl$ $ExternalSyntheticLambda22@3f4bfe8
04-03 12:39:40.512 30534 30652 E OpenGLRenderer: Unable to match the desired swap behavior.
04-03 12:39:40.528 30534 30534 W WindowOnBackDispatcher: sendCancelIfRunning: isInProgress=falsecallback=ImeCallback=ImeOnBackInvokedCallback@245962031 Callback=android.window.IOnBackInvokedCallback$Stub$Proxy@cb677d8
04-03 12:39:41.478 30534 30534 W WindowOnBackDispatcher: sendCancelIfRunning: isInProgress=falsecallback=android.view.ViewRootImpl$ $ExternalSyntheticLambda22@20d3f9f
04-03 12:39:41.690 30534 30652 E OpenGLRenderer: Unable to match the desired swap behavior.
04-03 12:39:41.781 30534 30534 W WindowOnBackDispatcher: sendCancelIfRunning: isInProgress=falsecallback=ImeCallback=ImeOnBackInvokedCallback@245962031 Callback=android.window.IOnBackInvokedCallback$Stub$Proxy@cb677d8
04-03 12:39:41.795 30534 30534 W RemoteInputConnectionImpl: requestCursorAnchorInfo on inactive InputConnection
04-03 12:39:41.820 30534 30534 W WindowOnBackDispatcher: sendCancelIfRunning: isInProgress=falsecallback=ImeCallback=ImeOnBackInvokedCallback@245962031 Callback=android.window.IOnBackInvokedCallback$Stub$Proxy@cb677d8
04-03 12:39:42.228 30534 30534 W WindowOnBackDispatcher: sendCancelIfRunning: isInProgress=falsecallback=android.view.ViewRootImpl$ $ExternalSyntheticLambda22@9a89202
04-03 12:39:43.323 30534 30652 E OpenGLRenderer: Unable to match the desired swap behavior.
04-03 12:39:46.095 30534 30534 W WindowOnBackDispatcher: sendCancelIfRunning: isInProgress=falsecallback=android.view.ViewRootImpl$ $ExternalSyntheticLambda22@f550a2e
04-03 12:39:46.416 30534 2533 W BpBinder: PerfMonitor binderTransact: time=232ms interface=com.google.android.gms.auth.api.phone.internal.ISmsRetrieverApiService code=1
04-03 12:39:46.593 30534 30652 E OpenGLRenderer: Unable to match the desired swap behavior.
04-03 12:39:46.627 30534 30652 E OpenGLRenderer: Unable to match the desired swap behavior.
04-03 12:39:47.168 30534 30534 W WindowOnBackDispatcher: sendCancelIfRunning: isInProgress=falsecallback=android.view.ViewRootImpl$ $ExternalSyntheticLambda22@7d61741
04-03 12:39:49.739 30534 30534 W WindowOnBackDispatcher: sendCancelIfRunning: isInProgress=falsecallback=android.view.ViewRootImpl$ $ExternalSyntheticLambda22@7a31d40
04-03 12:39:57.843 30534 30534 W WindowOnBackDispatcher: sendCancelIfRunning: isInProgress=falsecallback=ImeCallback=ImeOnBackInvokedCallback@245962031 Callback=android.window.IOnBackInvokedCallback$Stub$Proxy@1d02011
04-03 12:40:05.871 30534 30534 W MessageQueue: Handler (X.10H) {28d9044} sending message to a Handler on a dead thread
04-03 12:40:05.871 30534 30534 W MessageQueue: java.lang.IllegalStateException: Handler (X.10H) {28d9044} sending message to a Handler on a dead thread
04-03 12:40:05.871 30534 30534 W MessageQueue: at android.os.MessageQueue.enqueueMessage(MessageQueue.java:574)
04-03 12:40:05.871 30534 30534 W MessageQueue: at android.os.Handler.enqueueMessage(Handler.java:786)
04-03 12:40:05.871 30534 30534 W MessageQueue: at android.os.Handler.sendMessageAtTime(Handler.java:735)
04-03 12:40:05.871 30534 30534 W MessageQueue: at android.os.Handler.sendMessageDelayed(Handler.java:705)
04-03 12:40:05.871 30534 30534 W MessageQueue: at android.os.Handler.sendMessage(Handler.java:643)
04-03 12:40:05.871 30534 30534 W MessageQueue: at android.os.Message.sendToTarget(Message.java:484)
04-03 12:40:05.871 30534 30534 W MessageQueue: at X.0yI.A19(Unknown Source:4)
04-03 12:40:05.871 30534 30534 W MessageQueue: at X.2tO.A02(Unknown Source:46)
04-03 12:40:05.871 30534 30534 W MessageQueue: at X.0yu.onReceive(Unknown Source:51)
04-03 12:40:05.871 30534 30534 W MessageQueue: at android.app.LoadedApk$ReceiverDispatcher$Args.lambda$getRunnable$0(LoadedApk.java:1 842)
04-03 12:40:05.871 30534 30534 W MessageQueue: at android.app.LoadedApk$ReceiverDispatcher$Args.$r8$lambda$gDuJqgxY6Zb- ifyeubKeivTLAwk(Unknown Source:0)
04-03 12:40:05.871 30534 30534 W MessageQueue: at android.app.LoadedApk$ReceiverDispatcher$Args$$ExternalSyntheticLambda0.run(Unknown Source:2)
04-03 12:40:05.871 30534 30534 W MessageQueue: at android.os.Handler.handleCallback(Handler.java:958)
04-03 12:40:05.871 30534 30534 W MessageQueue: at android.os.Handler.dispatchMessage(Handler.java:99)
04-03 12:40:05.871 30534 30534 W MessageQueue: at android.os.Looper.loopOnce(Looper.java:224)
04-03 12:40:05.871 30534 30534 W MessageQueue: at android.os.Looper.loop(Looper.java:318)
04-03 12:40:05.871 30534 30534 W MessageQueue: at android.app.ActivityThread.main(ActivityThread.java:8727)
04-03 12:40:05.871 30534 30534 W MessageQueue: at java.lang.reflect.Method.invoke(Native Method)
04-03 12:40:05.871 30534 30534 W MessageQueue: at com.android.internal.os.RuntimeInit$MethodAndArgsCaller.run(RuntimeInit.java:561)
04-03 12:40:05.871 30534 30534 W MessageQueue: at com.android.internal.os.ZygoteInit.main(ZygoteInit.java:1013)
04-03 12:40:11.567 30534 30534 W WindowOnBackDispatcher: sendCancelIfRunning: isInProgress=falsecallback=ImeCallback=ImeOnBackInvokedCallback@245962031 Callback=android.window.IOnBackInvokedCallback$Stub$Proxy@5818bd3
04-03 12:40:13.978 30534 30652 W RenderInspector: DequeueBuffer time out on com.mbwhatsapp/com.mbwhatsapp.registration.VerifyPhoneNumber, count=1, avg=25 ms, max=25 ms.
04-03 12:40:14.065 30534 30534 W WindowOnBackDispatcher: sendCancelIfRunning: isInProgress=falsecallback=ImeCallback=ImeOnBackInvokedCallback@245962031 Callback=android.window.IOnBackInvokedCallback$Stub$Proxy@5818bd3
04-03 12:40:23.999 30534 30652 W RenderInspector: DequeueBuffer time out on com.mbwhatsapp/com.mbwhatsapp.registration.VerifyPhoneNumber, count=1, avg=24 ms, max=24 ms.
04-03 12:40:30.064 30534 30652 W RenderInspector: DequeueBuffer time out on com.mbwhatsapp/com.mbwhatsapp.registration.VerifyPhoneNumber, count=1, avg=24 ms, max=24 ms.
04-03 12:40:31.152 30534 30534 W EditorStubImpl: Two list size not equals,try recover it
04-03 12:40:31.198 30534 30652 E OpenGLRenderer: Unable to match the desired swap behavior.
04-03 12:40:32.472 30534 30534 W WindowOnBackDispatcher: sendCancelIfRunning: isInProgress=falsecallback=android.view.ViewRootImpl$ $ExternalSyntheticLambda22@309355c
04-03 12:40:38.016 30534 30534 W WindowOnBackDispatcher: sendCancelIfRunning: isInProgress=falsecallback=ImeCallback=ImeOnBackInvokedCallback@245962031 Callback=android.window.IOnBackInvokedCallback$Stub$Proxy@6a50f16
04-03 12:40:40.147 30534 30652 E OpenGLRenderer: Unable to match the desired swap behavior.
04-03 12:40:41.422 30534 30534 W WindowOnBackDispatcher: sendCancelIfRunning: isInProgress=falsecallback=android.view.ViewRootImpl$ $ExternalSyntheticLambda22@396c64c
04-03 12:40:41.527 30534 30652 E OpenGLRenderer: Unable to match the desired swap behavior.
04-03 12:40:41.539 30534 30534 W WindowOnBackDispatcher: sendCancelIfRunning: isInProgress=falsecallback=ImeCallback=ImeOnBackInvokedCallback@245962031 Callback=android.window.IOnBackInvokedCallback$Stub$Proxy@6a50f16
04-03 12:40:42.888 30534 30652 E OpenGLRenderer: Unable to match the desired swap behavior.
04-03 12:40:43.060 30534 30652 E OpenGLRenderer: Unable to match the desired swap behavior.
04-03 12:40:43.149 30534 30534 W WindowOnBackDispatcher: sendCancelIfRunning: isInProgress=falsecallback=ImeCallback=ImeOnBackInvokedCallback@245962031 Callback=android.window.IOnBackInvokedCallback$Stub$Proxy@6a50f16
04-03 12:40:43.181 30534 30534 W RemoteInputConnectionImpl: requestCursorAnchorInfo on inactive InputConnection
04-03 12:40:43.194 30534 30534 W WindowOnBackDispatcher: sendCancelIfRunning: isInProgress=falsecallback=ImeCallback=ImeOnBackInvokedCallback@245962031 Callback=android.window.IOnBackInvokedCallback$Stub$Proxy@6a50f16
04-03 12:40:43.580 30534 30534 W WindowOnBackDispatcher: sendCancelIfRunning: isInProgress=falsecallback=android.view.ViewRootImpl$ $ExternalSyntheticLambda22@e09ab12
04-03 12:40:43.593 30534 30534 W WindowOnBackDispatcher: sendCancelIfRunning: isInProgress=falsecallback=android.view.ViewRootImpl$ $ExternalSyntheticLambda22@49a90b3
04-03 12:40:52.359 30534 30652 E OpenGLRenderer: Unable to match the desired swap behavior.
04-03 12:40:52.405 30534 30534 W WindowOnBackDispatcher: sendCancelIfRunning: isInProgress=falsecallback=android.view.ViewRootImpl$ $ExternalSyntheticLambda22@385a0c9
04-03 12:40:52.622 30534 30652 W RenderInspector: DequeueBuffer time out on com.mbwhatsapp/com.mbwhatsapp.registration.RegisterName, count=1, avg=17 ms, max=17 ms.
04-03 12:40:53.053 30534 30534 W WindowOnBackDispatcher: sendCancelIfRunning: isInProgress=falsecallback=android.view.ViewRootImpl$ $ExternalSyntheticLambda22@926bf25
04-03 12:40:53.343 30534 30652 E OpenGLRenderer: Unable to match the desired swap behavior.
04-03 12:40:54.220 30534 30534 W WindowOnBackDispatcher: sendCancelIfRunning: isInProgress=falsecallback=android.view.ViewRootImpl$ $ExternalSyntheticLambda22@e3d29a6
04-03 12:40:55.275 30534 30534 W JobService: onNetworkChanged() not implemented in androidx.work.impl.background.systemjob.SystemJobService. Must override in a subclass.
04-03 12:40:56.232 30534 30652 E OpenGLRenderer: Unable to match the desired swap behavior.
04-03 12:40:56.349 30534 10777 W EpFrameworkFactory: activated: false jar exist: false
04-03 12:40:56.539 30534 30652 W RenderInspector: DequeueBuffer time out on com.mbwhatsapp/com.mbwhatsapp.registration.RegisterName, count=2, avg=31 ms, max=33 ms.
04-03 12:40:56.545 30534 30534 W WindowOnBackDispatcher: sendCancelIfRunning: isInProgress=falsecallback=ImeCallback=ImeOnBackInvokedCallback@245962031 Callback=android.window.IOnBackInvokedCallback$Stub$Proxy@f5c1bd2
04-03 12:40:56.585 30534 30534 W RemoteInputConnectionImpl: requestCursorAnchorInfo on inactive InputConnection
04-03 12:40:56.884 30534 30534 W BpBinder: PerfMonitor binderTransact: time=208ms interface=android.app.IActivityTaskManager code=50
04-03 12:40:56.906 30534 30534 W WindowOnBackDispatcher: sendCancelIfRunning: isInProgress=falsecallback=ImeCallback=ImeOnBackInvokedCallback@245962031 Callback=android.window.IOnBackInvokedCallback$Stub$Proxy@f5c1bd2
04-03 12:40:58.514 30534 11424 W com.mbwhatsapp: Accessing hidden method Landroid/app/MiuiNotification;-><init>()V (blocked, reflection, denied)
04-03 12:40:58.559 30534 11424 W com.mbwhatsapp: Accessing hidden method Landroid/app/MiuiNotification;-><init>()V (blocked, reflection, denied)
04-03 12:40:58.603 30534 11424 W com.mbwhatsapp: Accessing hidden method Landroid/app/MiuiNotification;-><init>()V (blocked, reflection, denied)
04-03 12:40:58.643 30534 11424 W com.mbwhatsapp: Accessing hidden method Landroid/app/MiuiNotification;-><init>()V (blocked, reflection, denied)
04-03 12:40:59.366 30534 30534 W BpBinder: PerfMonitor binderTransact: time=357ms interface=android.app.IAlarmManager code=8
04-03 12:40:59.473 30534 30652 W RenderInspector: DequeueBuffer time out on com.mbwhatsapp/com.mbwhatsapp.registration.RegisterName, count=1, avg=17 ms, max=17 ms.
04-03 12:41:00.578 30534 30534 W com.mbwhatsapp: Method void com.mbwhatsapp.HomeActivity.A6e() failed lock verification and will run slower.
04-03 12:41:00.578 30534 30534 W com.mbwhatsapp: Common causes for lock verification issues are non-optimized dex code
04-03 12:41:00.578 30534 30534 W com.mbwhatsapp: and incorrect proguard optimizations.
04-03 12:41:01.427 30534 30534 E ArmVmp : Match on catch block at 0x0a in for 0x7e4e5e4031
04-03 12:41:01.478 30534 30534 E ArmVmp : Match on catch block at 0x0a in for 0x7e4e5e404d
04-03 12:41:01.534 30534 11777 W com.mbwhatsapp: Accessing hidden method Lcom/android/org/conscrypt/ConscryptEngineSocket;->setUseSessionTickets(Z)V (max- target-q,core-platform-api, reflection, denied)
04-03 12:41:01.534 30534 11777 W com.mbwhatsapp: Accessing hidden method Lcom/android/org/conscrypt/OpenSSLSocketImpl;->setUseSessionTickets(Z)V (max- target-q,core-platform-api, reflection, denied)
04-03 12:41:01.534 30534 11777 W com.mbwhatsapp: Accessing hidden method Lcom/android/org/conscrypt/AbstractConscryptSocket;->setUseSessionTickets(Z)V (max- target-q, reflection, denied)
04-03 12:41:01.537 30534 11777 W com.mbwhatsapp: Accessing hidden method Lcom/android/org/conscrypt/ConscryptEngineSocket;->setHostname(Ljava/lang/String;)V (max-target-q,core-platform-api, reflection, denied)
04-03 12:41:01.537 30534 11777 W com.mbwhatsapp: Accessing hidden method Lcom/android/org/conscrypt/OpenSSLSocketImpl;->setHostname(Ljava/lang/String;)V (max-target-q,core-platform-api, reflection, denied)
04-03 12:41:01.537 30534 11777 W com.mbwhatsapp: Accessing hidden method Lcom/android/org/conscrypt/AbstractConscryptSocket;->setHostname(Ljava/lang/ String;)V (max-target-q, reflection, denied)
04-03 12:41:01.537 30534 11777 W com.mbwhatsapp: Accessing hidden method Lcom/android/org/conscrypt/OpenSSLSocketImpl;->setAlpnProtocols([B)V (max-target- q,core-platform-api, reflection, denied)
04-03 12:41:01.538 30534 11777 W com.mbwhatsapp: Accessing hidden method Lcom/android/org/conscrypt/AbstractConscryptSocket;->setAlpnProtocols([B)V (max- target-q, reflection, denied)
04-03 12:41:01.628 30534 11777 W com.mbwhatsapp: Accessing hidden method Lcom/android/org/conscrypt/OpenSSLSocketImpl;->getAlpnSelectedProtocol()[B (max- target-q,core-platform-api, reflection, denied)
04-03 12:41:01.628 30534 11777 W com.mbwhatsapp: Accessing hidden method Lcom/android/org/conscrypt/AbstractConscryptSocket;->getAlpnSelectedProtocol()[B (max-target-q, reflection, denied)
04-03 12:41:01.663 30534 30534 W Activity: Can request only one set of permissions at a time
04-03 12:41:02.059 30534 30534 W MessageMonitor: PerfMonitor: Slow Operation: Activity com.mbwhatsapp/.HomeActivity onCreate took 1409ms
04-03 12:41:02.400 30534 30534 W MessageMonitor: PerfMonitor: Slow Operation: Activity com.mbwhatsapp/.HomeActivity onStart took 339ms
04-03 12:41:02.487 30534 30548 W System : A resource failed to call end.
04-03 12:41:02.504 30534 30534 W MessageMonitor: PerfMonitor: Slow Operation: Activity com.mbwhatsapp/.HomeActivity onResume took 101ms
04-03 12:41:02.564 30534 30639 W BpBinder: PerfMonitor binderTransact: time=454ms interface=android.media.IMediaPlayerService code=7
04-03 12:41:02.691 30534 30534 W Looper : PerfMonitor longMsg : seq=4163 plan=12:41:00.493 late=14ms wall=2181ms h=android.app.ActivityThread$H w=159 procState=-1
04-03 12:41:02.696 30534 30534 W Looper : PerfMonitor looperActivity : package=com.mbwhatsapp/.HomeActivity time=5ms latency=2196ms procState=-1 historyMsgCount=5 (msgIndex=5 wall=2181ms seq=4163 late=14ms h=android.app.ActivityThread$H w=159)
04-03 12:41:02.706 30534 30534 W JobService: onNetworkChanged() not implemented in androidx.work.impl.background.systemjob.SystemJobService. Must override in a subclass.
04-03 12:41:02.708 30534 10777 W BpBinder: PerfMonitor binderTransact: time=3542ms interface=android.content.IContentProvider code=20
04-03 12:41:02.749 30534 30534 W Looper : PerfMonitor looperActivity : package=com.mbwhatsapp/.HomeActivity time=40ms latency=1168ms procState=-1 historyMsgCount=10 (msgIndex=1 wall=2181ms seq=4163 late=14ms h=android.app.ActivityThread$H w=159)
04-03 12:41:02.830 30534 30534 W MessageMonitor: PerfMonitor: Slow Operation: Activity com.mbwhatsapp/.HomeActivity onPause took 80ms
04-03 12:41:02.841 30534 30534 W Looper : PerfMonitor looperActivity : package=com.mbwhatsapp/.HomeActivity time=90ms latency=1210ms procState=-1 historyMsgCount=11 (msgIndex=1 wall=2181ms seq=4163 late=14ms h=android.app.ActivityThread$H w=159)
04-03 12:41:02.898 30534 30534 E ArmVmp : Match on catch block at 0x0a in for 0x7e4e5e4035
04-03 12:41:02.931 30534 30534 W Looper : PerfMonitor looperActivity : package=com.mbwhatsapp/mbmodsd.mbmodsw.mbsettings.yo.PauseActivity time=56ms latency=807ms procState=-1 historyMsgCount=19 (msgIndex=1 wall=2181ms seq=4163 late=14ms h=android.app.ActivityThread$H w=159) (msgIndex=12 wall=90ms seq=4174 late=1210ms h=android.app.ActivityThread$H w=159)
04-03 12:41:03.053 30534 30652 E OpenGLRenderer: Unable to match the desired swap behavior.
04-03 12:41:03.473 30534 11930 W ColorUtils: expected specified color aspects (0:0:0:0)
04-03 12:41:03.512 30534 30639 W MediaCodec: no metrics handle found
04-03 12:41:03.651 30534 12070 W ColorUtils: expected specified color aspects (0:0:255:255)
04-03 12:41:03.656 30534 30652 E OpenGLRenderer: Unable to match the desired swap behavior.
04-03 12:41:03.699 30534 30534 E RecyclerView: No adapter attached; skipping layout
04-03 12:41:03.747 30534 12066 W MediaCodec: no metrics handle found
04-03 12:41:03.969 30534 12114 W ColorUtils: expected specified color aspects (2:0:0:0)
04-03 12:41:04.089 30534 12093 W MediaCodec: no metrics handle found
04-03 12:41:04.204 30534 12154 W ColorUtils: expected specified color aspects (0:0:255:255)
04-03 12:41:04.205 30534 30534 W Looper : PerfMonitor longMsg : seq=4188 plan=12:41:02.351 late=585ms wall=1266ms h=android.view.Choreographer$FrameHandler c=android.view.Choreographer$FrameDisplayEventReceiver procState=-1
04-03 12:41:04.205 30534 30534 W Looper : PerfMonitor doFrame : time=1266ms vsyncFrame=0 latency=585ms procState=-1 historyMsgCount=25 (msgIndex=1 wall=2181ms seq=4163 late=14ms h=android.app.ActivityThread$H w=159) (msgIndex=12 wall=90ms seq=4174 late=1210ms h=android.app.ActivityThread$H w=159) (msgIndex=20 wall=56ms seq=4182 late=807ms h=android.app.ActivityThread$H w=159)
04-03 12:41:04.255 30534 30534 W WindowOnBackDispatcher: sendCancelIfRunning: isInProgress=falsecallback=android.view.ViewRootImpl$ $ExternalSyntheticLambda22@de2edbe
04-03 12:41:04.279 30534 12150 W MediaCodec: no metrics handle found
