04-06 22:03:42.484 5195 5195 E ArmVmp : Match on catch block at 0xc3 in for 0x7e4e5e4025
04-06 22:03:42.503 5195 5195 W AudioManager: Use of stream types is deprecated for operations other than volume control
04-06 22:03:42.504 5195 5195 W AudioManager: See the documentation of requestAudioFocus() for what to use instead with android.media.AudioAttributes to qualify your playback use case
04-06 22:03:42.569 5195 5195 E ArmVmp : Match on catch block at 0xc3 in for 0x7e4e5e4025
04-06 22:03:42.572 5195 5195 E ArmVmp : Match on catch block at 0xc3 in for 0x7e4e5e4025
04-06 22:03:42.574 5195 5195 E ArmVmp : Match on catch block at 0xc3 in for 0x7e4e5e4025
04-06 22:03:42.584 5195 5195 E ArmVmp : Match on catch block at 0xc3 in for 0x7e4e5e4025
04-06 22:03:42.588 5195 5195 E ArmVmp : Match on catch block at 0xc3 in for 0x7e4e5e4025
04-06 22:03:42.590 5195 5195 E ArmVmp : Match on catch block at 0xc3 in for 0x7e4e5e4025
04-06 22:03:42.598 5195 5195 E ArmVmp : Match on catch block at 0xc3 in for 0x7e4e5e4025
04-06 22:03:42.611 5195 5195 E ArmVmp : Match on catch block at 0xc3 in for 0x7e4e5e4025
04-06 22:03:42.612 5195 5195 E ArmVmp : Match on catch block at 0xc3 in for 0x7e4e5e4025
04-06 22:03:42.616 5195 5195 E ArmVmp : Match on catch block at 0xc3 in for 0x7e4e5e4025
04-06 22:03:42.620 5195 5195 E ArmVmp : Match on catch block at 0xc3 in for 0x7e4e5e4025
04-06 22:03:42.622 5195 5195 E ArmVmp : Match on catch block at 0xc3 in for 0x7e4e5e4025
04-06 22:03:42.626 5195 5195 E ArmVmp : Match on catch block at 0xc3 in for 0x7e4e5e4025
04-06 22:03:42.631 5195 5195 E ArmVmp : Match on catch block at 0xc3 in for 0x7e4e5e4025
04-06 22:03:42.634 5195 5195 E ArmVmp : Match on catch block at 0xc3 in for 0x7e4e5e4025
04-06 22:03:42.645 5195 5195 E ArmVmp : Match on catch block at 0xc3 in for 0x7e4e5e4025
04-06 22:03:42.650 5195 5195 E ArmVmp : Match on catch block at 0xc3 in for 0x7e4e5e4025
04-06 22:03:42.652 5195 5195 E ArmVmp : Match on catch block at 0xc3 in for 0x7e4e5e4025
04-06 22:03:42.656 5195 5195 E ArmVmp : Match on catch block at 0xc3 in for 0x7e4e5e4025
04-06 22:03:42.660 5195 5195 E ArmVmp : Match on catch block at 0xc3 in for 0x7e4e5e4025
04-06 22:03:42.662 5195 5195 E ArmVmp : Match on catch block at 0xc3 in for 0x7e4e5e4025
04-06 22:03:42.669 5195 5195 E ArmVmp : Match on catch block at 0xc3 in for 0x7e4e5e4025
04-06 22:03:42.672 5195 5195 E ArmVmp : Match on catch block at 0xc3 in for 0x7e4e5e4025
04-06 22:03:42.674 5195 5195 E ArmVmp : Match on catch block at 0xc3 in for 0x7e4e5e4025
04-06 22:03:42.686 5195 5195 E ArmVmp : Match on catch block at 0xc3 in for 0x7e4e5e4025
04-06 22:03:42.690 5195 5195 E ArmVmp : Match on catch block at 0xc3 in for 0x7e4e5e4025
04-06 22:03:42.693 5195 5195 E ArmVmp : Match on catch block at 0xc3 in for 0x7e4e5e4025
04-06 22:03:42.703 5195 5195 E ArmVmp : Match on catch block at 0xc3 in for 0x7e4e5e4025
04-06 22:03:42.708 5195 5195 E ArmVmp : Match on catch block at 0xc3 in for 0x7e4e5e4025
04-06 22:03:42.711 5195 5195 E ArmVmp : Match on catch block at 0xc3 in for 0x7e4e5e4025
04-06 22:03:42.720 5195 5195 E ArmVmp : Match on catch block at 0xc3 in for 0x7e4e5e4025
04-06 22:03:42.725 5195 5195 E ArmVmp : Match on catch block at 0xc3 in for 0x7e4e5e4025
04-06 22:03:42.728 5195 5195 E ArmVmp : Match on catch block at 0xc3 in for 0x7e4e5e4025
04-06 22:03:42.738 5195 5195 E ArmVmp : Match on catch block at 0xc3 in for 0x7e4e5e4025
04-06 22:03:42.745 5195 5195 E ArmVmp : Match on catch block at 0xc3 in for 0x7e4e5e4025
04-06 22:03:42.749 5195 5195 E ArmVmp : Match on catch block at 0xc3 in for 0x7e4e5e4025
04-06 22:03:42.758 5195 5195 E ArmVmp : Match on catch block at 0xc3 in for 0x7e4e5e4025
04-06 22:03:42.764 5195 5195 E ArmVmp : Match on catch block at 0xc3 in for 0x7e4e5e4025
04-06 22:03:42.769 5195 5195 E ArmVmp : Match on catch block at 0xc3 in for 0x7e4e5e4025
04-06 22:03:42.776 5195 5195 E ArmVmp : Match on catch block at 0xc3 in for 0x7e4e5e4025
04-06 22:03:42.781 5195 5195 E ArmVmp : Match on catch block at 0xc3 in for 0x7e4e5e4025
04-06 22:03:42.784 5195 5195 E ArmVmp : Match on catch block at 0xc3 in for 0x7e4e5e4025
04-06 22:03:42.792 5195 5195 E ArmVmp : Match on catch block at 0xc3 in for 0x7e4e5e4025
04-06 22:03:42.798 5195 5195 E ArmVmp : Match on catch block at 0xc3 in for 0x7e4e5e4025
04-06 22:03:42.800 5195 5195 E ArmVmp : Match on catch block at 0xc3 in for 0x7e4e5e4025
04-06 22:03:42.805 5195 5195 E ArmVmp : Match on catch block at 0xc3 in for 0x7e4e5e4025
04-06 22:03:42.809 5195 5195 E ArmVmp : Match on catch block at 0xc3 in for 0x7e4e5e4025
04-06 22:03:42.811 5195 5195 E ArmVmp : Match on catch block at 0xc3 in for 0x7e4e5e4025
04-06 22:03:42.820 5195 5195 E ArmVmp : Match on catch block at 0xc3 in for 0x7e4e5e4025
04-06 22:03:42.822 5195 5195 E ArmVmp : Match on catch block at 0xc3 in for 0x7e4e5e4025
04-06 22:03:42.824 5195 5195 E ArmVmp : Match on catch block at 0xc3 in for 0x7e4e5e4025
04-06 22:03:42.837 5195 5195 E ArmVmp : Match on catch block at 0xc3 in for 0x7e4e5e4025
04-06 22:03:42.840 5195 5195 E ArmVmp : Match on catch block at 0xc3 in for 0x7e4e5e4025
04-06 22:03:42.843 5195 5195 E ArmVmp : Match on catch block at 0xc3 in for 0x7e4e5e4025
04-06 22:03:42.905 5195 5195 E ArmVmp : Match on catch block at 0xc3 in for 0x7e4e5e4025
04-06 22:03:42.911 5195 5195 E ArmVmp : Match on catch block at 0xc3 in for 0x7e4e5e4025
04-06 22:03:42.913 5195 5195 E ArmVmp : Match on catch block at 0xc3 in for 0x7e4e5e4025
04-06 22:03:42.956 5195 5195 E ArmVmp : Match on catch block at 0xc3 in for 0x7e4e5e4025
04-06 22:03:42.962 5195 5195 E ArmVmp : Match on catch block at 0xc3 in for 0x7e4e5e4025
04-06 22:03:42.967 5195 5195 E ArmVmp : Match on catch block at 0xc3 in for 0x7e4e5e4025
04-06 22:03:42.976 5195 6830 W RenderInspector: DequeueBuffer time out on com.mbwhatsapp/com.mbwhatsapp.Conversation, count=1, avg=17 ms, max=17 ms.
04-06 22:03:43.004 5195 5195 E ArmVmp : Match on catch block at 0xc3 in for 0x7e4e5e4025
04-06 22:03:43.007 5195 5195 E ArmVmp : Match on catch block at 0xc3 in for 0x7e4e5e4025
04-06 22:03:43.010 5195 5195 E ArmVmp : Match on catch block at 0xc3 in for 0x7e4e5e4025
04-06 22:03:43.055 5195 5195 E ArmVmp : Match on catch block at 0xc3 in for 0x7e4e5e4025
04-06 22:03:43.059 5195 5195 E ArmVmp : Match on catch block at 0xc3 in for 0x7e4e5e4025
04-06 22:03:43.062 5195 5195 E ArmVmp : Match on catch block at 0xc3 in for 0x7e4e5e4025
04-06 22:03:43.070 5195 5195 E ArmVmp : Match on catch block at 0xc3 in for 0x7e4e5e4025
04-06 22:03:43.073 5195 5195 E ArmVmp : Match on catch block at 0xc3 in for 0x7e4e5e4025
04-06 22:03:43.076 5195 5195 E ArmVmp : Match on catch block at 0xc3 in for 0x7e4e5e4025
04-06 22:03:43.104 5195 5195 E ArmVmp : Match on catch block at 0xc3 in for 0x7e4e5e4025
04-06 22:03:43.108 5195 5195 E ArmVmp : Match on catch block at 0xc3 in for 0x7e4e5e4025
04-06 22:03:43.111 5195 5195 E ArmVmp : Match on catch block at 0xc3 in for 0x7e4e5e4025
04-06 22:03:43.154 5195 5195 E ArmVmp : Match on catch block at 0xc3 in for 0x7e4e5e4025
04-06 22:03:43.158 5195 5195 E ArmVmp : Match on catch block at 0xc3 in for 0x7e4e5e4025
04-06 22:03:43.161 5195 5195 E ArmVmp : Match on catch block at 0xc3 in for 0x7e4e5e4025
04-06 22:03:43.204 5195 5195 E ArmVmp : Match on catch block at 0xc3 in for 0x7e4e5e4025
04-06 22:03:43.208 5195 5195 E ArmVmp : Match on catch block at 0xc3 in for 0x7e4e5e4025
04-06 22:03:43.210 5195 5195 E ArmVmp : Match on catch block at 0xc3 in for 0x7e4e5e4025
04-06 22:03:43.255 5195 5195 E ArmVmp : Match on catch block at 0xc3 in for 0x7e4e5e4025
04-06 22:03:43.259 5195 5195 E ArmVmp : Match on catch block at 0xc3 in for 0x7e4e5e4025
04-06 22:03:43.262 5195 5195 E ArmVmp : Match on catch block at 0xc3 in for 0x7e4e5e4025
04-06 22:03:43.305 5195 5195 E ArmVmp : Match on catch block at 0xc3 in for 0x7e4e5e4025
04-06 22:03:43.309 5195 5195 E ArmVmp : Match on catch block at 0xc3 in for 0x7e4e5e4025
04-06 22:03:43.312 5195 5195 E ArmVmp : Match on catch block at 0xc3 in for 0x7e4e5e4025
04-06 22:03:43.362 5195 5195 E ArmVmp : Match on catch block at 0xc3 in for 0x7e4e5e4025
04-06 22:03:43.370 5195 5195 E ArmVmp : Match on catch block at 0xc3 in for 0x7e4e5e4025
04-06 22:03:43.379 5195 5195 E ArmVmp : Match on catch block at 0xc3 in for 0x7e4e5e4025
04-06 22:03:43.405 5195 5195 E ArmVmp : Match on catch block at 0xc3 in for 0x7e4e5e4025
04-06 22:03:43.408 5195 5195 E ArmVmp : Match on catch block at 0xc3 in for 0x7e4e5e4025
04-06 22:03:43.410 5195 5195 E ArmVmp : Match on catch block at 0xc3 in for 0x7e4e5e4025
04-06 22:03:43.455 5195 5195 E ArmVmp : Match on catch block at 0xc3 in for 0x7e4e5e4025
04-06 22:03:43.459 5195 5195 E ArmVmp : Match on catch block at 0xc3 in for 0x7e4e5e4025
04-06 22:03:43.462 5195 5195 E ArmVmp : Match on catch block at 0xc3 in for 0x7e4e5e4025
04-06 22:03:43.472 5195 5195 E ArmVmp : Match on catch block at 0xc3 in for 0x7e4e5e4025
04-06 22:03:43.477 5195 5195 E ArmVmp : Match on catch block at 0xc3 in for 0x7e4e5e4025
04-06 22:03:43.480 5195 5195 E ArmVmp : Match on catch block at 0xc3 in for 0x7e4e5e4025
04-06 22:03:43.505 5195 5195 E ArmVmp : Match on catch block at 0xc3 in for 0x7e4e5e4025
04-06 22:03:43.509 5195 5195 E ArmVmp : Match on catch block at 0xc3 in for 0x7e4e5e4025
04-06 22:03:43.512 5195 5195 E ArmVmp : Match on catch block at 0xc3 in for 0x7e4e5e4025
04-06 22:03:43.522 5195 5195 E ArmVmp : Match on catch block at 0xc3 in for 0x7e4e5e4025
04-06 22:03:43.526 5195 5195 E ArmVmp : Match on catch block at 0xc3 in for 0x7e4e5e4025
04-06 22:03:43.528 5195 5195 E ArmVmp : Match on catch block at 0xc3 in for 0x7e4e5e4025
04-06 22:03:43.555 5195 5195 E ArmVmp : Match on catch block at 0xc3 in for 0x7e4e5e4025
04-06 22:03:43.562 5195 5195 E ArmVmp : Match on catch block at 0xc3 in for 0x7e4e5e4025
04-06 22:03:43.566 5195 5195 E ArmVmp : Match on catch block at 0xc3 in for 0x7e4e5e4025
04-06 22:03:43.580 5195 5195 E ArmVmp : Match on catch block at 0xc3 in for 0x7e4e5e4025
04-06 22:03:43.585 5195 5195 E ArmVmp : Match on catch block at 0xc3 in for 0x7e4e5e4025
04-06 22:03:43.589 5195 5195 E ArmVmp : Match on catch block at 0xc3 in for 0x7e4e5e4025
04-06 22:03:43.623 5195 5195 E ArmVmp : Match on catch block at 0xc3 in for 0x7e4e5e4025
04-06 22:03:43.628 5195 5195 E ArmVmp : Match on catch block at 0xc3 in for 0x7e4e5e4025
04-06 22:03:43.631 5195 5195 E ArmVmp : Match on catch block at 0xc3 in for 0x7e4e5e4025
04-06 22:03:43.639 5195 5195 E ArmVmp : Match on catch block at 0xc3 in for 0x7e4e5e4025
04-06 22:03:43.643 5195 5195 E ArmVmp : Match on catch block at 0xc3 in for 0x7e4e5e4025
04-06 22:03:43.646 5195 5195 E ArmVmp : Match on catch block at 0xc3 in for 0x7e4e5e4025
04-06 22:03:43.656 5195 5195 E ArmVmp : Match on catch block at 0xc3 in for 0x7e4e5e4025
04-06 22:03:43.661 5195 5195 E ArmVmp : Match on catch block at 0xc3 in for 0x7e4e5e4025
04-06 22:03:43.664 5195 5195 E ArmVmp : Match on catch block at 0xc3 in for 0x7e4e5e4025
04-06 22:03:43.689 5195 5195 E ArmVmp : Match on catch block at 0xc3 in for 0x7e4e5e4025
04-06 22:03:43.695 5195 5195 E ArmVmp : Match on catch block at 0xc3 in for 0x7e4e5e4025
04-06 22:03:43.698 5195 5195 E ArmVmp : Match on catch block at 0xc3 in for 0x7e4e5e4025
04-06 22:03:43.723 5195 5195 E ArmVmp : Match on catch block at 0xc3 in for 0x7e4e5e4025
04-06 22:03:43.727 5195 5195 E ArmVmp : Match on catch block at 0xc3 in for 0x7e4e5e4025
04-06 22:03:43.730 5195 5195 E ArmVmp : Match on catch block at 0xc3 in for 0x7e4e5e4025
04-06 22:03:43.739 5195 5195 E ArmVmp : Match on catch block at 0xc3 in for 0x7e4e5e4025
04-06 22:03:43.744 5195 5195 E ArmVmp : Match on catch block at 0xc3 in for 0x7e4e5e4025
04-06 22:03:43.748 5195 5195 E ArmVmp : Match on catch block at 0xc3 in for 0x7e4e5e4025
04-06 22:03:43.757 5195 5195 E ArmVmp : Match on catch block at 0xc3 in for 0x7e4e5e4025
04-06 22:03:43.762 5195 5195 E ArmVmp : Match on catch block at 0xc3 in for 0x7e4e5e4025
04-06 22:03:43.765 5195 5195 E ArmVmp : Match on catch block at 0xc3 in for 0x7e4e5e4025
04-06 22:03:43.808 5195 5195 E ArmVmp : Match on catch block at 0xc3 in for 0x7e4e5e4025
04-06 22:03:43.814 5195 5195 E ArmVmp : Match on catch block at 0xc3 in for 0x7e4e5e4025
04-06 22:03:43.817 5195 5195 E ArmVmp : Match on catch block at 0xc3 in for 0x7e4e5e4025
04-06 22:03:43.856 5195 5195 E ArmVmp : Match on catch block at 0xc3 in for 0x7e4e5e4025
04-06 22:03:43.860 5195 5195 E ArmVmp : Match on catch block at 0xc3 in for 0x7e4e5e4025
04-06 22:03:43.863 5195 5195 E ArmVmp : Match on catch block at 0xc3 in for 0x7e4e5e4025
04-06 22:03:43.907 5195 5195 E ArmVmp : Match on catch block at 0xc3 in for 0x7e4e5e4025
04-06 22:03:43.914 5195 5195 E ArmVmp : Match on catch block at 0xc3 in for 0x7e4e5e4025
04-06 22:03:43.917 5195 5195 E ArmVmp : Match on catch block at 0xc3 in for 0x7e4e5e4025
04-06 22:03:43.941 5195 5195 E ArmVmp : Match on catch block at 0xc3 in for 0x7e4e5e4025
04-06 22:03:43.946 5195 5195 E ArmVmp : Match on catch block at 0xc3 in for 0x7e4e5e4025
04-06 22:03:43.952 5195 5195 E ArmVmp : Match on catch block at 0xc3 in for 0x7e4e5e4025
04-06 22:03:43.973 5195 5195 E ArmVmp : Match on catch block at 0xc3 in for 0x7e4e5e4025
04-06 22:03:43.977 5195 5195 E ArmVmp : Match on catch block at 0xc3 in for 0x7e4e5e4025
04-06 22:03:43.980 5195 5195 E ArmVmp : Match on catch block at 0xc3 in for 0x7e4e5e4025
04-06 22:03:44.006 5195 5195 E ArmVmp : Match on catch block at 0xc3 in for 0x7e4e5e4025
04-06 22:03:44.010 5195 5195 E ArmVmp : Match on catch block at 0xc3 in for 0x7e4e5e4025
04-06 22:03:44.013 5195 5195 E ArmVmp : Match on catch block at 0xc3 in for 0x7e4e5e4025
04-06 22:03:44.023 5195 5195 E ArmVmp : Match on catch block at 0xc3 in for 0x7e4e5e4025
04-06 22:03:44.029 5195 5195 E ArmVmp : Match on catch block at 0xc3 in for 0x7e4e5e4025
04-06 22:03:44.032 5195 5195 E ArmVmp : Match on catch block at 0xc3 in for 0x7e4e5e4025
04-06 22:03:44.072 5195 5195 E ArmVmp : Match on catch block at 0xc3 in for 0x7e4e5e4025
04-06 22:03:44.076 5195 5195 E ArmVmp : Match on catch block at 0xc3 in for 0x7e4e5e4025
04-06 22:03:44.078 5195 5195 E ArmVmp : Match on catch block at 0xc3 in for 0x7e4e5e4025
04-06 22:03:44.090 5195 5195 E ArmVmp : Match on catch block at 0xc3 in for 0x7e4e5e4025
04-06 22:03:44.095 5195 5195 E ArmVmp : Match on catch block at 0xc3 in for 0x7e4e5e4025
04-06 22:03:44.097 5195 5195 E ArmVmp : Match on catch block at 0xc3 in for 0x7e4e5e4025
04-06 22:03:44.123 5195 5195 E ArmVmp : Match on catch block at 0xc3 in for 0x7e4e5e4025
04-06 22:03:44.127 5195 5195 E ArmVmp : Match on catch block at 0xc3 in for 0x7e4e5e4025
04-06 22:03:44.130 5195 5195 E ArmVmp : Match on catch block at 0xc3 in for 0x7e4e5e4025
04-06 22:03:44.156 5195 5195 E ArmVmp : Match on catch block at 0xc3 in for 0x7e4e5e4025
04-06 22:03:44.160 5195 5195 E ArmVmp : Match on catch block at 0xc3 in for 0x7e4e5e4025
04-06 22:03:44.163 5195 5195 E ArmVmp : Match on catch block at 0xc3 in for 0x7e4e5e4025
04-06 22:03:44.173 5195 5195 E ArmVmp : Match on catch block at 0xc3 in for 0x7e4e5e4025
04-06 22:03:44.176 5195 5195 E ArmVmp : Match on catch block at 0xc3 in for 0x7e4e5e4025
04-06 22:03:44.178 5195 5195 E ArmVmp : Match on catch block at 0xc3 in for 0x7e4e5e4025
04-06 22:03:44.189 5195 5195 E ArmVmp : Match on catch block at 0xc3 in for 0x7e4e5e4025
04-06 22:03:44.193 5195 5195 E ArmVmp : Match on catch block at 0xc3 in for 0x7e4e5e4025
04-06 22:03:44.195 5195 5195 E ArmVmp : Match on catch block at 0xc3 in for 0x7e4e5e4025
04-06 22:03:44.223 5195 5195 E ArmVmp : Match on catch block at 0xc3 in for 0x7e4e5e4025
04-06 22:03:44.227 5195 5195 E ArmVmp : Match on catch block at 0xc3 in for 0x7e4e5e4025
04-06 22:03:44.230 5195 5195 E ArmVmp : Match on catch block at 0xc3 in for 0x7e4e5e4025
04-06 22:03:44.240 5195 5195 E ArmVmp : Match on catch block at 0xc3 in for 0x7e4e5e4025
04-06 22:03:44.243 5195 5195 E ArmVmp : Match on catch block at 0xc3 in for 0x7e4e5e4025
04-06 22:03:44.245 5195 5195 E ArmVmp : Match on catch block at 0xc3 in for 0x7e4e5e4025
04-06 22:03:44.258 5195 5195 E ArmVmp : Match on catch block at 0xc3 in for 0x7e4e5e4025
04-06 22:03:44.263 5195 5195 E ArmVmp : Match on catch block at 0xc3 in for 0x7e4e5e4025
04-06 22:03:44.267 5195 5195 E ArmVmp : Match on catch block at 0xc3 in for 0x7e4e5e4025
04-06 22:03:44.273 5195 5195 E ArmVmp : Match on catch block at 0xc3 in for 0x7e4e5e4025
04-06 22:03:44.279 5195 5195 E ArmVmp : Match on catch block at 0xc3 in for 0x7e4e5e4025
04-06 22:03:44.282 5195 5195 E ArmVmp : Match on catch block at 0xc3 in for 0x7e4e5e4025
04-06 22:03:44.290 5195 5195 E ArmVmp : Match on catch block at 0xc3 in for 0x7e4e5e4025
04-06 22:03:44.296 5195 5195 E ArmVmp : Match on catch block at 0xc3 in for 0x7e4e5e4025
04-06 22:03:44.298 5195 5195 E ArmVmp : Match on catch block at 0xc3 in for 0x7e4e5e4025
04-06 22:03:44.306 5195 5195 E ArmVmp : Match on catch block at 0xc3 in for 0x7e4e5e4025
04-06 22:03:44.309 5195 5195 E ArmVmp : Match on catch block at 0xc3 in for 0x7e4e5e4025
04-06 22:03:44.312 5195 5195 E ArmVmp : Match on catch block at 0xc3 in for 0x7e4e5e4025
04-06 22:03:44.323 5195 5195 E ArmVmp : Match on catch block at 0xc3 in for 0x7e4e5e4025
04-06 22:03:44.326 5195 5195 E ArmVmp : Match on catch block at 0xc3 in for 0x7e4e5e4025
04-06 22:03:44.327 5195 5195 E ArmVmp : Match on catch block at 0xc3 in for 0x7e4e5e4025
04-06 22:03:44.340 5195 5195 E ArmVmp : Match on catch block at 0xc3 in for 0x7e4e5e4025
04-06 22:03:44.343 5195 5195 E ArmVmp : Match on catch block at 0xc3 in for 0x7e4e5e4025
04-06 22:03:44.345 5195 5195 E ArmVmp : Match on catch block at 0xc3 in for 0x7e4e5e4025
04-06 22:03:44.357 5195 5195 E ArmVmp : Match on catch block at 0xc3 in for 0x7e4e5e4025
04-06 22:03:44.362 5195 5195 E ArmVmp : Match on catch block at 0xc3 in for 0x7e4e5e4025
04-06 22:03:44.363 5195 5195 E ArmVmp : Match on catch block at 0xc3 in for 0x7e4e5e4025
04-06 22:03:44.374 5195 5195 E ArmVmp : Match on catch block at 0xc3 in for 0x7e4e5e4025
04-06 22:03:44.381 5195 5195 E ArmVmp : Match on catch block at 0xc3 in for 0x7e4e5e4025
04-06 22:03:44.382 5195 5195 E ArmVmp : Match on catch block at 0xc3 in for 0x7e4e5e4025
04-06 22:03:44.390 5195 5195 E ArmVmp : Match on catch block at 0xc3 in for 0x7e4e5e4025
04-06 22:03:44.396 5195 5195 E ArmVmp : Match on catch block at 0xc3 in for 0x7e4e5e4025
04-06 22:03:44.399 5195 5195 E ArmVmp : Match on catch block at 0xc3 in for 0x7e4e5e4025
04-06 22:03:44.407 5195 5195 E ArmVmp : Match on catch block at 0xc3 in for 0x7e4e5e4025
04-06 22:03:44.411 5195 5195 E ArmVmp : Match on catch block at 0xc3 in for 0x7e4e5e4025
04-06 22:03:44.413 5195 5195 E ArmVmp : Match on catch block at 0xc3 in for 0x7e4e5e4025
04-06 22:03:44.424 5195 5195 E ArmVmp : Match on catch block at 0xc3 in for 0x7e4e5e4025
04-06 22:03:44.426 5195 5195 E ArmVmp : Match on catch block at 0xc3 in for 0x7e4e5e4025
04-06 22:03:44.428 5195 5195 E ArmVmp : Match on catch block at 0xc3 in for 0x7e4e5e4025
04-06 22:03:44.440 5195 5195 E ArmVmp : Match on catch block at 0xc3 in for 0x7e4e5e4025
04-06 22:03:44.443 5195 5195 E ArmVmp : Match on catch block at 0xc3 in for 0x7e4e5e4025
04-06 22:03:44.446 5195 5195 E ArmVmp : Match on catch block at 0xc3 in for 0x7e4e5e4025
04-06 22:03:44.491 5195 5195 E ArmVmp : Match on catch block at 0xc3 in for 0x7e4e5e4025
04-06 22:03:44.495 5195 5195 E ArmVmp : Match on catch block at 0xc3 in for 0x7e4e5e4025
04-06 22:03:44.497 5195 5195 E ArmVmp : Match on catch block at 0xc3 in for 0x7e4e5e4025
04-06 22:03:44.541 5195 5195 E ArmVmp : Match on catch block at 0xc3 in for 0x7e4e5e4025
04-06 22:03:44.545 5195 5195 E ArmVmp : Match on catch block at 0xc3 in for 0x7e4e5e4025
04-06 22:03:44.547 5195 5195 E ArmVmp : Match on catch block at 0xc3 in for 0x7e4e5e4025
04-06 22:03:44.591 5195 5195 E ArmVmp : Match on catch block at 0xc3 in for 0x7e4e5e4025
04-06 22:03:44.596 5195 5195 E ArmVmp : Match on catch block at 0xc3 in for 0x7e4e5e4025
04-06 22:03:44.598 5195 5195 E ArmVmp : Match on catch block at 0xc3 in for 0x7e4e5e4025
04-06 22:03:44.613 5195 5195 E ArmVmp : Match on catch block at 0xc3 in for 0x7e4e5e4025
04-06 22:03:44.620 5195 5195 E ArmVmp : Match on catch block at 0xc3 in for 0x7e4e5e4025
04-06 22:03:44.623 5195 5195 E ArmVmp : Match on catch block at 0xc3 in for 0x7e4e5e4025
04-06 22:03:44.675 5195 5195 E ArmVmp : Match on catch block at 0xc3 in for 0x7e4e5e4025
04-06 22:03:44.679 5195 5195 E ArmVmp : Match on catch block at 0xc3 in for 0x7e4e5e4025
04-06 22:03:44.682 5195 5195 E ArmVmp : Match on catch block at 0xc3 in for 0x7e4e5e4025
04-06 22:03:44.725 5195 5195 E ArmVmp : Match on catch block at 0xc3 in for 0x7e4e5e4025
04-06 22:03:44.729 5195 5195 E ArmVmp : Match on catch block at 0xc3 in for 0x7e4e5e4025
04-06 22:03:44.732 5195 5195 E ArmVmp : Match on catch block at 0xc3 in for 0x7e4e5e4025
04-06 22:03:44.775 5195 5195 E ArmVmp : Match on catch block at 0xc3 in for 0x7e4e5e4025
04-06 22:03:44.779 5195 5195 E ArmVmp : Match on catch block at 0xc3 in for 0x7e4e5e4025
04-06 22:03:44.782 5195 5195 E ArmVmp : Match on catch block at 0xc3 in for 0x7e4e5e4025
04-06 22:03:44.825 5195 5195 E ArmVmp : Match on catch block at 0xc3 in for 0x7e4e5e4025
04-06 22:03:44.830 5195 5195 E ArmVmp : Match on catch block at 0xc3 in for 0x7e4e5e4025
04-06 22:03:44.837 5195 5195 E ArmVmp : Match on catch block at 0xc3 in for 0x7e4e5e4025
04-06 22:03:44.876 5195 5195 E ArmVmp : Match on catch block at 0xc3 in for 0x7e4e5e4025
04-06 22:03:44.881 5195 5195 E ArmVmp : Match on catch block at 0xc3 in for 0x7e4e5e4025
04-06 22:03:44.887 5195 5195 E ArmVmp : Match on catch block at 0xc3 in for 0x7e4e5e4025
04-06 22:03:44.931 5195 5195 E ArmVmp : Match on catch block at 0xc3 in for 0x7e4e5e4025
04-06 22:03:44.935 5195 5195 E ArmVmp : Match on catch block at 0xc3 in for 0x7e4e5e4025
04-06 22:03:44.939 5195 5195 E ArmVmp : Match on catch block at 0xc3 in for 0x7e4e5e4025
04-06 22:03:44.947 5195 5195 E ArmVmp : Match on catch block at 0xc3 in for 0x7e4e5e4025
04-06 22:03:44.951 5195 5195 E ArmVmp : Match on catch block at 0xc3 in for 0x7e4e5e4025
04-06 22:03:44.953 5195 5195 E ArmVmp : Match on catch block at 0xc3 in for 0x7e4e5e4025
04-06 22:03:44.961 5195 5195 E ArmVmp : Match on catch block at 0xc3 in for 0x7e4e5e4025
04-06 22:03:44.965 5195 5195 E ArmVmp : Match on catch block at 0xc3 in for 0x7e4e5e4025
04-06 22:03:44.967 5195 5195 E ArmVmp : Match on catch block at 0xc3 in for 0x7e4e5e4025
04-06 22:03:44.976 5195 5195 E ArmVmp : Match on catch block at 0xc3 in for 0x7e4e5e4025
04-06 22:03:44.981 5195 5195 E ArmVmp : Match on catch block at 0xc3 in for 0x7e4e5e4025
04-06 22:03:44.983 5195 5195 E ArmVmp : Match on catch block at 0xc3 in for 0x7e4e5e4025
04-06 22:03:44.993 5195 5195 E ArmVmp : Match on catch block at 0xc3 in for 0x7e4e5e4025
04-06 22:03:44.998 5195 5195 E ArmVmp : Match on catch block at 0xc3 in for 0x7e4e5e4025
04-06 22:03:45.001 5195 5195 E ArmVmp : Match on catch block at 0xc3 in for 0x7e4e5e4025
04-06 22:03:45.010 5195 5195 E ArmVmp : Match on catch block at 0xc3 in for 0x7e4e5e4025
04-06 22:03:45.014 5195 5195 E ArmVmp : Match on catch block at 0xc3 in for 0x7e4e5e4025
04-06 22:03:45.016 5195 5195 E ArmVmp : Match on catch block at 0xc3 in for 0x7e4e5e4025
04-06 22:03:45.026 5195 5195 E ArmVmp : Match on catch block at 0xc3 in for 0x7e4e5e4025
04-06 22:03:45.030 5195 5195 E ArmVmp : Match on catch block at 0xc3 in for 0x7e4e5e4025
04-06 22:03:45.033 5195 5195 E ArmVmp : Match on catch block at 0xc3 in for 0x7e4e5e4025
04-06 22:03:45.043 5195 5195 E ArmVmp : Match on catch block at 0xc3 in for 0x7e4e5e4025
04-06 22:03:45.047 5195 5195 E ArmVmp : Match on catch block at 0xc3 in for 0x7e4e5e4025
04-06 22:03:45.050 5195 5195 E ArmVmp : Match on catch block at 0xc3 in for 0x7e4e5e4025
04-06 22:03:45.060 5195 5195 E ArmVmp : Match on catch block at 0xc3 in for 0x7e4e5e4025
04-06 22:03:45.064 5195 5195 E ArmVmp : Match on catch block at 0xc3 in for 0x7e4e5e4025
04-06 22:03:45.066 5195 5195 E ArmVmp : Match on catch block at 0xc3 in for 0x7e4e5e4025
04-06 22:03:45.084 5195 5195 E ArmVmp : Match on catch block at 0xc3 in for 0x7e4e5e4025
04-06 22:03:45.088 5195 5195 E ArmVmp : Match on catch block at 0xc3 in for 0x7e4e5e4025
04-06 22:03:45.090 5195 5195 E ArmVmp : Match on catch block at 0xc3 in for 0x7e4e5e4025
04-06 22:03:45.097 5195 5195 E ArmVmp : Match on catch block at 0xc3 in for 0x7e4e5e4025
04-06 22:03:45.100 5195 5195 E ArmVmp : Match on catch block at 0xc3 in for 0x7e4e5e4025
04-06 22:03:45.102 5195 5195 E ArmVmp : Match on catch block at 0xc3 in for 0x7e4e5e4025
04-06 22:03:45.109 5195 5195 E ArmVmp : Match on catch block at 0xc3 in for 0x7e4e5e4025
04-06 22:03:45.113 5195 5195 E ArmVmp : Match on catch block at 0xc3 in for 0x7e4e5e4025
04-06 22:03:45.115 5195 5195 E ArmVmp : Match on catch block at 0xc3 in for 0x7e4e5e4025
04-06 22:03:45.126 5195 5195 E ArmVmp : Match on catch block at 0xc3 in for 0x7e4e5e4025
04-06 22:03:45.130 5195 5195 E ArmVmp : Match on catch block at 0xc3 in for 0x7e4e5e4025
04-06 22:03:45.132 5195 5195 E ArmVmp : Match on catch block at 0xc3 in for 0x7e4e5e4025
04-06 22:03:45.144 5195 5195 E ArmVmp : Match on catch block at 0xc3 in for 0x7e4e5e4025
04-06 22:03:45.150 5195 5195 E ArmVmp : Match on catch block at 0xc3 in for 0x7e4e5e4025
04-06 22:03:45.152 5195 5195 E ArmVmp : Match on catch block at 0xc3 in for 0x7e4e5e4025
04-06 22:03:45.159 5195 5195 E ArmVmp : Match on catch block at 0xc3 in for 0x7e4e5e4025
04-06 22:03:45.164 5195 5195 E ArmVmp : Match on catch block at 0xc3 in for 0x7e4e5e4025
04-06 22:03:45.165 5195 5195 E ArmVmp : Match on catch block at 0xc3 in for 0x7e4e5e4025
04-06 22:03:45.175 5195 5195 E ArmVmp : Match on catch block at 0xc3 in for 0x7e4e5e4025
04-06 22:03:45.180 5195 5195 E ArmVmp : Match on catch block at 0xc3 in for 0x7e4e5e4025
04-06 22:03:45.182 5195 5195 E ArmVmp : Match on catch block at 0xc3 in for 0x7e4e5e4025
04-06 22:03:45.192 5195 5195 E ArmVmp : Match on catch block at 0xc3 in for 0x7e4e5e4025
04-06 22:03:45.196 5195 5195 E ArmVmp : Match on catch block at 0xc3 in for 0x7e4e5e4025
04-06 22:03:45.198 5195 5195 E ArmVmp : Match on catch block at 0xc3 in for 0x7e4e5e4025
04-06 22:03:45.209 5195 5195 E ArmVmp : Match on catch block at 0xc3 in for 0x7e4e5e4025
04-06 22:03:45.212 5195 5195 E ArmVmp : Match on catch block at 0xc3 in for 0x7e4e5e4025
04-06 22:03:45.213 5195 5195 E ArmVmp : Match on catch block at 0xc3 in for 0x7e4e5e4025
04-06 22:03:45.226 5195 5195 E ArmVmp : Match on catch block at 0xc3 in for 0x7e4e5e4025
04-06 22:03:45.229 5195 5195 E ArmVmp : Match on catch block at 0xc3 in for 0x7e4e5e4025
04-06 22:03:45.231 5195 5195 E ArmVmp : Match on catch block at 0xc3 in for 0x7e4e5e4025
04-06 22:03:45.243 5195 5195 E ArmVmp : Match on catch block at 0xc3 in for 0x7e4e5e4025
04-06 22:03:45.248 5195 5195 E ArmVmp : Match on catch block at 0xc3 in for 0x7e4e5e4025
04-06 22:03:45.250 5195 5195 E ArmVmp : Match on catch block at 0xc3 in for 0x7e4e5e4025
04-06 22:03:45.260 5195 5195 E ArmVmp : Match on catch block at 0xc3 in for 0x7e4e5e4025
04-06 22:03:45.264 5195 5195 E ArmVmp : Match on catch block at 0xc3 in for 0x7e4e5e4025
04-06 22:03:45.267 5195 5195 E ArmVmp : Match on catch block at 0xc3 in for 0x7e4e5e4025
04-06 22:03:45.276 5195 5195 E ArmVmp : Match on catch block at 0xc3 in for 0x7e4e5e4025
04-06 22:03:45.281 5195 5195 E ArmVmp : Match on catch block at 0xc3 in for 0x7e4e5e4025
04-06 22:03:45.284 5195 5195 E ArmVmp : Match on catch block at 0xc3 in for 0x7e4e5e4025
04-06 22:03:45.294 5195 5195 E ArmVmp : Match on catch block at 0xc3 in for 0x7e4e5e4025
04-06 22:03:45.298 5195 5195 E ArmVmp : Match on catch block at 0xc3 in for 0x7e4e5e4025
04-06 22:03:45.301 5195 5195 E ArmVmp : Match on catch block at 0xc3 in for 0x7e4e5e4025
04-06 22:03:45.310 5195 5195 E ArmVmp : Match on catch block at 0xc3 in for 0x7e4e5e4025
04-06 22:03:45.314 5195 5195 E ArmVmp : Match on catch block at 0xc3 in for 0x7e4e5e4025
04-06 22:03:45.318 5195 5195 E ArmVmp : Match on catch block at 0xc3 in for 0x7e4e5e4025
04-06 22:03:45.361 5195 5195 E ArmVmp : Match on catch block at 0xc3 in for 0x7e4e5e4025
04-06 22:03:45.365 5195 5195 E ArmVmp : Match on catch block at 0xc3 in for 0x7e4e5e4025
04-06 22:03:45.368 5195 5195 E ArmVmp : Match on catch block at 0xc3 in for 0x7e4e5e4025
04-06 22:03:45.426 5195 5195 E ArmVmp : Match on catch block at 0xc3 in for 0x7e4e5e4025
04-06 22:03:45.431 5195 5195 E ArmVmp : Match on catch block at 0xc3 in for 0x7e4e5e4025
04-06 22:03:45.433 5195 5195 E ArmVmp : Match on catch block at 0xc3 in for 0x7e4e5e4025
04-06 22:03:45.476 5195 5195 E ArmVmp : Match on catch block at 0xc3 in for 0x7e4e5e4025
04-06 22:03:45.479 5195 5195 E ArmVmp : Match on catch block at 0xc3 in for 0x7e4e5e4025
04-06 22:03:45.481 5195 5195 E ArmVmp : Match on catch block at 0xc3 in for 0x7e4e5e4025
04-06 22:03:45.527 5195 5195 E ArmVmp : Match on catch block at 0xc3 in for 0x7e4e5e4025
04-06 22:03:45.532 5195 5195 E ArmVmp : Match on catch block at 0xc3 in for 0x7e4e5e4025
04-06 22:03:45.535 5195 5195 E ArmVmp : Match on catch block at 0xc3 in for 0x7e4e5e4025
04-06 22:03:45.579 5195 5195 E ArmVmp : Match on catch block at 0xc3 in for 0x7e4e5e4025
04-06 22:03:45.587 5195 5195 E ArmVmp : Match on catch block at 0xc3 in for 0x7e4e5e4025
04-06 22:03:45.592 5195 5195 E ArmVmp : Match on catch block at 0xc3 in for 0x7e4e5e4025
04-06 22:03:45.612 5195 5195 E ArmVmp : Match on catch block at 0xc3 in for 0x7e4e5e4025
04-06 22:03:45.620 5195 5195 E ArmVmp : Match on catch block at 0xc3 in for 0x7e4e5e4025
04-06 22:03:45.625 5195 5195 E ArmVmp : Match on catch block at 0xc3 in for 0x7e4e5e4025
04-06 22:03:45.649 5195 5195 E ArmVmp : Match on catch block at 0xc3 in for 0x7e4e5e4025
04-06 22:03:45.655 5195 5195 E ArmVmp : Match on catch block at 0xc3 in for 0x7e4e5e4025
04-06 22:03:45.658 5195 5195 E ArmVmp : Match on catch block at 0xc3 in for 0x7e4e5e4025
04-06 22:03:45.711 5195 5195 E ArmVmp : Match on catch block at 0xc3 in for 0x7e4e5e4025
04-06 22:03:45.715 5195 5195 E ArmVmp : Match on catch block at 0xc3 in for 0x7e4e5e4025
04-06 22:03:45.718 5195 5195 E ArmVmp : Match on catch block at 0xc3 in for 0x7e4e5e4025
04-06 22:03:45.761 5195 5195 E ArmVmp : Match on catch block at 0xc3 in for 0x7e4e5e4025
04-06 22:03:45.766 5195 5195 E ArmVmp : Match on catch block at 0xc3 in for 0x7e4e5e4025
04-06 22:03:45.769 5195 5195 E ArmVmp : Match on catch block at 0xc3 in for 0x7e4e5e4025
04-06 22:03:45.810 5195 5195 E ArmVmp : Match on catch block at 0xc3 in for 0x7e4e5e4025
04-06 22:03:45.814 5195 5195 E ArmVmp : Match on catch block at 0xc3 in for 0x7e4e5e4025
04-06 22:03:45.816 5195 5195 E ArmVmp : Match on catch block at 0xc3 in for 0x7e4e5e4025
04-06 22:03:45.861 5195 5195 E ArmVmp : Match on catch block at 0xc3 in for 0x7e4e5e4025
04-06 22:03:45.871 5195 5195 E ArmVmp : Match on catch block at 0xc3 in for 0x7e4e5e4025
04-06 22:03:45.880 5195 5195 E ArmVmp : Match on catch block at 0xc3 in for 0x7e4e5e4025
04-06 22:03:45.910 5195 5195 E ArmVmp : Match on catch block at 0xc3 in for 0x7e4e5e4025
04-06 22:03:45.913 5195 5195 E ArmVmp : Match on catch block at 0xc3 in for 0x7e4e5e4025
04-06 22:03:45.916 5195 5195 E ArmVmp : Match on catch block at 0xc3 in for 0x7e4e5e4025
04-06 22:03:45.953 5195 5195 E ArmVmp : Match on catch block at 0xc3 in for 0x7e4e5e4025
04-06 22:03:45.957 5195 5195 E ArmVmp : Match on catch block at 0xc3 in for 0x7e4e5e4025
04-06 22:03:45.960 5195 5195 E ArmVmp : Match on catch block at 0xc3 in for 0x7e4e5e4025
04-06 22:03:45.973 5195 5195 E ArmVmp : Match on catch block at 0xc3 in for 0x7e4e5e4025
04-06 22:03:45.977 5195 5195 E ArmVmp : Match on catch block at 0xc3 in for 0x7e4e5e4025
04-06 22:03:45.980 5195 5195 E ArmVmp : Match on catch block at 0xc3 in for 0x7e4e5e4025
04-06 22:03:46.050 5195 6830 E OpenGLRenderer: Unable to match the desired swap behavior.
04-06 22:03:46.163 5195 5195 E ArmVmp : Match on catch block at 0xc3 in for 0x7e4e5e4025
04-06 22:03:46.177 5195 5195 E ArmVmp : Match on catch block at 0xc3 in for 0x7e4e5e4025
04-06 22:03:46.185 5195 5195 E ArmVmp : Match on catch block at 0xc3 in for 0x7e4e5e4025
04-06 22:03:46.205 5195 5195 E ArmVmp : Match on catch block at 0xc3 in for 0x7e4e5e4025
04-06 22:03:46.217 5195 5195 E ArmVmp : Match on catch block at 0xc3 in for 0x7e4e5e4025
04-06 22:03:46.222 5195 5195 E ArmVmp : Match on catch block at 0xc3 in for 0x7e4e5e4025
04-06 22:03:46.251 5195 5195 E ArmVmp : Match on catch block at 0xc3 in for 0x7e4e5e4025
04-06 22:03:46.258 5195 5195 E ArmVmp : Match on catch block at 0xc3 in for 0x7e4e5e4025
04-06 22:03:46.264 5195 5195 E ArmVmp : Match on catch block at 0xc3 in for 0x7e4e5e4025
04-06 22:03:46.307 5195 5195 E ArmVmp : Match on catch block at 0xc3 in for 0x7e4e5e4025
04-06 22:03:46.314 5195 5195 E ArmVmp : Match on catch block at 0xc3 in for 0x7e4e5e4025
04-06 22:03:46.319 5195 5195 E ArmVmp : Match on catch block at 0xc3 in for 0x7e4e5e4025
04-06 22:03:46.767 5195 5195 W WindowOnBackDispatcher: sendCancelIfRunning: isInProgress=falsecallback=android.view.ViewRootImpl$ $ExternalSyntheticLambda22@51980f6
04-06 22:03:51.144 5195 5207 W com.mbwhatsapp: Suspending all threads took: 19.576ms
04-06 22:03:52.087 5195 5195 W MessageMonitor: PerfMonitor: Slow Operation: Activity com.mbwhatsapp/.HomeActivity onPause took 65ms
04-06 22:03:58.341 5195 5195 W JobService: onNetworkChanged() not implemented in androidx.work.impl.background.systemjob.SystemJobService. Must override in a subclass.
04-06 22:04:01.391 5195 5195 W JobService: onNetworkChanged() not implemented in androidx.work.impl.background.systemjob.SystemJobService. Must override in a subclass.
04-06 22:04:04.412 5195 5195 W JobService: onNetworkChanged() not implemented in androidx.work.impl.background.systemjob.SystemJobService. Must override in a subclass.
04-06 22:04:07.441 5195 5195 W JobService: onNetworkChanged() not implemented in androidx.work.impl.background.systemjob.SystemJobService. Must override in a subclass.
04-06 22:04:10.463 5195 5195 W JobService: onNetworkChanged() not implemented in androidx.work.impl.background.systemjob.SystemJobService. Must override in a subclass.
04-06 22:04:23.828 5195 5195 W JobService: onNetworkChanged() not implemented in androidx.work.impl.background.systemjob.SystemJobService. Must override in a subclass.
04-06 22:04:24.169 5195 5195 W JobService: onNetworkChanged() not implemented in androidx.work.impl.background.systemjob.SystemJobService. Must override in a subclass.
04-06 22:04:25.534 5195 5195 W JobService: onNetworkChanged() not implemented in androidx.work.impl.background.systemj--------- beginning of main
04-07 07:00:28.469 23223 23223 W .screenrecorder: type=1400 audit(0.0:940324): avc: denied { write } for name="MIUIScreenRecorderLiteGlobal" dev="dm-55" ino=2784 scontext=u:r:system_app:s0 tcontext=u:object_r:apk_data_file:s0 tclass=dir permissive=0 app=com.mbwhatsapp
04-07 07:48:20.104 3932 3932 E com.mbwhatsapp: Not starting debugger since process cannot load the jdwp agent.
04-07 07:48:20.706 3932 3932 W System.err: java.lang.ClassNotFoundException: mbmodsd.mbmodsw.ui.views.btn.BtnBK
04-07 07:48:20.707 3932 3932 W System.err: at java.lang.Runtime.nativeLoad(Native Method)
04-07 07:48:20.707 3932 3932 W System.err: at java.lang.Runtime.nativeLoad(Runtime.java:1126)
04-07 07:48:20.707 3932 3932 W System.err: at java.lang.Runtime.loadLibrary0(Runtime.java:1080)
04-07 07:48:20.711 3932 3932 W System.err: at java.lang.Runtime.loadLibrary0(Runtime.java:1003)
04-07 07:48:20.711 3932 3932 W System.err: at java.lang.System.loadLibrary(System.java:1661)
04-07 07:48:20.711 3932 3932 W System.err: at arm.EpicVm.<clinit>(Unknown Source:2)
04-07 07:48:20.713 3932 3932 W System.err: at java.lang.Class.newInstance(Native Method)
04-07 07:48:20.713 3932 3932 W System.err: at android.app.AppComponentFactory.instantiateApplication(AppComponentFactory.java:76)
04-07 07:48:20.713 3932 3932 W System.err: at androidx.core.app.CoreComponentFactory.instantiateApplication(Unknown Source:0)
04-07 07:48:20.713 3932 3932 W System.err: at android.app.Instrumentation.newApplication(Instrumentation.java:1286)
04-07 07:48:20.713 3932 3932 W System.err: at android.app.LoadedApk.makeApplicationInner(LoadedApk.java:1487)
04-07 07:48:20.713 3932 3932 W System.err: at android.app.LoadedApk.makeApplicationInner(LoadedApk.java:1424)
04-07 07:48:20.713 3932 3932 W System.err: at android.app.ActivityThread.handleBindApplication(ActivityThread.java:7420)
04-07 07:48:20.713 3932 3932 W System.err: at android.app.ActivityThread.-$ $Nest$mhandleBindApplication(Unknown Source:0)
04-07 07:48:20.713 3932 3932 W System.err: at android.app.ActivityThread$H.handleMessage(ActivityThread.java:2374)
04-07 07:48:20.713 3932 3932 W System.err: at android.os.Handler.dispatchMessage(Handler.java:106)
04-07 07:48:20.714 3932 3932 W System.err: at android.os.Looper.loopOnce(Looper.java:224)
04-07 07:48:20.714 3932 3932 W System.err: at android.os.Looper.loop(Looper.java:318)
04-07 07:48:20.714 3932 3932 W System.err: at android.app.ActivityThread.main(ActivityThread.java:8727)
04-07 07:48:20.714 3932 3932 W System.err: at java.lang.reflect.Method.invoke(Native Method)
04-07 07:48:20.714 3932 3932 W System.err: at com.android.internal.os.RuntimeInit$MethodAndArgsCaller.run(RuntimeInit.java:561)
04-07 07:48:20.714 3932 3932 W System.err: at com.android.internal.os.ZygoteInit.main(ZygoteInit.java:1013)
04-07 07:48:20.766 3932 3932 E CustomActivityOnCrash: IMPORTANT WARNING! You already have an UncaughtExceptionHandler, are you sure this is correct? If you use a custom UncaughtExceptionHandler, you must initialize it AFTER CustomActivityOnCrash! Installing anyway, but your original handler will not be called.
04-07 07:48:21.035 3932 4095 W LibraryVersion: Failed to get app version for libraryName: firebase-iid
04-07 07:48:21.897 3932 3932 W com.mbwhatsapp: Accessing hidden method Lcom/android/org/conscrypt/OpenSSLSocketImpl;->setUseSessionTickets(Z)V (max- target-q,core-platform-api, reflection, denied)
04-07 07:48:21.906 3932 3932 W com.mbwhatsapp: Accessing hidden method Lcom/android/org/conscrypt/AbstractConscryptSocket;->setUseSessionTickets(Z)V (max- target-q, reflection, denied)
04-07 07:48:22.061 4366 4366 W libprocessgroup: JoinCgroup: controller schedtune is not found
04-07 07:48:22.435 3932 4396 W com.mbwhatsapp: Method void X.2rL.A03(java.lang.Integer) failed lock verification and will run slower.
04-07 07:48:22.435 3932 4396 W com.mbwhatsapp: Common causes for lock verification issues are non-optimized dex code
04-07 07:48:22.435 3932 4396 W com.mbwhatsapp: and incorrect proguard optimizations. --------- beginning of system
04-07 07:48:22.499 3932 3932 W Looper : PerfMonitor longMsg : seq=2 plan=07:48:20.139 late=8ms wall=2164ms h=android.app.ActivityThread$H w=110 procState=-1
04-07 07:48:24.409 3932 4805 W ziparchive: Unable to open '/system/framework/QXPerformance.dm': No such file or directory
04-07 07:48:24.409 3932 4805 W ziparchive: Unable to open '/system/framework/QXPerformance.dm': No such file or directory
04-07 07:48:24.647 3932 4848 W com.mbwhatsapp: Accessing hidden method Landroid/app/MiuiNotification;-><init>()V (blocked, reflection, denied)
04-07 07:48:24.659 3932 4848 W com.mbwhatsapp: Accessing hidden method Landroid/app/MiuiNotification;-><init>()V (blocked, reflection, denied)
04-07 07:48:26.357 3932 4739 W BpBinder: PerfMonitor binderTransact: time=356ms interface=android.content.IContentProvider code=1
04-07 07:48:26.742 3932 4392 E SQLiteDatabase: Error inserting transferred=0 media_job_uuid=93fc36de-093f-45cb-b2e9-db47634a05e2 transcoded=0 gif_attribution=0 first_scan_length=0 direct_path=/v/t62.7161- 24/40851526_779076130519983_5053862103881696722_n.enc?ccb=11- 4&oh=01_ASDdhnPBXDt17Gqgp5jLOT5QxvRfksL2HbIuWyf9j5jKiA&oe=66399F20&_nc_sid=5e03e0 thumbnail_height_width_ratio=1.7777778 is_animated_sticker=0 file_hash=+v/aPCPcZMGMOWJbzfOyPGr9v9ChrisJzxCYJilHjgI= file_path=null file_size=0 partial_media_hash=null face_x=0 face_y=0 height=1280 trim_to=0 media_key_timestamp=1712466970000 message_url=https://mmg.whatsapp.net/v/t62.7161- 24/40851526_779076130519983_5053862103881696722_n.enc?ccb=11- 4&oh=01_ASDdhnPBXDt17Gqgp5jLOT5QxvRfksL2HbIuWyf9j5jKiA&oe=66399F20&_nc_sid=5e03e0&m ms3=true media_caption=null trim_from=0 mime_type=video/mp4 partial_media_enc_hash=null width=720 original_file_hash=null has_streaming_sidecar=1 autotransfer_retry_enabled=1 media_upload_handle=null message_row_id=58 multicast_id=null enc_file_hash=z/1hZgcSYVQSMHML3Eu1xFVTmiwLm7/3Cu0S7Z8haq0= mute_video=0 page_count=0 first_scan_sidecar=null suspicious_content=0 file_length=1306086 media_name=null media_duration=12 chat_row_id=5 media_key=[B@2ad2136
04-07 07:48:26.742 3932 4392 E SQLiteDatabase: android.database.sqlite.SQLiteConstraintException: UNIQUE constraint failed: message_media.message_row_id (code 1555 SQLITE_CONSTRAINT_PRIMARYKEY)
04-07 07:48:26.742 3932 4392 E SQLiteDatabase: at android.database.sqlite.SQLiteConnection.nativeExecuteForLastInsertedRowId(Native Method)
04-07 07:48:26.742 3932 4392 E SQLiteDatabase: at android.database.sqlite.SQLiteConnection.executeForLastInsertedRowId(SQLiteConnecti on.java:961)
04-07 07:48:26.742 3932 4392 E SQLiteDatabase: at android.database.sqlite.SQLiteSession.executeForLastInsertedRowId(SQLiteSession.jav a:790)
04-07 07:48:26.742 3932 4392 E SQLiteDatabase: at android.database.sqlite.SQLiteStatement.executeInsert(SQLiteStatement.java:89)
04-07 07:48:26.742 3932 4392 E SQLiteDatabase: at android.database.sqlite.SQLiteDatabase.insertWithOnConflict(SQLiteDatabase.java:187 0)
04-07 07:48:26.742 3932 4392 E SQLiteDatabase: at android.database.sqlite.SQLiteDatabase.insert(SQLiteDatabase.java:1739)
04-07 07:48:26.742 3932 4392 E SQLiteDatabase: at X.2tm.A08(Unknown Source:6)
04-07 07:48:26.742 3932 4392 E SQLiteDatabase: at X.35Y.A07(Unknown Source:212)
04-07 07:48:26.742 3932 4392 E SQLiteDatabase: at X.3QF.A14(Unknown Source:470)
04-07 07:48:26.742 3932 4392 E SQLiteDatabase: at X.3gU.run(Unknown Source:982)
04-07 07:48:26.742 3932 4392 E SQLiteDatabase: at android.os.Handler.handleCallback(Handler.java:958)
04-07 07:48:26.742 3932 4392 E SQLiteDatabase: at android.os.Handler.dispatchMessage(Handler.java:99)
04-07 07:48:26.742 3932 4392 E SQLiteDatabase: at X.0zq.dispatchMessage(Unknown Source:4)
04-07 07:48:26.742 3932 4392 E SQLiteDatabase: at android.os.Looper.loopOnce(Looper.java:224)
04-07 07:48:26.742 3932 4392 E SQLiteDatabase: at android.os.Looper.loop(Looper.java:318)
04-07 07:48:26.742 3932 4392 E SQLiteDatabase: at android.os.HandlerThread.run(HandlerThread.java:67) 04-07 --------- beginning of system
04-07 08:58:44.406 24103 24103 W Looper : PerfMonitor longMsg : seq=2 plan=08:58:43.123 late=2ms wall=1280ms h=android.app.ActivityThread$H w=110 procState=-1
04-07 09:00:28.071 5672 5672 W Looper : PerfMonitor longMsg : seq=2 plan=09:00:24.746 late=4ms wall=3286ms h=android.app.ActivityThread$H w=110 procState=-1
04-07 09:00:28.765 5672 6477 W BpBinder: PerfMonitor binderTransact: time=222ms interface=android.content.IContentProvider code=21
04-07 10:18:49.346 21318 21318 W Looper : PerfMonitor longMsg : seq=2 plan=10:18:47.273 late=5ms wall=2061ms h=android.app.ActivityThread$H w=110 procState=-1 --------- beginning of main
04-07 11:40:45.971 16865 16865 E com.mbwhatsapp: Not starting debugger since process cannot load the jdwp agent.
04-07 11:40:46.277 16865 16865 W System.err: java.lang.ClassNotFoundException: mbmodsd.mbmodsw.ui.views.btn.BtnBK
04-07 11:40:46.278 16865 16865 W System.err: at java.lang.Runtime.nativeLoad(Native Method)
04-07 11:40:46.278 16865 16865 W System.err: at java.lang.Runtime.nativeLoad(Runtime.java:1126)
04-07 11:40:46.278 16865 16865 W System.err: at java.lang.Runtime.loadLibrary0(Runtime.java:1080)
04-07 11:40:46.278 16865 16865 W System.err: at java.lang.Runtime.loadLibrary0(Runtime.java:1003)
04-07 11:40:46.278 16865 16865 W System.err: at java.lang.System.loadLibrary(System.java:1661)
04-07 11:40:46.278 16865 16865 W System.err: at arm.EpicVm.<clinit>(Unknown Source:2)
04-07 11:40:46.278 16865 16865 W System.err: at java.lang.Class.newInstance(Native Method)
04-07 11:40:46.278 16865 16865 W System.err: at android.app.AppComponentFactory.instantiateApplication(AppComponentFactory.java:76)
04-07 11:40:46.278 16865 16865 W System.err: at androidx.core.app.CoreComponentFactory.instantiateApplication(Unknown Source:0)
04-07 11:40:46.278 16865 16865 W System.err: at android.app.Instrumentation.newApplication(Instrumentation.java:1286)
04-07 11:40:46.278 16865 16865 W System.err: at android.app.LoadedApk.makeApplicationInner(LoadedApk.java:1487)
04-07 11:40:46.278 16865 16865 W System.err: at android.app.LoadedApk.makeApplicationInner(LoadedApk.java:1424)
04-07 11:40:46.278 16865 16865 W System.err: at android.app.ActivityThread.handleBindApplication(ActivityThread.java:7420)
04-07 11:40:46.278 16865 16865 W System.err: at android.app.ActivityThread.-$ $Nest$mhandleBindApplication(Unknown Source:0)
04-07 11:40:46.278 16865 16865 W System.err: at android.app.ActivityThread$H.handleMessage(ActivityThread.java:2374)
04-07 11:40:46.278 16865 16865 W System.err: at android.os.Handler.dispatchMessage(Handler.java:106)
04-07 11:40:46.278 16865 16865 W System.err: at android.os.Looper.loopOnce(Looper.java:224)
04-07 11:40:46.278 16865 16865 W System.err: at android.os.Looper.loop(Looper.java:318)
04-07 11:40:46.278 16865 16865 W System.err: at android.app.ActivityThread.main(ActivityThread.java:8727)
04-07 11:40:46.278 16865 16865 W System.err: at java.lang.reflect.Method.invoke(Native Method)
04-07 11:40:46.278 16865 16865 W System.err: at com.android.internal.os.RuntimeInit$MethodAndArgsCaller.run(RuntimeInit.java:561)
04-07 11:40:46.278 16865 16865 W System.err: at com.android.internal.os.ZygoteInit.main(ZygoteInit.java:1013)
04-07 11:40:46.293 16865 16865 E CustomActivityOnCrash: IMPORTANT WARNING! You already have an UncaughtExceptionHandler, are you sure this is correct? If you use a custom UncaughtExceptionHandler, you must initialize it AFTER CustomActivityOnCrash! Installing anyway, but your original handler will not be called.
04-07 11:40:46.591 16865 16865 W com.mbwhatsapp: Accessing hidden method Lcom/android/org/conscrypt/OpenSSLSocketImpl;->setUseSessionTickets(Z)V (max- target-q,core-platform-api, reflection, denied)
04-07 11:40:46.592 16865 16865 W com.mbwhatsapp: Accessing hidden method Lcom/android/org/conscrypt/AbstractConscryptSocket;->setUseSessionTickets(Z)V (max- target-q, reflection, denied)
04-07 11:40:46.700 16865 17012 W com.mbwhatsapp: Method void X.2rL.A03(java.lang.Integer) failed lock verification and will run slower.
04-07 11:40:46.700 16865 17012 W com.mbwhatsapp: Common causes for lock verification issues are non-optimized dex code
04-07 11:40:46.700 16865 17012 W com.mbwhatsapp: and incorrect proguard optimizations.
04-07 11:40:46.709 16865 16865 W com.mbwhatsapp: Method void X.0eU.A0h(X.0tK, boolean) failed lock verification and will run slower.
04-07 11:40:46.738 16994 16994 W libprocessgroup: JoinCgroup: controller schedtune is not found
04-07 11:40:46.796 16865 16865 W libc : Access denied finding property "ro.vendor.df.effect.conflict"
04-07 11:40:46.829 16865 16865 W Looper : PerfMonitor looperActivity : package=com.mbwhatsapp/.Icon0 time=128ms latency=693ms procState=-1 historyMsgCount=2 (msgIndex=2 wall=692ms seq=2 late=12ms h=android.app.ActivityThread$H w=110)
04-07 11:40:46.829 16865 16865 W Looper : PerfMonitor looperActivity : package=com.mbwhatsapp/.Icon0 time=0ms latency=814ms procState=-1 historyMsgCount=2 (msgIndex=1 wall=692ms seq=2 late=12ms h=android.app.ActivityThread$H w=110) (msgIndex=2 wall=128ms seq=3 late=693ms h=android.app.ActivityThread$H w=159)
04-07 11:40:46.882 16865 17048 W libc : Access denied finding property "vendor.migl.debug"
04-07 11:40:46.892 16865 16865 W com.mbwhatsapp: Method void com.mbwhatsapp.HomeActivity.A6e() failed lock verification and will run slower.
04-07 11:40:47.290 16865 16865 E ArmVmp : Match on catch block at 0x0a in for 0x7e4e5e4031
04-07 11:40:47.314 16865 16865 E ArmVmp : Match on catch block at 0x0a in for 0x7e4e5e404d
04-07 11:40:47.434 16865 16865 W Activity: Can request only one set of permissions at a time
04-07 11:40:47.482 16865 16865 W MessageMonitor: PerfMonitor: Slow Operation: Activity com.mbwhatsapp/.HomeActivity onCreate took 572ms
04-07 11:40:47.519 16865 17130 W ziparchive: Unable to open '/system/framework/QXPerformance.dm': No such file or directory
04-07 11:40:47.519 16865 17130 W ziparchive: Unable to open '/system/framework/QXPerformance.dm': No such file or directory
04-07 11:40:47.525 16865 16865 W OpenGLRenderer: Unknown dataspace 0
04-07 11:40:47.546 16865 16865 W Looper : PerfMonitor looperActivity : package=com.mbwhatsapp/.HomeActivity time=0ms latency=689ms procState=-1 historyMsgCount=3 (msgIndex=3 wall=681ms seq=16 late=10ms h=android.app.ActivityThread$H w=159)
04-07 11:40:47.849 16865 17044 E libEGL : pre_cache appList: com.miui.weather2,,
04-07 11:40:47.861 16865 17044 E OpenGLRenderer: Unable to match the desired swap behavior.
04-07 11:40:48.007 16865 16865 E RecyclerView: No adapter attached; skipping layout
04-07 11:40:48.065 16865 17044 E LB : fail to open file: No such file or directory
04-07 11:40:48.065 16865 17044 E LB : fail to open node: No such file or directory
04-07 11:40:48.128 16865 16865 W Looper : PerfMonitor doFrame : time=539ms vsyncFrame=0 latency=39ms procState=-1 historyMsgCount=28
04-07 11:40:48.181 16865 16865 E ArmVmp : Match on catch block at 0x0a in for 0x7e4e5e4035
