04-06 22:03:16.216 5195 5195 W System.err: at androidx.core.app.CoreComponentFactory.instantiateApplication(Unknown Source:0)
04-06 22:03:16.216 5195 5195 W System.err: at android.app.Instrumentation.newApplication(Instrumentation.java:1286)
04-06 22:03:16.216 5195 5195 W System.err: at android.app.LoadedApk.makeApplicationInner(LoadedApk.java:1487)
04-06 22:03:16.216 5195 5195 W System.err: at android.app.LoadedApk.makeApplicationInner(LoadedApk.java:1424)
04-06 22:03:16.216 5195 5195 W System.err: at android.app.ActivityThread.handleBindApplication(ActivityThread.java:7420)
04-06 22:03:16.216 5195 5195 W System.err: at android.app.ActivityThread.-$ $Nest$mhandleBindApplication(Unknown Source:0)
04-06 22:03:16.216 5195 5195 W System.err: at android.app.ActivityThread$H.handleMessage(ActivityThread.java:2374)
04-06 22:03:16.216 5195 5195 W System.err: at android.os.Handler.dispatchMessage(Handler.java:106)
04-06 22:03:16.216 5195 5195 W System.err: at android.os.Looper.loopOnce(Looper.java:224)
04-06 22:03:16.216 5195 5195 W System.err: at android.os.Looper.loop(Looper.java:318)
04-06 22:03:16.216 5195 5195 W System.err: at android.app.ActivityThread.main(ActivityThread.java:8727)
04-06 22:03:16.216 5195 5195 W System.err: at java.lang.reflect.Method.invoke(Native Method)
04-06 22:03:16.216 5195 5195 W System.err: at com.android.internal.os.RuntimeInit$MethodAndArgsCaller.run(RuntimeInit.java:561)
04-06 22:03:16.216 5195 5195 W System.err: at com.android.internal.os.ZygoteInit.main(ZygoteInit.java:1013)
04-06 22:03:16.230 5195 5195 E CustomActivityOnCrash: IMPORTANT WARNING! You already have an UncaughtExceptionHandler, are you sure this is correct? If you use a custom UncaughtExceptionHandler, you must initialize it AFTER CustomActivityOnCrash! Installing anyway, but your original handler will not be called.
04-06 22:03:17.621 5195 5195 W com.mbwhatsapp: Accessing hidden method Lcom/android/org/conscrypt/OpenSSLSocketImpl;->setUseSessionTickets(Z)V (max- target-q,core-platform-api, reflection, denied)
04-06 22:03:17.623 5195 5195 W com.mbwhatsapp: Accessing hidden method Lcom/android/org/conscrypt/AbstractConscryptSocket;->setUseSessionTickets(Z)V (max- target-q, reflection, denied)
04-06 22:03:17.776 5651 5651 W libprocessgroup: JoinCgroup: controller schedtune is not found
04-06 22:03:17.791 5195 5702 W com.mbwhatsapp: Method void X.2rL.A03(java.lang.Integer) failed lock verification and will run slower.
04-06 22:03:17.791 5195 5702 W com.mbwhatsapp: Common causes for lock verification issues are non-optimized dex code
04-06 22:03:17.791 5195 5702 W com.mbwhatsapp: and incorrect proguard optimizations.
04-06 22:03:17.824 5195 5195 W Looper : PerfMonitor longMsg : seq=2 plan=22:03:15.371 late=9ms wall=2409ms h=android.app.ActivityThread$H w=110 procState=-1
04-06 22:03:19.013 5195 5782 E ArmVmp : Match on catch block at 0x02 in for 0x7e4d72e401
04-06 22:03:19.016 5195 5782 W System.err: java.lang.NullPointerException
04-06 22:03:19.052 5195 5782 W System.err: at mbmodsd.mbmodsw.ui.views.toast.GET.A21(Native Method)
04-06 22:03:19.053 5195 5782 W System.err: at mbmodsd.mbmodsw.ui.views.toast.GET.getContactInfoGET(Native Method)
04-06 22:03:19.053 5195 5782 W System.err: at mbmodsd.mbmodsw.ui.views.toast.GET.<init>(Unknown Source:5)
04-06 22:03:19.053 5195 5782 W System.err: at mbmodsd.mbmodsw.ui.views.toast.MBON.shTP(Native Method)
04-06 22:03:19.053 5195 5782 W System.err: at X.1bt.A01(Unknown Source:178)
04-06 22:03:19.053 5195 5782 W System.err: at X.3Uy.A02(Unknown Source:93)
04-06 22:03:19.054 5195 5782 W System.err: at X.3g7.run(Unknown Source:259)
04-06 22:03:19.054 5195 5782 W System.err: at X.0yM.A1J(Unknown Source:2)
04-06 22:03:19.054 5195 5782 W System.err: at X.1nX.run(Unknown Source:91)
04-06 22:03:19.054 5195 5782 W System.err: at java.util.concurrent.ThreadPoolExecutor.runWorker(ThreadPoolExecutor.java:1145)
04-06 22:03:19.054 5195 5782 W System.err: at java.util.concurrent.ThreadPoolExecutor$Worker.run(ThreadPoolExecutor.java:644)
04-06 22:03:19.054 5195 5782 W System.err: at X.3gH.run(Unknown Source:1548)
04-06 22:03:19.054 5195 5782 W System.err: at java.lang.Thread.run(Thread.java:1012)
04-06 22:03:19.352 5195 5874 W com.mbwhatsapp: Accessing hidden method Landroid/app/MiuiNotification;-><init>()V (blocked, reflection, denied)
04-06 22:03:19.390 5195 5874 W com.mbwhatsapp: Accessing hidden method Landroid/app/MiuiNotification;-><init>()V (blocked, reflection, denied)
04-06 22:03:19.569 5195 5874 W com.mbwhatsapp: Accessing hidden method Landroid/app/MiuiNotification;-><init>()V (blocked, reflection, denied)
04-06 22:03:19.636 5195 5874 W com.mbwhatsapp: Accessing hidden method Landroid/app/MiuiNotification;-><init>()V (blocked, reflection, denied)
04-06 22:03:19.703 5195 5874 W com.mbwhatsapp: Accessing hidden method Landroid/app/MiuiNotification;-><init>()V (blocked, reflection, denied)
04-06 22:03:19.730 5195 5874 W com.mbwhatsapp: Accessing hidden method Landroid/app/MiuiNotification;-><init>()V (blocked, reflection, denied)
04-06 22:03:19.731 5195 5786 W com.mbwhatsapp: Long monitor contention with owner MBWhatsApp Worker #1 (5702) at void X.3HE.A0S()(:-1) waiters=0 in X.2VF X.3HE.A07() for 133ms
04-06 22:03:19.793 5195 5874 W com.mbwhatsapp: Accessing hidden method Landroid/app/MiuiNotification;-><init>()V (blocked, reflection, denied)
04-06 22:03:19.825 5195 5874 W com.mbwhatsapp: Accessing hidden method Landroid/app/MiuiNotification;-><init>()V (blocked, reflection, denied)
04-06 22:03:19.849 5195 5874 W com.mbwhatsapp: Accessing hidden method Landroid/app/MiuiNotification;-><init>()V (blocked, reflection, denied)
04-06 22:03:19.905 5195 5874 W com.mbwhatsapp: Accessing hidden method Landroid/app/MiuiNotification;-><init>()V (blocked, reflection, denied)
04-06 22:03:19.957 5195 5874 W com.mbwhatsapp: Accessing hidden method Landroid/app/MiuiNotification;-><init>()V (blocked, reflection, denied)
04-06 22:03:21.594 5195 5878 W BpBinder: PerfMonitor binderTransact: time=212ms interface=android.media.IMediaMetadataRetriever code=3
04-06 22:03:21.729 5195 5695 E SQLiteDatabase: Error inserting transferred=1 media_job_uuid=1271b9b2-6d94-4ff1-8771-6f675fdd64b6 transcoded=0 gif_attribution=0 first_scan_length=0 direct_path=/v/t62.7161- 24/11980824_392210727070693_4825890959959401931_n.enc?ccb=11- 4&oh=01_ASAtHM6xHadXD9FfaOBaK9ivADRY-ZIh_EC_UayVpc1JLA&oe=6638E79F&_nc_sid=5e03e0 thumbnail_height_width_ratio=1.0 is_animated_sticker=0 file_hash=oa7B5rCCEWsxyLWFkSA6ejfs90kK11XNRdHcQ6yzdhc= file_path=Media/.Statuses/0ea9d5b737be49949df19c366c33403f.mp4 file_size=427831 partial_media_hash=null face_x=0 face_y=0 height=576 trim_to=0 media_key_timestamp=1712418160000 message_url=https://mmg.whatsapp.net/v/t62.7161- 24/11980824_392210727070693_4825890959959401931_n.enc?ccb=11- 4&oh=01_ASAtHM6xHadXD9FfaOBaK9ivADRY- ZIh_EC_UayVpc1JLA&oe=6638E79F&_nc_sid=5e03e0&mms3=true media_caption=null trim_from=0 mime_type=video/mp4 partial_media_enc_hash=null width=576 original_file_hash=null has_streaming_sidecar=1 autotransfer_retry_enabled=1 media_upload_handle=null message_row_id=46 multicast_id=null enc_file_hash=ovl1lEjpxu7lo5AkkbSuN1q2wwBog1pTwEoJyxvRSOU= mute_video=0 page_count=0 first_scan_sidecar=null suspicious_content=0 file_length=427831 media_name=null media_duration=2 chat_row_id=5 media_key=[B@42794f7
04-06 22:03:21.729 5195 5695 E SQLiteDatabase: android.database.sqlite.SQLiteConstraintException: UNIQUE constraint failed: message_media.message_row_id (code 1555 SQLITE_CONSTRAINT_PRIMARYKEY)
04-06 22:03:21.729 5195 5695 E SQLiteDatabase: at android.database.sqlite.SQLiteConnection.nativeExecuteForLastInsertedRowId(Native Method)
04-06 22:03:21.729 5195 5695 E SQLiteDatabase: at android.database.sqlite.SQLiteConnection.executeForLastInsertedRowId(SQLiteConnecti on.java:961)
04-06 22:03:21.729 5195 5695 E SQLiteDatabase: at android.database.sqlite.SQLiteSession.executeForLastInsertedRowId(SQLiteSession.jav a:790)
04-06 22:03:21.729 5195 5695 E SQLiteDatabase: at android.database.sqlite.SQLiteStatement.executeInsert(SQLiteStatement.java:89)
04-06 22:03:21.729 5195 5695 E SQLiteDatabase: at android.database.sqlite.SQLiteDatabase.insertWithOnConflict(SQLiteDatabase.java:187 0)
04-06 22:03:21.729 5195 5695 E SQLiteDatabase: at android.database.sqlite.SQLiteDatabase.insert(SQLiteDatabase.java:1739)
04-06 22:03:21.729 5195 5695 E SQLiteDatabase: at X.2tm.A08(Unknown Source:6)
04-06 22:03:21.729 5195 5695 E SQLiteDatabase: at X.35Y.A07(Unknown Source:212)
04-06 22:03:21.729 5195 5695 E SQLiteDatabase: at X.3QF.A14(Unknown Source:470)
04-06 22:03:21.729 5195 5695 E SQLiteDatabase: at X.3gU.run(Unknown Source:982)
04-06 22:03:21.729 5195 5695 E SQLiteDatabase: at android.os.Handler.handleCallback(Handler.java:958)
04-06 22:03:21.729 5195 5695 E SQLiteDatabase: at android.os.Handler.dispatchMessage(Handler.java:99)
04-06 22:03:21.729 5195 5695 E SQLiteDatabase: at X.0zq.dispatchMessage(Unknown Source:4)
04-06 22:03:21.729 5195 5695 E SQLiteDatabase: at android.os.Looper.loopOnce(Looper.java:224)
04-06 22:03:21.729 5195 5695 E SQLiteDatabase: at android.os.Looper.loop(Looper.java:318)
04-06 22:03:21.729 5195 5695 E SQLiteDatabase: at android.os.HandlerThread.run(HandlerThread.java:67)
04-06 22:03:21.743 5195 5874 W com.mbwhatsapp: Accessing hidden method Landroid/app/MiuiNotification;-><init>()V (blocked, reflection, denied)
04-06 22:03:21.988 5195 5783 W com.mbwhatsapp: Long monitor contention with owner MBWhatsApp Worker #3 (5735) at void X.3Go.A00(boolean)(:-1) waiters=0 in void X.3Go.A00(boolean) for 3.873s
04-06 22:03:23.809 5195 5812 W BpBinder: PerfMonitor binderTransact: time=273ms interface=android.content.IContentProvider code=1
04-06 22:03:24.151 5195 5195 W JobService: onNetworkChanged() not implemented in androidx.work.impl.background.systemjob.SystemJobService. Must override in a subclass.
04-06 22:03:24.787 5195 5695 E SQLiteDatabase: Error inserting transferred=0 media_job_uuid=cc56e977-9bb0-4a61-a068-bdc76c753ca5 transcoded=0 gif_attribution=0 first_scan_length=0 direct_path=/v/t62.7161- 24/33305476_421034993745271_8662149606409221024_n.enc?ccb=11- 4&oh=01_ASAjZd3rwYVZ6Vhzg0_eqNB7nnv1P9f1Z1hMHlAbQgu61A&oe=6638D906&_nc_sid=5e03e0 thumbnail_height_width_ratio=1.7777778 is_animated_sticker=0 file_hash=S/bY5+cDgDBd8BWwa2lRdnXqEEYRvx3Bs22T7mjlVMk= file_path=null file_size=0 partial_media_hash=null face_x=0 face_y=0 height=640 trim_to=0 media_key_timestamp=1712418395000 message_url=https://mmg.whatsapp.net/v/t62.7161- 24/33305476_421034993745271_8662149606409221024_n.enc?ccb=11- 4&oh=01_ASAjZd3rwYVZ6Vhzg0_eqNB7nnv1P9f1Z1hMHlAbQgu61A&oe=6638D906&_nc_sid=5e03e0&m ms3=true media_caption=null trim_from=0 mime_type=video/mp4 partial_media_enc_hash=null width=360 original_file_hash=null has_streaming_sidecar=1 autotransfer_retry_enabled=1 media_upload_handle=null message_row_id=47 multicast_id=null enc_file_hash=fJBGgYY5Q1KNTIRFTPaAOPK8bu9bWBAKQLNP2ps32Hw= mute_video=0 page_count=0 first_scan_sidecar=null suspicious_content=0 file_length=5295052 media_name=null media_duration=25 chat_row_id=5 media_key=[B@8074c77
04-06 22:03:24.787 5195 5695 E SQLiteDatabase: android.database.sqlite.SQLiteConstraintException: UNIQUE constraint failed: message_media.message_row_id (code 1555 SQLITE_CONSTRAINT_PRIMARYKEY)
04-06 22:03:24.787 5195 5695 E SQLiteDatabase: at android.database.sqlite.SQLiteConnection.nativeExecuteForLastInsertedRowId(Native Method)
04-06 22:03:24.787 5195 5695 E SQLiteDatabase: at android.database.sqlite.SQLiteConnection.executeForLastInsertedRowId(SQLiteConnecti on.java:961)
04-06 22:03:24.787 5195 5695 E SQLiteDatabase: at android.database.sqlite.SQLiteSession.executeForLastInsertedRowId(SQLiteSession.jav a:790)
04-06 22:03:24.787 5195 5695 E SQLiteDatabase: at android.database.sqlite.SQLiteStatement.executeInsert(SQLiteStatement.java:89)
04-06 22:03:24.787 5195 5695 E SQLiteDatabase: at android.database.sqlite.SQLiteDatabase.insertWithOnConflict(SQLiteDatabase.java:187 0)
04-06 22:03:24.787 5195 5695 E SQLiteDatabase: at android.database.sqlite.SQLiteDatabase.insert(SQLiteDatabase.java:1739)
04-06 22:03:24.787 5195 5695 E SQLiteDatabase: at X.2tm.A08(Unknown Source:6)
04-06 22:03:24.787 5195 5695 E SQLiteDatabase: at X.35Y.A07(Unknown Source:212)
04-06 22:03:24.787 5195 5695 E SQLiteDatabase: at X.3QF.A14(Unknown Source:470)
04-06 22:03:24.787 5195 5695 E SQLiteDatabase: at X.3gU.run(Unknown Source:982)
04-06 22:03:24.787 5195 5695 E SQLiteDatabase: at android.os.Handler.handleCallback(Handler.java:958)
04-06 22:03:24.787 5195 5695 E SQLiteDatabase: at android.os.Handler.dispatchMessage(Handler.java:99)
04-06 22:03:24.787 5195 5695 E SQLiteDatabase: at X.0zq.dispatchMessage(Unknown Source:4)
04-06 22:03:24.787 5195 5695 E SQLiteDatabase: at android.os.Looper.loopOnce(Looper.java:224)
04-06 22:03:24.787 5195 5695 E SQLiteDatabase: at android.os.Looper.loop(Looper.java:318)
04-06 22:03:24.787 5195 5695 E SQLiteDatabase: at android.os.HandlerThread.run(HandlerThread.java:67)
04-06 22:03:24.830 5195 5874 W com.mbwhatsapp: Accessing hidden method Landroid/app/MiuiNotification;-><init>()V (blocked, reflection, denied)
04-06 22:03:25.487 5195 5209 W com.mbwhatsapp: ApkAssets: Deleting an ApkAssets object '<empty> and /data/app/~~hY8pmAMr3HRoyKOi1R0b9w==/com.aerowtsapp- 6kL3U4p_g534y-mBboxy_A==/base.apk' with 1 weak references
04-06 22:03:25.490 5195 5209 W com.mbwhatsapp: ApkAssets: Deleting an ApkAssets object '<empty> and /data/app/~~orXk74Jjafb4iDFo-nDEIw==/com.facebook.katana- yuBvvmVptDWkBKop8R2U_A==/base.apk' with 1 weak references
04-06 22:03:25.491 5195 5209 W com.mbwhatsapp: ApkAssets: Deleting an ApkAssets object '<empty> and /data/app/~~orXk74Jjafb4iDFo-nDEIw==/com.facebook.katana- yuBvvmVptDWkBKop8R2U_A==/split_arservicesoptional.apk' with 1 weak references
04-06 22:03:25.491 5195 5209 W com.mbwhatsapp: ApkAssets: Deleting an ApkAssets object '<empty> and /data/app/~~orXk74Jjafb4iDFo-nDEIw==/com.facebook.katana- yuBvvmVptDWkBKop8R2U_A==/split_cgnativeplayer.apk' with 1 weak references
04-06 22:03:25.491 5195 5209 W com.mbwhatsapp: ApkAssets: Deleting an ApkAssets object '<empty> and /data/app/~~orXk74Jjafb4iDFo-nDEIw==/com.facebook.katana- yuBvvmVptDWkBKop8R2U_A==/split_cgwebrtc.apk' with 1 weak references
04-06 22:03:25.491 5195 5209 W com.mbwhatsapp: ApkAssets: Deleting an ApkAssets object '<empty> and /data/app/~~orXk74Jjafb4iDFo-nDEIw==/com.facebook.katana- yuBvvmVptDWkBKop8R2U_A==/split_i18n_es_LA.apk' with 1 weak references
04-06 22:03:25.491 5195 5209 W com.mbwhatsapp: ApkAssets: Deleting an ApkAssets object '<empty> and /data/app/~~orXk74Jjafb4iDFo-nDEIw==/com.facebook.katana- yuBvvmVptDWkBKop8R2U_A==/split_instantgames.apk' with 1 weak references
04-06 22:03:25.491 5195 5209 W com.mbwhatsapp: ApkAssets: Deleting an ApkAssets object '<empty> and /data/app/~~orXk74Jjafb4iDFo-nDEIw==/com.facebook.katana- yuBvvmVptDWkBKop8R2U_A==/split_instantgamesads.apk' with 1 weak references
04-06 22:03:25.491 5195 5209 W com.mbwhatsapp: ApkAssets: Deleting an ApkAssets object '<empty> and /data/app/~~orXk74Jjafb4iDFo-nDEIw==/com.facebook.katana- yuBvvmVptDWkBKop8R2U_A==/split_papaya.apk' with 1 weak references
04-06 22:03:25.491 5195 5209 W com.mbwhatsapp: ApkAssets: Deleting an ApkAssets object '<empty> and /data/app/~~orXk74Jjafb4iDFo-nDEIw==/com.facebook.katana- yuBvvmVptDWkBKop8R2U_A==/split_papayaanalyticstorch.apk' with 1 weak references
04-06 22:03:25.491 5195 5209 W com.mbwhatsapp: ApkAssets: Deleting an ApkAssets object '<empty> and /data/app/~~orXk74Jjafb4iDFo-nDEIw==/com.facebook.katana- yuBvvmVptDWkBKop8R2U_A==/split_papayatorch.apk' with 1 weak references
04-06 22:03:25.491 5195 5209 W com.mbwhatsapp: ApkAssets: Deleting an ApkAssets object '<empty> and /data/app/~~orXk74Jjafb4iDFo-nDEIw==/com.facebook.katana- yuBvvmVptDWkBKop8R2U_A==/split_pytorch.apk' with 1 weak references
04-06 22:03:25.491 5195 5209 W com.mbwhatsapp: ApkAssets: Deleting an ApkAssets object '<empty> and /data/app/~~orXk74Jjafb4iDFo-nDEIw==/com.facebook.katana- yuBvvmVptDWkBKop8R2U_A==/split_s_arservicesoptional_slam.apk' with 1 weak references
04-06 22:03:25.491 5195 5209 W com.mbwhatsapp: ApkAssets: Deleting an ApkAssets object '<empty> and /data/app/~~orXk74Jjafb4iDFo-nDEIw==/com.facebook.katana- yuBvvmVptDWkBKop8R2U_A==/split_s_cgwebrtc_horizon.apk' with 1 weak references
04-06 22:03:25.492 5195 5209 W com.mbwhatsapp: ApkAssets: Deleting an ApkAssets object '<empty> and /data/app/~~orXk74Jjafb4iDFo-nDEIw==/com.facebook.katana- yuBvvmVptDWkBKop8R2U_A==/split_s_papaya_torchedlooper.apk' with 1 weak references
04-06 22:03:25.492 5195 5209 W com.mbwhatsapp: ApkAssets: Deleting an ApkAssets object '<empty> and /data/app/~~orXk74Jjafb4iDFo-nDEIw==/com.facebook.katana- yuBvvmVptDWkBKop8R2U_A==/split_s_papayaanalyticstorch_papayatorch.apk' with 1 weak references
04-06 22:03:25.492 5195 5209 W com.mbwhatsapp: ApkAssets: Deleting an ApkAssets object '<empty> and /data/app/~~orXk74Jjafb4iDFo-nDEIw==/com.facebook.katana- yuBvvmVptDWkBKop8R2U_A==/ split_s_papayaanalyticstorch_papayatorch_torchedlooper.apk' with 1 weak references
04-06 22:03:25.492 5195 5209 W com.mbwhatsapp: ApkAssets: Deleting an ApkAssets object '<empty> and /data/app/~~orXk74Jjafb4iDFo-nDEIw==/com.facebook.katana- yuBvvmVptDWkBKop8R2U_A==/split_s_papayatorch_torchedlooper.apk' with 1 weak references
04-06 22:03:25.492 5195 5209 W com.mbwhatsapp: ApkAssets: Deleting an ApkAssets object '<empty> and /data/app/~~orXk74Jjafb4iDFo-nDEIw==/com.facebook.katana- yuBvvmVptDWkBKop8R2U_A==/split_slam.apk' with 1 weak references
04-06 22:03:25.494 5195 5731 E WM-WorkerWrapper: Work [ id=9f94ce36-bb80-4249- bb08-35396b534012, tags={ com.mbwhatsapp.privacy.protocol.xmpp.DisclosureGetStageByIdsWorker, tag.whatsapp.privacy.GetDisclosureStageByIds } ] failed because it threw an exception/error
04-06 22:03:25.494 5195 5731 E WM-WorkerWrapper: java.util.concurrent.ExecutionException: X.0pD: The completer object was garbage collected - this future would otherwise never complete. The tag was: Failure {mOutputData=Data {}}
04-06 22:03:25.494 5195 5731 E WM-WorkerWrapper: at X.0i9.A02(Unknown Source:20)
04-06 22:03:25.494 5195 5731 E WM-WorkerWrapper: at X.0i9.get(Unknown Source:47)
04-06 22:03:25.494 5195 5731 E WM-WorkerWrapper: at X.0lz.run(Unknown Source:4)
04-06 22:03:25.494 5195 5731 E WM-WorkerWrapper: at X.0m4.run(Unknown Source:2)
04-06 22:03:25.494 5195 5731 E WM-WorkerWrapper: at java.util.concurrent.ThreadPoolExecutor.runWorker(ThreadPoolExecutor.java:1145)
04-06 22:03:25.494 5195 5731 E WM-WorkerWrapper: at java.util.concurrent.ThreadPoolExecutor$Worker.run(ThreadPoolExecutor.java:644)
04-06 22:03:25.494 5195 5731 E WM-WorkerWrapper: at java.lang.Thread.run(Thread.java:1012)
04-06 22:03:25.494 5195 5731 E WM-WorkerWrapper: Caused by: X.0pD: The completer object was garbage collected - this future would otherwise never complete. The tag was: Failure {mOutputData=Data {}}
04-06 22:03:25.496 5195 5209 W com.mbwhatsapp: ApkAssets: Deleting an ApkAssets object '<empty> and /data/app/~~Z8XME-qtx_raWD4fBfjZUg==/com.facebook.lite- AYhDlVXkZEYInt-DbIjHMw==/base.apk' with 1 weak references
04-06 22:03:25.496 5195 5209 W com.mbwhatsapp: ApkAssets: Deleting an ApkAssets object '<empty> and /data/app/~~Z8XME-qtx_raWD4fBfjZUg==/com.facebook.lite- AYhDlVXkZEYInt-DbIjHMw==/split_boost.apk' with 1 weak references
04-06 22:03:25.497 5195 5209 W com.mbwhatsapp: ApkAssets: Deleting an ApkAssets object '<empty> and /data/app/~~Z8XME-qtx_raWD4fBfjZUg==/com.facebook.lite- AYhDlVXkZEYInt-DbIjHMw==/split_camera.apk' with 1 weak references
04-06 22:03:25.497 5195 5209 W com.mbwhatsapp: ApkAssets: Deleting an ApkAssets object '<empty> and /data/app/~~Z8XME-qtx_raWD4fBfjZUg==/com.facebook.lite- AYhDlVXkZEYInt-DbIjHMw==/split_fizz.apk' with 1 weak references
04-06 22:03:25.497 5195 5209 W com.mbwhatsapp: ApkAssets: Deleting an ApkAssets object '<empty> and /data/app/~~Z8XME-qtx_raWD4fBfjZUg==/com.facebook.lite- AYhDlVXkZEYInt-DbIjHMw==/split_heroplayer.apk' with 1 weak references
04-06 22:03:25.497 5195 5209 W com.mbwhatsapp: ApkAssets: Deleting an ApkAssets object '<empty> and /data/app/~~Z8XME-qtx_raWD4fBfjZUg==/com.facebook.lite- AYhDlVXkZEYInt-DbIjHMw==/split_inappbrowser.apk' with 1 weak references
04-06 22:03:25.498 5195 5209 W com.mbwhatsapp: ApkAssets: Deleting an ApkAssets object '<empty> and /data/app/~~Z8XME-qtx_raWD4fBfjZUg==/com.facebook.lite- AYhDlVXkZEYInt-DbIjHMw==/split_mns.apk' with 1 weak references
04-06 22:03:25.498 5195 5209 W com.mbwhatsapp: ApkAssets: Deleting an ApkAssets object '<empty> and /data/app/~~Z8XME-qtx_raWD4fBfjZUg==/com.facebook.lite- AYhDlVXkZEYInt-DbIjHMw==/split_mnshttp.apk' with 1 weak references
04-06 22:03:25.498 5195 5209 W com.mbwhatsapp: ApkAssets: Deleting an ApkAssets object '<empty> and /data/app/~~Z8XME-qtx_raWD4fBfjZUg==/com.facebook.lite- AYhDlVXkZEYInt-DbIjHMw==/split_msys.apk' with 1 weak references
04-06 22:03:25.498 5195 5209 W com.mbwhatsapp: ApkAssets: Deleting an ApkAssets object '<empty> and /data/app/~~Z8XME-qtx_raWD4fBfjZUg==/com.facebook.lite- AYhDlVXkZEYInt-DbIjHMw==/split_msysinfra.apk' with 1 weak references
04-06 22:03:25.498 5195 5209 W com.mbwhatsapp: ApkAssets: Deleting an ApkAssets object '<empty> and /data/app/~~Z8XME-qtx_raWD4fBfjZUg==/com.facebook.lite- AYhDlVXkZEYInt-DbIjHMw==/split_s_1214477034.apk' with 1 weak references
04-06 22:03:25.498 5195 5209 W com.mbwhatsapp: ApkAssets: Deleting an ApkAssets object '<empty> and /data/app/~~Z8XME-qtx_raWD4fBfjZUg==/com.facebook.lite- AYhDlVXkZEYInt-DbIjHMw==/split_s_blokscamera_boost.apk' with 1 weak references
04-06 22:03:25.498 5195 5209 W com.mbwhatsapp: ApkAssets: Deleting an ApkAssets object '<empty> and /data/app/~~Z8XME-qtx_raWD4fBfjZUg==/com.facebook.lite- AYhDlVXkZEYInt-DbIjHMw==/split_s_blokscamera_camera.apk' with 1 weak references
04-06 22:03:25.499 5195 5209 W com.mbwhatsapp: ApkAssets: Deleting an ApkAssets object '<empty> and /data/app/~~Z8XME-qtx_raWD4fBfjZUg==/com.facebook.lite- AYhDlVXkZEYInt-DbIjHMw==/split_s_blokscamera_msysinfra.apk' with 1 weak references
04-06 22:03:25.499 5195 5209 W com.mbwhatsapp: ApkAssets: Deleting an ApkAssets object '<empty> and /data/app/~~Z8XME-qtx_raWD4fBfjZUg==/com.facebook.lite- AYhDlVXkZEYInt-DbIjHMw==/split_s_boost_profilo.apk' with 1 weak references
04-06 22:03:25.499 5195 5209 W com.mbwhatsapp: ApkAssets: Deleting an ApkAssets object '<empty> and /data/app/~~Z8XME-qtx_raWD4fBfjZUg==/com.facebook.lite- AYhDlVXkZEYInt-DbIjHMw==/split_s_fizz_msys.apk' with 1 weak references
04-06 22:03:25.499 5195 5209 W com.mbwhatsapp: ApkAssets: Deleting an ApkAssets object '<empty> and /data/app/~~Z8XME-qtx_raWD4fBfjZUg==/com.facebook.lite- AYhDlVXkZEYInt-DbIjHMw==/split_s_heroplayer_rtc.apk' with 1 weak references
04-06 22:03:25.499 5195 5209 W com.mbwhatsapp: ApkAssets: Deleting an ApkAssets object '<empty> and /data/app/~~Z8XME-qtx_raWD4fBfjZUg==/com.facebook.lite- AYhDlVXkZEYInt-DbIjHMw==/split_s_mediastreaming_msys_rtc.apk' with 1 weak references
04-06 22:03:25.500 5195 5209 W com.mbwhatsapp: ApkAssets: Deleting an ApkAssets object '<empty> and /data/app/~~Z8XME-qtx_raWD4fBfjZUg==/com.facebook.lite- AYhDlVXkZEYInt-DbIjHMw==/split_s_mediastreaming_msysinfra.apk' with 1 weak references
04-06 22:03:25.500 5195 5209 W com.mbwhatsapp: ApkAssets: Deleting an ApkAssets object '<empty> and /data/app/~~Z8XME-qtx_raWD4fBfjZUg==/com.facebook.lite- AYhDlVXkZEYInt-DbIjHMw==/split_s_mnshttp_msys.apk' with 1 weak references
04-06 22:03:25.500 5195 5209 W com.mbwhatsapp: ApkAssets: Deleting an ApkAssets object '<empty> and /data/app/~~Z8XME-qtx_raWD4fBfjZUg==/com.facebook.lite- AYhDlVXkZEYInt-DbIjHMw==/split_s_msys_rtc.apk' with 1 weak references
04-06 22:03:25.500 5195 5209 W com.mbwhatsapp: ApkAssets: Deleting an ApkAssets object '<empty> and /data/app/~~Z8XME-qtx_raWD4fBfjZUg==/com.facebook.lite- AYhDlVXkZEYInt-DbIjHMw==/split_shared_fizz_ms_profilo.apk' with 1 weak references
04-06 22:03:25.500 5195 5209 W com.mbwhatsapp: ApkAssets: Deleting an ApkAssets object '<empty> and /data/app/~~nN3QFIHTDl9VVzYTOWuTHQ==/com.facebook.orca- GGmY6ZHMsDV5ojfeLc6QVQ==/base.apk' with 1 weak references
04-06 22:03:25.501 5195 5209 W com.mbwhatsapp: ApkAssets: Deleting an ApkAssets object '<empty> and /data/app/~~nN3QFIHTDl9VVzYTOWuTHQ==/com.facebook.orca- GGmY6ZHMsDV5ojfeLc6QVQ==/split_arsegmentation.apk' with 1 weak references
04-06 22:03:25.501 5195 5209 W com.mbwhatsapp: ApkAssets: Deleting an ApkAssets object '<empty> and /data/app/~~nN3QFIHTDl9VVzYTOWuTHQ==/com.facebook.orca- GGmY6ZHMsDV5ojfeLc6QVQ==/split_arservicesforexpressionfitting.apk' with 1 weak references
04-06 22:03:25.501 5195 5209 W com.mbwhatsapp: ApkAssets: Deleting an ApkAssets object '<empty> and /data/app/~~nN3QFIHTDl9VVzYTOWuTHQ==/com.facebook.orca- GGmY6ZHMsDV5ojfeLc6QVQ==/split_arservicesforruntimerigmapping.apk' with 1 weak references
04-06 22:03:25.501 5195 5209 W com.mbwhatsapp: ApkAssets: Deleting an ApkAssets object '<empty> and /data/app/~~nN3QFIHTDl9VVzYTOWuTHQ==/com.facebook.orca- GGmY6ZHMsDV5ojfeLc6QVQ==/split_i18n_es_LA.apk' with 1 weak references
04-06 22:03:25.502 5195 5209 W com.mbwhatsapp: ApkAssets: Deleting an ApkAssets object '<empty> and /data/app/~~NRO3KPVr1VpC3fIOea-4Pg==/com.instagram.android- DyItsp4XT7jIlWzWQvSgmw==/base.apk' with 1 weak references
04-06 22:03:25.503 5195 5209 W com.mbwhatsapp: ApkAssets: Deleting an ApkAssets object '<empty> and /data/app/~~NRO3KPVr1VpC3fIOea-4Pg==/com.instagram.android- DyItsp4XT7jIlWzWQvSgmw==/split_arservicesforhairsegmentation.apk' with 1 weak references
04-06 22:03:25.503 5195 5209 W com.mbwhatsapp: ApkAssets: Deleting an ApkAssets object '<empty> and /data/app/~~NRO3KPVr1VpC3fIOea-4Pg==/com.instagram.android- DyItsp4XT7jIlWzWQvSgmw==/split_arservicesforpersonsegmentation.apk' with 1 weak references
04-06 22:03:25.503 5195 5209 W com.mbwhatsapp: ApkAssets: Deleting an ApkAssets object '<empty> and /data/app/~~NRO3KPVr1VpC3fIOea-4Pg==/com.instagram.android- DyItsp4XT7jIlWzWQvSgmw==/split_arservicesfortargettracking.apk' with 1 weak references
04-06 22:03:25.503 5195 5209 W com.mbwhatsapp: ApkAssets: Deleting an ApkAssets object '<empty> and /data/app/~~NRO3KPVr1VpC3fIOea-4Pg==/com.instagram.android- DyItsp4XT7jIlWzWQvSgmw==/split_arservicesforunifiedtargettracking.apk' with 1 weak references
04-06 22:03:25.503 5195 5209 W com.mbwhatsapp: ApkAssets: Deleting an ApkAssets object '<empty> and /data/app/~~NRO3KPVr1VpC3fIOea-4Pg==/com.instagram.android- DyItsp4XT7jIlWzWQvSgmw==/split_arservicesforwolf.apk' with 1 weak references
04-06 22:03:25.503 5195 5209 W com.mbwhatsapp: ApkAssets: Deleting an ApkAssets object '<empty> and /data/app/~~NRO3KPVr1VpC3fIOea-4Pg==/com.instagram.android- DyItsp4XT7jIlWzWQvSgmw==/split_i18n_es_LA.apk' with 1 weak references
04-06 22:03:25.503 5195 5209 W com.mbwhatsapp: ApkAssets: Deleting an ApkAssets object '<empty> and /data/app/~~NRO3KPVr1VpC3fIOea-4Pg==/com.instagram.android- DyItsp4XT7jIlWzWQvSgmw==/split_pytorch.apk' with 1 weak references
04-06 22:03:25.504 5195 5209 W com.mbwhatsapp: ApkAssets: Deleting an ApkAssets object '<empty> and /data/app/~~NRO3KPVr1VpC3fIOea-4Pg==/com.instagram.android- DyItsp4XT7jIlWzWQvSgmw==/split_s_590158924.apk' with 1 weak references
04-06 22:03:25.504 5195 5209 W com.mbwhatsapp: ApkAssets: Deleting an ApkAssets object '<empty> and /data/app/~~NRO3KPVr1VpC3fIOea-4Pg==/com.instagram.android- DyItsp4XT7jIlWzWQvSgmw==/split_s_710768825.apk' with 1 weak references
04-06 22:03:25.504 5195 5209 W com.mbwhatsapp: ApkAssets: Deleting an ApkAssets object '<empty> and /data/app/~~NRO3KPVr1VpC3fIOea-4Pg==/com.instagram.android- DyItsp4XT7jIlWzWQvSgmw==/split_s_executorch_pytorch.apk' with 1 weak references
04-06 22:03:25.504 5195 5209 W com.mbwhatsapp: ApkAssets: Deleting an ApkAssets object '<empty> and /data/app/~~NRO3KPVr1VpC3fIOea-4Pg==/com.instagram.android- DyItsp4XT7jIlWzWQvSgmw==/split_slam.apk' with 1 weak references
04-06 22:03:25.504 5195 5209 W com.mbwhatsapp: ApkAssets: Deleting an ApkAssets object '<empty> and /data/app/~~2qL1V41MKRup93p1-BPrdg==/com.whatsapp.w4b- TsQxKwxwMCfOQgcPyAuhNQ==/base.apk' with 1 weak references
04-06 22:03:25.546 5195 5695 E SQLiteDatabase: Error inserting transferred=1 media_job_uuid=d4397fe1-4913-4cc9-b7d4-af9d4db07b8c transcoded=0 gif_attribution=0 first_scan_length=2754 direct_path=/o1/v/t62.7118-24/f1/m269/up-oil-image-9ad9c89e- 3fd2-4802-81ad-0c95b0d49e5d?ccb=9- 4&oh=01_ASD5ehiDMAwoFlxp_TraReMHSpKnYH1LZfqsV6bVMZIrLw&oe=66396308&_nc_sid=000000 thumbnail_height_width_ratio=0.4375 is_animated_sticker=0 file_hash=z9wSj9Ap06EPNp16FCf5cU45BKeKcQeDpJiHZKhZYYE= file_path=Media/.Statuses/b25fc21918dc4e678c4b53c44e074a14.jpg file_size=17064 partial_media_hash=vYS+QfvmrjPpyKi3p42SIueB3H2eKRd/HBlZMW0pMCI= face_x=0 face_y=0 height=474 trim_to=0 media_key_timestamp=1712455605000 message_url=https://mmg.whatsapp.net/o1/v/t62.7118-24/f1/m269/up-oil-image- 9ad9c89e-3fd2-4802-81ad-0c95b0d49e5d?ccb=9- 4&oh=01_ASD5ehiDMAwoFlxp_TraReMHSpKnYH1LZfqsV6bVMZIrLw&oe=66396308&_nc_sid=000000&m ms3=true media_caption=null trim_from=0 mime_type=image/jpeg partial_media_enc_hash=null width=1080 original_file_hash=null has_streaming_sidecar=1 autotransfer_retry_enabled=1 media_upload_handle=null message_row_id=56 multicast_id=null enc_file_hash=HrG2RLQ1O6HQw7vejVFVVll4teW229KXLNzSkgTAIGw= mute_video=0 page_count=0 first_scan_sidecar=[B@df94912 suspicious_content=0 file_length=17064 media_name=null media_duration=0 chat_row_id=5 media_key=[B@d53c8e3
04-06 22:03:25.546 5195 5695 E SQLiteDatabase: android.database.sqlite.SQLiteConstraintException: UNIQUE constraint failed: message_media.message_row_id (code 1555 SQLITE_CONSTRAINT_PRIMARYKEY)
04-06 22:03:25.546 5195 5695 E SQLiteDatabase: at android.database.sqlite.SQLiteConnection.nativeExecuteForLastInsertedRowId(Native Method)
04-06 22:03:25.546 5195 5695 E SQLiteDatabase: at android.database.sqlite.SQLiteConnection.executeForLastInsertedRowId(SQLiteConnecti on.java:961)
04-06 22:03:25.546 5195 5695 E SQLiteDatabase: at android.database.sqlite.SQLiteSession.executeForLastInsertedRowId(SQLiteSession.jav a:790)
04-06 22:03:25.546 5195 5695 E SQLiteDatabase: at android.database.sqlite.SQLiteStatement.executeInsert(SQLiteStatement.java:89)
04-06 22:03:25.546 5195 5695 E SQLiteDatabase: at android.database.sqlite.SQLiteDatabase.insertWithOnConflict(SQLiteDatabase.java:187 0)
04-06 22:03:25.546 5195 5695 E SQLiteDatabase: at android.database.sqlite.SQLiteDatabase.insert(SQLiteDatabase.java:1739)
04-06 22:03:25.546 5195 5695 E SQLiteDatabase: at X.2tm.A08(Unknown Source:6)
04-06 22:03:25.546 5195 5695 E SQLiteDatabase: at X.35Y.A07(Unknown Source:212)
04-06 22:03:25.546 5195 5695 E SQLiteDatabase: at X.3QF.A14(Unknown Source:470)
04-06 22:03:25.546 5195 5695 E SQLiteDatabase: at X.3gU.run(Unknown Source:982)
04-06 22:03:25.546 5195 5695 E SQLiteDatabase: at android.os.Handler.handleCallback(Handler.java:958)
04-06 22:03:25.546 5195 5695 E SQLiteDatabase: at android.os.Handler.dispatchMessage(Handler.java:99)
04-06 22:03:25.546 5195 5695 E SQLiteDatabase: at X.0zq.dispatchMessage(Unknown Source:4)
04-06 22:03:25.546 5195 5695 E SQLiteDatabase: at android.os.Looper.loopOnce(Looper.java:224)
04-06 22:03:25.546 5195 5695 E SQLiteDatabase: at android.os.Looper.loop(Looper.java:318)
04-06 22:03:25.546 5195 5695 E SQLiteDatabase: at android.os.HandlerThread.run(HandlerThread.java:67)
04-06 22:03:25.560 5195 5874 W com.mbwhatsapp: Accessing hidden method Landroid/app/MiuiNotification;-><init>()V (blocked, reflection, denied)
04-06 22:03:29.261 5195 5757 W BpBinder: PerfMonitor binderTransact: time=10525ms interface=android.system.keystore2.IKeystoreSecurityLevel code=2
04-06 22:03:29.751 5195 5195 W com.mbwhatsapp: Method void X.0eU.A0h(X.0tK, boolean) failed lock verification and will run slower.
04-06 22:03:29.868 5195 5195 W libc : Access denied finding property "ro.vendor.df.effect.conflict"
04-06 22:03:29.942 5195 6831 W libc : Access denied finding property "vendor.migl.debug"
04-06 22:03:29.966 5195 5195 W com.mbwhatsapp: Method void com.mbwhatsapp.HomeActivity.A6e() failed lock verification and will run slower.
04-06 22:03:30.321 5195 5195 E ArmVmp : Match on catch block at 0x0a in for 0x7e4e5e4031
04-06 22:03:30.341 5195 5195 E ArmVmp : Match on catch block at 0x0a in for 0x7e4e5e404d
04-06 22:03:30.428 5195 6835 W com.mbwhatsapp: Accessing hidden method Lcom/android/org/conscrypt/ConscryptEngineSocket;->setUseSessionTickets(Z)V (max- target-q,core-platform-api, reflection, denied)
04-06 22:03:30.428 5195 6835 W com.mbwhatsapp: Accessing hidden method Lcom/android/org/conscrypt/OpenSSLSocketImpl;->setUseSessionTickets(Z)V (max- target-q,core-platform-api, reflection, denied)
04-06 22:03:30.428 5195 6835 W com.mbwhatsapp: Accessing hidden method Lcom/android/org/conscrypt/AbstractConscryptSocket;->setUseSessionTickets(Z)V (max- target-q, reflection, denied)
04-06 22:03:30.428 5195 6835 W com.mbwhatsapp: Accessing hidden method Lcom/android/org/conscrypt/ConscryptEngineSocket;->setHostname(Ljava/lang/String;)V (max-target-q,core-platform-api, reflection, denied)
04-06 22:03:30.428 5195 6835 W com.mbwhatsapp: Accessing hidden method Lcom/android/org/conscrypt/OpenSSLSocketImpl;->setHostname(Ljava/lang/String;)V (max-target-q,core-platform-api, reflection, denied)
04-06 22:03:30.428 5195 6835 W com.mbwhatsapp: Accessing hidden method Lcom/android/org/conscrypt/AbstractConscryptSocket;->setHostname(Ljava/lang/ String;)V (max-target-q, reflection, denied)
04-06 22:03:30.428 5195 6835 W com.mbwhatsapp: Accessing hidden method Lcom/android/org/conscrypt/OpenSSLSocketImpl;->setAlpnProtocols([B)V (max-target- q,core-platform-api, reflection, denied)
04-06 22:03:30.428 5195 6835 W com.mbwhatsapp: Accessing hidden method Lcom/android/org/conscrypt/AbstractConscryptSocket;->setAlpnProtocols([B)V (max- target-q, reflection, denied)
04-06 22:03:30.441 5195 5195 W Activity: Can request only one set of permissions at a time
04-06 22:03:30.504 5195 5195 W MessageMonitor: PerfMonitor: Slow Operation: Activity com.mbwhatsapp/.HomeActivity onCreate took 514ms
04-06 22:03:30.521 5195 6835 W com.mbwhatsapp: Accessing hidden method Lcom/android/org/conscrypt/OpenSSLSocketImpl;->getAlpnSelectedProtocol()[B (max- target-q,core-platform-api, reflection, denied)
04-06 22:03:30.521 5195 6835 W com.mbwhatsapp: Accessing hidden method Lcom/android/org/conscrypt/AbstractConscryptSocket;->getAlpnSelectedProtocol()[B (max-target-q, reflection, denied)
04-06 22:03:30.558 5195 6878 W ziparchive: Unable to open '/system/framework/QXPerformance.dm': No such file or directory
04-06 22:03:30.558 5195 6878 W ziparchive: Unable to open '/system/framework/QXPerformance.dm': No such file or directory
04-06 22:03:30.564 5195 5195 W OpenGLRenderer: Unknown dataspace 0
04-06 22:03:30.586 5195 5195 W Looper : PerfMonitor looperActivity : package=com.mbwhatsapp/.HomeActivity time=0ms latency=667ms procState=-1 historyMsgCount=2 (msgIndex=2 wall=662ms seq=398 late=6ms h=android.app.ActivityThread$H w=159)
04-06 22:03:30.782 5195 5207 W com.mbwhatsapp: Cleared Reference was only reachable from finalizer (only reported once)
04-06 22:03:30.844 5195 6830 E libEGL : pre_cache appList: com.miui.weather2,,
04-06 22:03:30.851 5195 6830 E OpenGLRenderer: Unable to match the desired swap behavior.
04-06 22:03:31.056 5195 5195 E RecyclerView: No adapter attached; skipping layout
04-06 22:03:31.104 5195 6830 E LB : fail to open file: No such file or directory
04-06 22:03:31.104 5195 6830 E LB : fail to open node: No such file or directory
04-06 22:03:31.163 5195 5195 W Looper : PerfMonitor doFrame : time=535ms vsyncFrame=0 latency=40ms procState=-1 historyMsgCount=18
04-06 22:03:31.186 5195 5195 E ArmVmp : Match on catch block at 0x0a in for 0x7e4e5e4035
04-06 22:03:31.228 5195 5195 W Looper : PerfMonitor looperActivity : package=com.mbwhatsapp/mbmodsd.mbmodsw.mbsettings.yo.PauseActivity time=60ms latency=564ms procState=-1 historyMsgCount=18 (msgIndex=17 wall=535ms seq=426 late=40ms h=android.view.Choreographer$FrameHandler c=android.view.Choreographer$FrameDisplayEventReceiver)
04-06 22:03:31.295 5195 5195 E RecyclerView: No adapter attached; skipping layout
04-06 22:03:31.303 5195 5195 W Looper : PerfMonitor doFrame : time=74ms vsyncFrame=0 latency=591ms procState=-1 historyMsgCount=5 (msgIndex=1 wall=535ms seq=426 late=40ms h=android.view.Choreographer$FrameHandler c=android.view.Choreographer$FrameDisplayEventReceiver) (msgIndex=3 wall=60ms seq=428 late=564ms h=android.app.ActivityThread$H w=159)
04-06 22:03:31.334 5195 5195 W Looper : PerfMonitor looperActivity : package=com.mbwhatsapp/.HomeActivity time=8ms latency=370ms procState=-1 historyMsgCount=51 (msgIndex=1 wall=535ms seq=426 late=40ms h=android.view.Choreographer$FrameHandler c=android.view.Choreographer$FrameDisplayEventReceiver) (msgIndex=3 wall=60ms seq=428 late=564ms h=android.app.ActivityThread$H w=159) (msgIndex=6 wall=74ms seq=431 late=591ms h=android.view.Choreographer$FrameHandler c=android.view.Choreographer$FrameDisplayEventReceiver)
04-06 22:03:31.335 5195 5195 W Looper : PerfMonitor looperActivity : package=com.mbwhatsapp/mbmodsd.mbmodsw.mbsettings.yo.PauseActivity time=0ms latency=308ms procState=-1 historyMsgCount=69 (msgIndex=1 wall=535ms seq=426 late=40ms h=android.view.Choreographer$FrameHandler c=android.view.Choreographer$FrameDisplayEventReceiver) (msgIndex=3 wall=60ms seq=428 late=564ms h=android.app.ActivityThread$H w=159) (msgIndex=6 wall=74ms seq=431 late=591ms h=android.view.Choreographer$FrameHandler c=android.view.Choreographer$FrameDisplayEventReceiver)
04-06 22:03:31.335 5195 5195 W Looper : PerfMonitor looperActivity : package=com.mbwhatsapp/mbmodsd.mbmodsw.mbsettings.yo.PauseActivity time=0ms latency=306ms procState=-1 historyMsgCount=70 (msgIndex=1 wall=535ms seq=426 late=40ms h=android.view.Choreographer$FrameHandler c=android.view.Choreographer$FrameDisplayEventReceiver) (msgIndex=3 wall=60ms seq=428 late=564ms h=android.app.ActivityThread$H w=159) (msgIndex=6 wall=74ms seq=431 late=591ms h=android.view.Choreographer$FrameHandler c=android.view.Choreographer$FrameDisplayEventReceiver)
04-06 22:03:31.347 5195 5195 W JobService: onNetworkChanged() not implemented in androidx.work.impl.background.systemjob.SystemJobService. Must override in a subclass.
04-06 22:03:31.385 5195 5195 W MiuiStubRegistry: Failed to collect stub providers in android.magicpointer.util.MiuiMagicPointerUtilsStubHeadManifest$$: /system_ext/framework/miui-framework-pointer-pad.jar not exist
04-06 22:03:31.505 5195 6952 W LOTTIE : Animation contains merge paths. Merge paths are only supported on KitKat+ and must be manually enabled by calling enableMergePathsForKitKatAndAbove().
04-06 22:03:31.560 5195 6830 E OpenGLRenderer: Unable to match the desired swap behavior.
04-06 22:03:31.654 5195 5195 W LOTTIE : Animation contains merge paths but they are disabled.
04-06 22:03:32.782 5195 5195 W MirrorManager: this model don't Support
04-06 22:03:33.064 5195 7113 E RenderScript: Failed to find hal setup entry points: undefined symbol: rsdHalAbort
04-06 22:03:33.064 5195 7113 E RenderScript: Failed to load runtime , loading default
04-06 22:03:33.327 5195 5195 E ArmVmp : Match on catch block at 0x0a in for 0x7e4e5e4035
04-06 22:03:33.339 5195 5195 E ArmVmp : Match on catch block at 0x0a in for 0x7e4e5e4035
04-06 22:03:33.399 5195 5195 W Looper : PerfMonitor looperActivity : package=com.mbwhatsapp/.Conversation time=0ms latency=479ms procState=-1 historyMsgCount=4 (msgIndex=3 wall=473ms seq=774 late=7ms h=android.app.ActivityThread$H w=159)
04-06 22:03:33.423 5195 6830 E OpenGLRenderer: Unable to match the desired swap behavior.
04-06 22:03:33.776 5195 5195 E ArmVmp : Match on catch block at 0xc3 in for 0x7e4e5e4021
04-06 22:03:33.780 5195 5195 E ArmVmp : Match on catch block at 0xc3 in for 0x7e4e5e4021
04-06 22:03:33.782 5195 5195 E ArmVmp : Match on catch block at 0xc3 in for 0x7e4e5e4021
04-06 22:03:33.820 5195 5195 W Looper : PerfMonitor doFrame : time=421ms vsyncFrame=0 latency=472ms procState=-1 historyMsgCount=3 (msgIndex=1 wall=473ms seq=774 late=7ms h=android.app.ActivityThread$H w=159)
04-06 22:03:33.847 5195 5195 E ArmVmp : Match on catch block at 0xc3 in for 0x7e4e5e4025
04-06 22:03:33.852 5195 5195 E ArmVmp : Match on catch block at 0xc3 in for 0x7e4e5e4025
04-06 22:03:33.855 5195 5195 E ArmVmp : Match on catch block at 0xc3 in for 0x7e4e5e4025
04-06 22:03:33.872 5195 5195 W Looper : PerfMonitor doFrame : time=32ms vsyncFrame=0 latency=428ms procState=-1 historyMsgCount=54 (msgIndex=1 wall=421ms seq=777 late=472ms h=android.view.Choreographer$FrameHandler c=android.view.Choreographer$FrameDisplayEventReceiver)
04-06 22:03:33.890 5195 5195 E ArmVmp : Match on catch block at 0xc3 in for 0x7e4e5e4025
04-06 22:03:33.892 5195 5195 E ArmVmp : Match on catch block at 0xc3 in for 0x7e4e5e4025
04-06 22:03:33.893 5195 5195 E ArmVmp : Match on catch block at 0xc3 in for 0x7e4e5e4025
04-06 22:03:33.917 5195 5195 E ArmVmp : Match on catch block at 0xc3 in for 0x7e4e5e4025
04-06 22:03:33.923 5195 5195 E ArmVmp : Match on catch block at 0xc3 in for 0x7e4e5e4025
04-06 22:03:33.926 5195 5195 E ArmVmp : Match on catch block at 0xc3 in for 0x7e4e5e4025
04-06 22:03:33.940 5195 5874 W com.mbwhatsapp: Accessing hidden method Landroid/app/MiuiNotification;-><init>()V (blocked, reflection, denied)
04-06 22:03:33.944 5195 5195 E ArmVmp : Match on catch block at 0xc3 in for 0x7e4e5e4025
04-06 22:03:33.946 5195 5195 E ArmVmp : Match on catch block at 0xc3 in for 0x7e4e5e4025
04-06 22:03:33.948 5195 5195 E ArmVmp : Match on catch block at 0xc3 in for 0x7e4e5e4025
04-06 22:03:33.978 5195 5195 E ArmVmp : Match on catch block at 0xc3 in for 0x7e4e5e4025
04-06 22:03:33.981 5195 5195 E ArmVmp : Match on catch block at 0xc3 in for 0x7e4e5e4025
04-06 22:03:33.982 5195 5195 E ArmVmp : Match on catch block at 0xc3 in for 0x7e4e5e4025
04-06 22:03:33.996 5195 5195 E ArmVmp : Match on catch block at 0xc3 in for 0x7e4e5e4025
04-06 22:03:33.999 5195 5195 E ArmVmp : Match on catch block at 0xc3 in for 0x7e4e5e4025
04-06 22:03:34.001 5195 5195 E ArmVmp : Match on catch block at 0xc3 in for 0x7e4e5e4025
04-06 22:03:34.012 5195 5195 E ArmVmp : Match on catch block at 0xc3 in for 0x7e4e5e4025
04-06 22:03:34.014 5195 5195 E ArmVmp : Match on catch block at 0xc3 in for 0x7e4e5e4025
04-06 22:03:34.016 5195 5195 E ArmVmp : Match on catch block at 0xc3 in for 0x7e4e5e4025
04-06 22:03:34.028 5195 5195 E ArmVmp : Match on catch block at 0xc3 in for 0x7e4e5e4025
04-06 22:03:34.034 5195 5195 E ArmVmp : Match on catch block at 0xc3 in for 0x7e4e5e4025
04-06 22:03:34.036 5195 5195 E ArmVmp : Match on catch block at 0xc3 in for 0x7e4e5e4025
04-06 22:03:34.216 5195 5195 E ArmVmp : Match on catch block at 0xc3 in for 0x7e4e5e4025
04-06 22:03:34.223 5195 5195 E ArmVmp : Match on catch block at 0xc3 in for 0x7e4e5e4025
04-06 22:03:34.226 5195 5195 E ArmVmp : Match on catch block at 0xc3 in for 0x7e4e5e4025
04-06 22:03:34.231 5195 5874 W com.mbwhatsapp: Accessing hidden method Landroid/app/MiuiNotification;-><init>()V (blocked, reflection, denied)
04-06 22:03:34.232 5195 5195 E ArmVmp : Match on catch block at 0xc3 in for 0x7e4e5e4025
04-06 22:03:34.239 5195 5195 E ArmVmp : Match on catch block at 0xc3 in for 0x7e4e5e4025
04-06 22:03:34.243 5195 5195 E ArmVmp : Match on catch block at 0xc3 in for 0x7e4e5e4025
04-06 22:03:34.255 5195 5195 E ArmVmp : Match on catch block at 0xc3 in for 0x7e4e5e4025
04-06 22:03:34.258 5195 5195 E ArmVmp : Match on catch block at 0xc3 in for 0x7e4e5e4025
04-06 22:03:34.261 5195 5195 E ArmVmp : Match on catch block at 0xc3 in for 0x7e4e5e4025
04-06 22:03:34.278 5195 5195 E ArmVmp : Match on catch block at 0xc3 in for 0x7e4e5e4025
04-06 22:03:34.287 5195 5195 E ArmVmp : Match on catch block at 0xc3 in for 0x7e4e5e4025
04-06 22:03:34.290 5195 5195 E ArmVmp : Match on catch block at 0xc3 in for 0x7e4e5e4025
04-06 22:03:34.303 5195 5195 E ArmVmp : Match on catch block at 0xc3 in for 0x7e4e5e4025
04-06 22:03:34.309 5195 5195 E ArmVmp : Match on catch block at 0xc3 in for 0x7e4e5e4025
04-06 22:03:34.311 5195 5195 E ArmVmp : Match on catch block at 0xc3 in for 0x7e4e5e4025
04-06 22:03:34.324 5195 5195 E ArmVmp : Match on catch block at 0xc3 in for 0x7e4e5e4025
04-06 22:03:34.330 5195 5195 E ArmVmp : Match on catch block at 0xc3 in for 0x7e4e5e4025
04-06 22:03:34.333 5195 5195 E ArmVmp : Match on catch block at 0xc3 in for 0x7e4e5e4025
04-06 22:03:34.350 5195 5195 E ArmVmp : Match on catch block at 0xc3 in for 0x7e4e5e4025
04-06 22:03:34.358 5195 5195 E ArmVmp : Match on catch block at 0xc3 in for 0x7e4e5e4025
04-06 22:03:34.369 5195 5195 E ArmVmp : Match on catch block at 0xc3 in for 0x7e4e5e4025
04-06 22:03:34.394 5195 5195 E ArmVmp : Match on catch block at 0xc3 in for 0x7e4e5e4025
04-06 22:03:34.403 5195 5195 E ArmVmp : Match on catch block at 0xc3 in for 0x7e4e5e4025
04-06 22:03:34.405 5195 5195 E ArmVmp : Match on catch block at 0xc3 in for 0x7e4e5e4025
04-06 22:03:34.419 5195 5195 E ArmVmp : Match on catch block at 0xc3 in for 0x7e4e5e4025
04-06 22:03:34.422 5195 5195 E ArmVmp : Match on catch block at 0xc3 in for 0x7e4e5e4025
04-06 22:03:34.424 5195 5195 E ArmVmp : Match on catch block at 0xc3 in for 0x7e4e5e4025
04-06 22:03:34.456 5195 5195 E ArmVmp : Match on catch block at 0xc3 in for 0x7e4e5e4025
04-06 22:03:34.460 5195 5195 E ArmVmp : Match on catch block at 0xc3 in for 0x7e4e5e4025
04-06 22:03:34.466 5195 5195 E ArmVmp : Match on catch block at 0xc3 in for 0x7e4e5e4025
04-06 22:03:34.483 5195 5195 E ArmVmp : Match on catch block at 0xc3 in for 0x7e4e5e4025
04-06 22:03:34.487 5195 5195 E ArmVmp : Match on catch block at 0xc3 in for 0x7e4e5e4025
04-06 22:03:34.489 5195 5195 E ArmVmp : Match on catch block at 0xc3 in for 0x7e4e5e4025
04-06 22:03:34.500 5195 5195 E ArmVmp : Match on catch block at 0xc3 in for 0x7e4e5e4025
04-06 22:03:34.503 5195 5195 E ArmVmp : Match on catch block at 0xc3 in for 0x7e4e5e4025
04-06 22:03:34.505 5195 5195 E ArmVmp : Match on catch block at 0xc3 in for 0x7e4e5e4025
04-06 22:03:34.516 5195 5195 E ArmVmp : Match on catch block at 0xc3 in for 0x7e4e5e4025
04-06 22:03:34.518 5195 5195 E ArmVmp : Match on catch block at 0xc3 in for 0x7e4e5e4025
04-06 22:03:34.520 5195 5195 E ArmVmp : Match on catch block at 0xc3 in for 0x7e4e5e4025
04-06 22:03:34.935 5195 5195 E ArmVmp : Match on catch block at 0xc3 in for 0x7e4e5e4025
04-06 22:03:34.939 5195 5195 E ArmVmp : Match on catch block at 0xc3 in for 0x7e4e5e4025
04-06 22:03:34.942 5195 5195 E ArmVmp : Match on catch block at 0xc3 in for 0x7e4e5e4025
04-06 22:03:35.068 5195 5195 E ArmVmp : Match on catch block at 0xc3 in for 0x7e4e5e4025
04-06 22:03:35.073 5195 5195 E ArmVmp : Match on catch block at 0xc3 in for 0x7e4e5e4025
04-06 22:03:35.075 5195 5195 E ArmVmp : Match on catch block at 0xc3 in for 0x7e4e5e4025
04-06 22:03:35.096 5195 5195 W AudioManager: Use of stream types is deprecated for operations other than volume control
04-06 22:03:35.096 5195 5195 W AudioManager: See the documentation of requestAudioFocus() for what to use instead with android.media.AudioAttributes to qualify your playback use case
04-06 22:03:35.245 5195 5695 E SQLiteDatabase: Error inserting transferred=1 media_job_uuid=7b265b1c-795d-4ee5-8177-5ad6596ad718 transcoded=0 gif_attribution=0 first_scan_length=0 direct_path=/v/t62.7117- 24/30988217_1082019602881782_5325942620240065644_n.enc?ccb=11- 4&oh=01_ASCK9DUHoj4joALO_E0uy1iu8GuLukQ6fjOD3Je1giQaaA&oe=66387687&_nc_sid=5e03e0 thumbnail_height_width_ratio=0.0 is_animated_sticker=0 file_hash=dYO7C0WU+nSv78hQcSUVpuZ36EKpPsyUnGGGx61z3eQ= file_path=Media/MBWhatsApp Voice Notes/202414/PTT-20240406-WA0000.opus file_size=3336 partial_media_hash=null face_x=0 face_y=0 height=0 trim_to=0 media_key_timestamp=1712388584000 message_url=https://mmg.whatsapp.net/v/t62.7117- 24/30988217_1082019602881782_5325942620240065644_n.enc?ccb=11- 4&oh=01_ASCK9DUHoj4joALO_E0uy1iu8GuLukQ6fjOD3Je1giQaaA&oe=66387687&_nc_sid=5e03e0&m ms3=true media_caption=null trim_from=0 mime_type=audio/ogg; codecs=opus partial_media_enc_hash=null width=0 original_file_hash=null has_streaming_sidecar=0 autotransfer_retry_enabled=1 media_upload_handle=null message_row_id=42 multicast_id=null enc_file_hash=DjD+ggqa8BGlwTXQrIrMJgqOCw4cSpZYb8Mlq8hvxC0= mute_video=0 page_count=0 first_scan_sidecar=null suspicious_content=0 file_length=3336 media_name=PTT-20240406-WA0000.opus media_duration=1 chat_row_id=6 media_key=[B@35757b2
04-06 22:03:35.245 5195 5695 E SQLiteDatabase: android.database.sqlite.SQLiteConstraintException: UNIQUE constraint failed: message_media.message_row_id (code 1555 SQLITE_CONSTRAINT_PRIMARYKEY)
04-06 22:03:35.245 5195 5695 E SQLiteDatabase: at android.database.sqlite.SQLiteConnection.nativeExecuteForLastInsertedRowId(Native Method)
04-06 22:03:35.245 5195 5695 E SQLiteDatabase: at android.database.sqlite.SQLiteConnection.executeForLastInsertedRowId(SQLiteConnecti on.java:961)
04-06 22:03:35.245 5195 5695 E SQLiteDatabase: at android.database.sqlite.SQLiteSession.executeForLastInsertedRowId(SQLiteSession.jav a:790)
04-06 22:03:35.245 5195 5695 E SQLiteDatabase: at android.database.sqlite.SQLiteStatement.executeInsert(SQLiteStatement.java:89)
04-06 22:03:35.245 5195 5695 E SQLiteDatabase: at android.database.sqlite.SQLiteDatabase.insertWithOnConflict(SQLiteDatabase.java:187 0)
04-06 22:03:35.245 5195 5695 E SQLiteDatabase: at android.database.sqlite.SQLiteDatabase.insert(SQLiteDatabase.java:1739)
04-06 22:03:35.245 5195 5695 E SQLiteDatabase: at X.2tm.A08(Unknown Source:6)
04-06 22:03:35.245 5195 5695 E SQLiteDatabase: at X.35Y.A07(Unknown Source:212)
04-06 22:03:35.245 5195 5695 E SQLiteDatabase: at X.3QF.A14(Unknown Source:470)
