04-05 20:40:27.843 18736 18736 W System.err: at android.app.AppComponentFactory.instantiateApplication(AppComponentFactory.java:76)
04-05 20:40:27.843 18736 18736 W System.err: at androidx.core.app.CoreComponentFactory.instantiateApplication(Unknown Source:0)
04-05 20:40:27.843 18736 18736 W System.err: at android.app.Instrumentation.newApplication(Instrumentation.java:1286)
04-05 20:40:27.843 18736 18736 W System.err: at android.app.LoadedApk.makeApplicationInner(LoadedApk.java:1487)
04-05 20:40:27.843 18736 18736 W System.err: at android.app.LoadedApk.makeApplicationInner(LoadedApk.java:1424)
04-05 20:40:27.843 18736 18736 W System.err: at android.app.ActivityThread.handleBindApplication(ActivityThread.java:7420)
04-05 20:40:27.843 18736 18736 W System.err: at android.app.ActivityThread.-$ $Nest$mhandleBindApplication(Unknown Source:0)
04-05 20:40:27.843 18736 18736 W System.err: at android.app.ActivityThread$H.handleMessage(ActivityThread.java:2374)
04-05 20:40:27.843 18736 18736 W System.err: at android.os.Handler.dispatchMessage(Handler.java:106)
04-05 20:40:27.843 18736 18736 W System.err: at android.os.Looper.loopOnce(Looper.java:224)
04-05 20:40:27.843 18736 18736 W System.err: at android.os.Looper.loop(Looper.java:318)
04-05 20:40:27.843 18736 18736 W System.err: at android.app.ActivityThread.main(ActivityThread.java:8727)
04-05 20:40:27.843 18736 18736 W System.err: at java.lang.reflect.Method.invoke(Native Method)
04-05 20:40:27.843 18736 18736 W System.err: at com.android.internal.os.RuntimeInit$MethodAndArgsCaller.run(RuntimeInit.java:561)
04-05 20:40:27.843 18736 18736 W System.err: at com.android.internal.os.ZygoteInit.main(ZygoteInit.java:1013)
04-05 20:40:27.852 18736 18736 E CustomActivityOnCrash: IMPORTANT WARNING! You already have an UncaughtExceptionHandler, are you sure this is correct? If you use a custom UncaughtExceptionHandler, you must initialize it AFTER CustomActivityOnCrash! Installing anyway, but your original handler will not be called.
04-05 20:40:28.466 18736 18736 W com.mbwhatsapp: Accessing hidden method Lcom/android/org/conscrypt/OpenSSLSocketImpl;->setUseSessionTickets(Z)V (max- target-q,core-platform-api, reflection, denied)
04-05 20:40:28.466 18736 18736 W com.mbwhatsapp: Accessing hidden method Lcom/android/org/conscrypt/AbstractConscryptSocket;->setUseSessionTickets(Z)V (max- target-q, reflection, denied)
04-05 20:40:28.535 18810 18810 W libprocessgroup: JoinCgroup: controller schedtune is not found
04-05 20:40:28.534 18810 18810 W logcat : type=1400 audit(0.0:877830): avc: denied { ioctl } for path="/storage/emulated/0/Download/FMThemes/MBLogs/logcat.txt" dev="fuse" ino=97763 ioctlcmd=0xf50d scontext=u:r:untrusted_app_32:--------- beginning of main
04-05 20:40:28.614 18736 18860 W com.mbwhatsapp: Method void X.2rL.A03(java.lang.Integer) failed lock verification and will run slower.
04-05 20:40:28.614 18736 18860 W com.mbwhatsapp: Common causes for lock verification issues are non-optimized dex code
04-05 20:40:28.614 18736 18860 W com.mbwhatsapp: and incorrect proguard optimizations.
04-05 20:40:29.688 18736 19032 W ziparchive: Unable to open '/system/framework/QXPerformance.dm': No such file or directory
04-05 20:40:29.688 18736 19032 W ziparchive: Unable to open '/system/framework/QXPerformance.dm': No such file or directory --------- beginning of system
04-05 20:40:29.956 18736 18997 W BpBinder: PerfMonitor binderTransact: time=455ms interface=android.system.keystore2.IKeystoreSecurityLevel code=2
04-05 20:40:30.335 18736 19037 W com.mbwhatsapp: Accessing hidden field Landroid/app/Notification;->extraNotification:Landroid/app/MiuiNotification; (blocked, reflection, denied)
04-05 20:40:30.340 18736 19037 W EpFrameworkFactory: activated: false jar exist: false
04-05 20:40:30.385 18736 19037 W com.mbwhatsapp: Accessing hidden field Landroid/app/Notification;->extraNotification:Landroid/app/MiuiNotification; (blocked, reflection, denied)
04-05 20:40:30.406 18736 19194 W com.mbwhatsapp: Accessing hidden method Landroid/app/MiuiNotification;-><init>()V (blocked, reflection, denied)
04-05 20:47:53.787 23227 23227 E com.mbwhatsapp: Not starting debugger since process cannot load the jdwp agent.
04-05 20:47:54.162 23227 23227 W System.err: java.lang.ClassNotFoundException: mbmodsd.mbmodsw.ui.views.btn.BtnBK
04-05 20:47:54.163 23227 23227 W System.err: at java.lang.Runtime.nativeLoad(Native Method)
04-05 20:47:54.163 23227 23227 W System.err: at java.lang.Runtime.nativeLoad(Runtime.java:1126)
04-05 20:47:54.163 23227 23227 W System.err: at java.lang.Runtime.loadLibrary0(Runtime.java:1080)
04-05 20:47:54.163 23227 23227 W System.err: at java.lang.Runtime.loadLibrary0(Runtime.java:1003)
04-05 20:47:54.163 23227 23227 W System.err: at java.lang.System.loadLibrary(System.java:1661)
04-05 20:47:54.163 23227 23227 W System.err: at arm.EpicVm.<clinit>(Unknown Source:2)
04-05 20:47:54.163 23227 23227 W System.err: at java.lang.Class.newInstance(Native Method)
04-05 20:47:54.163 23227 23227 W System.err: at android.app.AppComponentFactory.instantiateApplication(AppComponentFactory.java:76)
04-05 20:47:54.163 23227 23227 W System.err: at androidx.core.app.CoreComponentFactory.instantiateApplication(Unknown Source:0)
04-05 20:47:54.163 23227 23227 W System.err: at android.app.Instrumentation.newApplication(Instrumentation.java:1286)
04-05 20:47:54.163 23227 23227 W System.err: at android.app.LoadedApk.makeApplicationInner(LoadedApk.java:1487)
04-05 20:47:54.163 23227 23227 W System.err: at android.app.LoadedApk.makeApplicationInner(LoadedApk.java:1424)
04-05 20:47:54.163 23227 23227 W System.err: at android.app.ActivityThread.handleBindApplication(ActivityThread.java:7420)
04-05 20:47:54.163 23227 23227 W System.err: at android.app.ActivityThread.-$ $Nest$mhandleBindApplication(Unknown Source:0)
04-05 20:47:54.163 23227 23227 W System.err: at android.app.ActivityThread$H.handleMessage(ActivityThread.java:2374)
04-05 20:47:54.163 23227 23227 W System.err: at android.os.Handler.dispatchMessage(Handler.java:106)
04-05 20:47:54.163 23227 23227 W System.err: at android.os.Looper.loopOnce(Looper.java:224)
04-05 20:47:54.163 23227 23227 W System.err: at android.os.Looper.loop(Looper.java:318)
04-05 20:47:54.163 23227 23227 W System.err: at android.app.ActivityThread.main(ActivityThread.java:8727)
04-05 20:47:54.163 23227 23227 W System.err: at java.lang.reflect.Method.invoke(Native Method)
04-05 20:47:54.163 23227 23227 W System.err: at com.android.internal.os.RuntimeInit$MethodAndArgsCaller.run(RuntimeInit.java:561)
04-05 20:47:54.163 23227 23227 W System.err: at com.android.internal.os.ZygoteInit.main(ZygoteInit.java:1013)
04-05 20:47:54.174 23227 23227 E CustomActivityOnCrash: IMPORTANT WARNING! You already have an UncaughtExceptionHandler, are you sure this is correct? If you use a custom UncaughtExceptionHandler, you must initialize it AFTER CustomActivityOnCrash! Installing anyway, but your original handler will not be called.
04-05 20:47:54.411 23227 23227 W com.mbwhatsapp: Accessing hidden method Lcom/android/org/conscrypt/OpenSSLSocketImpl;->setUseSessionTickets(Z)V (max- target-q,core-platform-api, reflection, denied)
04-05 20:47:54.411 23227 23227 W com.mbwhatsapp: Accessing hidden method Lcom/android/org/conscrypt/AbstractConscryptSocket;->setUseSessionTickets(Z)V (max- target-q, reflection, denied)
04-05 20:47:54.435 23227 23227 W com.mbwhatsapp: type=1400 audit(0.0:878250): avc: granted { execute } for path="/data/data/com.mbwhatsapp/files/decompressed/libs.spk.zst/libc++_shared.so" dev="dm-55" ino=105337 scontext=u:r:untrusted_app_32:s0:c68,c257,c512,c768 tcontext=u:object_r:app_data_file:s0:c68,c257,c512,c768 tclass=file app=com.mbwhatsapp
04-05 20:47:54.435 23227 23227 W com.mbwhatsapp: type=1400 audit(0.0:878251): avc: granted { execute } for path="/data/data/com.mbwhatsapp/files/decompressed/libs.spk.zst/libvlc.so" dev="dm- 55" ino=103418 scontext=u:r:untrusted_app_32:s0:c68,c257,c512,c768 tcontext=u:object_r:app_data_file:s0:c68,c257,c512,c768 tclass=file app=com.mbwhatsapp
04-05 20:47:54.443 23227 23227 W com.mbwhatsapp: type=1400 audit(0.0:878252): avc: granted { execute } for path="/data/data/com.mbwhatsapp/files/decompressed/libs.spk.zst/libwhatsapp.so" dev="dm-55" ino=103403 scontext=u:r:untrusted_app_32:s0:c68,c257,c512,c768 tcontext=u:object_r:app_data_file:s0:c68,c257,c512,c768 tclass=file app=com.mbwhatsapp
04-05 20:47:54.463 23227 23227 W com.mbwhatsapp: type=1400 audit(0.0:878253): avc: granted { execute } for path="/data/data/com.mbwhatsapp/files/decompressed/libs.spk.zst/libcurve25519.so" dev="dm-55" ino=99665 scontext=u:r:untrusted_app_32:s0:c68,c257,c512,c768 tcontext=u:object_r:app_data_file:s0:c68,c257,c512,c768 tclass=file app=com.mbwhatsapp
04-05 20:47:54.471 23227 23227 W com.mbwhatsapp: type=1400 audit(0.0:878254): avc: granted { execute } for path="/data/data/com.mbwhatsapp/files/decompressed/libs.spk.zst/libwhatsapp.so" dev="dm-55" ino=103403 scontext=u:r:untrusted_app_32:s0:c68,c257,c512,c768 tcontext=u:object_r:app_data_file:s0:c68,c257,c512,c768 tclass=file app=com.mbwhatsapp
04-05 20:47:54.471 23227 23227 W com.mbwhatsapp: type=1400 audit(0.0:878255): avc: granted { execute } for path="/data/data/com.mbwhatsapp/files/decompressed/libs.spk.zst/libwhatsapp.so" dev="dm-55" ino=103403 scontext=u:r:untrusted_app_32:s0:c68,c257,c512,c768 tcontext=u:object_r:app_data_file:s0:c68,c257,c512,c768 tclass=file app=com.mbwhatsapp
04-05 20:47:54.471 23227 23227 W com.mbwhatsapp: type=1400 audit(0.0:878256): avc: granted { execute } for path="/data/data/com.mbwhatsapp/files/decompressed/libs.spk.zst/libwhatsapp.so" dev="dm-55" ino=103403 scontext=u:r:untrusted_app_32:s0:c68,c257,c512,c768 tcontext=u:object_r:app_data_file:s0:c68,c257,c512,c768 tclass=file app=com.mbwhatsapp
04-05 20:47:54.503 23344 23344 W libprocessgroup: JoinCgroup: controller schedtune is not found
04-05 20:47:54.519 23227 23387 W com.mbwhatsapp: Method void X.2rL.A03(java.lang.Integer) failed lock verification and will run slower.
04-05 20:47:54.519 23227 23387 W com.mbwhatsapp: Common causes for lock verification issues are non-optimized dex code
04-05 20:47:54.519 23227 23387 W com.mbwhatsapp: and incorrect proguard optimizations.
04-05 20:47:54.532 23227 23227 W com.mbwhatsapp: Method void X.0eU.A0h(X.0tK, boolean) failed lock verification and will run slower.
04-05 20:47:54.614 23227 23227 W libc : Access denied finding property "ro.vendor.df.effect.conflict"
04-05 20:47:54.634 23227 23227 W Looper : PerfMonitor looperActivity : package=com.mbwhatsapp/.Icon0 time=125ms latency=640ms procState=-1 historyMsgCount=2 (msgIndex=2 wall=637ms seq=2 late=11ms h=android.app.ActivityThread$H w=110)
04-05 20:47:54.634 23227 23227 W Looper : PerfMonitor looperActivity : package=com.mbwhatsapp/.Icon0 time=0ms latency=765ms procState=-1 historyMsgCount=3 (msgIndex=2 wall=637ms seq=2 late=11ms h=android.app.ActivityThread$H w=110) (msgIndex=3 wall=125ms seq=3 late=640ms h=android.app.ActivityThread$H w=159)
04-05 20:47:54.676 23227 23227 W com.mbwhatsapp: Method void com.mbwhatsapp.HomeActivity.A6e() failed lock verification and will run slower.
04-05 20:47:54.683 23227 23420 W libc : Access denied finding property "vendor.migl.debug"
04-05 20:47:54.940 23227 23227 E ArmVmp : Match on catch block at 0x0a in for 0x7e4e5e4031
04-05 20:47:54.959 23227 23227 E ArmVmp : Match on catch block at 0x0a in for 0x7e4e5e404d
04-05 20:47:55.061 23227 23227 W Activity: Can request only one set of permissions at a time
04-05 20:47:55.062 23227 23424 W com.mbwhatsapp: Accessing hidden method Lcom/android/org/conscrypt/ConscryptEngineSocket;->setUseSessionTickets(Z)V (max- target-q,core-platform-api, reflection, denied)
04-05 20:47:55.062 23227 23424 W com.mbwhatsapp: Accessing hidden method Lcom/android/org/conscrypt/OpenSSLSocketImpl;->setUseSessionTickets(Z)V (max- target-q,core-platform-api, reflection, denied)
04-05 20:47:55.062 23227 23424 W com.mbwhatsapp: Accessing hidden method Lcom/android/org/conscrypt/AbstractConscryptSocket;->setUseSessionTickets(Z)V (max- target-q, reflection, denied)
04-05 20:47:55.062 23227 23424 W com.mbwhatsapp: Accessing hidden method Lcom/android/org/conscrypt/ConscryptEngineSocket;->setHostname(Ljava/lang/String;)V (max-target-q,core-platform-api, reflection, denied)
04-05 20:47:55.062 23227 23424 W com.mbwhatsapp: Accessing hidden method Lcom/android/org/conscrypt/OpenSSLSocketImpl;->setHostname(Ljava/lang/String;)V (max-target-q,core-platform-api, reflection, denied)
04-05 20:47:55.062 23227 23424 W com.mbwhatsapp: Accessing hidden method Lcom/android/org/conscrypt/AbstractConscryptSocket;->setHostname(Ljava/lang/ String;)V (max-target-q, reflection, denied)
04-05 20:47:55.062 23227 23424 W com.mbwhatsapp: Accessing hidden method Lcom/android/org/conscrypt/OpenSSLSocketImpl;->setAlpnProtocols([B)V (max-target- q,core-platform-api, reflection, denied)
04-05 20:47:55.062 23227 23424 W com.mbwhatsapp: Accessing hidden method Lcom/android/org/conscrypt/AbstractConscryptSocket;->setAlpnProtocols([B)V (max- target-q, reflection, denied)
04-05 20:47:55.135 23227 23424 W com.mbwhatsapp: Accessing hidden method Lcom/android/org/conscrypt/OpenSSLSocketImpl;->getAlpnSelectedProtocol()[B (max- target-q,core-platform-api, reflection, denied)
04-05 20:47:55.135 23227 23424 W com.mbwhatsapp: Accessing hidden method Lcom/android/org/conscrypt/AbstractConscryptSocket;->getAlpnSelectedProtocol()[B (max-target-q, reflection, denied)
04-05 20:47:55.139 23227 23442 W ziparchive: Unable to open '/system/framework/QXPerformance.dm': No such file or directory
04-05 20:47:55.139 23227 23442 W ziparchive: Unable to open '/system/framework/QXPerformance.dm': No such file or directory
04-05 20:47:55.145 23227 23227 W OpenGLRenderer: Unknown dataspace 0
04-05 20:47:55.164 23227 23227 W Looper : PerfMonitor looperActivity : package=com.mbwhatsapp/.HomeActivity time=0ms latency=510ms procState=-1 historyMsgCount=3 (msgIndex=3 wall=495ms seq=14 late=16ms h=android.app.ActivityThread$H w=159)
04-05 20:47:55.619 23227 23227 E RecyclerView: No adapter attached; skipping layout
04-05 20:47:55.643 23227 23227 W Looper : PerfMonitor doFrame : time=425ms vsyncFrame=0 latency=46ms procState=-1 historyMsgCount=16
04-05 20:47:55.666 23227 23227 E ArmVmp : Match on catch block at 0x0a in for 0x7e4e5e4035
04-05 20:47:55.716 23227 23227 W Looper : PerfMonitor looperActivity : package=com.mbwhatsapp/mbmodsd.mbmodsw.mbsettings.yo.PauseActivity time=59ms latency=452ms procState=-1 historyMsgCount=19 (msgIndex=15 wall=425ms seq=42 late=46ms h=android.view.Choreographer$FrameHandler c=android.view.Choreographer$FrameDisplayEventReceiver)
04-05 20:47:55.799 23227 23227 W MiuiStubRegistry: Failed to collect stub providers in android.magicpointer.util.MiuiMagicPointerUtilsStubHeadManifest$$: /system_ext/framework/miui-framework-pointer-pad.jar not exist
04-05 20:47:55.818 23227 23227 E RecyclerView: No adapter attached; skipping layout
04-05 20:47:55.821 23227 23227 W Looper : PerfMonitor doFrame : time=84ms vsyncFrame=0 latency=482ms procState=-1 historyMsgCount=15 (msgIndex=1 wall=425ms seq=42 late=46ms h=android.view.Choreographer$FrameHandler c=android.view.Choreographer$FrameDisplayEventReceiver) (msgIndex=6 wall=59ms seq=47 late=452ms h=android.app.ActivityThread$H w=159)
04-05 20:47:55.980 23227 23618 W LOTTIE : Animation contains merge paths. Merge paths are only supported on KitKat+ and must be manually enabled by calling enableMergePathsForKitKatAndAbove().
04-05 20:47:56.135 23227 23419 E libEGL : pre_cache appList: com.miui.weather2,,
04-05 20:47:56.144 23227 23419 E OpenGLRenderer: Unable to match the desired swap behavior.
04-05 20:47:56.190 23227 23419 E LB : fail to open file: No such file or directory
04-05 20:47:56.193 23227 23419 E LB : fail to open node: No such file or directory
04-05 20:47:56.320 23227 23329 W LibraryVersion: Failed to get app version for libraryName: firebase-iid
04-05 20:47:56.374 23227 23227 W LOTTIE : Animation contains merge paths but they are disabled.
04-05 20:47:56.375 23227 23227 W Looper : PerfMonitor looperActivity : package=com.mbwhatsapp/.HomeActivity time=1ms latency=376ms procState=-1 historyMsgCount=35 (msgIndex=1 wall=139ms seq=130 late=138ms h=android.app.ActivityThread$H w=159) (msgIndex=2 wall=293ms seq=131 late=271ms h=android.view.Choreographer$FrameHandler c=android.view.Choreographer$FrameDisplayEventReceiver) (msgIndex=19 wall=62ms seq=148 late=443ms h=android.os.AsyncTask$InternalHandler w=1)
04-05 20:47:56.415 23227 23227 W Looper : PerfMonitor looperActivity : package=com.mbwhatsapp/.HomeActivity time=40ms latency=375ms procState=-1 historyMsgCount=36 (msgIndex=1 wall=139ms seq=130 late=138ms h=android.app.ActivityThread$H w=159) (msgIndex=2 wall=293ms seq=131 late=271ms h=android.view.Choreographer$FrameHandler c=android.view.Choreographer$FrameDisplayEventReceiver) (msgIndex=19 wall=62ms seq=148 late=443ms h=android.os.AsyncTask$InternalHandler w=1)
04-05 20:47:56.464 23227 23227 W Looper : PerfMonitor doFrame : time=40ms vsyncFrame=0 latency=400ms procState=-1 historyMsgCount=38 (msgIndex=1 wall=293ms seq=131 late=271ms h=android.view.Choreographer$FrameHandler c=android.view.Choreographer$FrameDisplayEventReceiver) (msgIndex=18 wall=62ms seq=148 late=443ms h=android.os.AsyncTask$InternalHandler w=1)
04-05 20:47:56.855 23227 23419 E OpenGLRenderer: Unable to match the desired swap behavior.
04-05 20:47:57.861 23227 23227 W JobService: onNetworkChanged() not implemented in androidx.work.impl.background.systemjob.SystemJobService. Must override in a subclass.
04-05 20:47:58.221 23227 23227 W MirrorManager: this model don't Support
04-05 20:47:58.473 23227 24076 E RenderScript: Failed to find hal setup entry points: undefined symbol: rsdHalAbort
04-05 20:47:58.473 23227 24076 E RenderScript: Failed to load runtime , loading default
04-05 20:47:58.807 23227 23227 E ArmVmp : Match on catch block at 0x0a in for 0x7e4e5e4035
04-05 20:47:58.813 23227 23227 E ArmVmp : Match on catch block at 0x0a in for 0x7e4e5e4035
04-05 20:47:58.874 23227 23227 W Looper : PerfMonitor looperActivity : package=com.mbwhatsapp/.Conversation time=0ms latency=522ms procState=-1 historyMsgCount=4 (msgIndex=4 wall=517ms seq=393 late=6ms h=android.app.ActivityThread$H w=159)
04-05 20:47:58.907 23227 23419 E OpenGLRenderer: Unable to match the desired swap behavior.
04-05 20:47:59.114 23227 23227 E ArmVmp : Match on catch block at 0xc3 in for 0x7e4e5e4021
04-05 20:47:59.117 23227 23227 E ArmVmp : Match on catch block at 0xc3 in for 0x7e4e5e4021
04-05 20:47:59.119 23227 23227 E ArmVmp : Match on catch block at 0xc3 in for 0x7e4e5e4021
04-05 20:47:59.156 23227 23227 W Looper : PerfMonitor doFrame : time=281ms vsyncFrame=0 latency=512ms procState=-1 historyMsgCount=4 (msgIndex=1 wall=517ms seq=393 late=6ms h=android.app.ActivityThread$H w=159)
04-05 20:47:59.188 23227 23227 E ArmVmp : Match on catch block at 0xc3 in for 0x7e4e5e4025
04-05 20:47:59.190 23227 23227 E ArmVmp : Match on catch block at 0xc3 in for 0x7e4e5e4025
04-05 20:47:59.192 23227 23227 E ArmVmp : Match on catch block at 0xc3 in for 0x7e4e5e4025
04-05 20:47:59.209 23227 23227 W Looper : PerfMonitor doFrame : time=28ms vsyncFrame=0 latency=301ms procState=-1 historyMsgCount=57 (msgIndex=1 wall=281ms seq=397 late=512ms h=android.view.Choreographer$FrameHandler c=android.view.Choreographer$FrameDisplayEventReceiver)
04-05 20:47:59.229 23227 23227 E ArmVmp : Match on catch block at 0xc3 in for 0x7e4e5e4025
04-05 20:47:59.231 23227 23227 E ArmVmp : Match on catch block at 0xc3 in for 0x7e4e5e4025
04-05 20:47:59.232 23227 23227 E ArmVmp : Match on catch block at 0xc3 in for 0x7e4e5e4025
04-05 20:47:59.258 23227 23227 E ArmVmp : Match on catch block at 0xc3 in for 0x7e4e5e4025
04-05 20:47:59.260 23227 23227 E ArmVmp : Match on catch block at 0xc3 in for 0x7e4e5e4025
04-05 20:47:59.261 23227 23227 E ArmVmp : Match on catch block at 0xc3 in for 0x7e4e5e4025
04-05 20:47:59.276 23227 24231 W com.mbwhatsapp: Accessing hidden method Landroid/app/MiuiNotification;-><init>()V (blocked, reflection, denied)
04-05 20:47:59.278 23227 23227 E ArmVmp : Match on catch block at 0xc3 in for 0x7e4e5e4025
04-05 20:47:59.280 23227 23227 E ArmVmp : Match on catch block at 0xc3 in for 0x7e4e5e4025
04-05 20:47:59.282 23227 23227 E ArmVmp : Match on catch block at 0xc3 in for 0x7e4e5e4025
04-05 20:47:59.311 23227 23227 E ArmVmp : Match on catch block at 0xc3 in for 0x7e4e5e4025
04-05 20:47:59.313 23227 23227 E ArmVmp : Match on catch block at 0xc3 in for 0x7e4e5e4025
04-05 20:47:59.315 23227 23227 E ArmVmp : Match on catch block at 0xc3 in for 0x7e4e5e4025
04-05 20:47:59.321 23227 23227 E ArmVmp : Match on catch block at 0xc3 in for 0x7e4e5e4025
04-05 20:47:59.323 23227 23227 E ArmVmp : Match on catch block at 0xc3 in for 0x7e4e5e4025
04-05 20:47:59.325 23227 23227 E ArmVmp : Match on catch block at 0xc3 in for 0x7e4e5e4025
04-05 20:47:59.342 23227 23227 E ArmVmp : Match on catch block at 0xc3 in for 0x7e4e5e4025
04-05 20:47:59.360 23227 23227 E ArmVmp : Match on catch block at 0xc3 in for 0x7e4e5e4025
04-05 20:47:59.362 23227 23227 E ArmVmp : Match on catch block at 0xc3 in for 0x7e4e5e4025
04-05 20:47:59.385 23227 23227 E ArmVmp : Match on catch block at 0xc3 in for 0x7e4e5e4025
04-05 20:47:59.389 23227 23227 E ArmVmp : Match on catch block at 0xc3 in for 0x7e4e5e4025
04-05 20:47:59.391 23227 23227 E ArmVmp : Match on catch block at 0xc3 in for 0x7e4e5e4025
04-05 20:47:59.559 23227 24231 W com.mbwhatsapp: Accessing hidden method Landroid/app/MiuiNotification;-><init>()V (blocked, reflection, denied)
04-05 20:47:59.668 23227 23227 E ArmVmp : Match on catch block at 0xc3 in for 0x7e4e5e4025
04-05 20:47:59.680 23227 23227 E ArmVmp : Match on catch block at 0xc3 in for 0x7e4e5e4025
04-05 20:47:59.682 23227 23227 E ArmVmp : Match on catch block at 0xc3 in for 0x7e4e5e4025
04-05 20:47:59.701 23227 23227 E ArmVmp : Match on catch block at 0xc3 in for 0x7e4e5e4025
04-05 20:47:59.707 23227 23227 E ArmVmp : Match on catch block at 0xc3 in for 0x7e4e5e4025
04-05 20:47:59.710 23227 23227 E ArmVmp : Match on catch block at 0xc3 in for 0x7e4e5e4025
04-05 20:47:59.729 23227 23227 E ArmVmp : Match on catch block at 0xc3 in for 0x7e4e5e4025
04-05 20:47:59.733 23227 23227 E ArmVmp : Match on catch block at 0xc3 in for 0x7e4e5e4025
04-05 20:47:59.740 23227 23227 E ArmVmp : Match on catch block at 0xc3 in for 0x7e4e5e4025
04-05 20:47:59.781 23227 23227 E ArmVmp : Match on catch block at 0xc3 in for 0x7e4e5e4025
04-05 20:47:59.801 23227 23227 E ArmVmp : Match on catch block at 0xc3 in for 0x7e4e5e4025
04-05 20:47:59.808 23227 23227 E ArmVmp : Match on catch block at 0xc3 in for 0x7e4e5e4025
04-05 20:47:59.836 23227 23227 E ArmVmp : Match on catch block at 0xc3 in for 0x7e4e5e4025
04-05 20:47:59.848 23227 23227 E ArmVmp : Match on catch block at 0xc3 in for 0x7e4e5e4025
04-05 20:47:59.876 23227 23227 E ArmVmp : Match on catch block at 0xc3 in for 0x7e4e5e4025
04-05 20:47:59.901 23227 23227 E ArmVmp : Match on catch block at 0xc3 in for 0x7e4e5e4025
04-05 20:47:59.907 23227 23227 E ArmVmp : Match on catch block at 0xc3 in for 0x7e4e5e4025
04-05 20:47:59.912 23227 23227 E ArmVmp : Match on catch block at 0xc3 in for 0x7e4e5e4025
04-05 20:47:59.935 23227 23227 E ArmVmp : Match on catch block at 0xc3 in for 0x7e4e5e4025
04-05 20:47:59.938 23227 23227 E ArmVmp : Match on catch block at 0xc3 in for 0x7e4e5e4025
04-05 20:47:59.940 23227 23227 E ArmVmp : Match on catch block at 0xc3 in for 0x7e4e5e4025
04-05 20:47:59.952 23227 23227 E ArmVmp : Match on catch block at 0xc3 in for 0x7e4e5e4025
04-05 20:47:59.957 23227 23227 E ArmVmp : Match on catch block at 0xc3 in for 0x7e4e5e4025
04-05 20:47:59.968 23227 23227 E ArmVmp : Match on catch block at 0xc3 in for 0x7e4e5e4025
04-05 20:47:59.985 23227 23227 E ArmVmp : Match on catch block at 0xc3 in for 0x7e4e5e4025
04-05 20:47:59.988 23227 23227 E ArmVmp : Match on catch block at 0xc3 in for 0x7e4e5e4025
04-05 20:47:59.991 23227 23227 E ArmVmp : Match on catch block at 0xc3 in for 0x7e4e5e4025
04-05 20:48:00.337 23227 23227 E ArmVmp : Match on catch block at 0xc3 in for 0x7e4e5e4025
04-05 20:48:00.340 23227 23227 E ArmVmp : Match on catch block at 0xc3 in for 0x7e4e5e4025
04-05 20:48:00.343 23227 23227 E ArmVmp : Match on catch block at 0xc3 in for 0x7e4e5e4025
04-05 20:48:00.821 23227 23227 E ArmVmp : Match on catch block at 0xc3 in for 0x7e4e5e4025
04-05 20:48:00.825 23227 23227 E ArmVmp : Match on catch block at 0xc3 in for 0x7e4e5e4025
04-05 20:48:00.827 23227 23227 E ArmVmp : Match on catch block at 0xc3 in for 0x7e4e5e4025
04-05 20:48:00.838 23227 23227 E ArmVmp : Match on catch block at 0xc3 in for 0x7e4e5e4025
04-05 20:48:00.842 23227 23227 E ArmVmp : Match on catch block at 0xc3 in for 0x7e4e5e4025
04-05 20:48:00.845 23227 23227 E ArmVmp : Match on catch block at 0xc3 in for 0x7e4e5e4025
04-05 20:48:00.854 23227 23227 E ArmVmp : Match on catch block at 0xc3 in for 0x7e4e5e4025
04-05 20:48:00.857 23227 23227 E ArmVmp : Match on catch block at 0xc3 in for 0x7e4e5e4025
04-05 20:48:00.860 23227 23227 E ArmVmp : Match on catch block at 0xc3 in for 0x7e4e5e4025
04-05 20:48:00.871 23227 23227 E ArmVmp : Match on catch block at 0xc3 in for 0x7e4e5e4025
04-05 20:48:00.873 23227 23227 E ArmVmp : Match on catch block at 0xc3 in for 0x7e4e5e4025
04-05 20:48:00.875 23227 23227 E ArmVmp : Match on catch block at 0xc3 in for 0x7e4e5e4025
04-05 20:48:00.888 23227 23227 E ArmVmp : Match on catch block at 0xc3 in for 0x7e4e5e4025
04-05 20:48:00.891 23227 23227 E ArmVmp : Match on catch block at 0xc3 in for 0x7e4e5e4025
04-05 20:48:00.893 23227 23227 E ArmVmp : Match on catch block at 0xc3 in for 0x7e4e5e4025
04-05 20:48:00.905 23227 23227 E ArmVmp : Match on catch block at 0xc3 in for 0x7e4e5e4025
04-05 20:48:00.910 23227 23227 E ArmVmp : Match on catch block at 0xc3 in for 0x7e4e5e4025
04-05 20:48:00.914 23227 23227 E ArmVmp : Match on catch block at 0xc3 in for 0x7e4e5e4025
04-05 20:48:00.922 23227 23227 E ArmVmp : Match on catch block at 0xc3 in for 0x7e4e5e4025
04-05 20:48:00.926 23227 23227 E ArmVmp : Match on catch block at 0xc3 in for 0x7e4e5e4025
04-05 20:48:00.929 23227 23227 E ArmVmp : Match on catch block at 0xc3 in for 0x7e4e5e4025
04-05 20:48:00.938 23227 23227 E ArmVmp : Match on catch block at 0xc3 in for 0x7e4e5e4025
04-05 20:48:00.942 23227 23227 E ArmVmp : Match on catch block at 0xc3 in for 0x7e4e5e4025
04-05 20:48:00.943 23227 23227 E ArmVmp : Match on catch block at 0xc3 in for 0x7e4e5e4025
04-05 20:48:00.954 23227 23227 E ArmVmp : Match on catch block at 0xc3 in for 0x7e4e5e4025
04-05 20:48:00.956 23227 23227 E ArmVmp : Match on catch block at 0xc3 in for 0x7e4e5e4025
04-05 20:48:00.958 23227 23227 E ArmVmp : Match on catch block at 0xc3 in for 0x7e4e5e4025
04-05 20:48:00.971 23227 23227 E ArmVmp : Match on catch block at 0xc3 in for 0x7e4e5e4025
04-05 20:48:00.973 23227 23227 E ArmVmp : Match on catch block at 0xc3 in for 0x7e4e5e4025
04-05 20:48:00.975 23227 23227 E ArmVmp : Match on catch block at 0xc3 in for 0x7e4e5e4025
04-05 20:48:00.988 23227 23227 E ArmVmp : Match on catch block at 0xc3 in for 0x7e4e5e4025
04-05 20:48:00.992 23227 23227 E ArmVmp : Match on catch block at 0xc3 in for 0x7e4e5e4025
04-05 20:48:00.994 23227 23227 E ArmVmp : Match on catch block at 0xc3 in for 0x7e4e5e4025
04-05 20:48:01.005 23227 23227 E ArmVmp : Match on catch block at 0xc3 in for 0x7e4e5e4025
04-05 20:48:01.008 23227 23227 E ArmVmp : Match on catch block at 0xc3 in for 0x7e4e5e4025
04-05 20:48:01.011 23227 23227 E ArmVmp : Match on catch block at 0xc3 in for 0x7e4e5e4025
04-05 20:48:01.021 23227 23227 E ArmVmp : Match on catch block at 0xc3 in for 0x7e4e5e4025
04-05 20:48:01.025 23227 23227 E ArmVmp : Match on catch block at 0xc3 in for 0x7e4e5e4025
04-05 20:48:01.028 23227 23227 E ArmVmp : Match on catch block at 0xc3 in for 0x7e4e5e4025
04-05 20:48:01.038 23227 23227 E ArmVmp : Match on catch block at 0xc3 in for 0x7e4e5e4025
04-05 20:48:01.040 23227 23227 E ArmVmp : Match on catch block at 0xc3 in for 0x7e4e5e4025
04-05 20:48:01.042 23227 23227 E ArmVmp : Match on catch block at 0xc3 in for 0x7e4e5e4025
04-05 20:48:01.054 23227 23227 E ArmVmp : Match on catch block at 0xc3 in for 0x7e4e5e4025
04-05 20:48:01.057 23227 23227 E ArmVmp : Match on catch block at 0xc3 in for 0x7e4e5e4025
04-05 20:48:01.059 23227 23227 E ArmVmp : Match on catch block at 0xc3 in for 0x7e4e5e4025
04-05 20:48:01.071 23227 23227 E ArmVmp : Match on catch block at 0xc3 in for 0x7e4e5e4025
04-05 20:48:01.074 23227 23227 E ArmVmp : Match on catch block at 0xc3 in for 0x7e4e5e4025
04-05 20:48:01.076 23227 23227 E ArmVmp : Match on catch block at 0xc3 in for 0x7e4e5e4025
04-05 20:48:01.088 23227 23227 E ArmVmp : Match on catch block at 0xc3 in for 0x7e4e5e4025
04-05 20:48:01.091 23227 23227 E ArmVmp : Match on catch block at 0xc3 in for 0x7e4e5e4025
04-05 20:48:01.093 23227 23227 E ArmVmp : Match on catch block at 0xc3 in for 0x7e4e5e4025
04-05 20:48:01.356 23227 23227 E ArmVmp : Match on catch block at 0xc3 in for 0x7e4e5e4025
04-05 20:48:01.359 23227 23227 E ArmVmp : Match on catch block at 0xc3 in for 0x7e4e5e4025
04-05 20:48:01.362 23227 23227 E ArmVmp : Match on catch block at 0xc3 in for 0x7e4e5e4025
04-05 20:48:01.856 23227 23227 E ArmVmp : Match on catch block at 0xc3 in for 0x7e4e5e4025
04-05 20:48:01.859 23227 23227 E ArmVmp : Match on catch block at 0xc3 in for 0x7e4e5e4025
04-05 20:48:01.862 23227 23227 E ArmVmp : Match on catch block at 0xc3 in for 0x7e4e5e4025
04-05 20:48:02.065 23227 23227 E ArmVmp : Match on catch block at 0xc3 in for 0x7e4e5e4025
04-05 20:48:02.067 23227 23227 E ArmVmp : Match on catch block at 0xc3 in for 0x7e4e5e4025
04-05 20:48:02.068 23227 23227 E ArmVmp : Match on catch block at 0xc3 in for 0x7e4e5e4025
04-05 20:48:02.076 23227 23227 E ArmVmp : Match on catch block at 0xc3 in for 0x7e4e5e4025
04-05 20:48:02.078 23227 23227 E ArmVmp : Match on catch block at 0xc3 in for 0x7e4e5e4025
04-05 20:48:02.080 23227 23227 E ArmVmp : Match on catch block at 0xc3 in for 0x7e4e5e4025
04-05 20:48:02.091 23227 23227 E ArmVmp : Match on catch block at 0xc3 in for 0x7e4e5e4025
04-05 20:48:02.094 23227 23227 E ArmVmp : Match on catch block at 0xc3 in for 0x7e4e5e4025
04-05 20:48:02.098 23227 23227 E ArmVmp : Match on catch block at 0xc3 in for 0x7e4e5e4025
04-05 20:48:02.107 23227 23227 E ArmVmp : Match on catch block at 0xc3 in for 0x7e4e5e4025
04-05 20:48:02.110 23227 23227 E ArmVmp : Match on catch block at 0xc3 in for 0x7e4e5e4025
04-05 20:48:02.114 23227 23227 E ArmVmp : Match on catch block at 0xc3 in for 0x7e4e5e4025
04-05 20:48:02.124 23227 23227 E ArmVmp : Match on catch block at 0xc3 in for 0x7e4e5e4025
04-05 20:48:02.126 23227 23227 E ArmVmp : Match on catch block at 0xc3 in for 0x7e4e5e4025
04-05 20:48:02.128 23227 23227 E ArmVmp : Match on catch block at 0xc3 in for 0x7e4e5e4025
04-05 20:48:02.140 23227 23227 E ArmVmp : Match on catch block at 0xc3 in for 0x7e4e5e4025
04-05 20:48:02.142 23227 23227 E ArmVmp : Match on catch block at 0xc3 in for 0x7e4e5e4025
04-05 20:48:02.143 23227 23227 E ArmVmp : Match on catch block at 0xc3 in for 0x7e4e5e4025
04-05 20:48:02.157 23227 23227 E ArmVmp : Match on catch block at 0xc3 in for 0x7e4e5e4025
04-05 20:48:02.160 23227 23227 E ArmVmp : Match on catch block at 0xc3 in for 0x7e4e5e4025
04-05 20:48:02.161 23227 23227 E ArmVmp : Match on catch block at 0xc3 in for 0x7e4e5e4025
04-05 20:48:02.175 23227 23227 E ArmVmp : Match on catch block at 0xc3 in for 0x7e4e5e4025
04-05 20:48:02.177 23227 23227 E ArmVmp : Match on catch block at 0xc3 in for 0x7e4e5e4025
04-05 20:48:02.180 23227 23227 E ArmVmp : Match on catch block at 0xc3 in for 0x7e4e5e4025
04-05 20:48:02.191 23227 23227 E ArmVmp : Match on catch block at 0xc3 in for 0x7e4e5e4025
04-05 20:48:02.194 23227 23227 E ArmVmp : Match on catch block at 0xc3 in for 0x7e4e5e4025
04-05 20:48:02.197 23227 23227 E ArmVmp : Match on catch block at 0xc3 in for 0x7e4e5e4025
04-05 20:48:02.208 23227 23227 E ArmVmp : Match on catch block at 0xc3 in for 0x7e4e5e4025
04-05 20:48:02.210 23227 23227 E ArmVmp : Match on catch block at 0xc3 in for 0x7e4e5e4025
04-05 20:48:02.212 23227 23227 E ArmVmp : Match on catch block at 0xc3 in for 0x7e4e5e4025
04-05 20:48:02.224 23227 23227 E ArmVmp : Match on catch block at 0xc3 in for 0x7e4e5e4025
04-05 20:48:02.227 23227 23227 E ArmVmp : Match on catch block at 0xc3 in for 0x7e4e5e4025
04-05 20:48:02.229 23227 23227 E ArmVmp : Match on catch block at 0xc3 in for 0x7e4e5e4025
04-05 20:48:02.243 23227 23227 E ArmVmp : Match on catch block at 0xc3 in for 0x7e4e5e4025
04-05 20:48:02.248 23227 23227 E ArmVmp : Match on catch block at 0xc3 in for 0x7e4e5e4025
04-05 20:48:02.252 23227 23227 E ArmVmp : Match on catch block at 0xc3 in for 0x7e4e5e4025
04-05 20:48:02.260 23227 23227 E ArmVmp : Match on catch block at 0xc3 in for 0x7e4e5e4025
04-05 20:48:02.265 23227 23227 E ArmVmp : Match on catch block at 0xc3 in for 0x7e4e5e4025
04-05 20:48:02.269 23227 23227 E ArmVmp : Match on catch block at 0xc3 in for 0x7e4e5e4025
04-05 20:48:02.277 23227 23227 E ArmVmp : Match on catch block at 0xc3 in for 0x7e4e5e4025
04-05 20:48:02.282 23227 23227 E ArmVmp : Match on catch block at 0xc3 in for 0x7e4e5e4025
04-05 20:48:02.286 23227 23227 E ArmVmp : Match on catch block at 0xc3 in for 0x7e4e5e4025
04-05 20:48:02.295 23227 23227 E ArmVmp : Match on catch block at 0xc3 in for 0x7e4e5e4025
04-05 20:48:02.300 23227 23227 E ArmVmp : Match on catch block at 0xc3 in for 0x7e4e5e4025
04-05 20:48:02.305 23227 23227 E ArmVmp : Match on catch block at 0xc3 in for 0x7e4e5e4025
04-05 20:48:02.313 23227 23227 E ArmVmp : Match on catch block at 0xc3 in for 0x7e4e5e4025
04-05 20:48:02.318 23227 23227 E ArmVmp : Match on catch block at 0xc3 in for 0x7e4e5e4025
04-05 20:48:02.322 23227 23227 E ArmVmp : Match on catch block at 0xc3 in for 0x7e4e5e4025
04-05 20:48:02.331 23227 23227 E ArmVmp : Match on catch block at 0xc3 in for 0x7e4e5e4025
04-05 20:48:02.336 23227 23227 E ArmVmp : Match on catch block at 0xc3 in for 0x7e4e5e4025
04-05 20:48:02.340 23227 23227 E ArmVmp : Match on catch block at 0xc3 in for 0x7e4e5e4025
04-05 20:48:02.348 23227 23227 E ArmVmp : Match on catch block at 0xc3 in for 0x7e4e5e4025
04-05 20:48:02.353 23227 23227 E ArmVmp : Match on catch block at 0xc3 in for 0x7e4e5e4025
04-05 20:48:02.357 23227 23227 E ArmVmp : Match on catch block at 0xc3 in for 0x7e4e5e4025
04-05 20:48:02.365 23227 23227 E ArmVmp : Match on catch block at 0xc3 in for 0x7e4e5e4025
04-05 20:48:02.370 23227 23227 E ArmVmp : Match on catch block at 0xc3 in for 0x7e4e5e4025
04-05 20:48:02.374 23227 23227 E ArmVmp : Match on catch block at 0xc3 in for 0x7e4e5e4025
04-05 20:48:02.392 23227 23227 E ArmVmp : Match on catch block at 0xc3 in for 0x7e4e5e4025
04-05 20:48:02.398 23227 23227 E ArmVmp : Match on catch block at 0xc3 in for 0x7e4e5e4025
04-05 20:48:02.402 23227 23227 E ArmVmp : Match on catch block at 0xc3 in for 0x7e4e5e4025
04-05 20:48:02.414 23227 23227 E ArmVmp : Match on catch block at 0xc3 in for 0x7e4e5e4025
04-05 20:48:02.420 23227 23227 E ArmVmp : Match on catch block at 0xc3 in for 0x7e4e5e4025
04-05 20:48:02.425 23227 23227 E ArmVmp : Match on catch block at 0xc3 in for 0x7e4e5e4025
04-05 20:48:02.876 23227 23227 E ArmVmp : Match on catch block at 0xc3 in for 0x7e4e5e4025
04-05 20:48:02.879 23227 23227 E ArmVmp : Match on catch block at 0xc3 in for 0x7e4e5e4025
04-05 20:48:02.881 23227 23227 E ArmVmp : Match on catch block at 0xc3 in for 0x7e4e5e4025
04-05 20:48:02.943 23227 23227 E ArmVmp : Match on catch block at 0xc3 in for 0x7e4e5e4025
04-05 20:48:02.946 23227 23227 E ArmVmp : Match on catch block at 0xc3 in for 0x7e4e5e4025
04-05 20:48:02.948 23227 23227 E ArmVmp : Match on catch block at 0xc3 in for 0x7e4e5e4025
04-05 20:48:03.372 23227 23227 E ArmVmp : Match on catch block at 0xc3 in for 0x7e4e5e4025
04-05 20:48:03.374 23227 23227 E ArmVmp : Match on catch block at 0xc3 in for 0x7e4e5e4025
04-05 20:48:03.376 23227 23227 E ArmVmp : Match on catch block at 0xc3 in for 0x7e4e5e4025
04-05 20:48:03.382 23227 23227 E ArmVmp : Match on catch block at 0xc3 in for 0x7e4e5e4025
04-05 20:48:03.385 23227 23227 E ArmVmp : Match on catch block at 0xc3 in for 0x7e4e5e4025
04-05 20:48:03.387 23227 23227 E ArmVmp : Match on catch block at 0xc3 in for 0x7e4e5e4025
04-05 20:48:03.861 23227 23237 W com.mbwhatsapp: Cleared Reference was only reachable from finalizer (only reported once)
04-05 20:48:03.895 23227 23227 E ArmVmp : Match on catch block at 0xc3 in for 0x7e4e5e4025
04-05 20:48:03.897 23227 23227 E ArmVmp : Match on catch block at 0xc3 in for 0x7e4e5e4025
04-05 20:48:03.901 23227 23227 E ArmVmp : Match on catch block at 0xc3 in for 0x7e4e5e4025
04-05 20:48:04.396 23227 23227 E ArmVmp : Match on catch block at 0xc3 in for 0x7e4e5e4025
04-05 20:48:04.400 23227 23227 E ArmVmp : Match on catch block at 0xc3 in for 0x7e4e5e4025
04-05 20:48:04.404 23227 23227 E ArmVmp : Match on catch block at 0xc3 in for 0x7e4e5e4025
04-05 20:48:04.490 23227 23227 E ArmVmp : Match on catch block at 0xc3 in for 0x7e4e5e4025
04-05 20:48:04.493 23227 23227 E ArmVmp : Match on catch block at 0xc3 in for 0x7e4e5e4025
04-05 20:48:04.503 23227 23227 E ArmVmp : Match on catch block at 0xc3 in for 0x7e4e5e4025
04-05 20:48:04.518 23227 23227 E ArmVmp : Match on catch block at 0xc3 in for 0x7e4e5e4025
04-05 20:48:04.525 23227 23227 E ArmVmp : Match on catch block at 0xc3 in for 0x7e4e5e4025
04-05 20:48:04.532 23227 23227 E ArmVmp : Match on catch block at 0xc3 in for 0x7e4e5e4025
04-05 20:48:04.897 23227 23227 E ArmVmp : Match on catch block at 0xc3 in for 0x7e4e5e4025
04-05 20:48:04.899 23227 23227 E ArmVmp : Match on catch block at 0xc3 in for 0x7e4e5e4025
04-05 20:48:04.901 23227 23227 E ArmVmp : Match on catch block at 0xc3 in for 0x7e4e5e4025
04-05 20:48:04.940 23227 23227 E ArmVmp : Match on catch block at 0xc3 in for 0x7e4e5e4025
04-05 20:48:04.942 23227 23227 E ArmVmp : Match on catch block at 0xc3 in for 0x7e4e5e4025
04-05 20:48:04.944 23227 23227 E ArmVmp : Match on catch block at 0xc3 in for 0x7e4e5e4025
04-05 20:48:05.448 23227 23227 E ArmVmp : Match on catch block at 0xc3 in for 0x7e4e5e4025
04-05 20:48:05.452 23227 23227 E ArmVmp : Match on catch block at 0xc3 in for 0x7e4e5e4025
04-05 20:48:05.455 23227 23227 E ArmVmp : Match on catch block at 0xc3 in for 0x7e4e5e4025
04-05 20:48:05.604 23227 23227 E ArmVmp : Match on catch block at 0xc3 in for 0x7e4e5e4025
04-05 20:48:05.610 23227 23227 E ArmVmp : Match on catch block at 0xc3 in for 0x7e4e5e4025
04-05 20:48:05.614 23227 23227 E ArmVmp : Match on catch block at 0xc3 in for 0x7e4e5e4025
04-05 20:48:05.632 23227 23227 E ArmVmp : Match on catch block at 0xc3 in for 0x7e4e5e4025
04-05 20:48:05.635 23227 23227 E ArmVmp : Match on catch block at 0xc3 in for 0x7e4e5e4025
04-05 20:48:05.638 23227 23227 E ArmVmp : Match on catch block at 0xc3 in for 0x7e4e5e4025
04-05 20:48:05.649 23227 23227 E ArmVmp : Match on catch block at 0xc3 in for 0x7e4e5e4025
04-05 20:48:05.651 23227 23227 E ArmVmp : Match on catch block at 0xc3 in for 0x7e4e5e4025
04-05 20:48:05.654 23227 23227 E ArmVmp : Match on catch block at 0xc3 in for 0x7e4e5e4025
04-05 20:48:05.667 23227 23227 E ArmVmp : Match on catch block at 0xc3 in for 0x7e4e5e4025
04-05 20:48:05.670 23227 23227 E ArmVmp : Match on catch block at 0xc3 in for 0x7e4e5e4025
04-05 20:48:05.677 23227 23227 E ArmVmp : Match on catch block at 0xc3 in for 0x7e4e5e4025
04-05 20:48:05.682 23227 23227 E ArmVmp : Match on catch block at 0xc3 in for 0x7e4e5e4025
04-05 20:48:05.685 23227 23227 E ArmVmp : Match on catch block at 0xc3 in for 0x7e4e5e4025
04-05 20:48:05.687 23227 23227 E ArmVmp : Match on catch block at 0xc3 in for 0x7e4e5e4025
04-05 20:48:05.701 23227 23227 E ArmVmp : Match on catch block at 0xc3 in for 0x7e4e5e4025
04-05 20:48:05.703 23227 23227 E ArmVmp : Match on catch block at 0xc3 in for 0x7e4e5e4025
04-05 20:48:05.705 23227 23227 E ArmVmp : Match on catch block at 0xc3 in for 0x7e4e5e4025
04-05 20:48:05.719 23227 23227 E ArmVmp : Match on catch block at 0xc3 in for 0x7e4e5e4025
04-05 20:48:05.721 23227 23227 E ArmVmp : Match on catch block at 0xc3 in for 0x7e4e5e4025
04-05 20:48:05.724 23227 23227 E ArmVmp : Match on catch block at 0xc3 in for 0x7e4e5e4025
04-05 20:48:05.734 23227 23227 E ArmVmp : Match on catch block at 0xc3 in for 0x7e4e5e4025
04-05 20:48:05.737 23227 23227 E ArmVmp : Match on catch block at 0xc3 in for 0x7e4e5e4025
04-05 20:48:05.739 23227 23227 E ArmVmp : Match on catch block at 0xc3 in for 0x7e4e5e4025
04-05 20:48:05.749 23227 23227 E ArmVmp : Match on catch block at 0xc3 in for 0x7e4e5e4025
04-05 20:48:05.751 23227 23227 E ArmVmp : Match on catch block at 0xc3 in for 0x7e4e5e4025
04-05 20:48:05.753 23227 23227 E ArmVmp : Match on catch block at 0xc3 in for 0x7e4e5e4025
04-05 20:48:05.766 23227 23227 E ArmVmp : Match on catch block at 0xc3 in for 0x7e4e5e4025
04-05 20:48:05.769 23227 23227 E ArmVmp : Match on catch block at 0xc3 in for 0x7e4e5e4025
04-05 20:48:05.773 23227 23227 E ArmVmp : Match on catch block at 0xc3 in for 0x7e4e5e4025
04-05 20:48:05.783 23227 23227 E ArmVmp : Match on catch block at 0xc3 in for 0x7e4e5e4025
04-05 20:48:05.785 23227 23227 E ArmVmp : Match on catch block at 0xc3 in for 0x7e4e5e4025
04-05 20:48:05.787 23227 23227 E ArmVmp : Match on catch block at 0xc3 in for 0x7e4e5e4025
04-05 20:48:05.799 23227 23227 E ArmVmp : Match on catch block at 0xc3 in for 0x7e4e5e4025
04-05 20:48:05.801 23227 23227 E ArmVmp : Match on catch block at 0xc3 in for 0x7e4e5e4025
04-05 20:48:05.803 23227 23227 E ArmVmp : Match on catch block at 0xc3 in for 0x7e4e5e4025
04-05 20:48:05.883 23227 23227 E ArmVmp : Match on catch block at 0xc3 in for 0x7e4e5e4025
04-05 20:48:05.885 23227 23227 E ArmVmp : Match on catch block at 0xc3 in for 0x7e4e5e4025
04-05 20:48:05.888 23227 23227 E ArmVmp : Match on catch block at 0xc3 in for 0x7e4e5e4025
04-05 20:48:05.984 23227 23227 E ArmVmp : Match on catch block at 0xc3 in for 0x7e4e5e4025
04-05 20:48:05.988 23227 23227 E ArmVmp : Match on catch block at 0xc3 in for 0x7e4e5e4025
04-05 20:48:05.992 23227 23227 E ArmVmp : Match on catch block at 0xc3 in for 0x7e4e5e4025
04-05 20:48:06.033 23227 23227 E ArmVmp : Match on catch block at 0xc3 in for 0x7e4e5e4025
04-05 20:48:06.037 23227 23227 E ArmVmp : Match on catch block at 0xc3 in for 0x7e4e5e4025
04-05 20:48:06.040 23227 23227 E ArmVmp : Match on catch block at 0xc3 in for 0x7e4e5e4025
04-05 20:48:06.050 23227 23227 E ArmVmp : Match on catch block at 0xc3 in for 0x7e4e5e4025
04-05 20:48:06.054 23227 23227 E ArmVmp : Match on catch block at 0xc3 in for 0x7e4e5e4025
04-05 20:48:06.057 23227 23227 E ArmVmp : Match on catch block at 0xc3 in for 0x7e4e5e4025
04-05 20:48:06.068 23227 23227 E ArmVmp : Match on catch block at 0xc3 in for 0x7e4e5e4025
04-05 20:48:06.071 23227 23227 E ArmVmp : Match on catch block at 0xc3 in for 0x7e4e5e4025
04-05 20:48:06.074 23227 23227 E ArmVmp : Match on catch block at 0xc3 in for 0x7e4e5e4025
04-05 20:48:06.084 23227 23227 E ArmVmp : Match on catch block at 0xc3 in for 0x7e4e5e4025
04-05 20:48:06.087 23227 23227 E ArmVmp : Match on catch block at 0xc3 in for 0x7e4e5e4025
04-05 20:48:06.090 23227 23227 E ArmVmp : Match on catch block at 0xc3 in for 0x7e4e5e4025
04-05 20:48:06.100 23227 23227 E ArmVmp : Match on catch block at 0xc3 in for 0x7e4e5e4025
04-05 20:48:06.103 23227 23227 E ArmVmp : Match on catch block at 0xc3 in for 0x7e4e5e4025
04-05 20:48:06.106 23227 23227 E ArmVmp : Match on catch block at 0xc3 in for 0x7e4e5e4025
04-05 20:48:06.117 23227 23227 E ArmVmp : Match on catch block at 0xc3 in for 0x7e4e5e4025
04-05 20:48:06.124 23227 23227 E ArmVmp : Match on catch block at 0xc3 in for 0x7e4e5e4025
04-05 20:48:06.134 23227 23227 E ArmVmp : Match on catch block at 0xc3 in for 0x7e4e5e4025
04-05 20:48:06.139 23227 23227 E ArmVmp : Match on catch block at 0xc3 in for 0x7e4e5e4025
04-05 20:48:06.143 23227 23227 E ArmVmp : Match on catch block at 0xc3 in for 0x7e4e5e4025
04-05 20:48:06.151 23227 23227 E ArmVmp : Match on catch block at 0xc3 in for 0x7e4e5e4025
04-05 20:48:06.155 23227 23227 E ArmVmp : Match on catch block at 0xc3 in for 0x7e4e5e4025
04-05 20:48:06.157 23227 23227 E ArmVmp : Match on catch block at 0xc3 in for 0x7e4e5e4025
04-05 20:48:06.161 23227 23227 E ArmVmp : Match on catch block at 0xc3 in for 0x7e4e5e4025
04-05 20:48:06.167 23227 23227 E ArmVmp : Match on catch block at 0xc3 in for 0x7e4e5e4025
04-05 20:48:06.171 23227 23227 E ArmVmp : Match on catch block at 0xc3 in for 0x7e4e5e4025
04-05 20:48:06.173 23227 23227 E ArmVmp : Match on catch block at 0xc3 in for 0x7e4e5e4025
04-05 20:48:06.183 23227 23227 E ArmVmp : Match on catch block at 0xc3 in for 0x7e4e5e4025
04-05 20:48:06.185 23227 23227 E ArmVmp : Match on catch block at 0xc3 in for 0x7e4e5e4025
04-05 20:48:06.187 23227 23227 E ArmVmp : Match on catch block at 0xc3 in for 0x7e4e5e4025
04-05 20:48:06.201 23227 23227 E ArmVmp : Match on catch block at 0xc3 in for 0x7e4e5e4025
04-05 20:48:06.204 23227 23227 E ArmVmp : Match on catch block at 0xc3 in for 0x7e4e5e4025
04-05 20:48:06.206 23227 23227 E ArmVmp : Match on catch block at 0xc3 in for 0x7e4e5e4025
04-05 20:48:06.216 23227 23227 E ArmVmp : Match on catch block at 0xc3 in for 0x7e4e5e4025
04-05 20:48:06.218 23227 23227 E ArmVmp : Match on catch block at 0xc3 in for 0x7e4e5e4025
04-05 20:48:06.220 23227 23227 E ArmVmp : Match on catch block at 0xc3 in for 0x7e4e5e4025
04-05 20:48:06.233 23227 23227 E ArmVmp : Match on catch block at 0xc3 in for 0x7e4e5e4025
04-05 20:48:06.235 23227 23227 E ArmVmp : Match on catch block at 0xc3 in for 0x7e4e5e4025
04-05 20:48:06.238 23227 23227 E ArmVmp : Match on catch block at 0xc3 in for 0x7e4e5e4025
04-05 20:48:06.250 23227 23227 E ArmVmp : Match on catch block at 0xc3 in for 0x7e4e5e4025
04-05 20:48:06.253 23227 23227 E ArmVmp : Match on catch block at 0xc3 in for 0x7e4e5e4025
04-05 20:48:06.255 23227 23227 E ArmVmp : Match on catch block at 0xc3 in for 0x7e4e5e4025
04-05 20:48:06.267 23227 23227 E ArmVmp : Match on catch block at 0xc3 in for 0x7e4e5e4025
04-05 20:48:06.269 23227 23227 E ArmVmp : Match on catch block at 0xc3 in for 0x7e4e5e4025
04-05 20:48:06.272 23227 23227 E ArmVmp : Match on catch block at 0xc3 in for 0x7e4e5e4025
04-05 20:48:06.285 23227 23227 E ArmVmp : Match on catch block at 0xc3 in for 0x7e4e5e4025
04-05 20:48:06.288 23227 23227 E ArmVmp : Match on catch block at 0xc3 in for 0x7e4e5e4025
04-05 20:48:06.292 23227 23227 E ArmVmp : Match on catch block at 0xc3 in for 0x7e4e5e4025
04-05 20:48:06.304 23227 23227 E ArmVmp : Match on catch block at 0xc3 in for 0x7e4e5e4025
04-05 20:48:06.310 23227 23227 E ArmVmp : Match on catch block at 0xc3 in for 0x7e4e5e4025
04-05 20:48:06.314 23227 23227 E ArmVmp : Match on catch block at 0xc3 in for 0x7e4e5e4025
04-05 20:48:06.333 23227 23227 E ArmVmp : Match on catch block at 0xc3 in for 0x7e4e5e4025
04-05 20:48:06.336 23227 23227 E ArmVmp : Match on catch block at 0xc3 in for 0x7e4e5e4025
04-05 20:48:06.339 23227 23227 E ArmVmp : Match on catch block at 0xc3 in for 0x7e4e5e4025
04-05 20:48:06.502 23227 23227 E ArmVmp : Match on catch block at 0xc3 in for 0x7e4e5e4025
04-05 20:48:06.507 23227 23227 E ArmVmp : Match on catch block at 0xc3 in for 0x7e4e5e4025
04-05 20:48:06.512 23227 23227 E ArmVmp : Match on catch block at 0xc3 in for 0x7e4e5e4025
04-05 20:48:06.686 23227 23227 E ArmVmp : Match on catch block at 0xc3 in for 0x7e4e5e4025
04-05 20:48:06.690 23227 23227 E ArmVmp : Match on catch block at 0xc3 in for 0x7e4e5e4025
04-05 20:48:06.695 23227 23227 E ArmVmp : Match on catch block at 0xc3 in for 0x7e4e5e4025
04-05 20:48:06.819 23227 23227 E ArmVmp : Match on catch block at 0xc3 in for 0x7e4e5e4025
04-05 20:48:06.827 23227 23227 E ArmVmp : Match on catch block at 0xc3 in for 0x7e4e5e4025
04-05 20:48:06.830 23227 23227 E ArmVmp : Match on catch block at 0xc3 in for 0x7e4e5e4025
04-05 20:48:06.886 23227 23227 E ArmVmp : Match on catch block at 0xc3 in for 0x7e4e5e4025
04-05 20:48:06.889 23227 23227 E ArmVmp : Match on catch block at 0xc3 in for 0x7e4e5e4025
04-05 20:48:06.899 23227 23227 E ArmVmp : Match on catch block at 0xc3 in for 0x7e4e5e4025
04-05 20:48:07.120 23227 23227 E ArmVmp : Match on catch block at 0xc3 in for 0x7e4e5e4025
04-05 20:48:07.124 23227 23227 E ArmVmp : Match on catch block at 0xc3 in for 0x7e4e5e4025
04-05 20:48:07.128 23227 23227 E ArmVmp : Match on catch block at 0xc3 in for 0x7e4e5e4025
04-05 20:48:07.621 23227 23227 E ArmVmp : Match on catch block at 0xc3 in for 0x7e4e5e4025
04-05 20:48:07.626 23227 23227 E ArmVmp : Match on catch block at 0xc3 in for 0x7e4e5e4025
04-05 20:48:07.632 23227 23227 E ArmVmp : Match on catch block at 0xc3 in for 0x7e4e5e4025
04-05 20:48:07.805 23227 23227 E ArmVmp : Match on catch block at 0xc3 in for 0x7e4e5e4025
04-05 20:48:07.809 23227 23227 E ArmVmp : Match on catch block at 0xc3 in for 0x7e4e5e4025
04-05 20:48:07.814 23227 23227 E ArmVmp : Match on catch block at 0xc3 in for 0x7e4e5e4025
04-05 20:48:07.989 23227 23227 E ArmVmp : Match on catch block at 0xc3 in for 0x7e4e5e4025
04-05 20:48:07.994 23227 23227 E ArmVmp : Match on catch block at 0xc3 in for 0x7e4e5e4025
04-05 20:48:07.999 23227 23227 E ArmVmp : Match on catch block at 0xc3 in for 0x7e4e5e4025
04-05 20:48:08.288 23227 23227 E ArmVmp : Match on catch block at 0xc3 in for 0x7e4e5e4025
04-05 20:48:08.290 23227 23227 E ArmVmp : Match on catch block at 0xc3 in for 0x7e4e5e4025
04-05 20:48:08.292 23227 23227 E ArmVmp : Match on catch block at 0xc3 in for 0x7e4e5e4025
04-05 20:48:08.507 23227 23227 E ArmVmp : Match on catch block at 0xc3 in for 0x7e4e5e4025
04-05 20:48:08.513 23227 23227 E ArmVmp : Match on catch block at 0xc3 in for 0x7e4e5e4025
04-05 20:48:08.517 23227 23227 E ArmVmp : Match on catch block at 0xc3 in for 0x7e4e5e4025
