04-03 16:51:12.206 19081 19081 E ArmVmp : Match on catch block at 0xc3 in for 0x7e4e5e4025
04-03 16:51:12.211 19081 19081 E ArmVmp : Match on catch block at 0xc3 in for 0x7e4e5e4025
04-03 16:51:12.223 19081 19081 E ArmVmp : Match on catch block at 0xc3 in for 0x7e4e5e4025
04-03 16:51:12.239 19081 19081 E ArmVmp : Match on catch block at 0xc3 in for 0x7e4e5e4025
04-03 16:51:12.243 19081 20978 W EpFrameworkFactory: activated: false jar exist: false
04-03 16:51:12.247 19081 19081 E ArmVmp : Match on catch block at 0xc3 in for 0x7e4e5e4025
04-03 16:51:12.251 19081 19081 E ArmVmp : Match on catch block at 0xc3 in for 0x7e4e5e4025
04-03 16:51:12.317 19081 19234 E SQLiteDatabase: Error inserting transferred=1 media_job_uuid=2609684d-0065-4109-8e29-c54b4655e48a transcoded=0 gif_attribution=0 first_scan_length=0 direct_path=/v/t62.7117- 24/32617906_807687874729005_470364991557112268_n.enc?ccb=11- 4&oh=01_ASDdhsyNwpx2rfSBdkseCRNu19fNuuXsHEgR9Norbchoog&oe=66352619&_nc_sid=5e03e0 thumbnail_height_width_ratio=0.0 is_animated_sticker=0 file_hash=lKjNlLbWazvlhZZANJB02pnceBb2SdYjB3DUXINdKgQ= file_path=Media/MBWhatsApp Voice Notes/202414/PTT-20240403-WA0002.opus file_size=11565 partial_media_hash=null face_x=0 face_y=0 height=0 trim_to=0 media_key_timestamp=1712181021000 message_url=https://mmg.whatsapp.net/v/t62.7117- 24/32617906_807687874729005_470364991557112268_n.enc?ccb=11- 4&oh=01_ASDdhsyNwpx2rfSBdkseCRNu19fNuuXsHEgR9Norbchoog&oe=66352619&_nc_sid=5e03e0&m ms3=true media_caption=null trim_from=0 mime_type=audio/ogg; codecs=opus partial_media_enc_hash=null width=0 original_file_hash=null has_streaming_sidecar=0 autotransfer_retry_enabled=1 media_upload_handle=null message_row_id=13 multicast_id=null enc_file_hash=5oSCPAthvdLCFo9ixDrFeLkCmTGu2mYGE00VhYnEpxM= mute_video=0 page_count=0 first_scan_sidecar=null suspicious_content=0 file_length=11565 media_name=PTT-20240403-WA0002.opus media_duration=4 chat_row_id=6 media_key=[B@b196814
04-03 16:51:12.317 19081 19234 E SQLiteDatabase: android.database.sqlite.SQLiteConstraintException: UNIQUE constraint failed: message_media.message_row_id (code 1555 SQLITE_CONSTRAINT_PRIMARYKEY)
04-03 16:51:12.317 19081 19234 E SQLiteDatabase: at android.database.sqlite.SQLiteConnection.nativeExecuteForLastInsertedRowId(Native Method)
04-03 16:51:12.317 19081 19234 E SQLiteDatabase: at android.database.sqlite.SQLiteConnection.executeForLastInsertedRowId(SQLiteConnecti on.java:961)
04-03 16:51:12.317 19081 19234 E SQLiteDatabase: at android.database.sqlite.SQLiteSession.executeForLastInsertedRowId(SQLiteSession.jav a:790)
04-03 16:51:12.317 19081 19234 E SQLiteDatabase: at android.database.sqlite.SQLiteStatement.executeInsert(SQLiteStatement.java:89)
04-03 16:51:12.317 19081 19234 E SQLiteDatabase: at android.database.sqlite.SQLiteDatabase.insertWithOnConflict(SQLiteDatabase.java:187 0)
04-03 16:51:12.317 19081 19234 E SQLiteDatabase: at android.database.sqlite.SQLiteDatabase.insert(SQLiteDatabase.java:1739)
04-03 16:51:12.317 19081 19234 E SQLiteDatabase: at X.2tm.A08(Unknown Source:6)
04-03 16:51:12.317 19081 19234 E SQLiteDatabase: at X.35Y.A07(Unknown Source:212)
04-03 16:51:12.317 19081 19234 E SQLiteDatabase: at X.3QF.A14(Unknown Source:470)
04-03 16:51:12.317 19081 19234 E SQLiteDatabase: at X.31e.A03(Unknown Source:174)
04-03 16:51:12.317 19081 19234 E SQLiteDatabase: at X.3Uz.A07(Unknown Source:381)
04-03 16:51:12.317 19081 19234 E SQLiteDatabase: at X.3Uz.A02(Unknown Source:692)
04-03 16:51:12.317 19081 19234 E SQLiteDatabase: at X.3eS.run(Unknown Source:4041)
04-03 16:51:12.317 19081 19234 E SQLiteDatabase: at android.os.Handler.handleCallback(Handler.java:958)
04-03 16:51:12.317 19081 19234 E SQLiteDatabase: at android.os.Handler.dispatchMessage(Handler.java:99)
04-03 16:51:12.317 19081 19234 E SQLiteDatabase: at X.0zr.dispatchMessage(Unknown Source:4)
04-03 16:51:12.317 19081 19234 E SQLiteDatabase: at android.os.Looper.loopOnce(Looper.java:224)
04-03 16:51:12.317 19081 19234 E SQLiteDatabase: at android.os.Looper.loop(Looper.java:318)
04-03 16:51:12.317 19081 19234 E SQLiteDatabase: at android.os.HandlerThread.run(HandlerThread.java:67)
04-03 16:51:12.330 19081 19081 E ArmVmp : Match on catch block at 0xc3 in for 0x7e4e5e4025
04-03 16:51:12.339 19081 19081 E ArmVmp : Match on catch block at 0xc3 in for 0x7e4e5e4025
04-03 16:51:12.341 19081 19081 E ArmVmp : Match on catch block at 0xc3 in for 0x7e4e5e4025
04-03 16:51:12.395 19081 19081 E ArmVmp : Match on catch block at 0xc3 in for 0x7e4e5e4025
04-03 16:51:12.409 19081 19081 E ArmVmp : Match on catch block at 0xc3 in for 0x7e4e5e4025
04-03 16:51:12.415 19081 19081 E ArmVmp : Match on catch block at 0xc3 in for 0x7e4e5e4025
04-03 16:51:12.455 19081 20284 E OpenGLRenderer: Unable to match the desired swap behavior.
04-03 16:51:12.476 19081 19081 E ArmVmp : Match on catch block at 0xc3 in for 0x7e4e5e4025
04-03 16:51:12.479 19081 19081 E ArmVmp : Match on catch block at 0xc3 in for 0x7e4e5e4025
04-03 16:51:12.480 19081 20978 W AudioTrack: getTimestamp_l(11607): retrograde timestamp time corrected, 301947398498095 < 301947416322417
04-03 16:51:12.481 19081 19081 E ArmVmp : Match on catch block at 0xc3 in for 0x7e4e5e4025
04-03 16:51:12.492 19081 19081 E ArmVmp : Match on catch block at 0xc3 in for 0x7e4e5e4025
04-03 16:51:12.495 19081 19081 E ArmVmp : Match on catch block at 0xc3 in for 0x7e4e5e4025
04-03 16:51:12.497 19081 19081 E ArmVmp : Match on catch block at 0xc3 in for 0x7e4e5e4025
04-03 16:51:12.505 19081 19081 E ArmVmp : Match on catch block at 0xc3 in for 0x7e4e5e4025
04-03 16:51:12.510 19081 19081 E ArmVmp : Match on catch block at 0xc3 in for 0x7e4e5e4025
04-03 16:51:12.512 19081 19081 E ArmVmp : Match on catch block at 0xc3 in for 0x7e4e5e4025
04-03 16:51:12.541 19081 19081 E ArmVmp : Match on catch block at 0xc3 in for 0x7e4e5e4025
04-03 16:51:12.545 19081 19081 E ArmVmp : Match on catch block at 0xc3 in for 0x7e4e5e4025
04-03 16:51:12.547 19081 19081 E ArmVmp : Match on catch block at 0xc3 in for 0x7e4e5e4025
04-03 16:51:12.562 19081 19081 E ArmVmp : Match on catch block at 0xc3 in for 0x7e4e5e4025
04-03 16:51:12.569 19081 19081 E ArmVmp : Match on catch block at 0xc3 in for 0x7e4e5e4025
04-03 16:51:12.572 19081 19081 E ArmVmp : Match on catch block at 0xc3 in for 0x7e4e5e4025
04-03 16:51:12.583 19081 19081 E ArmVmp : Match on catch block at 0xc3 in for 0x7e4e5e4025
04-03 16:51:12.593 19081 19081 E ArmVmp : Match on catch block at 0xc3 in for 0x7e4e5e4025
04-03 16:51:12.595 19081 19081 E ArmVmp : Match on catch block at 0xc3 in for 0x7e4e5e4025
04-03 16:51:12.652 19081 19081 E ArmVmp : Match on catch block at 0xc3 in for 0x7e4e5e4025
04-03 16:51:12.659 19081 19081 E ArmVmp : Match on catch block at 0xc3 in for 0x7e4e5e4025
04-03 16:51:12.661 19081 19081 E ArmVmp : Match on catch block at 0xc3 in for 0x7e4e5e4025
04-03 16:51:12.723 19081 19081 E ArmVmp : Match on catch block at 0xc3 in for 0x7e4e5e4025
04-03 16:51:12.726 19081 19081 E ArmVmp : Match on catch block at 0xc3 in for 0x7e4e5e4025
04-03 16:51:12.729 19081 19081 E ArmVmp : Match on catch block at 0xc3 in for 0x7e4e5e4025
04-03 16:51:12.774 19081 19081 W JobService: onNetworkChanged() not implemented in androidx.work.impl.background.systemjob.SystemJobService. Must override in a subclass.
04-03 16:51:12.787 19081 19081 E ArmVmp : Match on catch block at 0xc3 in for 0x7e4e5e4025
04-03 16:51:12.795 19081 19081 E ArmVmp : Match on catch block at 0xc3 in for 0x7e4e5e4025
04-03 16:51:12.803 19081 19081 E ArmVmp : Match on catch block at 0xc3 in for 0x7e4e5e4025
04-03 16:51:12.851 19081 19081 E ArmVmp : Match on catch block at 0xc3 in for 0x7e4e5e4025
04-03 16:51:12.858 19081 19081 E ArmVmp : Match on catch block at 0xc3 in for 0x7e4e5e4025
04-03 16:51:12.863 19081 19081 E ArmVmp : Match on catch block at 0xc3 in for 0x7e4e5e4025
04-03 16:51:12.920 19081 19081 E ArmVmp : Match on catch block at 0xc3 in for 0x7e4e5e4025
04-03 16:51:12.922 19081 19081 E ArmVmp : Match on catch block at 0xc3 in for 0x7e4e5e4025
04-03 16:51:12.923 19081 19081 E ArmVmp : Match on catch block at 0xc3 in for 0x7e4e5e4025
04-03 16:51:12.968 19081 19081 E ArmVmp : Match on catch block at 0xc3 in for 0x7e4e5e4025
04-03 16:51:12.969 19081 19081 E ArmVmp : Match on catch block at 0xc3 in for 0x7e4e5e4025
04-03 16:51:12.971 19081 19081 E ArmVmp : Match on catch block at 0xc3 in for 0x7e4e5e4025
04-03 16:51:12.985 19081 19081 E ArmVmp : Match on catch block at 0xc3 in for 0x7e4e5e4025
04-03 16:51:12.988 19081 19081 E ArmVmp : Match on catch block at 0xc3 in for 0x7e4e5e4025
04-03 16:51:12.992 19081 19081 E ArmVmp : Match on catch block at 0xc3 in for 0x7e4e5e4025
04-03 16:51:13.018 19081 19081 E ArmVmp : Match on catch block at 0xc3 in for 0x7e4e5e4025
04-03 16:51:13.020 19081 19081 E ArmVmp : Match on catch block at 0xc3 in for 0x7e4e5e4025
04-03 16:51:13.022 19081 19081 E ArmVmp : Match on catch block at 0xc3 in for 0x7e4e5e4025
04-03 16:51:13.058 19081 20284 E OpenGLRenderer: Unable to match the desired swap behavior.
04-03 16:51:13.068 19081 20284 E OpenGLRenderer: Unable to match the desired swap behavior.
04-03 16:51:13.078 19081 20284 E OpenGLRenderer: Unable to match the desired swap behavior.
04-03 16:51:13.080 19081 19081 E ArmVmp : Match on catch block at 0xc3 in for 0x7e4e5e4025
04-03 16:51:13.082 19081 19081 E ArmVmp : Match on catch block at 0xc3 in for 0x7e4e5e4025
04-03 16:51:13.087 19081 19081 E ArmVmp : Match on catch block at 0xc3 in for 0x7e4e5e4025
04-03 16:51:13.106 19081 20284 E OpenGLRenderer: Unable to match the desired swap behavior.
04-03 16:51:13.121 19081 20284 E OpenGLRenderer: Unable to match the desired swap behavior.
04-03 16:51:13.135 19081 20284 E OpenGLRenderer: Unable to match the desired swap behavior.
04-03 16:51:13.154 19081 20284 E OpenGLRenderer: Unable to match the desired swap behavior.
04-03 16:51:13.156 19081 19081 E ArmVmp : Match on catch block at 0xc3 in for 0x7e4e5e4025
04-03 16:51:13.159 19081 19081 E ArmVmp : Match on catch block at 0xc3 in for 0x7e4e5e4025
04-03 16:51:13.163 19081 19081 E ArmVmp : Match on catch block at 0xc3 in for 0x7e4e5e4025
04-03 16:51:13.196 19081 20284 E OpenGLRenderer: Unable to match the desired swap behavior.
04-03 16:51:13.240 19081 20284 E OpenGLRenderer: Unable to match the desired swap behavior.
04-03 16:51:13.246 19081 19081 E ArmVmp : Match on catch block at 0xc3 in for 0x7e4e5e4025
04-03 16:51:13.248 19081 19081 E ArmVmp : Match on catch block at 0xc3 in for 0x7e4e5e4025
04-03 16:51:13.250 19081 19081 E ArmVmp : Match on catch block at 0xc3 in for 0x7e4e5e4025
04-03 16:51:13.265 19081 20284 E OpenGLRenderer: Unable to match the desired swap behavior.
04-03 16:51:13.270 19081 19081 E ArmVmp : Match on catch block at 0xc3 in for 0x7e4e5e4025
04-03 16:51:13.272 19081 19081 E ArmVmp : Match on catch block at 0xc3 in for 0x7e4e5e4025
04-03 16:51:13.274 19081 19081 E ArmVmp : Match on catch block at 0xc3 in for 0x7e4e5e4025
04-03 16:51:13.289 19081 20284 E OpenGLRenderer: Unable to match the desired swap behavior.
04-03 16:51:13.304 19081 20284 E OpenGLRenderer: Unable to match the desired swap behavior.
04-03 16:51:13.306 19081 19081 E ArmVmp : Match on catch block at 0xc3 in for 0x7e4e5e4025
04-03 16:51:13.315 19081 19081 E ArmVmp : Match on catch block at 0xc3 in for 0x7e4e5e4025
04-03 16:51:13.319 19081 19081 E ArmVmp : Match on catch block at 0xc3 in for 0x7e4e5e4025
04-03 16:51:13.346 19081 20284 E OpenGLRenderer: Unable to match the desired swap behavior.
04-03 16:51:13.355 19081 19081 E ArmVmp : Match on catch block at 0xc3 in for 0x7e4e5e4025
04-03 16:51:13.357 19081 19081 E ArmVmp : Match on catch block at 0xc3 in for 0x7e4e5e4025
04-03 16:51:13.359 19081 19081 E ArmVmp : Match on catch block at 0xc3 in for 0x7e4e5e4025
04-03 16:51:13.370 19081 19081 E ArmVmp : Match on catch block at 0xc3 in for 0x7e4e5e4025
04-03 16:51:13.373 19081 19081 E ArmVmp : Match on catch block at 0xc3 in for 0x7e4e5e4025
04-03 16:51:13.376 19081 19081 E ArmVmp : Match on catch block at 0xc3 in for 0x7e4e5e4025
04-03 16:51:13.419 19081 19081 E ArmVmp : Match on catch block at 0xc3 in for 0x7e4e5e4025
04-03 16:51:13.422 19081 19081 E ArmVmp : Match on catch block at 0xc3 in for 0x7e4e5e4025
04-03 16:51:13.424 19081 19081 E ArmVmp : Match on catch block at 0xc3 in for 0x7e4e5e4025
04-03 16:51:13.469 19081 19081 E ArmVmp : Match on catch block at 0xc3 in for 0x7e4e5e4025
04-03 16:51:13.471 19081 19081 E ArmVmp : Match on catch block at 0xc3 in for 0x7e4e5e4025
04-03 16:51:13.473 19081 19081 E ArmVmp : Match on catch block at 0xc3 in for 0x7e4e5e4025
04-03 16:51:13.485 19081 19081 E ArmVmp : Match on catch block at 0xc3 in for 0x7e4e5e4025
04-03 16:51:13.488 19081 19081 E ArmVmp : Match on catch block at 0xc3 in for 0x7e4e5e4025
04-03 16:51:13.490 19081 19081 E ArmVmp : Match on catch block at 0xc3 in for 0x7e4e5e4025
04-03 16:51:13.520 19081 19081 E ArmVmp : Match on catch block at 0xc3 in for 0x7e4e5e4025
04-03 16:51:13.523 19081 19081 E ArmVmp : Match on catch block at 0xc3 in for 0x7e4e5e4025
04-03 16:51:13.526 19081 19081 E ArmVmp : Match on catch block at 0xc3 in for 0x7e4e5e4025
04-03 16:51:13.538 19081 19081 E ArmVmp : Match on catch block at 0xc3 in for 0x7e4e5e4025
04-03 16:51:13.550 19081 19081 E ArmVmp : Match on catch block at 0xc3 in for 0x7e4e5e4025
04-03 16:51:13.585 19081 19081 E ArmVmp : Match on catch block at 0xc3 in for 0x7e4e5e4025
04-03 16:51:13.605 19081 19081 E ArmVmp : Match on catch block at 0xc3 in for 0x7e4e5e4025
04-03 16:51:13.609 19081 19081 E ArmVmp : Match on catch block at 0xc3 in for 0x7e4e5e4025
04-03 16:51:13.618 19081 19081 E ArmVmp : Match on catch block at 0xc3 in for 0x7e4e5e4025
04-03 16:51:13.655 19081 19081 E ArmVmp : Match on catch block at 0xc3 in for 0x7e4e5e4025
04-03 16:51:13.660 19081 19081 E ArmVmp : Match on catch block at 0xc3 in for 0x7e4e5e4025
04-03 16:51:13.664 19081 19081 E ArmVmp : Match on catch block at 0xc3 in for 0x7e4e5e4025
04-03 16:51:13.672 19081 19081 E ArmVmp : Match on catch block at 0xc3 in for 0x7e4e5e4025
04-03 16:51:13.677 19081 19081 E ArmVmp : Match on catch block at 0xc3 in for 0x7e4e5e4025
04-03 16:51:13.680 19081 19081 E ArmVmp : Match on catch block at 0xc3 in for 0x7e4e5e4025
04-03 16:51:13.704 19081 19081 E ArmVmp : Match on catch block at 0xc3 in for 0x7e4e5e4025
04-03 16:51:13.711 19081 19081 E ArmVmp : Match on catch block at 0xc3 in for 0x7e4e5e4025
04-03 16:51:13.715 19081 19081 E ArmVmp : Match on catch block at 0xc3 in for 0x7e4e5e4025
04-03 16:51:13.739 19081 19081 E ArmVmp : Match on catch block at 0xc3 in for 0x7e4e5e4025
04-03 16:51:13.744 19081 19081 E ArmVmp : Match on catch block at 0xc3 in for 0x7e4e5e4025
04-03 16:51:13.754 19081 19081 E ArmVmp : Match on catch block at 0xc3 in for 0x7e4e5e4025
04-03 16:51:13.787 19081 19081 E ArmVmp : Match on catch block at 0xc3 in for 0x7e4e5e4025
04-03 16:51:13.791 19081 19081 E ArmVmp : Match on catch block at 0xc3 in for 0x7e4e5e4025
04-03 16:51:13.793 19081 19081 E ArmVmp : Match on catch block at 0xc3 in for 0x7e4e5e4025
04-03 16:51:13.836 19081 19081 E ArmVmp : Match on catch block at 0xc3 in for 0x7e4e5e4025
04-03 16:51:13.840 19081 19081 E ArmVmp : Match on catch block at 0xc3 in for 0x7e4e5e4025
04-03 16:51:13.844 19081 19081 E ArmVmp : Match on catch block at 0xc3 in for 0x7e4e5e4025
04-03 16:51:13.887 19081 19081 E ArmVmp : Match on catch block at 0xc3 in for 0x7e4e5e4025
04-03 16:51:13.890 19081 19081 E ArmVmp : Match on catch block at 0xc3 in for 0x7e4e5e4025
04-03 16:51:13.892 19081 19081 E ArmVmp : Match on catch block at 0xc3 in for 0x7e4e5e4025
04-03 16:51:13.939 19081 19081 E ArmVmp : Match on catch block at 0xc3 in for 0x7e4e5e4025
04-03 16:51:13.948 19081 19081 E ArmVmp : Match on catch block at 0xc3 in for 0x7e4e5e4025
04-03 16:51:13.950 19081 19081 E ArmVmp : Match on catch block at 0xc3 in for 0x7e4e5e4025
04-03 16:51:13.992 19081 19081 E ArmVmp : Match on catch block at 0xc3 in for 0x7e4e5e4025
04-03 16:51:13.996 19081 19081 E ArmVmp : Match on catch block at 0xc3 in for 0x7e4e5e4025
04-03 16:51:14.008 19081 19081 E ArmVmp : Match on catch block at 0xc3 in for 0x7e4e5e4025
04-03 16:51:14.039 19081 19081 E ArmVmp : Match on catch block at 0xc3 in for 0x7e4e5e4025
04-03 16:51:14.044 19081 19081 E ArmVmp : Match on catch block at 0xc3 in for 0x7e4e5e4025
04-03 16:51:14.049 19081 19081 E ArmVmp : Match on catch block at 0xc3 in for 0x7e4e5e4025
04-03 16:51:14.087 19081 19081 E ArmVmp : Match on catch block at 0xc3 in for 0x7e4e5e4025
04-03 16:51:14.092 19081 19081 E ArmVmp : Match on catch block at 0xc3 in for 0x7e4e5e4025
04-03 16:51:14.094 19081 19081 E ArmVmp : Match on catch block at 0xc3 in for 0x7e4e5e4025
04-03 16:51:14.137 19081 19081 E ArmVmp : Match on catch block at 0xc3 in for 0x7e4e5e4025
04-03 16:51:14.142 19081 19081 E ArmVmp : Match on catch block at 0xc3 in for 0x7e4e5e4025
04-03 16:51:14.145 19081 19081 E ArmVmp : Match on catch block at 0xc3 in for 0x7e4e5e4025
04-03 16:51:14.187 19081 19081 E ArmVmp : Match on catch block at 0xc3 in for 0x7e4e5e4025
04-03 16:51:14.191 19081 19081 E ArmVmp : Match on catch block at 0xc3 in for 0x7e4e5e4025
04-03 16:51:14.196 19081 19081 E ArmVmp : Match on catch block at 0xc3 in for 0x7e4e5e4025
04-03 16:51:14.244 19081 19081 E ArmVmp : Match on catch block at 0xc3 in for 0x7e4e5e4025
04-03 16:51:14.249 19081 19081 E ArmVmp : Match on catch block at 0xc3 in for 0x7e4e5e4025
04-03 16:51:14.256 19081 19081 E ArmVmp : Match on catch block at 0xc3 in for 0x7e4e5e4025
04-03 16:51:14.305 19081 19081 E ArmVmp : Match on catch block at 0xc3 in for 0x7e4e5e4025
04-03 16:51:14.310 19081 19081 E ArmVmp : Match on catch block at 0xc3 in for 0x7e4e5e4025
04-03 16:51:14.314 19081 19081 E ArmVmp : Match on catch block at 0xc3 in for 0x7e4e5e4025
04-03 16:51:14.324 19081 19081 W WindowOnBackDispatcher: sendCancelIfRunning: isInProgress=falsecallback=android.view.ViewRootImpl$ $ExternalSyntheticLambda22@f8d9e53
04-03 16:51:14.325 19081 19081 W MiuiStubRegistry: Failed to collect stub providers in android.magicpointer.util.MiuiMagicPointerUtilsStubHeadManifest$$: /system_ext/framework/miui-framework-pointer-pad.jar not exist
04-03 16:51:14.405 19081 19081 E ArmVmp : Match on catch block at 0xc3 in for 0x7e4e5e4025
04-03 16:51:14.411 19081 19081 E ArmVmp : Match on catch block at 0xc3 in for 0x7e4e5e4025
04-03 16:51:14.420 19081 19081 E ArmVmp : Match on catch block at 0xc3 in for 0x7e4e5e4025
04-03 16:51:14.457 19081 19081 E ArmVmp : Match on catch block at 0xc3 in for 0x7e4e5e4025
04-03 16:51:14.462 19081 19081 E ArmVmp : Match on catch block at 0xc3 in for 0x7e4e5e4025
04-03 16:51:14.467 19081 19081 E ArmVmp : Match on catch block at 0xc3 in for 0x7e4e5e4025
04-03 16:51:14.488 19081 19081 E ArmVmp : Match on catch block at 0xc3 in for 0x7e4e5e4025
04-03 16:51:14.493 19081 19081 E ArmVmp : Match on catch block at 0xc3 in for 0x7e4e5e4025
04-03 16:51:14.496 19081 19081 E ArmVmp : Match on catch block at 0xc3 in for 0x7e4e5e4025
04-03 16:51:14.507 19081 19081 E ArmVmp : Match on catch block at 0xc3 in for 0x7e4e5e4025
04-03 16:51:14.518 19081 19081 E ArmVmp : Match on catch block at 0xc3 in for 0x7e4e5e4025
04-03 16:51:14.523 19081 19081 E ArmVmp : Match on catch block at 0xc3 in for 0x7e4e5e4025
04-03 16:51:14.554 19081 19081 E ArmVmp : Match on catch block at 0xc3 in for 0x7e4e5e4025
04-03 16:51:14.560 19081 19081 E ArmVmp : Match on catch block at 0xc3 in for 0x7e4e5e4025
04-03 16:51:14.563 19081 19081 E ArmVmp : Match on catch block at 0xc3 in for 0x7e4e5e4025
04-03 16:51:14.621 19081 19081 E ArmVmp : Match on catch block at 0xc3 in for 0x7e4e5e4025
04-03 16:51:14.623 19081 19081 E ArmVmp : Match on catch block at 0xc3 in for 0x7e4e5e4025
04-03 16:51:14.625 19081 19081 E ArmVmp : Match on catch block at 0xc3 in for 0x7e4e5e4025
04-03 16:51:14.673 19081 19081 E ArmVmp : Match on catch block at 0xc3 in for 0x7e4e5e4025
04-03 16:51:14.675 19081 19081 E ArmVmp : Match on catch block at 0xc3 in for 0x7e4e5e4025
04-03 16:51:14.677 19081 19081 E ArmVmp : Match on catch block at 0xc3 in for 0x7e4e5e4025
04-03 16:51:14.721 19081 19081 E ArmVmp : Match on catch block at 0xc3 in for 0x7e4e5e4025
04-03 16:51:14.723 19081 19081 E ArmVmp : Match on catch block at 0xc3 in for 0x7e4e5e4025
04-03 16:51:14.726 19081 19081 E ArmVmp : Match on catch block at 0xc3 in for 0x7e4e5e4025
04-03 16:51:14.772 19081 19081 E ArmVmp : Match on catch block at 0xc3 in for 0x7e4e5e4025
04-03 16:51:14.775 19081 19081 E ArmVmp : Match on catch block at 0xc3 in for 0x7e4e5e4025
04-03 16:51:14.777 19081 19081 E ArmVmp : Match on catch block at 0xc3 in for 0x7e4e5e4025
04-03 16:51:14.822 19081 19081 E ArmVmp : Match on catch block at 0xc3 in for 0x7e4e5e4025
04-03 16:51:14.825 19081 19081 E ArmVmp : Match on catch block at 0xc3 in for 0x7e4e5e4025
04-03 16:51:14.828 19081 19081 E ArmVmp : Match on catch block at 0xc3 in for 0x7e4e5e4025
04-03 16:51:14.839 19081 19081 E ArmVmp : Match on catch block at 0xc3 in for 0x7e4e5e4025
04-03 16:51:14.842 19081 19081 E ArmVmp : Match on catch block at 0xc3 in for 0x7e4e5e4025
04-03 16:51:14.845 19081 19081 E ArmVmp : Match on catch block at 0xc3 in for 0x7e4e5e4025
04-03 16:51:14.856 19081 19081 E ArmVmp : Match on catch block at 0xc3 in for 0x7e4e5e4025
04-03 16:51:14.859 19081 19081 E ArmVmp : Match on catch block at 0xc3 in for 0x7e4e5e4025
04-03 16:51:14.862 19081 19081 E ArmVmp : Match on catch block at 0xc3 in for 0x7e4e5e4025
04-03 16:51:14.873 19081 19081 E ArmVmp : Match on catch block at 0xc3 in for 0x7e4e5e4025
04-03 16:51:14.876 19081 19081 E ArmVmp : Match on catch block at 0xc3 in for 0x7e4e5e4025
04-03 16:51:14.879 19081 19081 E ArmVmp : Match on catch block at 0xc3 in for 0x7e4e5e4025
04-03 16:51:14.890 19081 19081 E ArmVmp : Match on catch block at 0xc3 in for 0x7e4e5e4025
04-03 16:51:14.893 19081 19081 E ArmVmp : Match on catch block at 0xc3 in for 0x7e4e5e4025
04-03 16:51:14.896 19081 19081 E ArmVmp : Match on catch block at 0xc3 in for 0x7e4e5e4025
04-03 16:51:14.906 19081 19081 E ArmVmp : Match on catch block at 0xc3 in for 0x7e4e5e4025
04-03 16:51:14.909 19081 19081 E ArmVmp : Match on catch block at 0xc3 in for 0x7e4e5e4025
04-03 16:51:14.911 19081 19081 E ArmVmp : Match on catch block at 0xc3 in for 0x7e4e5e4025
04-03 16:51:14.923 19081 19081 E ArmVmp : Match on catch block at 0xc3 in for 0x7e4e5e4025
04-03 16:51:14.926 19081 19081 E ArmVmp : Match on catch block at 0xc3 in for 0x7e4e5e4025
04-03 16:51:14.928 19081 19081 E ArmVmp : Match on catch block at 0xc3 in for 0x7e4e5e4025
04-03 16:51:14.940 19081 19081 E ArmVmp : Match on catch block at 0xc3 in for 0x7e4e5e4025
04-03 16:51:14.943 19081 19081 E ArmVmp : Match on catch block at 0xc3 in for 0x7e4e5e4025
04-03 16:51:14.946 19081 19081 E ArmVmp : Match on catch block at 0xc3 in for 0x7e4e5e4025
04-03 16:51:14.956 19081 19081 E ArmVmp : Match on catch block at 0xc3 in for 0x7e4e5e4025
04-03 16:51:14.961 19081 19081 E ArmVmp : Match on catch block at 0xc3 in for 0x7e4e5e4025
04-03 16:51:14.964 19081 19081 E ArmVmp : Match on catch block at 0xc3 in for 0x7e4e5e4025
04-03 16:51:14.973 19081 19081 E ArmVmp : Match on catch block at 0xc3 in for 0x7e4e5e4025
04-03 16:51:14.977 19081 19081 E ArmVmp : Match on catch block at 0xc3 in for 0x7e4e5e4025
04-03 16:51:14.979 19081 19081 E ArmVmp : Match on catch block at 0xc3 in for 0x7e4e5e4025
04-03 16:51:14.990 19081 19081 E ArmVmp : Match on catch block at 0xc3 in for 0x7e4e5e4025
04-03 16:51:14.993 19081 19081 E ArmVmp : Match on catch block at 0xc3 in for 0x7e4e5e4025
04-03 16:51:14.995 19081 19081 E ArmVmp : Match on catch block at 0xc3 in for 0x7e4e5e4025
04-03 16:51:15.006 19081 19081 E ArmVmp : Match on catch block at 0xc3 in for 0x7e4e5e4025
04-03 16:51:15.009 19081 19081 E ArmVmp : Match on catch block at 0xc3 in for 0x7e4e5e4025
04-03 16:51:15.011 19081 19081 E ArmVmp : Match on catch block at 0xc3 in for 0x7e4e5e4025
04-03 16:51:15.024 19081 19081 E ArmVmp : Match on catch block at 0xc3 in for 0x7e4e5e4025
04-03 16:51:15.028 19081 19081 E ArmVmp : Match on catch block at 0xc3 in for 0x7e4e5e4025
04-03 16:51:15.030 19081 19081 E ArmVmp : Match on catch block at 0xc3 in for 0x7e4e5e4025
04-03 16:51:15.040 19081 19081 E ArmVmp : Match on catch block at 0xc3 in for 0x7e4e5e4025
04-03 16:51:15.043 19081 19081 E ArmVmp : Match on catch block at 0xc3 in for 0x7e4e5e4025
04-03 16:51:15.045 19081 19081 E ArmVmp : Match on catch block at 0xc3 in for 0x7e4e5e4025
04-03 16:51:15.057 19081 19081 E ArmVmp : Match on catch block at 0xc3 in for 0x7e4e5e4025
04-03 16:51:15.060 19081 19081 E ArmVmp : Match on catch block at 0xc3 in for 0x7e4e5e4025
04-03 16:51:15.063 19081 19081 E ArmVmp : Match on catch block at 0xc3 in for 0x7e4e5e4025
04-03 16:51:15.073 19081 19081 E ArmVmp : Match on catch block at 0xc3 in for 0x7e4e5e4025
04-03 16:51:15.077 19081 19081 E ArmVmp : Match on catch block at 0xc3 in for 0x7e4e5e4025
04-03 16:51:15.080 19081 19081 E ArmVmp : Match on catch block at 0xc3 in for 0x7e4e5e4025
04-03 16:51:15.089 19081 19081 E ArmVmp : Match on catch block at 0xc3 in for 0x7e4e5e4025
04-03 16:51:15.092 19081 19081 E ArmVmp : Match on catch block at 0xc3 in for 0x7e4e5e4025
04-03 16:51:15.094 19081 19081 E ArmVmp : Match on catch block at 0xc3 in for 0x7e4e5e4025
04-03 16:51:15.123 19081 19081 E ArmVmp : Match on catch block at 0xc3 in for 0x7e4e5e4025
04-03 16:51:15.125 19081 19081 E ArmVmp : Match on catch block at 0xc3 in for 0x7e4e5e4025
04-03 16:51:15.128 19081 19081 E ArmVmp : Match on catch block at 0xc3 in for 0x7e4e5e4025
04-03 16:51:15.173 19081 19081 E ArmVmp : Match on catch block at 0xc3 in for 0x7e4e5e4025
04-03 16:51:15.177 19081 19081 E ArmVmp : Match on catch block at 0xc3 in for 0x7e4e5e4025
04-03 16:51:15.180 19081 19081 E ArmVmp : Match on catch block at 0xc3 in for 0x7e4e5e4025
04-03 16:51:15.223 19081 19081 E ArmVmp : Match on catch block at 0xc3 in for 0x7e4e5e4025
04-03 16:51:15.227 19081 19081 E ArmVmp : Match on catch block at 0xc3 in for 0x7e4e5e4025
04-03 16:51:15.229 19081 19081 E ArmVmp : Match on catch block at 0xc3 in for 0x7e4e5e4025
04-03 16:51:15.280 19081 19081 E ArmVmp : Match on catch block at 0xc3 in for 0x7e4e5e4025
04-03 16:51:15.286 19081 19081 E ArmVmp : Match on catch block at 0xc3 in for 0x7e4e5e4025
04-03 16:51:15.289 19081 19081 E ArmVmp : Match on catch block at 0xc3 in for 0x7e4e5e4025
04-03 16:51:15.340 19081 19081 E ArmVmp : Match on catch block at 0xc3 in for 0x7e4e5e4025
04-03 16:51:15.342 19081 19081 E ArmVmp : Match on catch block at 0xc3 in for 0x7e4e5e4025
04-03 16:51:15.344 19081 19081 E ArmVmp : Match on catch block at 0xc3 in for 0x7e4e5e4025
04-03 16:51:15.390 19081 19081 E ArmVmp : Match on catch block at 0xc3 in for 0x7e4e5e4025
04-03 16:51:15.395 19081 19081 E ArmVmp : Match on catch block at 0xc3 in for 0x7e4e5e4025
04-03 16:51:15.406 19081 19081 E ArmVmp : Match on catch block at 0xc3 in for 0x7e4e5e4025
04-03 16:51:15.440 19081 19081 E ArmVmp : Match on catch block at 0xc3 in for 0x7e4e5e4025
04-03 16:51:15.446 19081 19081 E ArmVmp : Match on catch block at 0xc3 in for 0x7e4e5e4025
04-03 16:51:15.451 19081 19081 E ArmVmp : Match on catch block at 0xc3 in for 0x7e4e5e4025
04-03 16:51:15.490 19081 19081 E ArmVmp : Match on catch block at 0xc3 in for 0x7e4e5e4025
04-03 16:51:15.492 19081 19081 E ArmVmp : Match on catch block at 0xc3 in for 0x7e4e5e4025
04-03 16:51:15.493 19081 19081 E ArmVmp : Match on catch block at 0xc3 in for 0x7e4e5e4025
04-03 16:51:15.507 19081 19081 E ArmVmp : Match on catch block at 0xc3 in for 0x7e4e5e4025
04-03 16:51:15.509 19081 19081 E ArmVmp : Match on catch block at 0xc3 in for 0x7e4e5e4025
04-03 16:51:15.512 19081 19081 E ArmVmp : Match on catch block at 0xc3 in for 0x7e4e5e4025
04-03 16:51:15.540 19081 19081 E ArmVmp : Match on catch block at 0xc3 in for 0x7e4e5e4025
04-03 16:51:15.543 19081 19081 E ArmVmp : Match on catch block at 0xc3 in for 0x7e4e5e4025
04-03 16:51:15.549 19081 19081 E ArmVmp : Match on catch block at 0xc3 in for 0x7e4e5e4025
04-03 16:51:15.590 19081 19081 E ArmVmp : Match on catch block at 0xc3 in for 0x7e4e5e4025
04-03 16:51:15.593 19081 19081 E ArmVmp : Match on catch block at 0xc3 in for 0x7e4e5e4025
04-03 16:51:15.595 19081 19081 E ArmVmp : Match on catch block at 0xc3 in for 0x7e4e5e4025
04-03 16:51:15.640 19081 19081 E ArmVmp : Match on catch block at 0xc3 in for 0x7e4e5e4025
04-03 16:51:15.644 19081 19081 E ArmVmp : Match on catch block at 0xc3 in for 0x7e4e5e4025
04-03 16:51:15.647 19081 19081 E ArmVmp : Match on catch block at 0xc3 in for 0x7e4e5e4025
04-03 16:51:15.691 19081 19081 E ArmVmp : Match on catch block at 0xc3 in for 0x7e4e5e4025
04-03 16:51:15.693 19081 19081 E ArmVmp : Match on catch block at 0xc3 in for 0x7e4e5e4025
04-03 16:51:15.695 19081 19081 E ArmVmp : Match on catch block at 0xc3 in for 0x7e4e5e4025
04-03 16:51:15.741 19081 19081 E ArmVmp : Match on catch block at 0xc3 in for 0x7e4e5e4025
04-03 16:51:15.745 19081 19081 E ArmVmp : Match on catch block at 0xc3 in for 0x7e4e5e4025
04-03 16:51:15.747 19081 19081 E ArmVmp : Match on catch block at 0xc3 in for 0x7e4e5e4025
04-03 16:51:15.791 19081 19081 E ArmVmp : Match on catch block at 0xc3 in for 0x7e4e5e4025
04-03 16:51:15.810 19081 19081 E ArmVmp : Match on catch block at 0xc3 in for 0x7e4e5e4025
04-03 16:51:15.820 19081 19081 E ArmVmp : Match on catch block at 0xc3 in for 0x7e4e5e4025
04-03 16:51:15.841 19081 19081 W JobService: onNetworkChanged() not implemented in androidx.work.impl.background.systemjob.SystemJobService. Must override in a subclass.
04-03 16:51:15.887 19081 19081 E ArmVmp : Match on catch block at 0xc3 in for 0x7e4e5e4025
04-03 16:51:15.895 19081 19081 E ArmVmp : Match on catch block at 0xc3 in for 0x7e4e5e4025
04-03 16:51:15.900 19081 19081 E ArmVmp : Match on catch block at 0xc3 in for 0x7e4e5e4025
04-03 16:51:15.921 19081 19081 E ArmVmp : Match on catch block at 0xc3 in for 0x7e4e5e4025
04-03 16:51:15.928 19081 19081 E ArmVmp : Match on catch block at 0xc3 in for 0x7e4e5e4025
04-03 16:51:15.933 19081 19081 E ArmVmp : Match on catch block at 0xc3 in for 0x7e4e5e4025
04-03 16:51:15.945 19081 19081 E ArmVmp : Match on catch block at 0xc3 in for 0x7e4e5e4025
04-03 16:51:15.948 19081 19081 E ArmVmp : Match on catch block at 0xc3 in for 0x7e4e5e4025
04-03 16:51:15.951 19081 19081 E ArmVmp : Match on catch block at 0xc3 in for 0x7e4e5e4025
04-03 16:51:16.012 19081 19081 E ArmVmp : Match on catch block at 0xc3 in for 0x7e4e5e4025
04-03 16:51:16.019 19081 19081 E ArmVmp : Match on catch block at 0xc3 in for 0x7e4e5e4025
04-03 16:51:16.032 19081 19081 E ArmVmp : Match on catch block at 0xc3 in for 0x7e4e5e4025
04-03 16:51:16.076 19081 19081 E ArmVmp : Match on catch block at 0xc3 in for 0x7e4e5e4025
04-03 16:51:16.080 19081 19081 E ArmVmp : Match on catch block at 0xc3 in for 0x7e4e5e4025
04-03 16:51:16.083 19081 19081 E ArmVmp : Match on catch block at 0xc3 in for 0x7e4e5e4025
04-03 16:51:16.209 19081 19081 E ArmVmp : Match on catch block at 0xc3 in for 0x7e4e5e4025
04-03 16:51:16.212 19081 19081 E ArmVmp : Match on catch block at 0xc3 in for 0x7e4e5e4025
04-03 16:51:16.216 19081 19081 E ArmVmp : Match on catch block at 0xc3 in for 0x7e4e5e4025
04-03 16:51:16.259 19081 19081 E ArmVmp : Match on catch block at 0xc3 in for 0x7e4e5e4025
04-03 16:51:16.263 19081 19081 E ArmVmp : Match on catch block at 0xc3 in for 0x7e4e5e4025
04-03 16:51:16.266 19081 19081 E ArmVmp : Match on catch block at 0xc3 in for 0x7e4e5e4025
04-03 16:51:16.311 19081 19081 E ArmVmp : Match on catch block at 0xc3 in for 0x7e4e5e4025
04-03 16:51:16.341 19081 19081 E ArmVmp : Match on catch block at 0xc3 in for 0x7e4e5e4025
04-03 16:51:16.351 19081 19081 E ArmVmp : Match on catch block at 0xc3 in for 0x7e4e5e4025
04-03 16:51:16.369 19081 20284 W RenderInspector: DequeueBuffer time out on com.mbwhatsapp/com.mbwhatsapp.Conversation, count=1, avg=142 ms, max=142 ms.
04-03 16:51:16.420 19081 19081 E ArmVmp : Match on catch block at 0xc3 in for 0x7e4e5e4025
04-03 16:51:16.422 19081 19081 E ArmVmp : Match on catch block at 0xc3 in for 0x7e4e5e4025
04-03 16:51:16.425 19081 19081 E ArmVmp : Match on catch block at 0xc3 in for 0x7e4e5e4025
04-03 16:51:16.433 19081 19081 E ArmVmp : Match on catch block at 0xc3 in for 0x7e4e5e4025
04-03 16:51:16.435 19081 19081 E ArmVmp : Match on catch block at 0xc3 in for 0x7e4e5e4025
04-03 16:51:16.437 19081 19081 E ArmVmp : Match on catch block at 0xc3 in for 0x7e4e5e4025
04-03 16:51:16.462 19081 19081 E ArmVmp : Match on catch block at 0xc3 in for 0x7e4e5e4025
04-03 16:51:16.467 19081 19081 E ArmVmp : Match on catch block at 0xc3 in for 0x7e4e5e4025
04-03 16:51:16.470 19081 19081 E ArmVmp : Match on catch block at 0xc3 in for 0x7e4e5e4025
04-03 16:51:16.509 19081 19081 E ArmVmp : Match on catch block at 0xc3 in for 0x7e4e5e4025
04-03 16:51:16.512 19081 19081 E ArmVmp : Match on catch block at 0xc3 in for 0x7e4e5e4025
04-03 16:51:16.516 19081 19081 E ArmVmp : Match on catch block at 0xc3 in for 0x7e4e5e4025
04-03 16:51:16.559 19081 19081 E ArmVmp : Match on catch block at 0xc3 in for 0x7e4e5e4025
04-03 16:51:16.562 19081 19081 E ArmVmp : Match on catch block at 0xc3 in for 0x7e4e5e4025
04-03 16:51:16.564 19081 19081 E ArmVmp : Match on catch block at 0xc3 in for 0x7e4e5e4025
04-03 16:51:17.061 19081 19081 E ArmVmp : Match on catch block at 0xc3 in for 0x7e4e5e4025
04-03 16:51:17.066 19081 19081 E ArmVmp : Match on catch block at 0xc3 in for 0x7e4e5e4025
04-03 16:51:17.070 19081 19081 E ArmVmp : Match on catch block at 0xc3 in for 0x7e4e5e4025
04-03 16:51:17.391 19081 19081 E ArmVmp : Match on catch block at 0xc3 in for 0x7e4e5e4025
04-03 16:51:17.397 19081 19081 E ArmVmp : Match on catch block at 0xc3 in for 0x7e4e5e4025
04-03 16:51:17.403 19081 19081 E ArmVmp : Match on catch block at 0xc3 in for 0x7e4e5e4025
04-03 16:51:17.429 19081 19081 E ArmVmp : Match on catch block at 0xc3 in for 0x7e4e5e4025
04-03 16:51:17.436 19081 19081 E ArmVmp : Match on catch block at 0xc3 in for 0x7e4e5e4025
04-03 16:51:17.438 19081 19081 E ArmVmp : Match on catch block at 0xc3 in for 0x7e4e5e4025
04-03 16:51:17.447 19081 19081 E ArmVmp : Match on catch block at 0xc3 in for 0x7e4e5e4025
04-03 16:51:17.454 19081 19081 E ArmVmp : Match on catch block at 0xc3 in for 0x7e4e5e4025
04-03 16:51:17.457 19081 19081 E ArmVmp : Match on catch block at 0xc3 in for 0x7e4e5e4025
04-03 16:51:17.463 19081 19081 E ArmVmp : Match on catch block at 0xc3 in for 0x7e4e5e4025
04-03 16:51:17.471 19081 19081 E ArmVmp : Match on catch block at 0xc3 in for 0x7e4e5e4025
04-03 16:51:17.475 19081 19081 E ArmVmp : Match on catch block at 0xc3 in for 0x7e4e5e4025
04-03 16:51:17.480 19081 19081 E ArmVmp : Match on catch block at 0xc3 in for 0x7e4e5e4025
04-03 16:51:17.482 19081 19081 E ArmVmp : Match on catch block at 0xc3 in for 0x7e4e5e4025
04-03 16:51:17.485 19081 19081 E ArmVmp : Match on catch block at 0xc3 in for 0x7e4e5e4025
04-03 16:51:17.547 19081 19081 E ArmVmp : Match on catch block at 0xc3 in for 0x7e4e5e4025
04-03 16:51:17.549 19081 19081 E ArmVmp : Match on catch block at 0xc3 in for 0x7e4e5e4025
04-03 16:51:17.552 19081 19081 E ArmVmp : Match on catch block at 0xc3 in for 0x7e4e5e4025
04-03 16:51:17.580 19081 19081 E ArmVmp : Match on catch block at 0xc3 in for 0x7e4e5e4025
04-03 16:51:17.581 19081 19081 E ArmVmp : Match on catch block at 0xc3 in for 0x7e4e5e4025
04-03 16:51:17.584 19081 19081 E ArmVmp : Match on catch block at 0xc3 in for 0x7e4e5e4025
04-03 16:51:17.595 19081 19081 E ArmVmp : Match on catch block at 0xc3 in for 0x7e4e5e4025
04-03 16:51:17.599 19081 19081 E ArmVmp : Match on catch block at 0xc3 in for 0x7e4e5e4025
04-03 16:51:17.609 19081 19081 E ArmVmp : Match on catch block at 0xc3 in for 0x7e4e5e4025
04-03 16:51:17.623 19081 20284 W RenderInspector: DequeueBuffer time out on com.mbwhatsapp/com.mbwhatsapp.Conversation, count=1, avg=48 ms, max=48 ms.
04-03 16:51:17.629 19081 19081 E ArmVmp : Match on catch block at 0xc3 in for 0x7e4e5e4025
04-03 16:51:17.631 19081 19081 E ArmVmp : Match on catch block at 0xc3 in for 0x7e4e5e4025
04-03 16:51:17.634 19081 19081 E ArmVmp : Match on catch block at 0xc3 in for 0x7e4e5e4025
04-03 16:51:17.678 19081 19081 E ArmVmp : Match on catch block at 0xc3 in for 0x7e4e5e4025
04-03 16:51:17.685 19081 19081 E ArmVmp : Match on catch block at 0xc3 in for 0x7e4e5e4025
04-03 16:51:17.688 19081 19081 E ArmVmp : Match on catch block at 0xc3 in for 0x7e4e5e4025
04-03 16:51:17.997 19081 19081 E ArmVmp : Match on catch block at 0xc3 in for 0x7e4e5e4025
04-03 16:51:18.000 19081 19081 E ArmVmp : Match on catch block at 0xc3 in for 0x7e4e5e4025
04-03 16:51:18.003 19081 19081 E ArmVmp : Match on catch block at 0xc3 in for 0x7e4e5e4025
04-03 16:51:18.014 19081 19081 E ArmVmp : Match on catch block at 0xc3 in for 0x7e4e5e4025
04-03 16:51:18.018 19081 19081 E ArmVmp : Match on catch block at 0xc3 in for 0x7e4e5e4025
04-03 16:51:18.021 19081 19081 E ArmVmp : Match on catch block at 0xc3 in for 0x7e4e5e4025
04-03 16:51:18.031 19081 19081 E ArmVmp : Match on catch block at 0xc3 in for 0x7e4e5e4025
04-03 16:51:18.036 19081 19081 E ArmVmp : Match on catch block at 0xc3 in for 0x7e4e5e4025
04-03 16:51:18.040 19081 19081 E ArmVmp : Match on catch block at 0xc3 in for 0x7e4e5e4025
04-03 16:51:18.049 19081 19081 E ArmVmp : Match on catch block at 0xc3 in for 0x7e4e5e4025
04-03 16:51:18.054 19081 19081 E ArmVmp : Match on catch block at 0xc3 in for 0x7e4e5e4025
04-03 16:51:18.057 19081 19081 E ArmVmp : Match on catch block at 0xc3 in for 0x7e4e5e4025
04-03 16:51:18.080 19081 19081 E ArmVmp : Match on catch block at 0xc3 in for 0x7e4e5e4025
04-03 16:51:18.082 19081 19081 E ArmVmp : Match on catch block at 0xc3 in for 0x7e4e5e4025
04-03 16:51:18.085 19081 19081 E ArmVmp : Match on catch block at 0xc3 in for 0x7e4e5e4025
04-03 16:51:18.102 19081 19081 E ArmVmp : Match on catch block at 0xc3 in for 0x7e4e5e4025
04-03 16:51:18.106 19081 19081 E ArmVmp : Match on catch block at 0xc3 in for 0x7e4e5e4025
04-03 16:51:18.109 19081 19081 E ArmVmp : Match on catch block at 0xc3 in for 0x7e4e5e4025
04-03 16:51:18.117 19081 19081 E ArmVmp : Match on catch block at 0xc3 in for 0x7e4e5e4025
04-03 16:51:18.126 19081 19081 E ArmVmp : Match on catch block at 0xc3 in for 0x7e4e5e4025
04-03 16:51:18.130 19081 19081 E ArmVmp : Match on catch block at 0xc3 in for 0x7e4e5e4025
04-03 16:51:18.136 19081 19081 E ArmVmp : Match on catch block at 0xc3 in for 0x7e4e5e4025
04-03 16:51:18.144 19081 19081 E ArmVmp : Match on catch block at 0xc3 in for 0x7e4e5e4025
04-03 16:51:18.151 19081 19081 E ArmVmp : Match on catch block at 0xc3 in for 0x7e4e5e4025
04-03 16:51:18.156 19081 19081 E ArmVmp : Match on catch block at 0xc3 in for 0x7e4e5e4025
04-03 16:51:18.159 19081 19081 E ArmVmp : Match on catch block at 0xc3 in for 0x7e4e5e4025
04-03 16:51:18.162 19081 19081 E ArmVmp : Match on catch block at 0xc3 in for 0x7e4e5e4025
04-03 16:51:18.170 19081 19081 E ArmVmp : Match on catch block at 0xc3 in for 0x7e4e5e4025
04-03 16:51:18.175 19081 19081 E ArmVmp : Match on catch block at 0xc3 in for 0x7e4e5e4025
04-03 16:51:18.177 19081 19081 E ArmVmp : Match on catch block at 0xc3 in for 0x7e4e5e4025
04-03 16:51:18.195 19081 19081 E ArmVmp : Match on catch block at 0xc3 in for 0x7e4e5e4025
04-03 16:51:18.201 19081 19081 E ArmVmp : Match on catch block at 0xc3 in for 0x7e4e5e4025
04-03 16:51:18.206 19081 19081 E ArmVmp : Match on catch block at 0xc3 in for 0x7e4e5e4025
04-03 16:51:18.213 19081 19081 E ArmVmp : Match on catch block at 0xc3 in for 0x7e4e5e4025
04-03 16:51:18.220 19081 19081 E ArmVmp : Match on catch block at 0xc3 in for 0x7e4e5e4025
04-03 16:51:18.223 19081 19081 E ArmVmp : Match on catch block at 0xc3 in for 0x7e4e5e4025
04-03 16:51:18.231 19081 19081 E ArmVmp : Match on catch block at 0xc3 in for 0x7e4e5e4025
04-03 16:51:18.234 19081 19081 E ArmVmp : Match on catch block at 0xc3 in for 0x7e4e5e4025
04-03 16:51:18.237 19081 19081 E ArmVmp : Match on catch block at 0xc3 in for 0x7e4e5e4025
04-03 16:51:18.247 19081 19081 E ArmVmp : Match on catch block at 0xc3 in for 0x7e4e5e4025
04-03 16:51:18.251 19081 19081 E ArmVmp : Match on catch block at 0xc3 in for 0x7e4e5e4025
04-03 16:51:18.254 19081 19081 E ArmVmp : Match on catch block at 0xc3 in for 0x7e4e5e4025
04-03 16:51:18.263 19081 19081 E ArmVmp : Match on catch block at 0xc3 in for 0x7e4e5e4025
04-03 16:51:18.267 19081 19081 E ArmVmp : Match on catch block at 0xc3 in for 0x7e4e5e4025
04-03 16:51:18.271 19081 19081 E ArmVmp : Match on catch block at 0xc3 in for 0x7e4e5e4025
04-03 16:51:18.297 19081 19081 E ArmVmp : Match on catch block at 0xc3 in for 0x7e4e5e4025
04-03 16:51:18.303 19081 19081 E ArmVmp : Match on catch block at 0xc3 in for 0x7e4e5e4025
04-03 16:51:18.312 19081 19081 E ArmVmp : Match on catch block at 0xc3 in for 0x7e4e5e4025
04-03 16:51:18.321 19081 19081 E ArmVmp : Match on catch block at 0xc3 in for 0x7e4e5e4025
04-03 16:51:18.337 19081 19081 E ArmVmp : Match on catch block at 0xc3 in for 0x7e4e5e4025
04-03 16:51:18.345 19081 19081 E ArmVmp : Match on catch block at 0xc3 in for 0x7e4e5e4025
04-03 16:51:18.365 19081 19081 E ArmVmp : Match on catch block at 0xc3 in for 0x7e4e5e4025
04-03 16:51:18.368 19081 19081 E ArmVmp : Match on catch block at 0xc3 in for 0x7e4e5e4025
04-03 16:51:18.374 19081 19081 E ArmVmp : Match on catch block at 0xc3 in for 0x7e4e5e4025
04-03 16:51:18.388 19081 19081 E ArmVmp : Match on catch block at 0xc3 in for 0x7e4e5e4025
04-03 16:51:18.393 19081 19081 E ArmVmp : Match on catch block at 0xc3 in for 0x7e4e5e4025
04-03 16:51:18.401 19081 19081 E ArmVmp : Match on catch block at 0xc3 in for 0x7e4e5e4025
04-03 16:51:18.429 19081 19081 E ArmVmp : Match on catch block at 0xc3 in for 0x7e4e5e4025
04-03 16:51:18.435 19081 19081 E ArmVmp : Match on catch block at 0xc3 in for 0x7e4e5e4025
04-03 16:51:18.443 19081 19081 E ArmVmp : Match on catch block at 0xc3 in for 0x7e4e5e4025
04-03 16:51:18.460 19081 19081 E ArmVmp : Match on catch block at 0xc3 in for 0x7e4e5e4025
04-03 16:51:18.466 19081 19081 E ArmVmp : Match on catch block at 0xc3 in for 0x7e4e5e4025
04-03 16:51:18.477 19081 19081 E ArmVmp : Match on catch block at 0xc3 in for 0x7e4e5e4025
04-03 16:51:18.499 19081 19081 E ArmVmp : Match on catch block at 0xc3 in for 0x7e4e5e4025
04-03 16:51:18.505 19081 19081 E ArmVmp : Match on catch block at 0xc3 in for 0x7e4e5e4025
04-03 16:51:18.509 19081 19081 E ArmVmp : Match on catch block at 0xc3 in for 0x7e4e5e4025
04-03 16:51:18.716 19081 19081 E ArmVmp : Match on catch block at 0xc3 in for 0x7e4e5e4025
04-03 16:51:18.718 19081 19081 E ArmVmp : Match on catch block at 0xc3 in for 0x7e4e5e4025
04-03 16:51:18.721 19081 19081 E ArmVmp : Match on catch block at 0xc3 in for 0x7e4e5e4025
04-03 16:51:18.726 19081 20284 W RenderInspector: DequeueBuffer time out on com.mbwhatsapp/com.mbwhatsapp.Conversation, count=1, avg=22 ms, max=22 ms.
04-03 16:51:18.849 19081 19081 E ArmVmp : Match on catch block at 0xc3 in for 0x7e4e5e4025
04-03 16:51:18.852 19081 19081 E ArmVmp : Match on catch block at 0xc3 in for 0x7e4e5e4025
04-03 16:51:18.855 19081 19081 E ArmVmp : Match on catch block at 0xc3 in for 0x7e4e5e4025
04-03 16:51:18.915 19081 19081 E ArmVmp : Match on catch block at 0xc3 in for 0x7e4e5e4025
04-03 16:51:18.921 19081 19081 E ArmVmp : Match on catch block at 0xc3 in for 0x7e4e5e4025
04-03 16:51:18.924 19081 19081 E ArmVmp : Match on catch block at 0xc3 in for 0x7e4e5e4025
04-03 16:51:19.085 19081 19081 E ArmVmp : Match on catch block at 0xc3 in for 0x7e4e5e4025
04-03 16:51:19.087 19081 19081 E ArmVmp : Match on catch block at 0xc3 in for 0x7e4e5e4025
04-03 16:51:19.089 19081 19081 E ArmVmp : Match on catch block at 0xc3 in for 0x7e4e5e4025
04-03 16:51:19.099 19081 19081 E ArmVmp : Match on catch block at 0xc3 in for 0x7e4e5e4025
04-03 16:51:19.101 19081 19081 E ArmVmp : Match on catch block at 0xc3 in for 0x7e4e5e4025
04-03 16:51:19.103 19081 19081 E ArmVmp : Match on catch block at 0xc3 in for 0x7e4e5e4025
04-03 16:51:19.116 19081 19081 E ArmVmp : Match on catch block at 0xc3 in for 0x7e4e5e4025
04-03 16:51:19.119 19081 19081 E ArmVmp : Match on catch block at 0xc3 in for 0x7e4e5e4025
04-03 16:51:19.122 19081 19081 E ArmVmp : Match on catch block at 0xc3 in for 0x7e4e5e4025
04-03 16:51:19.132 19081 19081 E ArmVmp : Match on catch block at 0xc3 in for 0x7e4e5e4025
04-03 16:51:19.135 19081 19081 E ArmVmp : Match on catch block at 0xc3 in for 0x7e4e5e4025
04-03 16:51:19.137 19081 19081 E ArmVmp : Match on catch block at 0xc3 in for 0x7e4e5e4025
04-03 16:51:19.149 19081 19081 E ArmVmp : Match on catch block at 0xc3 in for 0x7e4e5e4025
04-03 16:51:19.153 19081 19081 E ArmVmp : Match on catch block at 0xc3 in for 0x7e4e5e4025
04-03 16:51:19.155 19081 19081 E ArmVmp : Match on catch block at 0xc3 in for 0x7e4e5e4025
04-03 16:51:19.167 19081 19081 E ArmVmp : Match on catch block at 0xc3 in for 0x7e4e5e4025
04-03 16:51:19.170 19081 19081 E ArmVmp : Match on catch block at 0xc3 in for 0x7e4e5e4025
04-03 16:51:19.174 19081 19081 E ArmVmp : Match on catch block at 0xc3 in for 0x7e4e5e4025
04-03 16:51:19.183 19081 19081 E ArmVmp : Match on catch block at 0xc3 in for 0x7e4e5e4025
04-03 16:51:19.186 19081 19081 E ArmVmp : Match on catch block at 0xc3 in for 0x7e4e5e4025
04-03 16:51:19.189 19081 19081 E ArmVmp : Match on catch block at 0xc3 in for 0x7e4e5e4025
04-03 16:51:19.199 19081 19081 E ArmVmp : Match on catch block at 0xc3 in for 0x7e4e5e4025
04-03 16:51:19.204 19081 19081 E ArmVmp : Match on catch block at 0xc3 in for 0x7e4e5e4025
04-03 16:51:19.207 19081 19081 E ArmVmp : Match on catch block at 0xc3 in for 0x7e4e5e4025
04-03 16:51:19.220 19081 19081 E ArmVmp : Match on catch block at 0xc3 in for 0x7e4e5e4025
04-03 16:51:19.226 19081 19081 E ArmVmp : Match on catch block at 0xc3 in for 0x7e4e5e4025
04-03 16:51:19.232 19081 19081 E ArmVmp : Match on catch block at 0xc3 in for 0x7e4e5e4025
04-03 16:51:19.238 19081 19081 E ArmVmp : Match on catch block at 0xc3 in for 0x7e4e5e4025
04-03 16:51:19.242 19081 19081 E ArmVmp : Match on catch block at 0xc3 in for 0x7e4e5e4025
04-03 16:51:19.244 19081 19081 E ArmVmp : Match on catch block at 0xc3 in for 0x7e4e5e4025
04-03 16:51:19.249 19081 19081 E ArmVmp : Match on catch block at 0xc3 in for 0x7e4e5e4025
04-03 16:51:19.254 19081 19081 E ArmVmp : Match on catch block at 0xc3 in for 0x7e4e5e4025
04-03 16:51:19.257 19081 19081 E ArmVmp : Match on catch block at 0xc3 in for 0x7e4e5e4025
04-03 16:51:19.267 19081 19081 E ArmVmp : Match on catch block at 0xc3 in for 0x7e4e5e4025
04-03 16:51:19.270 19081 19081 E ArmVmp : Match on catch block at 0xc3 in for 0x7e4e5e4025
04-03 16:51:19.273 19081 19081 E ArmVmp : Match on catch block at 0xc3 in for 0x7e4e5e4025
04-03 16:51:19.284 19081 19081 E ArmVmp : Match on catch block at 0xc3 in for 0x7e4e5e4025
04-03 16:51:19.287 19081 19081 E ArmVmp : Match on catch block at 0xc3 in for 0x7e4e5e4025
04-03 16:51:19.290 19081 19081 E ArmVmp : Match on catch block at 0xc3 in for 0x7e4e5e4025
04-03 16:51:19.300 19081 19081 E ArmVmp : Match on catch block at 0xc3 in for 0x7e4e5e4025
04-03 16:51:19.303 19081 19081 E ArmVmp : Match on catch block at 0xc3 in for 0x7e4e5e4025
04-03 16:51:19.307 19081 19081 E ArmVmp : Match on catch block at 0xc3 in for 0x7e4e5e4025
04-03 16:51:19.317 19081 19081 E ArmVmp : Match on catch block at 0xc3 in for 0x7e4e5e4025
04-03 16:51:19.320 19081 19081 E ArmVmp : Match on catch block at 0xc3 in for 0x7e4e5e4025
04-03 16:51:19.323 19081 19081 E ArmVmp : Match on catch block at 0xc3 in for 0x7e4e5e4025
04-03 16:51:19.333 19081 19081 E ArmVmp : Match on catch block at 0xc3 in for 0x7e4e5e4025
04-03 16:51:19.337 19081 19081 E ArmVmp : Match on catch block at 0xc3 in for 0x7e4e5e4025
04-03 16:51:19.341 19081 19081 E ArmVmp : Match on catch block at 0xc3 in for 0x7e4e5e4025
04-03 16:51:19.350 19081 19081 E ArmVmp : Match on catch block at 0xc3 in for 0x7e4e5e4025
04-03 16:51:19.353 19081 19081 E ArmVmp : Match on catch block at 0xc3 in for 0x7e4e5e4025
04-03 16:51:19.356 19081 19081 E ArmVmp : Match on catch block at 0xc3 in for 0x7e4e5e4025
04-03 16:51:19.367 19081 19081 E ArmVmp : Match on catch block at 0xc3 in for 0x7e4e5e4025
04-03 16:51:19.369 19081 19081 E ArmVmp : Match on catch block at 0xc3 in for 0x7e4e5e4025
04-03 16:51:19.373 19081 19081 E ArmVmp : Match on catch block at 0xc3 in for 0x7e4e5e4025
04-03 16:51:19.600 19081 19081 E ArmVmp : Match on catch block at 0xc3 in for 0x7e4e5e4025
04-03 16:51:19.603 19081 19081 E ArmVmp : Match on catch block at 0xc3 in for 0x7e4e5e4025
04-03 16:51:19.606 19081 19081 E ArmVmp : Match on catch block at 0xc3 in for 0x7e4e5e4025
04-03 16:51:19.836 19081 19081 E ArmVmp : Match on catch block at 0xc3 in for 0x7e4e5e4025
04-03 16:51:19.843 19081 19081 E ArmVmp : Match on catch block at 0xc3 in for 0x7e4e5e4025
04-03 16:51:19.849 19081 19081 E ArmVmp : Match on catch block at 0xc3 in for 0x7e4e5e4025
04-03 16:51:20.135 19081 19081 E ArmVmp : Match on catch block at 0xc3 in for 0x7e4e5e4025
04-03 16:51:20.145 19081 19081 E ArmVmp : Match on catch block at 0xc3 in for 0x7e4e5e4025
04-03 16:51:20.155 19081 19081 E ArmVmp : Match on catch block at 0xc3 in for 0x7e4e5e4025
04-03 16:51:20.636 19081 19081 E ArmVmp : Match on catch block at 0xc3 in for 0x7e4e5e4025
04-03 16:51:20.639 19081 19081 E ArmVmp : Match on catch block at 0xc3 in for 0x7e4e5e4025
04-03 16:51:20.642 19081 19081 E ArmVmp : Match on catch block at 0xc3 in for 0x7e4e5e4025
04-03 16:51:20.686 19081 19081 E ArmVmp : Match on catch block at 0xc3 in for 0x7e4e5e4025
04-03 16:51:20.691 19081 19081 E ArmVmp : Match on catch block at 0xc3 in for 0x7e4e5e4025
04-03 16:51:20.694 19081 19081 E ArmVmp : Match on catch block at 0xc3 in for 0x7e4e5e4025
04-03 16:51:20.703 19081 19081 E ArmVmp : Match on catch block at 0xc3 in for 0x7e4e5e4025
04-03 16:51:20.708 19081 19081 E ArmVmp : Match on catch block at 0xc3 in for 0x7e4e5e4025
04-03 16:51:20.711 19081 19081 E ArmVmp : Match on catch block at 0xc3 in for 0x7e4e5e4025
