04-05 20:50:32.402 31586 31586 E ArmVmp : Match on catch block at 0xc3 in for 0x7e4e5e4025
04-05 20:50:32.406 31586 31586 E ArmVmp : Match on catch block at 0xc3 in for 0x7e4e5e4025
04-05 20:50:32.419 31586 31586 E ArmVmp : Match on catch block at 0xc3 in for 0x7e4e5e4025
04-05 20:50:32.423 31586 31586 E ArmVmp : Match on catch block at 0xc3 in for 0x7e4e5e4025
04-05 20:50:32.435 31586 31586 E ArmVmp : Match on catch block at 0xc3 in for 0x7e4e5e4025
04-05 20:50:32.439 31586 31586 E ArmVmp : Match on catch block at 0xc3 in for 0x7e4e5e4025
04-05 20:50:32.452 31586 31586 E ArmVmp : Match on catch block at 0xc3 in for 0x7e4e5e4025
04-05 20:50:32.457 31586 31586 E ArmVmp : Match on catch block at 0xc3 in for 0x7e4e5e4025
04-05 20:50:32.569 31586 31586 E ArmVmp : Match on catch block at 0xc3 in for 0x7e4e5e4025
04-05 20:50:32.575 31586 31586 E ArmVmp : Match on catch block at 0xc3 in for 0x7e4e5e4025
04-05 20:50:32.836 31586 31586 E ArmVmp : Match on catch block at 0xc3 in for 0x7e4e5e4025
04-05 20:50:32.841 31586 31586 E ArmVmp : Match on catch block at 0xc3 in for 0x7e4e5e4025
04-05 20:50:33.020 31586 31586 E ArmVmp : Match on catch block at 0xc3 in for 0x7e4e5e4025
04-05 20:50:33.025 31586 31586 E ArmVmp : Match on catch block at 0xc3 in for 0x7e4e5e4025
04-05 20:50:33.254 31586 31586 E ArmVmp : Match on catch block at 0xc3 in for 0x7e4e5e4025
04-05 20:50:33.259 31586 31586 E ArmVmp : Match on catch block at 0xc3 in for 0x7e4e5e4025
04-05 20:50:33.387 31586 31586 E ArmVmp : Match on catch block at 0xc3 in for 0x7e4e5e4025
04-05 20:50:33.392 31586 31586 E ArmVmp : Match on catch block at 0xc3 in for 0x7e4e5e4025
04-05 20:50:33.522 31586 31586 E ArmVmp : Match on catch block at 0xc3 in for 0x7e4e5e4025
04-05 20:50:33.527 31586 31586 E ArmVmp : Match on catch block at 0xc3 in for 0x7e4e5e4025
04-05 20:50:34.023 31586 31586 E ArmVmp : Match on catch block at 0xc3 in for 0x7e4e5e4025
04-05 20:50:34.028 31586 31586 E ArmVmp : Match on catch block at 0xc3 in for 0x7e4e5e4025
04-05 20:50:34.526 31586 31586 E ArmVmp : Match on catch block at 0xc3 in for 0x7e4e5e4025
04-05 20:50:34.536 31586 31586 E ArmVmp : Match on catch block at 0xc3 in for 0x7e4e5e4025
04-05 20:50:35.026 31586 31586 E ArmVmp : Match on catch block at 0xc3 in for 0x7e4e5e4025
04-05 20:50:35.036 31586 31586 E ArmVmp : Match on catch block at 0xc3 in for 0x7e4e5e4025
04-05 20:50:35.209 31586 31586 E ArmVmp : Match on catch block at 0xc3 in for 0x7e4e5e4025
04-05 20:50:35.217 31586 31586 E ArmVmp : Match on catch block at 0xc3 in for 0x7e4e5e4025
04-05 20:50:35.267 31586 31586 E ArmVmp : Match on catch block at 0xc3 in for 0x7e4e5e4025
04-05 20:50:35.271 31586 31586 E ArmVmp : Match on catch block at 0xc3 in for 0x7e4e5e4025
04-05 20:50:35.308 31586 31586 E ArmVmp : Match on catch block at 0xc3 in for 0x7e4e5e4025
04-05 20:50:35.314 31586 31586 E ArmVmp : Match on catch block at 0xc3 in for 0x7e4e5e4025
04-05 20:50:35.335 31586 31586 E ArmVmp : Match on catch block at 0xc3 in for 0x7e4e5e4025
04-05 20:50:35.342 31586 31586 E ArmVmp : Match on catch block at 0xc3 in for 0x7e4e5e4025
04-05 20:50:35.429 31586 31586 E ArmVmp : Match on catch block at 0xc3 in for 0x7e4e5e4025
04-05 20:50:35.432 31586 31586 E ArmVmp : Match on catch block at 0xc3 in for 0x7e4e5e4025
04-05 20:50:35.454 31586 31586 E ArmVmp : Match on catch block at 0xc3 in for 0x7e4e5e4025
04-05 20:50:35.460 31586 31586 E ArmVmp : Match on catch block at 0xc3 in for 0x7e4e5e4025
04-05 20:50:35.473 31586 31586 E ArmVmp : Match on catch block at 0xc3 in for 0x7e4e5e4025
04-05 20:50:35.476 31586 31586 E ArmVmp : Match on catch block at 0xc3 in for 0x7e4e5e4025
04-05 20:50:35.485 31586 31586 E ArmVmp : Match on catch block at 0xc3 in for 0x7e4e5e4025
04-05 20:50:35.488 31586 31586 E ArmVmp : Match on catch block at 0xc3 in for 0x7e4e5e4025
04-05 20:50:35.492 31586 31586 E ArmVmp : Match on catch block at 0xc3 in for 0x7e4e5e4025
04-05 20:50:35.495 31586 31586 E ArmVmp : Match on catch block at 0xc3 in for 0x7e4e5e4025
04-05 20:50:35.509 31586 31586 E ArmVmp : Match on catch block at 0xc3 in for 0x7e4e5e4025
04-05 20:50:35.512 31586 31586 E ArmVmp : Match on catch block at 0xc3 in for 0x7e4e5e4025
04-05 20:50:35.600 31586 31586 E ArmVmp : Match on catch block at 0xc3 in for 0x7e4e5e4025
04-05 20:50:35.605 31586 31586 E ArmVmp : Match on catch block at 0xc3 in for 0x7e4e5e4025
04-05 20:50:35.614 31586 31586 E ArmVmp : Match on catch block at 0xc3 in for 0x7e4e5e4025
04-05 20:50:35.615 31586 32512 W MediaPlayer: Use of stream types is deprecated for operations other than volume control
04-05 20:50:35.615 31586 32512 W MediaPlayer: See the documentation of setAudioStreamType() for what to use instead with android.media.AudioAttributes to qualify your playback use case
04-05 20:50:35.619 31586 31586 E ArmVmp : Match on catch block at 0xc3 in for 0x7e4e5e4025
04-05 20:50:35.744 31586 31586 E ArmVmp : Match on catch block at 0xc3 in for 0x7e4e5e4025
04-05 20:50:35.761 31586 31586 E ArmVmp : Match on catch block at 0xc3 in for 0x7e4e5e4025
04-05 20:50:35.787 31586 31586 W WindowOnBackDispatcher: sendCancelIfRunning: isInProgress=falsecallback=ImeCallback=ImeOnBackInvokedCallback@58343923 Callback=android.window.IOnBackInvokedCallback$Stub$Proxy@56b0cf7
04-05 20:50:35.877 31586 31586 E ArmVmp : Match on catch block at 0xc3 in for 0x7e4e5e4025
04-05 20:50:35.879 31586 31586 E ArmVmp : Match on catch block at 0xc3 in for 0x7e4e5e4025
04-05 20:50:35.890 31586 31586 E ArmVmp : Match on catch block at 0xc3 in for 0x7e4e5e4025
04-05 20:50:35.891 31586 31586 E ArmVmp : Match on catch block at 0xc3 in for 0x7e4e5e4025
04-05 20:50:35.916 31586 31586 E ArmVmp : Match on catch block at 0xc3 in for 0x7e4e5e4025
04-05 20:50:35.917 31586 31586 E ArmVmp : Match on catch block at 0xc3 in for 0x7e4e5e4025
04-05 20:50:35.926 31586 31586 E ArmVmp : Match on catch block at 0xc3 in for 0x7e4e5e4025
04-05 20:50:35.928 31586 31586 E ArmVmp : Match on catch block at 0xc3 in for 0x7e4e5e4025
04-05 20:50:36.096 31586 31586 E ArmVmp : Match on catch block at 0xc3 in for 0x7e4e5e4025
04-05 20:50:36.098 31586 31586 E ArmVmp : Match on catch block at 0xc3 in for 0x7e4e5e4025
04-05 20:50:36.283 31586 31586 E ArmVmp : Match on catch block at 0xc3 in for 0x7e4e5e4025
04-05 20:50:36.286 31586 31586 E ArmVmp : Match on catch block at 0xc3 in for 0x7e4e5e4025
04-05 20:50:36.327 31586 31586 E ArmVmp : Match on catch block at 0xc3 in for 0x7e4e5e4025
04-05 20:50:36.331 31586 31586 E ArmVmp : Match on catch block at 0xc3 in for 0x7e4e5e4025
04-05 20:50:36.359 31586 31586 W com.mbwhatsapp: Method void com.mbwhatsapp.HomeActivity.A6e() failed lock verification and will run slower.
04-05 20:50:36.736 31586 31586 E ArmVmp : Match on catch block at 0x0a in for 0x7e4e5e4031
04-05 20:50:36.761 31586 31586 E ArmVmp : Match on catch block at 0x0a in for 0x7e4e5e404d
04-05 20:50:36.804 31586 1103 W com.mbwhatsapp: Accessing hidden method Lcom/android/org/conscrypt/ConscryptEngineSocket;->setUseSessionTickets(Z)V (max- target-q,core-platform-api, reflection, denied)
04-05 20:50:36.805 31586 1103 W com.mbwhatsapp: Accessing hidden method Lcom/android/org/conscrypt/OpenSSLSocketImpl;->setUseSessionTickets(Z)V (max- target-q,core-platform-api, reflection, denied)
04-05 20:50:36.805 31586 1103 W com.mbwhatsapp: Accessing hidden method Lcom/android/org/conscrypt/AbstractConscryptSocket;->setUseSessionTickets(Z)V (max- target-q, reflection, denied)
04-05 20:50:36.805 31586 1103 W com.mbwhatsapp: Accessing hidden method Lcom/android/org/conscrypt/ConscryptEngineSocket;->setHostname(Ljava/lang/String;)V (max-target-q,core-platform-api, reflection, denied)
04-05 20:50:36.805 31586 1103 W com.mbwhatsapp: Accessing hidden method Lcom/android/org/conscrypt/OpenSSLSocketImpl;->setHostname(Ljava/lang/String;)V (max-target-q,core-platform-api, reflection, denied)
04-05 20:50:36.805 31586 1103 W com.mbwhatsapp: Accessing hidden method Lcom/android/org/conscrypt/AbstractConscryptSocket;->setHostname(Ljava/lang/ String;)V (max-target-q, reflection, denied)
04-05 20:50:36.805 31586 1103 W com.mbwhatsapp: Accessing hidden method Lcom/android/org/conscrypt/OpenSSLSocketImpl;->setAlpnProtocols([B)V (max-target- q,core-platform-api, reflection, denied)
04-05 20:50:36.805 31586 1103 W com.mbwhatsapp: Accessing hidden method Lcom/android/org/conscrypt/AbstractConscryptSocket;->setAlpnProtocols([B)V (max- target-q, reflection, denied)
04-05 20:50:36.885 31586 1103 W com.mbwhatsapp: Accessing hidden method Lcom/android/org/conscrypt/OpenSSLSocketImpl;->getAlpnSelectedProtocol()[B (max- target-q,core-platform-api, reflection, denied)
04-05 20:50:36.885 31586 1103 W com.mbwhatsapp: Accessing hidden method Lcom/android/org/conscrypt/AbstractConscryptSocket;->getAlpnSelectedProtocol()[B (max-target-q, reflection, denied)
04-05 20:50:36.888 31586 31586 W Activity: Can request only one set of permissions at a time
04-05 20:50:36.929 31586 31586 W MessageMonitor: PerfMonitor: Slow Operation: Activity com.mbwhatsapp/.HomeActivity onCreate took 502ms
04-05 20:50:36.949 31586 31586 W Looper : PerfMonitor looperActivity : package=com.mbwhatsapp/.HomeActivity time=1ms latency=628ms procState=-1 historyMsgCount=7 (msgIndex=7 wall=611ms seq=4389 late=21ms h=android.app.ActivityThread$H w=159)
04-05 20:50:36.950 31586 31586 E ArmVmp : Match on catch block at 0xc3 in for 0x7e4e5e4025
04-05 20:50:36.951 31586 31586 E ArmVmp : Match on catch block at 0xc3 in for 0x7e4e5e4025
04-05 20:50:37.021 31586 1115 W LOTTIE : Animation contains merge paths. Merge paths are only supported on KitKat+ and must be manually enabled by calling enableMergePathsForKitKatAndAbove().
04-05 20:50:37.054 31586 32410 E OpenGLRenderer: Unable to match the desired swap behavior.
04-05 20:50:37.191 31586 31586 E RecyclerView: No adapter attached; skipping layout
04-05 20:50:37.229 31586 31586 W Looper : PerfMonitor doFrame : time=280ms vsyncFrame=0 latency=607ms procState=-1 historyMsgCount=2 (msgIndex=1 wall=611ms seq=4389 late=21ms h=android.app.ActivityThread$H w=159)
04-05 20:50:37.237 31586 31586 W Looper : PerfMonitor looperActivity : package=com.mbwhatsapp/.HomeActivity time=3ms latency=459ms procState=-1 historyMsgCount=13 (msgIndex=1 wall=611ms seq=4389 late=21ms h=android.app.ActivityThread$H w=159) (msgIndex=3 wall=280ms seq=4391 late=607ms h=android.view.Choreographer$FrameHandler c=android.view.Choreographer$FrameDisplayEventReceiver)
04-05 20:50:37.264 31586 31586 W Looper : PerfMonitor looperActivity : package=com.mbwhatsapp/.HomeActivity time=27ms latency=462ms procState=-1 historyMsgCount=14 (msgIndex=1 wall=611ms seq=4389 late=21ms h=android.app.ActivityThread$H w=159) (msgIndex=3 wall=280ms seq=4391 late=607ms h=android.view.Choreographer$FrameHandler c=android.view.Choreographer$FrameDisplayEventReceiver)
04-05 20:50:37.299 31586 31586 E ArmVmp : Match on catch block at 0xc3 in for 0x7e4e5e4025
04-05 20:50:37.302 31586 31586 E ArmVmp : Match on catch block at 0xc3 in for 0x7e4e5e4025
04-05 20:50:37.309 31586 31586 E RecyclerView: No adapter attached; skipping layout
04-05 20:50:37.316 31586 31586 W Looper : PerfMonitor doFrame : time=48ms vsyncFrame=0 latency=308ms procState=-1 historyMsgCount=25 (msgIndex=1 wall=280ms seq=4391 late=607ms h=android.view.Choreographer$FrameHandler c=android.view.Choreographer$FrameDisplayEventReceiver)
04-05 20:50:37.334 31586 31586 W LOTTIE : Animation contains merge paths but they are disabled.
04-05 20:50:37.373 31586 31586 E ArmVmp : Match on catch block at 0x0a in for 0x7e4e5e4035
04-05 20:50:37.412 31586 31595 W com.mbwhatsapp: Cleared Reference was only reachable from finalizer (only reported once)
04-05 20:50:37.438 31586 31586 E ArmVmp : Match on catch block at 0xc3 in for 0x7e4e5e4025
04-05 20:50:37.441 31586 31586 E ArmVmp : Match on catch block at 0xc3 in for 0x7e4e5e4025
04-05 20:50:37.453 31586 31586 W WindowOnBackDispatcher: sendCancelIfRunning: isInProgress=falsecallback=android.view.ViewRootImpl$ $ExternalSyntheticLambda22@9f8b93b
04-05 20:50:56.597 31586 31586 W JobService: onNetworkChanged() not implemented in androidx.work.impl.background.systemjob.SystemJobService. Must override in a subclass.
04-05 20:50:57.672 31586 31586 W JobService: onNetworkChanged() not implemented in androidx.work.impl.background.systemjob.SystemJobService. Must override in a subclass.
04-05 20:51:02.801 31586 31586 W JobService: onNetworkChanged() not implemented in androidx.work.impl.background.systemjob.SystemJobService. Must override in a subclass.
04-05 20:51:56.499 31586 31686 E SQLiteDatabase: Error inserting transferred=1 media_job_uuid=32498f75-6471-4fe8-8112-485fc2f3235b transcoded=0 gif_attribution=0 first_scan_length=0 direct_path=/v/t62.7117- 24/55699486_368687229499595_6428405774749283148_n.enc?ccb=11- 4&oh=01_ASDniKz7bo7h64zjVrEYxwrNoLdKeZ8wrTaovKmyC-1mHg&oe=66380292&_nc_sid=5e03e0 thumbnail_height_width_ratio=0.0 is_animated_sticker=0 file_hash=Wf0UTStiIYbTrBHLz70SFw0qdkKp1vc+OTocPbO1pe8= file_path=Media/MBWhatsApp Voice Notes/202414/PTT-20240405-WA0001.opus file_size=35692 partial_media_hash=null face_x=0 face_y=0 height=0 trim_to=0 media_key_timestamp=1712368300000 message_url=https://mmg.whatsapp.net/v/t62.7117- 24/55699486_368687229499595_6428405774749283148_n.enc?ccb=11- 4&oh=01_ASDniKz7bo7h64zjVrEYxwrNoLdKeZ8wrTaovKmyC- 1mHg&oe=66380292&_nc_sid=5e03e0&mms3=true media_caption=null trim_from=0 mime_type=audio/ogg; codecs=opus partial_media_enc_hash=null width=0 original_file_hash=null has_streaming_sidecar=0 autotransfer_retry_enabled=1 media_upload_handle=null message_row_id=40 multicast_id=null enc_file_hash=GO7okDluKaRV5YKbWXvPRg2UtBO2OrXqQ2fd1VKj9cU= mute_video=0 page_count=0 first_scan_sidecar=null suspicious_content=0 file_length=35692 media_name=null media_duration=15 chat_row_id=6 media_key=[B@9457849
04-05 20:51:56.499 31586 31686 E SQLiteDatabase: android.database.sqlite.SQLiteConstraintException: UNIQUE constraint failed: message_media.message_row_id (code 1555 SQLITE_CONSTRAINT_PRIMARYKEY)
04-05 20:51:56.499 31586 31686 E SQLiteDatabase: at android.database.sqlite.SQLiteConnection.nativeExecuteForLastInsertedRowId(Native Method)
04-05 20:51:56.499 31586 31686 E SQLiteDatabase: at android.database.sqlite.SQLiteConnection.executeForLastInsertedRowId(SQLiteConnecti on.java:961)
04-05 20:51:56.499 31586 31686 E SQLiteDatabase: at android.database.sqlite.SQLiteSession.executeForLastInsertedRowId(SQLiteSession.jav a:790)
04-05 20:51:56.499 31586 31686 E SQLiteDatabase: at android.database.sqlite.SQLiteStatement.executeInsert(SQLiteStatement.java:89)
04-05 20:51:56.499 31586 31686 E SQLiteDatabase: at android.database.sqlite.SQLiteDatabase.insertWithOnConflict(SQLiteDatabase.java:187 0)
04-05 20:51:56.499 31586 31686 E SQLiteDatabase: at android.database.sqlite.SQLiteDatabase.insert(SQLiteDatabase.java:1739)
04-05 20:51:56.499 31586 31686 E SQLiteDatabase: at X.2tm.A08(Unknown Source:6)
04-05 20:51:56.499 31586 31686 E SQLiteDatabase: at X.35Y.A07(Unknown Source:212)
04-05 20:51:56.499 31586 31686 E SQLiteDatabase: at X.3QF.A14(Unknown Source:470)
04-05 20:51:56.499 31586 31686 E SQLiteDatabase: at X.3gU.run(Unknown Source:982)
04-05 20:51:56.499 31586 31686 E SQLiteDatabase: at android.os.Handler.handleCallback(Handler.java:958)
04-05 20:51:56.499 31586 31686 E SQLiteDatabase: at android.os.Handler.dispatchMessage(Handler.java:99)
04-05 20:51:56.499 31586 31686 E SQLiteDatabase: at X.0zq.dispatchMessage(Unknown Source:4)
04-05 20:51:56.499 31586 31686 E SQLiteDatabase: at android.os.Looper.loopOnce(Looper.java:224)
04-05 20:51:56.499 31586 31686 E SQLiteDatabase: at android.os.Looper.loop(Looper.java:318)
04-05 20:51:56.499 31586 31686 E SQLiteDatabase: at android.os.HandlerThread.run(HandlerThread.java:67)
04-05 20:51:56.596 31586 31848 W com.mbwhatsapp: Accessing hidden field Landroid/app/Notification;->extraNotification:Landroid/app/MiuiNotification; (blocked, reflection, denied)
04-05 20:51:56.638 31586 31848 W com.mbwhatsapp: Accessing hidden field Landroid/app/Notification;->extraNotification:Landroid/app/MiuiNotification; (blocked, reflection, denied)
04-05 20:51:56.655 31586 31960 W com.mbwhatsapp: Accessing hidden method Landroid/app/MiuiNotification;-><init>()V (blocked, reflection, denied)
04-05 20:51:57.706 31586 31586 W JobService: onNetworkChanged() not implemented in androidx.work.impl.background.systemjob.SystemJobService. Must override in a subclass.
04-05 20:52:30.396 31586 31586 W JobService: onNetworkChanged() not implemented in androidx.work.impl.background.systemjob.SystemJobService. Must override in a subclass.
04-05 20:52:41.853 31586 32410 E OpenGLRenderer: Unable to match the desired swap behavior.
04-05 20:52:43.185 31586 31586 E ArmVmp : Match on catch block at 0x0a in for 0x7e4e5e4035
04-05 20:52:43.189 31586 31586 E ArmVmp : Match on catch block at 0x0a in for 0x7e4e5e4035
04-05 20:52:43.237 31586 31586 W Looper : PerfMonitor looperActivity : package=com.mbwhatsapp/.Conversation time=0ms latency=304ms procState=-1 historyMsgCount=5 (msgIndex=5 wall=300ms seq=5150 late=5ms h=android.app.ActivityThread$H w=159)
04-05 20:52:43.261 31586 32410 E OpenGLRenderer: Unable to match the desired swap behavior.
04-05 20:52:43.546 31586 31586 E ArmVmp : Match on catch block at 0xc3 in for 0x7e4e5e4021
04-05 20:52:43.548 31586 31586 E ArmVmp : Match on catch block at 0xc3 in for 0x7e4e5e4021
04-05 20:52:43.550 31586 31586 E ArmVmp : Match on catch block at 0xc3 in for 0x7e4e5e4021
04-05 20:52:43.589 31586 31586 W Looper : PerfMonitor doFrame : time=351ms vsyncFrame=0 latency=292ms procState=-1 historyMsgCount=4 (msgIndex=1 wall=300ms seq=5150 late=5ms h=android.app.ActivityThread$H w=159)
04-05 20:52:43.618 31586 31586 E ArmVmp : Match on catch block at 0xc3 in for 0x7e4e5e4025
04-05 20:52:43.619 31586 31586 E ArmVmp : Match on catch block at 0xc3 in for 0x7e4e5e4025
04-05 20:52:43.621 31586 31586 E ArmVmp : Match on catch block at 0xc3 in for 0x7e4e5e4025
04-05 20:52:43.640 31586 31586 W Looper : PerfMonitor doFrame : time=33ms vsyncFrame=0 latency=360ms procState=-1 historyMsgCount=51 (msgIndex=1 wall=351ms seq=5154 late=292ms h=android.view.Choreographer$FrameHandler c=android.view.Choreographer$FrameDisplayEventReceiver)
04-05 20:52:43.666 31586 31586 E ArmVmp : Match on catch block at 0xc3 in for 0x7e4e5e4025
04-05 20:52:43.668 31586 31586 E ArmVmp : Match on catch block at 0xc3 in for 0x7e4e5e4025
04-05 20:52:43.669 31586 31586 E ArmVmp : Match on catch block at 0xc3 in for 0x7e4e5e4025
04-05 20:52:43.692 31586 31586 E ArmVmp : Match on catch block at 0xc3 in for 0x7e4e5e4025
04-05 20:52:43.695 31586 31586 E ArmVmp : Match on catch block at 0xc3 in for 0x7e4e5e4025
04-05 20:52:43.697 31586 31586 E ArmVmp : Match on catch block at 0xc3 in for 0x7e4e5e4025
04-05 20:52:43.729 31586 31960 W com.mbwhatsapp: Accessing hidden method Landroid/app/MiuiNotification;-><init>()V (blocked, reflection, denied)
04-05 20:52:43.732 31586 31586 E ArmVmp : Match on catch block at 0xc3 in for 0x7e4e5e4025
04-05 20:52:43.736 31586 31586 E ArmVmp : Match on catch block at 0xc3 in for 0x7e4e5e4025
04-05 20:52:43.742 31586 31586 E ArmVmp : Match on catch block at 0xc3 in for 0x7e4e5e4025
04-05 20:52:43.785 31586 31586 E ArmVmp : Match on catch block at 0xc3 in for 0x7e4e5e4025
04-05 20:52:43.789 31586 32410 W RenderInspector: DequeueBuffer time out on com.mbwhatsapp/com.mbwhatsapp.HomeActivity, count=1, avg=22 ms, max=22 ms.
04-05 20:52:43.792 31586 31586 E ArmVmp : Match on catch block at 0xc3 in for 0x7e4e5e4025
04-05 20:52:43.794 31586 31586 E ArmVmp : Match on catch block at 0xc3 in for 0x7e4e5e4025
04-05 20:52:43.809 31586 31586 E ArmVmp : Match on catch block at 0xc3 in for 0x7e4e5e4025
04-05 20:52:43.814 31586 31586 E ArmVmp : Match on catch block at 0xc3 in for 0x7e4e5e4025
04-05 20:52:43.817 31586 31586 E ArmVmp : Match on catch block at 0xc3 in for 0x7e4e5e4025
04-05 20:52:43.982 31586 31960 W com.mbwhatsapp: Accessing hidden method Landroid/app/MiuiNotification;-><init>()V (blocked, reflection, denied)
04-05 20:52:44.034 31586 31586 E ArmVmp : Match on catch block at 0xc3 in for 0x7e4e5e4025
04-05 20:52:44.037 31586 31586 E ArmVmp : Match on catch block at 0xc3 in for 0x7e4e5e4025
04-05 20:52:44.042 31586 31586 E ArmVmp : Match on catch block at 0xc3 in for 0x7e4e5e4025
04-05 20:52:44.054 31586 31586 E ArmVmp : Match on catch block at 0xc3 in for 0x7e4e5e4025
04-05 20:52:44.059 31586 31586 E ArmVmp : Match on catch block at 0xc3 in for 0x7e4e5e4025
04-05 20:52:44.061 31586 31586 E ArmVmp : Match on catch block at 0xc3 in for 0x7e4e5e4025
04-05 20:52:44.077 31586 31586 E ArmVmp : Match on catch block at 0xc3 in for 0x7e4e5e4025
04-05 20:52:44.081 31586 31586 E ArmVmp : Match on catch block at 0xc3 in for 0x7e4e5e4025
04-05 20:52:44.085 31586 31586 E ArmVmp : Match on catch block at 0xc3 in for 0x7e4e5e4025
04-05 20:52:44.103 31586 31586 E ArmVmp : Match on catch block at 0xc3 in for 0x7e4e5e4025
04-05 20:52:44.105 31586 31586 E ArmVmp : Match on catch block at 0xc3 in for 0x7e4e5e4025
04-05 20:52:44.108 31586 31586 E ArmVmp : Match on catch block at 0xc3 in for 0x7e4e5e4025
04-05 20:52:44.117 31586 31586 E ArmVmp : Match on catch block at 0xc3 in for 0x7e4e5e4025
04-05 20:52:44.120 31586 31586 E ArmVmp : Match on catch block at 0xc3 in for 0x7e4e5e4025
04-05 20:52:44.123 31586 31586 E ArmVmp : Match on catch block at 0xc3 in for 0x7e4e5e4025
04-05 20:52:44.135 31586 31586 E ArmVmp : Match on catch block at 0xc3 in for 0x7e4e5e4025
04-05 20:52:44.138 31586 31586 E ArmVmp : Match on catch block at 0xc3 in for 0x7e4e5e4025
04-05 20:52:44.141 31586 31586 E ArmVmp : Match on catch block at 0xc3 in for 0x7e4e5e4025
04-05 20:52:44.151 31586 31586 E ArmVmp : Match on catch block at 0xc3 in for 0x7e4e5e4025
04-05 20:52:44.156 31586 31586 E ArmVmp : Match on catch block at 0xc3 in for 0x7e4e5e4025
04-05 20:52:44.160 31586 31586 E ArmVmp : Match on catch block at 0xc3 in for 0x7e4e5e4025
04-05 20:52:44.169 31586 31586 E ArmVmp : Match on catch block at 0xc3 in for 0x7e4e5e4025
04-05 20:52:44.174 31586 31586 E ArmVmp : Match on catch block at 0xc3 in for 0x7e4e5e4025
04-05 20:52:44.179 31586 31586 E ArmVmp : Match on catch block at 0xc3 in for 0x7e4e5e4025
04-05 20:52:44.188 31586 31586 E ArmVmp : Match on catch block at 0xc3 in for 0x7e4e5e4025
04-05 20:52:44.190 31586 31586 E ArmVmp : Match on catch block at 0xc3 in for 0x7e4e5e4025
04-05 20:52:44.192 31586 31586 E ArmVmp : Match on catch block at 0xc3 in for 0x7e4e5e4025
04-05 20:52:44.209 31586 31586 E ArmVmp : Match on catch block at 0xc3 in for 0x7e4e5e4025
04-05 20:52:44.211 31586 31586 E ArmVmp : Match on catch block at 0xc3 in for 0x7e4e5e4025
04-05 20:52:44.213 31586 31586 E ArmVmp : Match on catch block at 0xc3 in for 0x7e4e5e4025
04-05 20:52:44.217 31586 31586 E ArmVmp : Match on catch block at 0xc3 in for 0x7e4e5e4025
04-05 20:52:44.218 31586 31586 E ArmVmp : Match on catch block at 0xc3 in for 0x7e4e5e4025
04-05 20:52:44.220 31586 31586 E ArmVmp : Match on catch block at 0xc3 in for 0x7e4e5e4025
04-05 20:52:44.234 31586 31586 E ArmVmp : Match on catch block at 0xc3 in for 0x7e4e5e4025
04-05 20:52:44.236 31586 31586 E ArmVmp : Match on catch block at 0xc3 in for 0x7e4e5e4025
04-05 20:52:44.240 31586 31586 E ArmVmp : Match on catch block at 0xc3 in for 0x7e4e5e4025
04-05 20:52:44.252 31586 31586 E ArmVmp : Match on catch block at 0xc3 in for 0x7e4e5e4025
04-05 20:52:44.255 31586 31586 E ArmVmp : Match on catch block at 0xc3 in for 0x7e4e5e4025
04-05 20:52:44.257 31586 31586 E ArmVmp : Match on catch block at 0xc3 in for 0x7e4e5e4025
04-05 20:52:44.269 31586 31586 E ArmVmp : Match on catch block at 0xc3 in for 0x7e4e5e4025
04-05 20:52:44.272 31586 31586 E ArmVmp : Match on catch block at 0xc3 in for 0x7e4e5e4025
04-05 20:52:44.274 31586 31586 E ArmVmp : Match on catch block at 0xc3 in for 0x7e4e5e4025
04-05 20:52:44.285 31586 31586 E ArmVmp : Match on catch block at 0xc3 in for 0x7e4e5e4025
04-05 20:52:44.288 31586 31586 E ArmVmp : Match on catch block at 0xc3 in for 0x7e4e5e4025
04-05 20:52:44.292 31586 31586 E ArmVmp : Match on catch block at 0xc3 in for 0x7e4e5e4025
04-05 20:52:44.301 31586 31586 E ArmVmp : Match on catch block at 0xc3 in for 0x7e4e5e4025
04-05 20:52:44.304 31586 31586 E ArmVmp : Match on catch block at 0xc3 in for 0x7e4e5e4025
04-05 20:52:44.306 31586 31586 E ArmVmp : Match on catch block at 0xc3 in for 0x7e4e5e4025
04-05 20:52:44.319 31586 31586 E ArmVmp : Match on catch block at 0xc3 in for 0x7e4e5e4025
04-05 20:52:44.322 31586 31586 E ArmVmp : Match on catch block at 0xc3 in for 0x7e4e5e4025
04-05 20:52:44.325 31586 31586 E ArmVmp : Match on catch block at 0xc3 in for 0x7e4e5e4025
04-05 20:52:44.335 31586 31586 E ArmVmp : Match on catch block at 0xc3 in for 0x7e4e5e4025
04-05 20:52:44.339 31586 31586 E ArmVmp : Match on catch block at 0xc3 in for 0x7e4e5e4025
04-05 20:52:44.342 31586 31586 E ArmVmp : Match on catch block at 0xc3 in for 0x7e4e5e4025
04-05 20:52:44.352 31586 31586 E ArmVmp : Match on catch block at 0xc3 in for 0x7e4e5e4025
04-05 20:52:44.355 31586 31586 E ArmVmp : Match on catch block at 0xc3 in for 0x7e4e5e4025
04-05 20:52:44.358 31586 31586 E ArmVmp : Match on catch block at 0xc3 in for 0x7e4e5e4025
04-05 20:52:44.602 31586 31586 E ArmVmp : Match on catch block at 0xc3 in for 0x7e4e5e4025
04-05 20:52:44.605 31586 31586 E ArmVmp : Match on catch block at 0xc3 in for 0x7e4e5e4025
04-05 20:52:44.608 31586 31586 E ArmVmp : Match on catch block at 0xc3 in for 0x7e4e5e4025
04-05 20:52:44.690 31586 31586 W AudioManager: Use of stream types is deprecated for operations other than volume control
04-05 20:52:44.690 31586 31586 W AudioManager: See the documentation of requestAudioFocus() for what to use instead with android.media.AudioAttributes to qualify your playback use case
04-05 20:52:44.731 31586 31686 E SQLiteDatabase: Error inserting transferred=1 media_job_uuid=32498f75-6471-4fe8-8112-485fc2f3235b transcoded=0 gif_attribution=0 first_scan_length=0 direct_path=/v/t62.7117- 24/55699486_368687229499595_6428405774749283148_n.enc?ccb=11- 4&oh=01_ASDniKz7bo7h64zjVrEYxwrNoLdKeZ8wrTaovKmyC-1mHg&oe=66380292&_nc_sid=5e03e0 thumbnail_height_width_ratio=0.0 is_animated_sticker=0 file_hash=Wf0UTStiIYbTrBHLz70SFw0qdkKp1vc+OTocPbO1pe8= file_path=Media/MBWhatsApp Voice Notes/202414/PTT-20240405-WA0001.opus file_size=35692 partial_media_hash=null face_x=0 face_y=0 height=0 trim_to=0 media_key_timestamp=1712368300000 message_url=https://mmg.whatsapp.net/v/t62.7117- 24/55699486_368687229499595_6428405774749283148_n.enc?ccb=11- 4&oh=01_ASDniKz7bo7h64zjVrEYxwrNoLdKeZ8wrTaovKmyC- 1mHg&oe=66380292&_nc_sid=5e03e0&mms3=true media_caption=null trim_from=0 mime_type=audio/ogg; codecs=opus partial_media_enc_hash=null width=0 original_file_hash=null has_streaming_sidecar=0 autotransfer_retry_enabled=1 media_upload_handle=null message_row_id=40 multicast_id=null enc_file_hash=GO7okDluKaRV5YKbWXvPRg2UtBO2OrXqQ2fd1VKj9cU= mute_video=0 page_count=0 first_scan_sidecar=null suspicious_content=0 file_length=35692 media_name=PTT-20240405-WA0001.opus media_duration=15 chat_row_id=6 media_key=[B@9457849
04-05 20:52:44.731 31586 31686 E SQLiteDatabase: android.database.sqlite.SQLiteConstraintException: UNIQUE constraint failed: message_media.message_row_id (code 1555 SQLITE_CONSTRAINT_PRIMARYKEY)
04-05 20:52:44.731 31586 31686 E SQLiteDatabase: at android.database.sqlite.SQLiteConnection.nativeExecuteForLastInsertedRowId(Native Method)
04-05 20:52:44.731 31586 31686 E SQLiteDatabase: at android.database.sqlite.SQLiteConnection.executeForLastInsertedRowId(SQLiteConnecti on.java:961)
04-05 20:52:44.731 31586 31686 E SQLiteDatabase: at android.database.sqlite.SQLiteSession.executeForLastInsertedRowId(SQLiteSession.jav a:790)
04-05 20:52:44.731 31586 31686 E SQLiteDatabase: at android.database.sqlite.SQLiteStatement.executeInsert(SQLiteStatement.java:89)
04-05 20:52:44.731 31586 31686 E SQLiteDatabase: at android.database.sqlite.SQLiteDatabase.insertWithOnConflict(SQLiteDatabase.java:187 0)
04-05 20:52:44.731 31586 31686 E SQLiteDatabase: at android.database.sqlite.SQLiteDatabase.insert(SQLiteDatabase.java:1739)
04-05 20:52:44.731 31586 31686 E SQLiteDatabase: at X.2tm.A08(Unknown Source:6)
04-05 20:52:44.731 31586 31686 E SQLiteDatabase: at X.35Y.A07(Unknown Source:212)
04-05 20:52:44.731 31586 31686 E SQLiteDatabase: at X.3QF.A14(Unknown Source:470)
04-05 20:52:44.731 31586 31686 E SQLiteDatabase: at X.31e.A03(Unknown Source:174)
04-05 20:52:44.731 31586 31686 E SQLiteDatabase: at X.3g7.run(Unknown Source:1017)
04-05 20:52:44.731 31586 31686 E SQLiteDatabase: at android.os.Handler.handleCallback(Handler.java:958)
04-05 20:52:44.731 31586 31686 E SQLiteDatabase: at android.os.Handler.dispatchMessage(Handler.java:99)
04-05 20:52:44.731 31586 31686 E SQLiteDatabase: at X.0zq.dispatchMessage(Unknown Source:4)
04-05 20:52:44.731 31586 31686 E SQLiteDatabase: at android.os.Looper.loopOnce(Looper.java:224)
04-05 20:52:44.731 31586 31686 E SQLiteDatabase: at android.os.Looper.loop(Looper.java:318)
04-05 20:52:44.731 31586 31686 E SQLiteDatabase: at android.os.HandlerThread.run(HandlerThread.java:67)
04-05 20:52:44.828 31586 31586 E ArmVmp : Match on catch block at 0xc3 in for 0x7e4e5e4025
04-05 20:52:44.830 31586 31586 E ArmVmp : Match on catch block at 0xc3 in for 0x7e4e5e4025
04-05 20:52:44.832 31586 31586 E ArmVmp : Match on catch block at 0xc3 in for 0x7e4e5e4025
04-05 20:52:44.849 31586 31586 E ArmVmp : Match on catch block at 0xc3 in for 0x7e4e5e4025
04-05 20:52:44.854 31586 31586 E ArmVmp : Match on catch block at 0xc3 in for 0x7e4e5e4025
04-05 20:52:44.857 31586 31586 E ArmVmp : Match on catch block at 0xc3 in for 0x7e4e5e4025
04-05 20:52:44.868 31586 31586 E ArmVmp : Match on catch block at 0xc3 in for 0x7e4e5e4025
04-05 20:52:44.872 31586 31586 E ArmVmp : Match on catch block at 0xc3 in for 0x7e4e5e4025
04-05 20:52:44.875 31586 31586 E ArmVmp : Match on catch block at 0xc3 in for 0x7e4e5e4025
04-05 20:52:44.882 31586 31586 E ArmVmp : Match on catch block at 0xc3 in for 0x7e4e5e4025
04-05 20:52:44.885 31586 31586 E ArmVmp : Match on catch block at 0xc3 in for 0x7e4e5e4025
04-05 20:52:44.888 31586 31586 E ArmVmp : Match on catch block at 0xc3 in for 0x7e4e5e4025
04-05 20:52:44.896 31586 31586 E ArmVmp : Match on catch block at 0xc3 in for 0x7e4e5e4025
04-05 20:52:44.902 31586 31586 E ArmVmp : Match on catch block at 0xc3 in for 0x7e4e5e4025
04-05 20:52:44.905 31586 31586 E ArmVmp : Match on catch block at 0xc3 in for 0x7e4e5e4025
04-05 20:52:44.910 31586 31586 E ArmVmp : Match on catch block at 0xc3 in for 0x7e4e5e4025
04-05 20:52:44.913 31586 31586 E ArmVmp : Match on catch block at 0xc3 in for 0x7e4e5e4025
04-05 20:52:44.916 31586 31586 E ArmVmp : Match on catch block at 0xc3 in for 0x7e4e5e4025
04-05 20:52:44.921 31586 31586 E ArmVmp : Match on catch block at 0xc3 in for 0x7e4e5e4025
04-05 20:52:44.924 31586 31586 E ArmVmp : Match on catch block at 0xc3 in for 0x7e4e5e4025
04-05 20:52:44.926 31586 31586 E ArmVmp : Match on catch block at 0xc3 in for 0x7e4e5e4025
04-05 20:52:44.936 31586 31586 E ArmVmp : Match on catch block at 0xc3 in for 0x7e4e5e4025
04-05 20:52:44.938 31586 31586 E ArmVmp : Match on catch block at 0xc3 in for 0x7e4e5e4025
04-05 20:52:44.939 31586 31687 E SQLiteDatabase: Error inserting transferred=1 media_job_uuid=32498f75-6471-4fe8-8112-485fc2f3235b transcoded=0 gif_attribution=0 first_scan_length=0 direct_path=/v/t62.7117- 24/55699486_368687229499595_6428405774749283148_n.enc?ccb=11- 4&oh=01_ASDniKz7bo7h64zjVrEYxwrNoLdKeZ8wrTaovKmyC-1mHg&oe=66380292&_nc_sid=5e03e0 thumbnail_height_width_ratio=0.0 is_animated_sticker=0 file_hash=Wf0UTStiIYbTrBHLz70SFw0qdkKp1vc+OTocPbO1pe8= file_path=Media/MBWhatsApp Voice Notes/202414/PTT-20240405-WA0001.opus file_size=35692 partial_media_hash=null face_x=0 face_y=0 height=0 trim_to=0 media_key_timestamp=1712368300000 message_url=https://mmg.whatsapp.net/v/t62.7117- 24/55699486_368687229499595_6428405774749283148_n.enc?ccb=11- 4&oh=01_ASDniKz7bo7h64zjVrEYxwrNoLdKeZ8wrTaovKmyC- 1mHg&oe=66380292&_nc_sid=5e03e0&mms3=true media_caption=null trim_from=0 mime_type=audio/ogg; codecs=opus partial_media_enc_hash=null width=0 original_file_hash=null has_streaming_sidecar=0 autotransfer_retry_enabled=1 media_upload_handle=null message_row_id=40 multicast_id=null enc_file_hash=GO7okDluKaRV5YKbWXvPRg2UtBO2OrXqQ2fd1VKj9cU= mute_video=0 page_count=0 first_scan_sidecar=null suspicious_content=0 file_length=35692 media_name=PTT-20240405-WA0001.opus media_duration=15 chat_row_id=6 media_key=[B@9457849
04-05 20:52:44.939 31586 31687 E SQLiteDatabase: android.database.sqlite.SQLiteConstraintException: UNIQUE constraint failed: message_media.message_row_id (code 1555 SQLITE_CONSTRAINT_PRIMARYKEY)
04-05 20:52:44.939 31586 31687 E SQLiteDatabase: at android.database.sqlite.SQLiteConnection.nativeExecuteForLastInsertedRowId(Native Method)
04-05 20:52:44.939 31586 31687 E SQLiteDatabase: at android.database.sqlite.SQLiteConnection.executeForLastInsertedRowId(SQLiteConnecti on.java:961)
04-05 20:52:44.939 31586 31687 E SQLiteDatabase: at android.database.sqlite.SQLiteSession.executeForLastInsertedRowId(SQLiteSession.jav a:790)
04-05 20:52:44.939 31586 31687 E SQLiteDatabase: at android.database.sqlite.SQLiteStatement.executeInsert(SQLiteStatement.java:89)
04-05 20:52:44.939 31586 31687 E SQLiteDatabase: at android.database.sqlite.SQLiteDatabase.insertWithOnConflict(SQLiteDatabase.java:187 0)
04-05 20:52:44.939 31586 31687 E SQLiteDatabase: at android.database.sqlite.SQLiteDatabase.insert(SQLiteDatabase.java:1739)
04-05 20:52:44.939 31586 31687 E SQLiteDatabase: at X.2tm.A08(Unknown Source:6)
04-05 20:52:44.939 31586 31687 E SQLiteDatabase: at X.35Y.A07(Unknown Source:212)
04-05 20:52:44.939 31586 31687 E SQLiteDatabase: at X.3QF.A14(Unknown Source:470)
04-05 20:52:44.939 31586 31687 E SQLiteDatabase: at X.31e.A03(Unknown Source:174)
04-05 20:52:44.939 31586 31687 E SQLiteDatabase: at X.3Uz.A07(Unknown Source:381)
04-05 20:52:44.939 31586 31687 E SQLiteDatabase: at X.3Uz.A02(Unknown Source:692)
04-05 20:52:44.939 31586 31687 E SQLiteDatabase: at X.3eS.run(Unknown Source:4041)
04-05 20:52:44.939 31586 31687 E SQLiteDatabase: at android.os.Handler.handleCallback(Handler.java:958)
04-05 20:52:44.939 31586 31687 E SQLiteDatabase: at android.os.Handler.dispatchMessage(Handler.java:99)
04-05 20:52:44.939 31586 31687 E SQLiteDatabase: at X.0zr.dispatchMessage(Unknown Source:4)
04-05 20:52:44.939 31586 31687 E SQLiteDatabase: at android.os.Looper.loopOnce(Looper.java:224)
04-05 20:52:44.939 31586 31687 E SQLiteDatabase: at android.os.Looper.loop(Looper.java:318)
04-05 20:52:44.939 31586 31687 E SQLiteDatabase: at android.os.HandlerThread.run(HandlerThread.java:67)
04-05 20:52:44.940 31586 31586 E ArmVmp : Match on catch block at 0xc3 in for 0x7e4e5e4025
04-05 20:52:44.956 31586 31586 E ArmVmp : Match on catch block at 0xc3 in for 0x7e4e5e4025
04-05 20:52:44.959 31586 31586 E ArmVmp : Match on catch block at 0xc3 in for 0x7e4e5e4025
04-05 20:52:44.961 31586 31586 E ArmVmp : Match on catch block at 0xc3 in for 0x7e4e5e4025
04-05 20:52:44.969 31586 31586 E ArmVmp : Match on catch block at 0xc3 in for 0x7e4e5e4025
04-05 20:52:44.972 31586 31586 E ArmVmp : Match on catch block at 0xc3 in for 0x7e4e5e4025
04-05 20:52:44.975 31586 31586 E ArmVmp : Match on catch block at 0xc3 in for 0x7e4e5e4025
04-05 20:52:44.986 31586 31586 E ArmVmp : Match on catch block at 0xc3 in for 0x7e4e5e4025
04-05 20:52:44.989 31586 31586 E ArmVmp : Match on catch block at 0xc3 in for 0x7e4e5e4025
04-05 20:52:44.991 31586 31586 E ArmVmp : Match on catch block at 0xc3 in for 0x7e4e5e4025
04-05 20:52:45.003 31586 31586 E ArmVmp : Match on catch block at 0xc3 in for 0x7e4e5e4025
04-05 20:52:45.005 31586 31586 E ArmVmp : Match on catch block at 0xc3 in for 0x7e4e5e4025
04-05 20:52:45.007 31586 31586 E ArmVmp : Match on catch block at 0xc3 in for 0x7e4e5e4025
04-05 20:52:45.021 31586 31586 E ArmVmp : Match on catch block at 0xc3 in for 0x7e4e5e4025
04-05 20:52:45.027 31586 31586 E ArmVmp : Match on catch block at 0xc3 in for 0x7e4e5e4025
04-05 20:52:45.030 31586 31586 E ArmVmp : Match on catch block at 0xc3 in for 0x7e4e5e4025
04-05 20:52:45.037 31586 31586 E ArmVmp : Match on catch block at 0xc3 in for 0x7e4e5e4025
04-05 20:52:45.039 31586 10405 W AudioTrack: getTimestamp_l(14055): retrograde timestamp time corrected, 354603337902122 < 354603346298425
04-05 20:52:45.039 31586 31586 E ArmVmp : Match on catch block at 0xc3 in for 0x7e4e5e4025
04-05 20:52:45.041 31586 31586 E ArmVmp : Match on catch block at 0xc3 in for 0x7e4e5e4025
04-05 20:52:45.053 31586 31586 E ArmVmp : Match on catch block at 0xc3 in for 0x7e4e5e4025
04-05 20:52:45.055 31586 31586 E ArmVmp : Match on catch block at 0xc3 in for 0x7e4e5e4025
04-05 20:52:45.057 31586 31586 E ArmVmp : Match on catch block at 0xc3 in for 0x7e4e5e4025
04-05 20:52:45.070 31586 31586 E ArmVmp : Match on catch block at 0xc3 in for 0x7e4e5e4025
04-05 20:52:45.077 31586 31586 E ArmVmp : Match on catch block at 0xc3 in for 0x7e4e5e4025
04-05 20:52:45.096 31586 31586 E ArmVmp : Match on catch block at 0xc3 in for 0x7e4e5e4025
04-05 20:52:45.113 31586 31586 E ArmVmp : Match on catch block at 0xc3 in for 0x7e4e5e4025
04-05 20:52:45.115 31586 31586 E ArmVmp : Match on catch block at 0xc3 in for 0x7e4e5e4025
04-05 20:52:45.118 31586 31586 E ArmVmp : Match on catch block at 0xc3 in for 0x7e4e5e4025
04-05 20:52:45.170 31586 31586 E ArmVmp : Match on catch block at 0xc3 in for 0x7e4e5e4025
04-05 20:52:45.172 31586 31586 E ArmVmp : Match on catch block at 0xc3 in for 0x7e4e5e4025
04-05 20:52:45.174 31586 31586 E ArmVmp : Match on catch block at 0xc3 in for 0x7e4e5e4025
04-05 20:52:45.220 31586 31586 E ArmVmp : Match on catch block at 0xc3 in for 0x7e4e5e4025
04-05 20:52:45.223 31586 31586 E ArmVmp : Match on catch block at 0xc3 in for 0x7e4e5e4025
04-05 20:52:45.226 31586 31586 E ArmVmp : Match on catch block at 0xc3 in for 0x7e4e5e4025
04-05 20:52:45.231 31586 32410 W RenderInspector: DequeueBuffer time out on com.mbwhatsapp/com.mbwhatsapp.Conversation, count=1, avg=18 ms, max=18 ms.
04-05 20:52:45.270 31586 31586 E ArmVmp : Match on catch block at 0xc3 in for 0x7e4e5e4025
04-05 20:52:45.272 31586 31586 E ArmVmp : Match on catch block at 0xc3 in for 0x7e4e5e4025
04-05 20:52:45.275 31586 31586 E ArmVmp : Match on catch block at 0xc3 in for 0x7e4e5e4025
04-05 20:52:45.320 31586 31586 E ArmVmp : Match on catch block at 0xc3 in for 0x7e4e5e4025
04-05 20:52:45.323 31586 31586 E ArmVmp : Match on catch block at 0xc3 in for 0x7e4e5e4025
04-05 20:52:45.327 31586 31586 E ArmVmp : Match on catch block at 0xc3 in for 0x7e4e5e4025
04-05 20:52:45.338 31586 31586 E ArmVmp : Match on catch block at 0xc3 in for 0x7e4e5e4025
04-05 20:52:45.340 31586 31586 E ArmVmp : Match on catch block at 0xc3 in for 0x7e4e5e4025
04-05 20:52:45.342 31586 31586 E ArmVmp : Match on catch block at 0xc3 in for 0x7e4e5e4025
04-05 20:52:45.388 31586 31586 E ArmVmp : Match on catch block at 0xc3 in for 0x7e4e5e4025
04-05 20:52:45.393 31586 31586 E ArmVmp : Match on catch block at 0xc3 in for 0x7e4e5e4025
04-05 20:52:45.396 31586 31586 E ArmVmp : Match on catch block at 0xc3 in for 0x7e4e5e4025
04-05 20:52:45.438 31586 31586 E ArmVmp : Match on catch block at 0xc3 in for 0x7e4e5e4025
04-05 20:52:45.441 31586 31586 E ArmVmp : Match on catch block at 0xc3 in for 0x7e4e5e4025
04-05 20:52:45.444 31586 31586 E ArmVmp : Match on catch block at 0xc3 in for 0x7e4e5e4025
04-05 20:52:45.488 31586 31586 E ArmVmp : Match on catch block at 0xc3 in for 0x7e4e5e4025
04-05 20:52:45.492 31586 31586 E ArmVmp : Match on catch block at 0xc3 in for 0x7e4e5e4025
04-05 20:52:45.496 31586 31586 E ArmVmp : Match on catch block at 0xc3 in for 0x7e4e5e4025
04-05 20:52:45.540 31586 31586 E ArmVmp : Match on catch block at 0xc3 in for 0x7e4e5e4025
04-05 20:52:45.545 31586 31586 E ArmVmp : Match on catch block at 0xc3 in for 0x7e4e5e4025
04-05 20:52:45.549 31586 31586 E ArmVmp : Match on catch block at 0xc3 in for 0x7e4e5e4025
04-05 20:52:45.607 31586 31586 E ArmVmp : Match on catch block at 0xc3 in for 0x7e4e5e4025
04-05 20:52:45.612 31586 31586 E ArmVmp : Match on catch block at 0xc3 in for 0x7e4e5e4025
04-05 20:52:45.616 31586 31586 E ArmVmp : Match on catch block at 0xc3 in for 0x7e4e5e4025
04-05 20:52:45.623 31586 31586 W JobService: onNetworkChanged() not implemented in androidx.work.impl.background.systemjob.SystemJobService. Must override in a subclass.
04-05 20:52:45.655 31586 31586 E ArmVmp : Match on catch block at 0xc3 in for 0x7e4e5e4025
04-05 20:52:45.659 31586 31586 E ArmVmp : Match on catch block at 0xc3 in for 0x7e4e5e4025
04-05 20:52:45.661 31586 31586 E ArmVmp : Match on catch block at 0xc3 in for 0x7e4e5e4025
04-05 20:52:45.706 31586 31586 E ArmVmp : Match on catch block at 0xc3 in for 0x7e4e5e4025
04-05 20:52:45.709 31586 31586 E ArmVmp : Match on catch block at 0xc3 in for 0x7e4e5e4025
04-05 20:52:45.712 31586 31586 E ArmVmp : Match on catch block at 0xc3 in for 0x7e4e5e4025
04-05 20:52:45.756 31586 31586 E ArmVmp : Match on catch block at 0xc3 in for 0x7e4e5e4025
04-05 20:52:45.759 31586 31586 E ArmVmp : Match on catch block at 0xc3 in for 0x7e4e5e4025
04-05 20:52:45.761 31586 31586 E ArmVmp : Match on catch block at 0xc3 in for 0x7e4e5e4025
04-05 20:52:45.806 31586 31586 E ArmVmp : Match on catch block at 0xc3 in for 0x7e4e5e4025
04-05 20:52:45.808 31586 31586 E ArmVmp : Match on catch block at 0xc3 in for 0x7e4e5e4025
04-05 20:52:45.811 31586 31586 E ArmVmp : Match on catch block at 0xc3 in for 0x7e4e5e4025
04-05 20:52:45.822 31586 31586 E ArmVmp : Match on catch block at 0xc3 in for 0x7e4e5e4025
04-05 20:52:45.826 31586 31586 E ArmVmp : Match on catch block at 0xc3 in for 0x7e4e5e4025
04-05 20:52:45.829 31586 31586 E ArmVmp : Match on catch block at 0xc3 in for 0x7e4e5e4025
04-05 20:52:45.856 31586 31586 E ArmVmp : Match on catch block at 0xc3 in for 0x7e4e5e4025
04-05 20:52:45.859 31586 31586 E ArmVmp : Match on catch block at 0xc3 in for 0x7e4e5e4025
04-05 20:52:45.862 31586 31586 E ArmVmp : Match on catch block at 0xc3 in for 0x7e4e5e4025
04-05 20:52:45.906 31586 31586 E ArmVmp : Match on catch block at 0xc3 in for 0x7e4e5e4025
04-05 20:52:45.909 31586 31586 E ArmVmp : Match on catch block at 0xc3 in for 0x7e4e5e4025
04-05 20:52:45.911 31586 31586 E ArmVmp : Match on catch block at 0xc3 in for 0x7e4e5e4025
04-05 20:52:45.956 31586 31586 E ArmVmp : Match on catch block at 0xc3 in for 0x7e4e5e4025
04-05 20:52:45.958 31586 31586 E ArmVmp : Match on catch block at 0xc3 in for 0x7e4e5e4025
04-05 20:52:45.961 31586 31586 E ArmVmp : Match on catch block at 0xc3 in for 0x7e4e5e4025
04-05 20:52:46.023 31586 31586 E ArmVmp : Match on catch block at 0xc3 in for 0x7e4e5e4025
04-05 20:52:46.027 31586 31586 E ArmVmp : Match on catch block at 0xc3 in for 0x7e4e5e4025
04-05 20:52:46.030 31586 31586 E ArmVmp : Match on catch block at 0xc3 in for 0x7e4e5e4025
04-05 20:52:46.075 31586 31586 E ArmVmp : Match on catch block at 0xc3 in for 0x7e4e5e4025
04-05 20:52:46.083 31586 31586 E ArmVmp : Match on catch block at 0xc3 in for 0x7e4e5e4025
04-05 20:52:46.088 31586 31586 E ArmVmp : Match on catch block at 0xc3 in for 0x7e4e5e4025
04-05 20:52:46.123 31586 31586 E ArmVmp : Match on catch block at 0xc3 in for 0x7e4e5e4025
04-05 20:52:46.126 31586 31586 E ArmVmp : Match on catch block at 0xc3 in for 0x7e4e5e4025
04-05 20:52:46.129 31586 31586 E ArmVmp : Match on catch block at 0xc3 in for 0x7e4e5e4025
04-05 20:52:46.173 31586 31586 E ArmVmp : Match on catch block at 0xc3 in for 0x7e4e5e4025
04-05 20:52:46.176 31586 31586 E ArmVmp : Match on catch block at 0xc3 in for 0x7e4e5e4025
04-05 20:52:46.179 31586 31586 E ArmVmp : Match on catch block at 0xc3 in for 0x7e4e5e4025
04-05 20:52:46.224 31586 31586 E ArmVmp : Match on catch block at 0xc3 in for 0x7e4e5e4025
04-05 20:52:46.228 31586 31586 E ArmVmp : Match on catch block at 0xc3 in for 0x7e4e5e4025
04-05 20:52:46.231 31586 31586 E ArmVmp : Match on catch block at 0xc3 in for 0x7e4e5e4025
04-05 20:52:46.273 31586 31586 E ArmVmp : Match on catch block at 0xc3 in for 0x7e4e5e4025
04-05 20:52:46.276 31586 31586 E ArmVmp : Match on catch block at 0xc3 in for 0x7e4e5e4025
04-05 20:52:46.279 31586 31586 E ArmVmp : Match on catch block at 0xc3 in for 0x7e4e5e4025
04-05 20:52:46.323 31586 31586 E ArmVmp : Match on catch block at 0xc3 in for 0x7e4e5e4025
04-05 20:52:46.326 31586 31586 E ArmVmp : Match on catch block at 0xc3 in for 0x7e4e5e4025
04-05 20:52:46.328 31586 31586 E ArmVmp : Match on catch block at 0xc3 in for 0x7e4e5e4025
04-05 20:52:46.341 31586 31586 E ArmVmp : Match on catch block at 0xc3 in for 0x7e4e5e4025
04-05 20:52:46.345 31586 31586 E ArmVmp : Match on catch block at 0xc3 in for 0x7e4e5e4025
04-05 20:52:46.350 31586 31586 E ArmVmp : Match on catch block at 0xc3 in for 0x7e4e5e4025
04-05 20:52:46.373 31586 31586 E ArmVmp : Match on catch block at 0xc3 in for 0x7e4e5e4025
04-05 20:52:46.376 31586 31586 E ArmVmp : Match on catch block at 0xc3 in for 0x7e4e5e4025
04-05 20:52:46.378 31586 31586 E ArmVmp : Match on catch block at 0xc3 in for 0x7e4e5e4025
04-05 20:52:46.424 31586 31586 E ArmVmp : Match on catch block at 0xc3 in for 0x7e4e5e4025
04-05 20:52:46.426 31586 31586 E ArmVmp : Match on catch block at 0xc3 in for 0x7e4e5e4025
04-05 20:52:46.429 31586 31586 E ArmVmp : Match on catch block at 0xc3 in for 0x7e4e5e4025
04-05 20:52:46.474 31586 31586 E ArmVmp : Match on catch block at 0xc3 in for 0x7e4e5e4025
04-05 20:52:46.475 31586 31586 E ArmVmp : Match on catch block at 0xc3 in for 0x7e4e5e4025
04-05 20:52:46.477 31586 31586 E ArmVmp : Match on catch block at 0xc3 in for 0x7e4e5e4025
04-05 20:52:46.503 31586 31586 E ArmVmp : Match on catch block at 0xc3 in for 0x7e4e5e4025
04-05 20:52:46.505 31586 31586 E ArmVmp : Match on catch block at 0xc3 in for 0x7e4e5e4025
04-05 20:52:46.507 31586 31586 E ArmVmp : Match on catch block at 0xc3 in for 0x7e4e5e4025
04-05 20:52:46.529 31586 31586 E ArmVmp : Match on catch block at 0xc3 in for 0x7e4e5e4025
04-05 20:52:46.531 31586 31586 E ArmVmp : Match on catch block at 0xc3 in for 0x7e4e5e4025
04-05 20:52:46.532 31586 31586 E ArmVmp : Match on catch block at 0xc3 in for 0x7e4e5e4025
04-05 20:52:46.551 31586 32410 E OpenGLRenderer: Unable to match the desired swap behavior.
04-05 20:52:46.560 31586 31586 E ArmVmp : Match on catch block at 0xc3 in for 0x7e4e5e4025
04-05 20:52:46.564 31586 31586 E ArmVmp : Match on catch block at 0xc3 in for 0x7e4e5e4025
04-05 20:52:46.567 31586 31586 E ArmVmp : Match on catch block at 0xc3 in for 0x7e4e5e4025
04-05 20:52:46.582 31586 31586 E ArmVmp : Match on catch block at 0xc3 in for 0x7e4e5e4025
04-05 20:52:46.585 31586 31586 E ArmVmp : Match on catch block at 0xc3 in for 0x7e4e5e4025
04-05 20:52:46.587 31586 31586 E ArmVmp : Match on catch block at 0xc3 in for 0x7e4e5e4025
04-05 20:52:46.599 31586 31586 E ArmVmp : Match on catch block at 0xc3 in for 0x7e4e5e4025
04-05 20:52:46.604 31586 31586 E ArmVmp : Match on catch block at 0xc3 in for 0x7e4e5e4025
04-05 20:52:46.607 31586 31586 E ArmVmp : Match on catch block at 0xc3 in for 0x7e4e5e4025
04-05 20:52:46.625 31586 31586 E ArmVmp : Match on catch block at 0xc3 in for 0x7e4e5e4025
04-05 20:52:46.627 31586 31586 E ArmVmp : Match on catch block at 0xc3 in for 0x7e4e5e4025
04-05 20:52:46.629 31586 31586 E ArmVmp : Match on catch block at 0xc3 in for 0x7e4e5e4025
04-05 20:52:46.637 31586 31586 E ArmVmp : Match on catch block at 0xc3 in for 0x7e4e5e4025
04-05 20:52:46.639 31586 31586 E ArmVmp : Match on catch block at 0xc3 in for 0x7e4e5e4025
04-05 20:52:46.643 31586 31586 E ArmVmp : Match on catch block at 0xc3 in for 0x7e4e5e4025
04-05 20:52:46.651 31586 31586 E ArmVmp : Match on catch block at 0xc3 in for 0x7e4e5e4025
04-05 20:52:46.652 31586 31586 E ArmVmp : Match on catch block at 0xc3 in for 0x7e4e5e4025
04-05 20:52:46.653 31586 31586 E ArmVmp : Match on catch block at 0xc3 in for 0x7e4e5e4025
04-05 20:52:46.663 31586 31586 E ArmVmp : Match on catch block at 0xc3 in for 0x7e4e5e4025
04-05 20:52:46.665 31586 31586 E ArmVmp : Match on catch block at 0xc3 in for 0x7e4e5e4025
04-05 20:52:46.667 31586 31586 E ArmVmp : Match on catch block at 0xc3 in for 0x7e4e5e4025
04-05 20:52:46.681 31586 31586 E ArmVmp : Match on catch block at 0xc3 in for 0x7e4e5e4025
04-05 20:52:46.682 31586 31586 E ArmVmp : Match on catch block at 0xc3 in for 0x7e4e5e4025
04-05 20:52:46.684 31586 31586 E ArmVmp : Match on catch block at 0xc3 in for 0x7e4e5e4025
04-05 20:52:46.698 31586 31586 E ArmVmp : Match on catch block at 0xc3 in for 0x7e4e5e4025
04-05 20:52:46.701 31586 31586 E ArmVmp : Match on catch block at 0xc3 in for 0x7e4e5e4025
04-05 20:52:46.703 31586 31586 E ArmVmp : Match on catch block at 0xc3 in for 0x7e4e5e4025
04-05 20:52:46.716 31586 31586 E ArmVmp : Match on catch block at 0xc3 in for 0x7e4e5e4025
04-05 20:52:46.717 31586 31586 E ArmVmp : Match on catch block at 0xc3 in for 0x7e4e5e4025
04-05 20:52:46.719 31586 31586 E ArmVmp : Match on catch block at 0xc3 in for 0x7e4e5e4025
04-05 20:52:46.733 31586 31586 E ArmVmp : Match on catch block at 0xc3 in for 0x7e4e5e4025
04-05 20:52:46.737 31586 31586 E ArmVmp : Match on catch block at 0xc3 in for 0x7e4e5e4025
04-05 20:52:46.739 31586 31586 E ArmVmp : Match on catch block at 0xc3 in for 0x7e4e5e4025
04-05 20:52:46.748 31586 31586 E ArmVmp : Match on catch block at 0xc3 in for 0x7e4e5e4025
04-05 20:52:46.750 31586 31586 E ArmVmp : Match on catch block at 0xc3 in for 0x7e4e5e4025
04-05 20:52:46.751 31586 31586 E ArmVmp : Match on catch block at 0xc3 in for 0x7e4e5e4025
04-05 20:52:46.765 31586 31586 E ArmVmp : Match on catch block at 0xc3 in for 0x7e4e5e4025
04-05 20:52:46.767 31586 31586 E ArmVmp : Match on catch block at 0xc3 in for 0x7e4e5e4025
04-05 20:52:46.768 31586 31586 E ArmVmp : Match on catch block at 0xc3 in for 0x7e4e5e4025
