04-03 14:54:12.253 31202 31202 E ArmVmp : Match on catch block at 0xc3 in for 0x7e4e5e4025
04-03 14:54:12.297 31202 31202 E ArmVmp : Match on catch block at 0xc3 in for 0x7e4e5e4025
04-03 14:54:12.303 31202 31202 E ArmVmp : Match on catch block at 0xc3 in for 0x7e4e5e4025
04-03 14:54:12.323 31202 31202 E ArmVmp : Match on catch block at 0xc3 in for 0x7e4e5e4025
04-03 14:54:12.331 31202 31202 E ArmVmp : Match on catch block at 0xc3 in for 0x7e4e5e4025
04-03 14:54:12.340 31202 31202 E ArmVmp : Match on catch block at 0xc3 in for 0x7e4e5e4025
04-03 14:54:12.345 31202 31202 E ArmVmp : Match on catch block at 0xc3 in for 0x7e4e5e4025
04-03 14:54:12.715 31202 31202 E ArmVmp : Match on catch block at 0xc3 in for 0x7e4e5e4025
04-03 14:54:12.722 31202 31202 E ArmVmp : Match on catch block at 0xc3 in for 0x7e4e5e4025
04-03 14:54:12.734 31202 31202 E ArmVmp : Match on catch block at 0xc3 in for 0x7e4e5e4025
04-03 14:54:12.738 31202 31202 E ArmVmp : Match on catch block at 0xc3 in for 0x7e4e5e4025
04-03 14:54:12.749 31202 31202 E ArmVmp : Match on catch block at 0xc3 in for 0x7e4e5e4025
04-03 14:54:12.758 31202 31202 E ArmVmp : Match on catch block at 0xc3 in for 0x7e4e5e4025
04-03 14:54:12.766 31202 31202 E ArmVmp : Match on catch block at 0xc3 in for 0x7e4e5e4025
04-03 14:54:12.771 31202 31202 E ArmVmp : Match on catch block at 0xc3 in for 0x7e4e5e4025
04-03 14:54:12.782 31202 31202 E ArmVmp : Match on catch block at 0xc3 in for 0x7e4e5e4025
04-03 14:54:12.784 31202 31202 E ArmVmp : Match on catch block at 0xc3 in for 0x7e4e5e4025
04-03 14:54:12.799 31202 31202 E ArmVmp : Match on catch block at 0xc3 in for 0x7e4e5e4025
04-03 14:54:12.803 31202 31202 E ArmVmp : Match on catch block at 0xc3 in for 0x7e4e5e4025
04-03 14:54:12.815 31202 31202 E ArmVmp : Match on catch block at 0xc3 in for 0x7e4e5e4025
04-03 14:54:12.820 31202 31202 E ArmVmp : Match on catch block at 0xc3 in for 0x7e4e5e4025
04-03 14:54:12.832 31202 31202 E ArmVmp : Match on catch block at 0xc3 in for 0x7e4e5e4025
04-03 14:54:12.836 31202 31202 E ArmVmp : Match on catch block at 0xc3 in for 0x7e4e5e4025
04-03 14:54:12.849 31202 31202 E ArmVmp : Match on catch block at 0xc3 in for 0x7e4e5e4025
04-03 14:54:12.856 31202 31202 E ArmVmp : Match on catch block at 0xc3 in for 0x7e4e5e4025
04-03 14:54:12.866 31202 31202 E ArmVmp : Match on catch block at 0xc3 in for 0x7e4e5e4025
04-03 14:54:12.873 31202 31202 E ArmVmp : Match on catch block at 0xc3 in for 0x7e4e5e4025
04-03 14:54:12.883 31202 31202 E ArmVmp : Match on catch block at 0xc3 in for 0x7e4e5e4025
04-03 14:54:12.897 31202 31202 E ArmVmp : Match on catch block at 0xc3 in for 0x7e4e5e4025
04-03 14:54:12.915 31202 31202 E ArmVmp : Match on catch block at 0xc3 in for 0x7e4e5e4025
04-03 14:54:12.918 31202 31202 E ArmVmp : Match on catch block at 0xc3 in for 0x7e4e5e4025
04-03 14:54:12.932 31202 31202 E ArmVmp : Match on catch block at 0xc3 in for 0x7e4e5e4025
04-03 14:54:12.935 31202 31202 E ArmVmp : Match on catch block at 0xc3 in for 0x7e4e5e4025
04-03 14:54:12.949 31202 31202 E ArmVmp : Match on catch block at 0xc3 in for 0x7e4e5e4025
04-03 14:54:12.951 31202 31202 E ArmVmp : Match on catch block at 0xc3 in for 0x7e4e5e4025
04-03 14:54:12.966 31202 31202 E ArmVmp : Match on catch block at 0xc3 in for 0x7e4e5e4025
04-03 14:54:12.968 31202 31202 E ArmVmp : Match on catch block at 0xc3 in for 0x7e4e5e4025
04-03 14:54:12.982 31202 31202 E ArmVmp : Match on catch block at 0xc3 in for 0x7e4e5e4025
04-03 14:54:12.984 31202 31202 E ArmVmp : Match on catch block at 0xc3 in for 0x7e4e5e4025
04-03 14:54:12.999 31202 31202 E ArmVmp : Match on catch block at 0xc3 in for 0x7e4e5e4025
04-03 14:54:13.001 31202 31202 E ArmVmp : Match on catch block at 0xc3 in for 0x7e4e5e4025
04-03 14:54:13.016 31202 31202 E ArmVmp : Match on catch block at 0xc3 in for 0x7e4e5e4025
04-03 14:54:13.020 31202 31202 E ArmVmp : Match on catch block at 0xc3 in for 0x7e4e5e4025
04-03 14:54:13.033 31202 31202 E ArmVmp : Match on catch block at 0xc3 in for 0x7e4e5e4025
04-03 14:54:13.035 31202 31202 E ArmVmp : Match on catch block at 0xc3 in for 0x7e4e5e4025
04-03 14:54:13.049 31202 31202 E ArmVmp : Match on catch block at 0xc3 in for 0x7e4e5e4025
04-03 14:54:13.051 31202 31202 E ArmVmp : Match on catch block at 0xc3 in for 0x7e4e5e4025
04-03 14:54:13.217 31202 31202 E ArmVmp : Match on catch block at 0xc3 in for 0x7e4e5e4025
04-03 14:54:13.222 31202 31202 E ArmVmp : Match on catch block at 0xc3 in for 0x7e4e5e4025
04-03 14:54:13.717 31202 31202 E ArmVmp : Match on catch block at 0xc3 in for 0x7e4e5e4025
04-03 14:54:13.720 31202 31202 E ArmVmp : Match on catch block at 0xc3 in for 0x7e4e5e4025
04-03 14:54:13.818 31202 31202 E ArmVmp : Match on catch block at 0xc3 in for 0x7e4e5e4025
04-03 14:54:13.824 31202 31202 E ArmVmp : Match on catch block at 0xc3 in for 0x7e4e5e4025
04-03 14:54:13.838 31202 31202 E ArmVmp : Match on catch block at 0xc3 in for 0x7e4e5e4025
04-03 14:54:13.850 31202 31202 E ArmVmp : Match on catch block at 0xc3 in for 0x7e4e5e4025
04-03 14:54:13.868 31202 31202 E ArmVmp : Match on catch block at 0xc3 in for 0x7e4e5e4025
04-03 14:54:13.870 31202 31202 E ArmVmp : Match on catch block at 0xc3 in for 0x7e4e5e4025
04-03 14:54:13.923 31202 31202 E ArmVmp : Match on catch block at 0xc3 in for 0x7e4e5e4025
04-03 14:54:13.933 31202 31202 E ArmVmp : Match on catch block at 0xc3 in for 0x7e4e5e4025
04-03 14:54:13.945 31202 31202 E ArmVmp : Match on catch block at 0xc3 in for 0x7e4e5e4025
04-03 14:54:13.948 31202 31202 E ArmVmp : Match on catch block at 0xc3 in for 0x7e4e5e4025
04-03 14:54:13.959 31202 31202 E ArmVmp : Match on catch block at 0xc3 in for 0x7e4e5e4025
04-03 14:54:13.961 31202 31202 E ArmVmp : Match on catch block at 0xc3 in for 0x7e4e5e4025
04-03 14:54:13.978 31202 31202 E ArmVmp : Match on catch block at 0xc3 in for 0x7e4e5e4025
04-03 14:54:13.980 31202 31202 E ArmVmp : Match on catch block at 0xc3 in for 0x7e4e5e4025
04-03 14:54:13.986 31202 31417 W RenderInspector: QueueBuffer time out on com.mbwhatsapp/com.mbwhatsapp.Conversation, count=1, avg=45 ms, max=45 ms.
04-03 14:54:14.026 31202 31202 E ArmVmp : Match on catch block at 0xc3 in for 0x7e4e5e4025
04-03 14:54:14.028 31202 31202 E ArmVmp : Match on catch block at 0xc3 in for 0x7e4e5e4025
04-03 14:54:14.044 31202 31202 E ArmVmp : Match on catch block at 0xc3 in for 0x7e4e5e4025
04-03 14:54:14.047 31202 31202 E ArmVmp : Match on catch block at 0xc3 in for 0x7e4e5e4025
04-03 14:54:14.093 31202 31202 W com.mbwhatsapp: Method void com.mbwhatsapp.HomeActivity.A6e() failed lock verification and will run slower.
04-03 14:54:14.442 31202 31202 E ArmVmp : Match on catch block at 0x0a in for 0x7e4e5e4031
04-03 14:54:14.463 31202 31202 E ArmVmp : Match on catch block at 0x0a in for 0x7e4e5e404d
04-03 14:54:14.598 31202 31202 W Activity: Can request only one set of permissions at a time
04-03 14:54:14.645 31202 31202 W MessageMonitor: PerfMonitor: Slow Operation: Activity com.mbwhatsapp/.HomeActivity onCreate took 537ms
04-03 14:54:14.729 31202 31440 W LOTTIE : Animation contains merge paths. Merge paths are only supported on KitKat+ and must be manually enabled by calling enableMergePathsForKitKatAndAbove().
04-03 14:54:14.742 31202 31202 W Looper : PerfMonitor looperActivity : package=com.mbwhatsapp/.HomeActivity time=0ms latency=672ms procState=-1 historyMsgCount=4 (msgIndex=4 wall=671ms seq=235 late=6ms h=android.app.ActivityThread$H w=159)
04-03 14:54:14.796 31202 31202 W LOTTIE : Animation contains merge paths but they are disabled.
04-03 14:54:14.862 31202 31202 E RecyclerView: No adapter attached; skipping layout
04-03 14:54:14.890 31202 31202 W MiuiStubRegistry: Failed to collect stub providers in android.magicpointer.util.MiuiMagicPointerUtilsStubHeadManifest$$: /system_ext/framework/miui-framework-pointer-pad.jar not exist
04-03 14:54:14.907 31202 31202 E ArmVmp : Match on catch block at 0xc3 in for 0x7e4e5e4025
04-03 14:54:14.914 31202 31202 E ArmVmp : Match on catch block at 0xc3 in for 0x7e4e5e4025
04-03 14:54:14.941 31202 31202 E ArmVmp : Match on catch block at 0x0a in for 0x7e4e5e4035
04-03 14:54:15.043 31202 31202 W WindowOnBackDispatcher: sendCancelIfRunning: isInProgress=falsecallback=android.view.ViewRootImpl$ $ExternalSyntheticLambda22@1c6e441
04-03 14:54:15.210 31202 31202 E RecyclerView: No adapter attached; skipping layout
04-03 14:54:15.357 31202 31417 E OpenGLRenderer: Unable to match the desired swap behavior.
04-03 14:54:15.653 31202 31202 W MessageMonitor: PerfMonitor: Slow Operation: Activity com.mbwhatsapp/.HomeActivity onPause took 55ms
04-03 14:54:19.286 31202 31417 E OpenGLRenderer: Unable to match the desired swap behavior.
04-03 14:54:19.340 31202 31417 E libEGL : pre_cache appList: com.miui.weather2,,
04-03 14:54:19.524 31202 31957 W com.mbwhatsapp: Accessing hidden method Lcom/android/org/conscrypt/ConscryptEngineSocket;->setUseSessionTickets(Z)V (max- target-q,core-platform-api, reflection, denied)
04-03 14:54:19.525 31202 31957 W com.mbwhatsapp: Accessing hidden method Lcom/android/org/conscrypt/OpenSSLSocketImpl;->setUseSessionTickets(Z)V (max- target-q,core-platform-api, reflection, denied)
04-03 14:54:19.525 31202 31957 W com.mbwhatsapp: Accessing hidden method Lcom/android/org/conscrypt/AbstractConscryptSocket;->setUseSessionTickets(Z)V (max- target-q, reflection, denied)
04-03 14:54:19.525 31202 31957 W com.mbwhatsapp: Accessing hidden method Lcom/android/org/conscrypt/ConscryptEngineSocket;->setHostname(Ljava/lang/String;)V (max-target-q,core-platform-api, reflection, denied)
04-03 14:54:19.525 31202 31957 W com.mbwhatsapp: Accessing hidden method Lcom/android/org/conscrypt/OpenSSLSocketImpl;->setHostname(Ljava/lang/String;)V (max-target-q,core-platform-api, reflection, denied)
04-03 14:54:19.525 31202 31957 W com.mbwhatsapp: Accessing hidden method Lcom/android/org/conscrypt/AbstractConscryptSocket;->setHostname(Ljava/lang/ String;)V (max-target-q, reflection, denied)
04-03 14:54:19.526 31202 31957 W com.mbwhatsapp: Accessing hidden method Lcom/android/org/conscrypt/OpenSSLSocketImpl;->setAlpnProtocols([B)V (max-target- q,core-platform-api, reflection, denied)
04-03 14:54:19.526 31202 31957 W com.mbwhatsapp: Accessing hidden method Lcom/android/org/conscrypt/AbstractConscryptSocket;->setAlpnProtocols([B)V (max- target-q, reflection, denied)
04-03 14:54:19.538 31202 31225 W com.mbwhatsapp: PerfMonitor async binderTransact : time=204ms interface=android.gui.ITransactionComposerListener code=1
04-03 14:54:19.625 31202 31957 W com.mbwhatsapp: Accessing hidden method Lcom/android/org/conscrypt/OpenSSLSocketImpl;->getAlpnSelectedProtocol()[B (max- target-q,core-platform-api, reflection, denied)
04-03 14:54:19.625 31202 31957 W com.mbwhatsapp: Accessing hidden method Lcom/android/org/conscrypt/AbstractConscryptSocket;->getAlpnSelectedProtocol()[B (max-target-q, reflection, denied)
04-03 14:54:19.733 31202 31202 E ArmVmp : Match on catch block at 0x0a in for 0x7e4e5e4035
04-03 14:54:19.737 31202 31202 E ArmVmp : Match on catch block at 0x0a in for 0x7e4e5e4035
04-03 14:54:19.807 31202 31417 E OpenGLRenderer: Unable to match the desired swap behavior.
04-03 14:54:19.824 31202 31202 E ArmVmp : Match on catch block at 0xc3 in for 0x7e4e5e4021
04-03 14:54:19.829 31202 31202 E ArmVmp : Match on catch block at 0xc3 in for 0x7e4e5e4021
04-03 14:54:19.877 31202 31202 E ArmVmp : Match on catch block at 0xc3 in for 0x7e4e5e4025
04-03 14:54:19.892 31202 31202 E ArmVmp : Match on catch block at 0xc3 in for 0x7e4e5e4025
04-03 14:54:19.953 31202 31202 E ArmVmp : Match on catch block at 0xc3 in for 0x7e4e5e4025
04-03 14:54:19.956 31202 31202 E ArmVmp : Match on catch block at 0xc3 in for 0x7e4e5e4025
04-03 14:54:20.067 31202 31202 E ArmVmp : Match on catch block at 0xc3 in for 0x7e4e5e4025
04-03 14:54:20.072 31202 31202 E ArmVmp : Match on catch block at 0xc3 in for 0x7e4e5e4025
04-03 14:54:20.093 31202 31417 E OpenGLRenderer: Unable to match the desired swap behavior.
04-03 14:54:20.107 31202 31202 E ArmVmp : Match on catch block at 0xc3 in for 0x7e4e5e4025
04-03 14:54:20.111 31202 31202 E ArmVmp : Match on catch block at 0xc3 in for 0x7e4e5e4025
04-03 14:54:20.141 31202 31417 E OpenGLRenderer: Unable to match the desired swap behavior.
04-03 14:54:20.161 31202 31417 E OpenGLRenderer: Unable to match the desired swap behavior.
04-03 14:54:20.164 31202 31202 E ArmVmp : Match on catch block at 0xc3 in for 0x7e4e5e4025
04-03 14:54:20.166 31202 31202 E ArmVmp : Match on catch block at 0xc3 in for 0x7e4e5e4025
04-03 14:54:20.187 31202 31417 E OpenGLRenderer: Unable to match the desired swap behavior.
04-03 14:54:20.190 31202 31202 E ArmVmp : Match on catch block at 0xc3 in for 0x7e4e5e4025
04-03 14:54:20.196 31202 31202 E ArmVmp : Match on catch block at 0xc3 in for 0x7e4e5e4025
04-03 14:54:20.225 31202 31417 E OpenGLRenderer: Unable to match the desired swap behavior.
04-03 14:54:20.227 31202 31202 E ArmVmp : Match on catch block at 0xc3 in for 0x7e4e5e4025
04-03 14:54:20.231 31202 31202 E ArmVmp : Match on catch block at 0xc3 in for 0x7e4e5e4025
04-03 14:54:20.253 31202 31417 E OpenGLRenderer: Unable to match the desired swap behavior.
04-03 14:54:20.265 31202 31417 E OpenGLRenderer: Unable to match the desired swap behavior.
04-03 14:54:20.471 31202 31220 W com.mbwhatsapp: Cleared Reference was only reachable from finalizer (only reported once)
04-03 14:54:20.567 31202 31202 E ArmVmp : Match on catch block at 0xc3 in for 0x7e4e5e4025
04-03 14:54:20.569 31202 31202 E ArmVmp : Match on catch block at 0xc3 in for 0x7e4e5e4025
04-03 14:54:20.583 31202 31202 E ArmVmp : Match on catch block at 0xc3 in for 0x7e4e5e4025
04-03 14:54:20.586 31202 31202 E ArmVmp : Match on catch block at 0xc3 in for 0x7e4e5e4025
04-03 14:54:20.600 31202 31202 E ArmVmp : Match on catch block at 0xc3 in for 0x7e4e5e4025
04-03 14:54:20.602 31202 31202 E ArmVmp : Match on catch block at 0xc3 in for 0x7e4e5e4025
04-03 14:54:20.618 31202 31202 E ArmVmp : Match on catch block at 0xc3 in for 0x7e4e5e4025
04-03 14:54:20.620 31202 31202 E ArmVmp : Match on catch block at 0xc3 in for 0x7e4e5e4025
04-03 14:54:20.634 31202 31202 E ArmVmp : Match on catch block at 0xc3 in for 0x7e4e5e4025
04-03 14:54:20.637 31202 31202 E ArmVmp : Match on catch block at 0xc3 in for 0x7e4e5e4025
04-03 14:54:20.653 31202 31202 E ArmVmp : Match on catch block at 0xc3 in for 0x7e4e5e4025
04-03 14:54:20.659 31202 31202 E ArmVmp : Match on catch block at 0xc3 in for 0x7e4e5e4025
04-03 14:54:20.670 31202 31202 E ArmVmp : Match on catch block at 0xc3 in for 0x7e4e5e4025
04-03 14:54:20.676 31202 31202 E ArmVmp : Match on catch block at 0xc3 in for 0x7e4e5e4025
04-03 14:54:20.686 31202 31202 E ArmVmp : Match on catch block at 0xc3 in for 0x7e4e5e4025
04-03 14:54:20.692 31202 31202 E ArmVmp : Match on catch block at 0xc3 in for 0x7e4e5e4025
04-03 14:54:20.703 31202 31202 E ArmVmp : Match on catch block at 0xc3 in for 0x7e4e5e4025
04-03 14:54:20.709 31202 31202 E ArmVmp : Match on catch block at 0xc3 in for 0x7e4e5e4025
04-03 14:54:20.720 31202 31202 E ArmVmp : Match on catch block at 0xc3 in for 0x7e4e5e4025
04-03 14:54:20.723 31202 31202 E ArmVmp : Match on catch block at 0xc3 in for 0x7e4e5e4025
04-03 14:54:20.735 31202 31202 E ArmVmp : Match on catch block at 0xc3 in for 0x7e4e5e4025
04-03 14:54:20.739 31202 31202 E ArmVmp : Match on catch block at 0xc3 in for 0x7e4e5e4025
04-03 14:54:20.752 31202 31202 E ArmVmp : Match on catch block at 0xc3 in for 0x7e4e5e4025
04-03 14:54:20.755 31202 31202 E ArmVmp : Match on catch block at 0xc3 in for 0x7e4e5e4025
04-03 14:54:20.768 31202 31202 E ArmVmp : Match on catch block at 0xc3 in for 0x7e4e5e4025
04-03 14:54:20.771 31202 31202 E ArmVmp : Match on catch block at 0xc3 in for 0x7e4e5e4025
04-03 14:54:20.786 31202 31202 E ArmVmp : Match on catch block at 0xc3 in for 0x7e4e5e4025
04-03 14:54:20.792 31202 31202 E ArmVmp : Match on catch block at 0xc3 in for 0x7e4e5e4025
04-03 14:54:20.803 31202 31202 E ArmVmp : Match on catch block at 0xc3 in for 0x7e4e5e4025
04-03 14:54:20.808 31202 31202 E ArmVmp : Match on catch block at 0xc3 in for 0x7e4e5e4025
04-03 14:54:20.820 31202 31202 E ArmVmp : Match on catch block at 0xc3 in for 0x7e4e5e4025
04-03 14:54:20.825 31202 31202 E ArmVmp : Match on catch block at 0xc3 in for 0x7e4e5e4025
04-03 14:54:20.837 31202 31202 E ArmVmp : Match on catch block at 0xc3 in for 0x7e4e5e4025
04-03 14:54:20.842 31202 31202 E ArmVmp : Match on catch block at 0xc3 in for 0x7e4e5e4025
04-03 14:54:20.853 31202 31202 E ArmVmp : Match on catch block at 0xc3 in for 0x7e4e5e4025
04-03 14:54:20.860 31202 31202 E ArmVmp : Match on catch block at 0xc3 in for 0x7e4e5e4025
04-03 14:54:20.870 31202 31202 E ArmVmp : Match on catch block at 0xc3 in for 0x7e4e5e4025
04-03 14:54:20.877 31202 31202 E ArmVmp : Match on catch block at 0xc3 in for 0x7e4e5e4025
04-03 14:54:20.887 31202 31202 E ArmVmp : Match on catch block at 0xc3 in for 0x7e4e5e4025
04-03 14:54:20.892 31202 31202 E ArmVmp : Match on catch block at 0xc3 in for 0x7e4e5e4025
04-03 14:54:21.069 31202 31202 E ArmVmp : Match on catch block at 0xc3 in for 0x7e4e5e4025
04-03 14:54:21.074 31202 31202 E ArmVmp : Match on catch block at 0xc3 in for 0x7e4e5e4025
04-03 14:54:21.260 31202 31202 W WindowOnBackDispatcher: sendCancelIfRunning: isInProgress=falsecallback=android.view.ViewRootImpl$ $ExternalSyntheticLambda22@553b52e
04-03 14:54:21.571 31202 31202 E ArmVmp : Match on catch block at 0xc3 in for 0x7e4e5e4025
04-03 14:54:21.575 31202 31202 E ArmVmp : Match on catch block at 0xc3 in for 0x7e4e5e4025
04-03 14:54:21.703 31202 31202 E ArmVmp : Match on catch block at 0xc3 in for 0x7e4e5e4025
04-03 14:54:21.707 31202 31202 E ArmVmp : Match on catch block at 0xc3 in for 0x7e4e5e4025
04-03 14:54:21.721 31202 31202 E ArmVmp : Match on catch block at 0xc3 in for 0x7e4e5e4025
04-03 14:54:21.725 31202 31202 E ArmVmp : Match on catch block at 0xc3 in for 0x7e4e5e4025
04-03 14:54:21.737 31202 31202 E ArmVmp : Match on catch block at 0xc3 in for 0x7e4e5e4025
04-03 14:54:21.740 31202 31202 E ArmVmp : Match on catch block at 0xc3 in for 0x7e4e5e4025
04-03 14:54:21.754 31202 31202 E ArmVmp : Match on catch block at 0xc3 in for 0x7e4e5e4025
04-03 14:54:21.756 31202 31202 E ArmVmp : Match on catch block at 0xc3 in for 0x7e4e5e4025
04-03 14:54:21.770 31202 31202 E ArmVmp : Match on catch block at 0xc3 in for 0x7e4e5e4025
04-03 14:54:21.773 31202 31202 E ArmVmp : Match on catch block at 0xc3 in for 0x7e4e5e4025
04-03 14:54:21.787 31202 31202 E ArmVmp : Match on catch block at 0xc3 in for 0x7e4e5e4025
04-03 14:54:21.789 31202 31202 E ArmVmp : Match on catch block at 0xc3 in for 0x7e4e5e4025
04-03 14:54:21.804 31202 31202 E ArmVmp : Match on catch block at 0xc3 in for 0x7e4e5e4025
04-03 14:54:21.807 31202 31202 E ArmVmp : Match on catch block at 0xc3 in for 0x7e4e5e4025
04-03 14:54:21.820 31202 31202 E ArmVmp : Match on catch block at 0xc3 in for 0x7e4e5e4025
04-03 14:54:21.826 31202 31202 E ArmVmp : Match on catch block at 0xc3 in for 0x7e4e5e4025
04-03 14:54:21.837 31202 31202 E ArmVmp : Match on catch block at 0xc3 in for 0x7e4e5e4025
04-03 14:54:21.840 31202 31202 E ArmVmp : Match on catch block at 0xc3 in for 0x7e4e5e4025
04-03 14:54:21.854 31202 31202 E ArmVmp : Match on catch block at 0xc3 in for 0x7e4e5e4025
04-03 14:54:21.860 31202 31202 E ArmVmp : Match on catch block at 0xc3 in for 0x7e4e5e4025
04-03 14:54:21.870 31202 31202 E ArmVmp : Match on catch block at 0xc3 in for 0x7e4e5e4025
04-03 14:54:21.873 31202 31202 E ArmVmp : Match on catch block at 0xc3 in for 0x7e4e5e4025
04-03 14:54:21.887 31202 31202 E ArmVmp : Match on catch block at 0xc3 in for 0x7e4e5e4025
04-03 14:54:21.890 31202 31202 E ArmVmp : Match on catch block at 0xc3 in for 0x7e4e5e4025
04-03 14:54:21.904 31202 31202 E ArmVmp : Match on catch block at 0xc3 in for 0x7e4e5e4025
04-03 14:54:21.907 31202 31202 E ArmVmp : Match on catch block at 0xc3 in for 0x7e4e5e4025
04-03 14:54:21.920 31202 31202 E ArmVmp : Match on catch block at 0xc3 in for 0x7e4e5e4025
04-03 14:54:21.924 31202 31202 E ArmVmp : Match on catch block at 0xc3 in for 0x7e4e5e4025
04-03 14:54:21.937 31202 31202 E ArmVmp : Match on catch block at 0xc3 in for 0x7e4e5e4025
04-03 14:54:21.939 31202 31202 E ArmVmp : Match on catch block at 0xc3 in for 0x7e4e5e4025
04-03 14:54:21.954 31202 31202 E ArmVmp : Match on catch block at 0xc3 in for 0x7e4e5e4025
04-03 14:54:21.958 31202 31202 E ArmVmp : Match on catch block at 0xc3 in for 0x7e4e5e4025
04-03 14:54:21.971 31202 31202 E ArmVmp : Match on catch block at 0xc3 in for 0x7e4e5e4025
04-03 14:54:21.975 31202 31202 E ArmVmp : Match on catch block at 0xc3 in for 0x7e4e5e4025
04-03 14:54:22.074 31202 31202 E ArmVmp : Match on catch block at 0xc3 in for 0x7e4e5e4025
04-03 14:54:22.079 31202 31202 E ArmVmp : Match on catch block at 0xc3 in for 0x7e4e5e4025
04-03 14:54:22.573 31202 31202 E ArmVmp : Match on catch block at 0xc3 in for 0x7e4e5e4025
04-03 14:54:22.578 31202 31202 E ArmVmp : Match on catch block at 0xc3 in for 0x7e4e5e4025
04-03 14:54:23.075 31202 31202 E ArmVmp : Match on catch block at 0xc3 in for 0x7e4e5e4025
04-03 14:54:23.080 31202 31202 E ArmVmp : Match on catch block at 0xc3 in for 0x7e4e5e4025
04-03 14:54:23.380 31202 31202 E ArmVmp : Match on catch block at 0xc3 in for 0x7e4e5e4025
04-03 14:54:23.384 31202 31202 E ArmVmp : Match on catch block at 0xc3 in for 0x7e4e5e4025
04-03 14:54:23.392 31202 31202 E ArmVmp : Match on catch block at 0xc3 in for 0x7e4e5e4025
04-03 14:54:23.395 31202 31202 E ArmVmp : Match on catch block at 0xc3 in for 0x7e4e5e4025
04-03 14:54:23.574 31202 31202 E ArmVmp : Match on catch block at 0xc3 in for 0x7e4e5e4025
04-03 14:54:23.576 31202 31202 E ArmVmp : Match on catch block at 0xc3 in for 0x7e4e5e4025
04-03 14:54:23.862 31202 31202 E ArmVmp : Match on catch block at 0xc3 in for 0x7e4e5e4025
04-03 14:54:23.866 31202 31202 E ArmVmp : Match on catch block at 0xc3 in for 0x7e4e5e4025
04-03 14:54:23.875 31202 31202 E ArmVmp : Match on catch block at 0xc3 in for 0x7e4e5e4025
04-03 14:54:23.879 31202 31202 E ArmVmp : Match on catch block at 0xc3 in for 0x7e4e5e4025
04-03 14:54:24.079 31202 31202 E ArmVmp : Match on catch block at 0xc3 in for 0x7e4e5e4025
04-03 14:54:24.083 31202 31202 E ArmVmp : Match on catch block at 0xc3 in for 0x7e4e5e4025
04-03 14:54:24.578 31202 31202 E ArmVmp : Match on catch block at 0xc3 in for 0x7e4e5e4025
04-03 14:54:24.582 31202 31202 E ArmVmp : Match on catch block at 0xc3 in for 0x7e4e5e4025
04-03 14:54:24.716 31202 31202 E ArmVmp : Match on catch block at 0xc3 in for 0x7e4e5e4025
04-03 14:54:24.718 31202 31202 E ArmVmp : Match on catch block at 0xc3 in for 0x7e4e5e4025
04-03 14:54:24.731 31202 31202 E ArmVmp : Match on catch block at 0xc3 in for 0x7e4e5e4025
04-03 14:54:24.735 31202 31202 E ArmVmp : Match on catch block at 0xc3 in for 0x7e4e5e4025
04-03 14:54:24.744 31202 31202 E ArmVmp : Match on catch block at 0xc3 in for 0x7e4e5e4025
04-03 14:54:24.746 31202 31202 E ArmVmp : Match on catch block at 0xc3 in for 0x7e4e5e4025
04-03 14:54:24.761 31202 31202 E ArmVmp : Match on catch block at 0xc3 in for 0x7e4e5e4025
04-03 14:54:24.764 31202 31202 E ArmVmp : Match on catch block at 0xc3 in for 0x7e4e5e4025
04-03 14:54:24.778 31202 31202 E ArmVmp : Match on catch block at 0xc3 in for 0x7e4e5e4025
04-03 14:54:24.780 31202 31202 E ArmVmp : Match on catch block at 0xc3 in for 0x7e4e5e4025
04-03 14:54:24.794 31202 31202 E ArmVmp : Match on catch block at 0xc3 in for 0x7e4e5e4025
04-03 14:54:24.796 31202 31202 E ArmVmp : Match on catch block at 0xc3 in for 0x7e4e5e4025
04-03 14:54:24.811 31202 31202 E ArmVmp : Match on catch block at 0xc3 in for 0x7e4e5e4025
04-03 14:54:24.812 31202 31202 E ArmVmp : Match on catch block at 0xc3 in for 0x7e4e5e4025
04-03 14:54:24.833 31202 31202 E ArmVmp : Match on catch block at 0xc3 in for 0x7e4e5e4025
04-03 14:54:24.836 31202 31202 E ArmVmp : Match on catch block at 0xc3 in for 0x7e4e5e4025
04-03 14:54:24.845 31202 31202 E ArmVmp : Match on catch block at 0xc3 in for 0x7e4e5e4025
04-03 14:54:24.853 31202 31202 E ArmVmp : Match on catch block at 0xc3 in for 0x7e4e5e4025
04-03 14:54:24.862 31202 31202 E ArmVmp : Match on catch block at 0xc3 in for 0x7e4e5e4025
04-03 14:54:24.865 31202 31202 E ArmVmp : Match on catch block at 0xc3 in for 0x7e4e5e4025
04-03 14:54:24.879 31202 31202 E ArmVmp : Match on catch block at 0xc3 in for 0x7e4e5e4025
04-03 14:54:24.882 31202 31202 E ArmVmp : Match on catch block at 0xc3 in for 0x7e4e5e4025
04-03 14:54:24.895 31202 31202 E ArmVmp : Match on catch block at 0xc3 in for 0x7e4e5e4025
04-03 14:54:24.898 31202 31202 E ArmVmp : Match on catch block at 0xc3 in for 0x7e4e5e4025
04-03 14:54:24.912 31202 31202 E ArmVmp : Match on catch block at 0xc3 in for 0x7e4e5e4025
04-03 14:54:24.915 31202 31202 E ArmVmp : Match on catch block at 0xc3 in for 0x7e4e5e4025
04-03 14:54:25.012 31202 31202 E ArmVmp : Match on catch block at 0xc3 in for 0x7e4e5e4025
04-03 14:54:25.016 31202 31202 E ArmVmp : Match on catch block at 0xc3 in for 0x7e4e5e4025
04-03 14:54:25.152 31202 31202 E ArmVmp : Match on catch block at 0xc3 in for 0x7e4e5e4025
04-03 14:54:25.157 31202 31202 E ArmVmp : Match on catch block at 0xc3 in for 0x7e4e5e4025
04-03 14:54:25.181 31202 31202 E ArmVmp : Match on catch block at 0xc3 in for 0x7e4e5e4025
04-03 14:54:25.186 31202 31202 E ArmVmp : Match on catch block at 0xc3 in for 0x7e4e5e4025
04-03 14:54:25.193 31202 719 W com.mbwhatsapp: Accessing hidden method Landroid/app/MiuiNotification;-><init>()V (blocked, reflection, denied)
04-03 14:54:25.199 31202 31202 E ArmVmp : Match on catch block at 0xc3 in for 0x7e4e5e4025
04-03 14:54:25.201 31202 31202 E ArmVmp : Match on catch block at 0xc3 in for 0x7e4e5e4025
04-03 14:54:25.212 31202 31202 E ArmVmp : Match on catch block at 0xc3 in for 0x7e4e5e4025
04-03 14:54:25.213 31202 31202 E ArmVmp : Match on catch block at 0xc3 in for 0x7e4e5e4025
04-03 14:54:25.680 31202 31202 E ArmVmp : Match on catch block at 0xc3 in for 0x7e4e5e4025
04-03 14:54:25.684 31202 31202 E ArmVmp : Match on catch block at 0xc3 in for 0x7e4e5e4025
04-03 14:54:26.199 31202 31202 E ArmVmp : Match on catch block at 0xc3 in for 0x7e4e5e4025
04-03 14:54:26.202 31202 31202 E ArmVmp : Match on catch block at 0xc3 in for 0x7e4e5e4025
04-03 14:54:26.382 31202 31202 E ArmVmp : Match on catch block at 0xc3 in for 0x7e4e5e4025
04-03 14:54:26.385 31202 31202 E ArmVmp : Match on catch block at 0xc3 in for 0x7e4e5e4025
04-03 14:54:26.699 31202 31202 E ArmVmp : Match on catch block at 0xc3 in for 0x7e4e5e4025
04-03 14:54:26.701 31202 31202 E ArmVmp : Match on catch block at 0xc3 in for 0x7e4e5e4025
04-03 14:54:26.799 31202 31202 E ArmVmp : Match on catch block at 0xc3 in for 0x7e4e5e4025
04-03 14:54:26.802 31202 31202 E ArmVmp : Match on catch block at 0xc3 in for 0x7e4e5e4025
04-03 14:54:26.816 31202 31202 E ArmVmp : Match on catch block at 0xc3 in for 0x7e4e5e4025
04-03 14:54:26.819 31202 31202 E ArmVmp : Match on catch block at 0xc3 in for 0x7e4e5e4025
04-03 14:54:26.833 31202 31202 E ArmVmp : Match on catch block at 0xc3 in for 0x7e4e5e4025
04-03 14:54:26.836 31202 31202 E ArmVmp : Match on catch block at 0xc3 in for 0x7e4e5e4025
04-03 14:54:26.849 31202 31202 E ArmVmp : Match on catch block at 0xc3 in for 0x7e4e5e4025
04-03 14:54:26.851 31202 31202 E ArmVmp : Match on catch block at 0xc3 in for 0x7e4e5e4025
04-03 14:54:26.866 31202 31202 E ArmVmp : Match on catch block at 0xc3 in for 0x7e4e5e4025
04-03 14:54:26.869 31202 31202 E ArmVmp : Match on catch block at 0xc3 in for 0x7e4e5e4025
04-03 14:54:26.883 31202 31202 E ArmVmp : Match on catch block at 0xc3 in for 0x7e4e5e4025
04-03 14:54:26.886 31202 31202 E ArmVmp : Match on catch block at 0xc3 in for 0x7e4e5e4025
04-03 14:54:26.900 31202 31202 E ArmVmp : Match on catch block at 0xc3 in for 0x7e4e5e4025
04-03 14:54:26.903 31202 31202 E ArmVmp : Match on catch block at 0xc3 in for 0x7e4e5e4025
04-03 14:54:26.916 31202 31202 E ArmVmp : Match on catch block at 0xc3 in for 0x7e4e5e4025
04-03 14:54:26.919 31202 31202 E ArmVmp : Match on catch block at 0xc3 in for 0x7e4e5e4025
04-03 14:54:26.934 31202 31202 E ArmVmp : Match on catch block at 0xc3 in for 0x7e4e5e4025
04-03 14:54:26.936 31202 31202 E ArmVmp : Match on catch block at 0xc3 in for 0x7e4e5e4025
04-03 14:54:26.950 31202 31202 E ArmVmp : Match on catch block at 0xc3 in for 0x7e4e5e4025
04-03 14:54:26.953 31202 31202 E ArmVmp : Match on catch block at 0xc3 in for 0x7e4e5e4025
04-03 14:54:26.966 31202 31202 E ArmVmp : Match on catch block at 0xc3 in for 0x7e4e5e4025
04-03 14:54:26.971 31202 31202 E ArmVmp : Match on catch block at 0xc3 in for 0x7e4e5e4025
04-03 14:54:26.983 31202 31202 E ArmVmp : Match on catch block at 0xc3 in for 0x7e4e5e4025
04-03 14:54:26.985 31202 31202 E ArmVmp : Match on catch block at 0xc3 in for 0x7e4e5e4025
04-03 14:54:27.000 31202 31202 E ArmVmp : Match on catch block at 0xc3 in for 0x7e4e5e4025
04-03 14:54:27.007 31202 31202 E ArmVmp : Match on catch block at 0xc3 in for 0x7e4e5e4025
04-03 14:54:27.017 31202 31202 E ArmVmp : Match on catch block at 0xc3 in for 0x7e4e5e4025
04-03 14:54:27.021 31202 31202 E ArmVmp : Match on catch block at 0xc3 in for 0x7e4e5e4025
04-03 14:54:27.033 31202 31202 E ArmVmp : Match on catch block at 0xc3 in for 0x7e4e5e4025
04-03 14:54:27.036 31202 31202 E ArmVmp : Match on catch block at 0xc3 in for 0x7e4e5e4025
04-03 14:54:27.049 31202 31202 E ArmVmp : Match on catch block at 0xc3 in for 0x7e4e5e4025
04-03 14:54:27.052 31202 31202 E ArmVmp : Match on catch block at 0xc3 in for 0x7e4e5e4025
04-03 14:54:27.066 31202 31202 E ArmVmp : Match on catch block at 0xc3 in for 0x7e4e5e4025
04-03 14:54:27.068 31202 31202 E ArmVmp : Match on catch block at 0xc3 in for 0x7e4e5e4025
04-03 14:54:27.150 31202 31202 E ArmVmp : Match on catch block at 0xc3 in for 0x7e4e5e4025
04-03 14:54:27.153 31202 31202 E ArmVmp : Match on catch block at 0xc3 in for 0x7e4e5e4025
04-03 14:54:27.418 31202 31202 E ArmVmp : Match on catch block at 0xc3 in for 0x7e4e5e4025
04-03 14:54:27.421 31202 31202 E ArmVmp : Match on catch block at 0xc3 in for 0x7e4e5e4025
04-03 14:54:27.618 31202 31202 E ArmVmp : Match on catch block at 0xc3 in for 0x7e4e5e4025
04-03 14:54:27.620 31202 31202 E ArmVmp : Match on catch block at 0xc3 in for 0x7e4e5e4025
04-03 14:54:27.801 31202 31202 E ArmVmp : Match on catch block at 0xc3 in for 0x7e4e5e4025
04-03 14:54:27.804 31202 31202 E ArmVmp : Match on catch block at 0xc3 in for 0x7e4e5e4025
04-03 14:54:27.969 31202 31202 E ArmVmp : Match on catch block at 0xc3 in for 0x7e4e5e4025
04-03 14:54:27.973 31202 31202 E ArmVmp : Match on catch block at 0xc3 in for 0x7e4e5e4025
04-03 14:54:28.135 31202 31202 E ArmVmp : Match on catch block at 0xc3 in for 0x7e4e5e4025
04-03 14:54:28.138 31202 31202 E ArmVmp : Match on catch block at 0xc3 in for 0x7e4e5e4025
04-03 14:54:28.437 31202 31202 E ArmVmp : Match on catch block at 0xc3 in for 0x7e4e5e4025
04-03 14:54:28.441 31202 31202 E ArmVmp : Match on catch block at 0xc3 in for 0x7e4e5e4025
04-03 14:54:28.571 31202 31202 E ArmVmp : Match on catch block at 0xc3 in for 0x7e4e5e4025
04-03 14:54:28.575 31202 31202 E ArmVmp : Match on catch block at 0xc3 in for 0x7e4e5e4025
04-03 14:54:28.721 31202 31202 E ArmVmp : Match on catch block at 0xc3 in for 0x7e4e5e4025
04-03 14:54:28.724 31202 31202 E ArmVmp : Match on catch block at 0xc3 in for 0x7e4e5e4025
04-03 14:54:29.222 31202 31202 E ArmVmp : Match on catch block at 0xc3 in for 0x7e4e5e4025
04-03 14:54:29.228 31202 31202 E ArmVmp : Match on catch block at 0xc3 in for 0x7e4e5e4025
04-03 14:54:29.322 31202 31202 E ArmVmp : Match on catch block at 0xc3 in for 0x7e4e5e4025
04-03 14:54:29.325 31202 31202 E ArmVmp : Match on catch block at 0xc3 in for 0x7e4e5e4025
04-03 14:54:29.506 31202 31202 E ArmVmp : Match on catch block at 0xc3 in for 0x7e4e5e4025
04-03 14:54:29.510 31202 31202 E ArmVmp : Match on catch block at 0xc3 in for 0x7e4e5e4025
04-03 14:54:29.589 31202 31202 E ArmVmp : Match on catch block at 0xc3 in for 0x7e4e5e4025
04-03 14:54:29.598 31202 31202 E ArmVmp : Match on catch block at 0xc3 in for 0x7e4e5e4025
04-03 14:54:29.822 31202 31202 E ArmVmp : Match on catch block at 0xc3 in for 0x7e4e5e4025
04-03 14:54:29.825 31202 31202 E ArmVmp : Match on catch block at 0xc3 in for 0x7e4e5e4025
04-03 14:54:30.159 31202 31202 E ArmVmp : Match on catch block at 0xc3 in for 0x7e4e5e4025
04-03 14:54:30.163 31202 31202 E ArmVmp : Match on catch block at 0xc3 in for 0x7e4e5e4025
04-03 14:54:30.475 31202 31202 E ArmVmp : Match on catch block at 0xc3 in for 0x7e4e5e4025
04-03 14:54:30.479 31202 31202 E ArmVmp : Match on catch block at 0xc3 in for 0x7e4e5e4025
04-03 14:54:30.692 31202 31202 E ArmVmp : Match on catch block at 0xc3 in for 0x7e4e5e4025
04-03 14:54:30.698 31202 31202 E ArmVmp : Match on catch block at 0xc3 in for 0x7e4e5e4025
04-03 14:54:30.992 31202 31202 E ArmVmp : Match on catch block at 0xc3 in for 0x7e4e5e4025
04-03 14:54:30.999 31202 31202 E ArmVmp : Match on catch block at 0xc3 in for 0x7e4e5e4025
04-03 14:54:31.029 31202 31202 E ArmVmp : Match on catch block at 0xc3 in for 0x7e4e5e4025
04-03 14:54:31.048 31202 31202 E ArmVmp : Match on catch block at 0xc3 in for 0x7e4e5e4025
04-03 14:54:31.054 31202 31202 E ArmVmp : Match on catch block at 0xc3 in for 0x7e4e5e4025
04-03 14:54:31.057 31202 31202 E ArmVmp : Match on catch block at 0xc3 in for 0x7e4e5e4025
04-03 14:54:31.062 31202 31202 E ArmVmp : Match on catch block at 0xc3 in for 0x7e4e5e4025
04-03 14:54:31.064 31202 31202 E ArmVmp : Match on catch block at 0xc3 in for 0x7e4e5e4025
04-03 14:54:31.076 31202 31202 E ArmVmp : Match on catch block at 0xc3 in for 0x7e4e5e4025
04-03 14:54:31.077 31202 31202 E ArmVmp : Match on catch block at 0xc3 in for 0x7e4e5e4025
04-03 14:54:31.092 31202 31202 E ArmVmp : Match on catch block at 0xc3 in for 0x7e4e5e4025
04-03 14:54:31.094 31202 31202 E ArmVmp : Match on catch block at 0xc3 in for 0x7e4e5e4025
04-03 14:54:31.110 31202 31202 E ArmVmp : Match on catch block at 0xc3 in for 0x7e4e5e4025
04-03 14:54:31.113 31202 31202 E ArmVmp : Match on catch block at 0xc3 in for 0x7e4e5e4025
04-03 14:54:31.127 31202 31202 E ArmVmp : Match on catch block at 0xc3 in for 0x7e4e5e4025
04-03 14:54:31.131 31202 31202 E ArmVmp : Match on catch block at 0xc3 in for 0x7e4e5e4025
04-03 14:54:31.144 31202 31202 E ArmVmp : Match on catch block at 0xc3 in for 0x7e4e5e4025
04-03 14:54:31.147 31202 31202 E ArmVmp : Match on catch block at 0xc3 in for 0x7e4e5e4025
04-03 14:54:31.160 31202 31202 E ArmVmp : Match on catch block at 0xc3 in for 0x7e4e5e4025
04-03 14:54:31.163 31202 31202 E ArmVmp : Match on catch block at 0xc3 in for 0x7e4e5e4025
04-03 14:54:31.176 31202 31202 E ArmVmp : Match on catch block at 0xc3 in for 0x7e4e5e4025
04-03 14:54:31.178 31202 31202 E ArmVmp : Match on catch block at 0xc3 in for 0x7e4e5e4025
04-03 14:54:31.193 31202 31202 E ArmVmp : Match on catch block at 0xc3 in for 0x7e4e5e4025
04-03 14:54:31.194 31202 31202 E ArmVmp : Match on catch block at 0xc3 in for 0x7e4e5e4025
04-03 14:54:31.209 31202 31202 E ArmVmp : Match on catch block at 0xc3 in for 0x7e4e5e4025
04-03 14:54:31.211 31202 31202 E ArmVmp : Match on catch block at 0xc3 in for 0x7e4e5e4025
04-03 14:54:31.226 31202 31202 E ArmVmp : Match on catch block at 0xc3 in for 0x7e4e5e4025
04-03 14:54:31.228 31202 31202 E ArmVmp : Match on catch block at 0xc3 in for 0x7e4e5e4025
04-03 14:54:31.243 31202 31202 E ArmVmp : Match on catch block at 0xc3 in for 0x7e4e5e4025
04-03 14:54:31.245 31202 31202 E ArmVmp : Match on catch block at 0xc3 in for 0x7e4e5e4025
04-03 14:54:31.259 31202 31202 E ArmVmp : Match on catch block at 0xc3 in for 0x7e4e5e4025
04-03 14:54:31.261 31202 31202 E ArmVmp : Match on catch block at 0xc3 in for 0x7e4e5e4025
04-03 14:54:31.276 31202 31202 E ArmVmp : Match on catch block at 0xc3 in for 0x7e4e5e4025
04-03 14:54:31.278 31202 31202 E ArmVmp : Match on catch block at 0xc3 in for 0x7e4e5e4025
04-03 14:54:31.293 31202 31202 E ArmVmp : Match on catch block at 0xc3 in for 0x7e4e5e4025
04-03 14:54:31.295 31202 31202 E ArmVmp : Match on catch block at 0xc3 in for 0x7e4e5e4025
04-03 14:54:31.310 31202 31202 E ArmVmp : Match on catch block at 0xc3 in for 0x7e4e5e4025
04-03 14:54:31.312 31202 31202 E ArmVmp : Match on catch block at 0xc3 in for 0x7e4e5e4025
04-03 14:54:31.326 31202 31202 E ArmVmp : Match on catch block at 0xc3 in for 0x7e4e5e4025
04-03 14:54:31.328 31202 31202 E ArmVmp : Match on catch block at 0xc3 in for 0x7e4e5e4025
04-03 14:54:31.343 31202 31202 E ArmVmp : Match on catch block at 0xc3 in for 0x7e4e5e4025
04-03 14:54:31.346 31202 31202 E ArmVmp : Match on catch block at 0xc3 in for 0x7e4e5e4025
04-03 14:54:31.360 31202 31202 E ArmVmp : Match on catch block at 0xc3 in for 0x7e4e5e4025
04-03 14:54:31.362 31202 31202 E ArmVmp : Match on catch block at 0xc3 in for 0x7e4e5e4025
04-03 14:54:31.377 31202 31202 E ArmVmp : Match on catch block at 0xc3 in for 0x7e4e5e4025
04-03 14:54:31.379 31202 31202 E ArmVmp : Match on catch block at 0xc3 in for 0x7e4e5e4025
04-03 14:54:31.393 31202 31202 E ArmVmp : Match on catch block at 0xc3 in for 0x7e4e5e4025
04-03 14:54:31.395 31202 31202 E ArmVmp : Match on catch block at 0xc3 in for 0x7e4e5e4025
04-03 14:54:31.495 31202 31202 E ArmVmp : Match on catch block at 0xc3 in for 0x7e4e5e4025
04-03 14:54:31.498 31202 31202 E ArmVmp : Match on catch block at 0xc3 in for 0x7e4e5e4025
04-03 14:54:31.762 31202 31202 E ArmVmp : Match on catch block at 0xc3 in for 0x7e4e5e4025
04-03 14:54:31.766 31202 31202 E ArmVmp : Match on catch block at 0xc3 in for 0x7e4e5e4025
04-03 14:54:31.945 31202 31202 E ArmVmp : Match on catch block at 0xc3 in for 0x7e4e5e4025
04-03 14:54:31.949 31202 31202 E ArmVmp : Match on catch block at 0xc3 in for 0x7e4e5e4025
04-03 14:54:32.163 31202 31202 E ArmVmp : Match on catch block at 0xc3 in for 0x7e4e5e4025
04-03 14:54:32.166 31202 31202 E ArmVmp : Match on catch block at 0xc3 in for 0x7e4e5e4025
04-03 14:54:32.448 31202 31202 E ArmVmp : Match on catch block at 0xc3 in for 0x7e4e5e4025
04-03 14:54:32.453 31202 31202 E ArmVmp : Match on catch block at 0xc3 in for 0x7e4e5e4025
04-03 14:54:32.614 31202 31202 E ArmVmp : Match on catch block at 0xc3 in for 0x7e4e5e4025
04-03 14:54:32.620 31202 31202 E ArmVmp : Match on catch block at 0xc3 in for 0x7e4e5e4025
04-03 14:54:32.797 31202 31202 E ArmVmp : Match on catch block at 0xc3 in for 0x7e4e5e4025
04-03 14:54:32.799 31202 31202 E ArmVmp : Match on catch block at 0xc3 in for 0x7e4e5e4025
04-03 14:54:32.898 31202 31202 E ArmVmp : Match on catch block at 0xc3 in for 0x7e4e5e4025
04-03 14:54:32.901 31202 31202 E ArmVmp : Match on catch block at 0xc3 in for 0x7e4e5e4025
04-03 14:54:33.199 31202 31202 E ArmVmp : Match on catch block at 0xc3 in for 0x7e4e5e4025
04-03 14:54:33.203 31202 31202 E ArmVmp : Match on catch block at 0xc3 in for 0x7e4e5e4025
04-03 14:54:33.350 31202 31202 E ArmVmp : Match on catch block at 0xc3 in for 0x7e4e5e4025
04-03 14:54:33.353 31202 31202 E ArmVmp : Match on catch block at 0xc3 in for 0x7e4e5e4025
04-03 14:54:33.599 31202 31202 E ArmVmp : Match on catch block at 0xc3 in for 0x7e4e5e4025
04-03 14:54:33.603 31202 31202 E ArmVmp : Match on catch block at 0xc3 in for 0x7e4e5e4025
04-03 14:54:33.783 31202 31202 E ArmVmp : Match on catch block at 0xc3 in for 0x7e4e5e4025
04-03 14:54:33.788 31202 31202 E ArmVmp : Match on catch block at 0xc3 in for 0x7e4e5e4025
04-03 14:54:34.234 31202 31202 E ArmVmp : Match on catch block at 0xc3 in for 0x7e4e5e4025
04-03 14:54:34.238 31202 31202 E ArmVmp : Match on catch block at 0xc3 in for 0x7e4e5e4025
04-03 14:54:34.265 31202 31202 E ArmVmp : Match on catch block at 0xc3 in for 0x7e4e5e4025
04-03 14:54:34.268 31202 31202 E ArmVmp : Match on catch block at 0xc3 in for 0x7e4e5e4025
04-03 14:54:34.333 31202 31202 E ArmVmp : Match on catch block at 0xc3 in for 0x7e4e5e4025
04-03 14:54:34.337 31202 31202 E ArmVmp : Match on catch block at 0xc3 in for 0x7e4e5e4025
04-03 14:54:34.349 31202 31202 E ArmVmp : Match on catch block at 0xc3 in for 0x7e4e5e4025
04-03 14:54:34.354 31202 31202 E ArmVmp : Match on catch block at 0xc3 in for 0x7e4e5e4025
04-03 14:54:34.381 31202 31202 E ArmVmp : Match on catch block at 0xc3 in for 0x7e4e5e4025
04-03 14:54:34.384 31202 31202 E ArmVmp : Match on catch block at 0xc3 in for 0x7e4e5e4025
04-03 14:54:34.406 31202 31202 E ArmVmp : Match on catch block at 0xc3 in for 0x7e4e5e4025
04-03 14:54:34.422 31202 31202 E ArmVmp : Match on catch block at 0xc3 in for 0x7e4e5e4025
04-03 14:54:34.429 31202 31202 E ArmVmp : Match on catch block at 0xc3 in for 0x7e4e5e4025
04-03 14:54:34.431 31202 31202 E ArmVmp : Match on catch block at 0xc3 in for 0x7e4e5e4025
04-03 14:54:34.435 31202 31202 E ArmVmp : Match on catch block at 0xc3 in for 0x7e4e5e4025
04-03 14:54:34.439 31202 31202 E ArmVmp : Match on catch block at 0xc3 in for 0x7e4e5e4025
04-03 14:54:34.451 31202 31202 E ArmVmp : Match on catch block at 0xc3 in for 0x7e4e5e4025
04-03 14:54:34.453 31202 31202 E ArmVmp : Match on catch block at 0xc3 in for 0x7e4e5e4025
04-03 14:54:34.693 31202 31202 E ArmVmp : Match on catch block at 0xc3 in for 0x7e4e5e4025
04-03 14:54:34.695 31202 31202 E ArmVmp : Match on catch block at 0xc3 in for 0x7e4e5e4025
04-03 14:54:34.703 31202 31202 E ArmVmp : Match on catch block at 0xc3 in for 0x7e4e5e4025
04-03 14:54:34.706 31202 31202 E ArmVmp : Match on catch block at 0xc3 in for 0x7e4e5e4025
04-03 14:54:34.764 31202 31452 W MediaPlayer: Use of stream types is deprecated for operations other than volume control
04-03 14:54:34.764 31202 31452 W MediaPlayer: See the documentation of setAudioStreamType() for what to use instead with android.media.AudioAttributes to qualify your playback use case
04-03 14:54:34.768 31202 31202 E ArmVmp : Match on catch block at 0xc3 in for 0x7e4e5e4025
04-03 14:54:34.769 31202 31202 E ArmVmp : Match on catch block at 0xc3 in for 0x7e4e5e4025
04-03 14:54:35.036 31202 31452 W BpBinder: PerfMonitor binderTransact: time=201ms interface=android.media.IMediaPlayer code=3
04-03 14:54:35.090 31202 31202 E ArmVmp : Match on catch block at 0xc3 in for 0x7e4e5e4025
04-03 14:54:35.092 31202 31202 E ArmVmp : Match on catch block at 0xc3 in for 0x7e4e5e4025
04-03 14:54:35.106 31202 31202 E ArmVmp : Match on catch block at 0xc3 in for 0x7e4e5e4025
04-03 14:54:35.108 31202 31202 E ArmVmp : Match on catch block at 0xc3 in for 0x7e4e5e4025
04-03 14:54:35.119 31202 31202 E ArmVmp : Match on catch block at 0xc3 in for 0x7e4e5e4025
04-03 14:54:35.121 31202 31202 E ArmVmp : Match on catch block at 0xc3 in for 0x7e4e5e4025
04-03 14:54:35.270 31202 31202 E ArmVmp : Match on catch block at 0xc3 in for 0x7e4e5e4025
04-03 14:54:35.274 31202 31202 E ArmVmp : Match on catch block at 0xc3 in for 0x7e4e5e4025
04-03 14:54:35.745 31202 31202 W WindowOnBackDispatcher: sendCancelIfRunning: isInProgress=falsecallback=ImeCallback=ImeOnBackInvokedCallback@245962031 Callback=android.window.IOnBackInvokedCallback$Stub$Proxy@39b8b71
04-03 14:54:35.798 31202 31202 E ArmVmp : Match on catch block at 0xc3 in for 0x7e4e5e4025
04-03 14:54:35.803 31202 31202 E ArmVmp : Match on catch block at 0xc3 in for 0x7e4e5e4025
04-03 14:54:35.814 31202 31202 E ArmVmp : Match on catch block at 0xc3 in for 0x7e4e5e4025
04-03 14:54:35.816 31202 31202 E ArmVmp : Match on catch block at 0xc3 in for 0x7e4e5e4025
04-03 14:54:36.023 31202 31202 E ArmVmp : Match on catch block at 0xc3 in for 0x7e4e5e4025
04-03 14:54:36.026 31202 31202 E ArmVmp : Match on catch block at 0xc3 in for 0x7e4e5e4025
04-03 14:54:36.206 31202 31202 E ArmVmp : Match on catch block at 0xc3 in for 0x7e4e5e4025
04-03 14:54:36.210 31202 31202 E ArmVmp : Match on catch block at 0xc3 in for 0x7e4e5e4025
04-03 14:54:36.227 31202 31202 E ArmVmp : Match on catch block at 0xc3 in for 0x7e4e5e4025
04-03 14:54:36.229 31202 31202 E ArmVmp : Match on catch block at 0xc3 in for 0x7e4e5e4025
04-03 14:54:36.303 31202 31417 E OpenGLRenderer: Unable to match the desired swap behavior.
04-03 14:54:36.440 31202 31202 E ArmVmp : Match on catch block at 0xc3 in for 0x7e4e5e4025
04-03 14:54:36.442 31202 31202 E ArmVmp : Match on catch block at 0xc3 in for 0x7e4e5e4025
04-03 14:54:36.450 31202 31202 E ArmVmp : Match on catch block at 0xc3 in for 0x7e4e5e4025
04-03 14:54:36.452 31202 31202 E ArmVmp : Match on catch block at 0xc3 in for 0x7e4e5e4025
04-03 14:54:36.477 31202 31202 E ArmVmp : Match on catch block at 0xc3 in for 0x7e4e5e4025
04-03 14:54:36.479 31202 31202 E ArmVmp : Match on catch block at 0xc3 in for 0x7e4e5e4025
04-03 14:54:36.498 31202 31202 E ArmVmp : Match on catch block at 0xc3 in for 0x7e4e5e4025
04-03 14:54:36.499 31202 31202 E ArmVmp : Match on catch block at 0xc3 in for 0x7e4e5e4025
04-03 14:54:36.509 31202 31202 E ArmVmp : Match on catch block at 0xc3 in for 0x7e4e5e4025
04-03 14:54:36.511 31202 31202 E ArmVmp : Match on catch block at 0xc3 in for 0x7e4e5e4025
04-03 14:54:36.525 31202 31202 E ArmVmp : Match on catch block at 0xc3 in for 0x7e4e5e4025
04-03 14:54:36.527 31202 31202 E ArmVmp : Match on catch block at 0xc3 in for 0x7e4e5e4025
04-03 14:54:37.003 31202 31202 E ArmVmp : Match on catch block at 0xc3 in for 0x7e4e5e4025
04-03 14:54:37.005 31202 31202 E ArmVmp : Match on catch block at 0xc3 in for 0x7e4e5e4025
04-03 14:54:37.026 31202 31202 W WindowOnBackDispatcher: sendCancelIfRunning: isInProgress=falsecallback=android.view.ViewRootImpl$ $ExternalSyntheticLambda22@ceb2ab7
04-03 14:54:41.690 31202 31202 E ArmVmp : Match on catch block at 0x0a in for 0x7e4e5e4035
04-03 14:54:41.694 31202 31202 E ArmVmp : Match on catch block at 0x0a in for 0x7e4e5e4035
04-03 14:54:41.737 31202 31202 W Looper : PerfMonitor looperActivity : package=com.mbwhatsapp/.Conversation time=0ms latency=306ms procState=-1 historyMsgCount=5 (msgIndex=5 wall=299ms seq=1782 late=10ms h=android.app.ActivityThread$H w=159)
04-03 14:54:41.766 31202 31417 E OpenGLRenderer: Unable to match the desired swap behavior.
04-03 14:54:41.827 31202 31202 E ArmVmp : Match on catch block at 0xc3 in for 0x7e4e5e4021
04-03 14:54:41.830 31202 31202 E ArmVmp : Match on catch block at 0xc3 in for 0x7e4e5e4021
04-03 14:54:41.890 31202 31202 E ArmVmp : Match on catch block at 0xc3 in for 0x7e4e5e4025
04-03 14:54:41.897 31202 31202 E ArmVmp : Match on catch block at 0xc3 in for 0x7e4e5e4025
04-03 14:54:41.934 31202 31202 E ArmVmp : Match on catch block at 0xc3 in for 0x7e4e5e4025
04-03 14:54:41.936 31202 31202 E ArmVmp : Match on catch block at 0xc3 in for 0x7e4e5e4025
04-03 14:54:41.991 31202 31202 E ArmVmp : Match on catch block at 0xc3 in for 0x7e4e5e4025
04-03 14:54:42.003 31202 31202 E ArmVmp : Match on catch block at 0xc3 in for 0x7e4e5e4025
04-03 14:54:42.049 31202 31202 E ArmVmp : Match on catch block at 0xc3 in for 0x7e4e5e4025
04-03 14:54:42.054 31202 31202 E ArmVmp : Match on catch block at 0xc3 in for 0x7e4e5e4025
04-03 14:54:42.066 31202 31202 E ArmVmp : Match on catch block at 0xc3 in for 0x7e4e5e4025
04-03 14:54:42.070 31202 31202 E ArmVmp : Match on catch block at 0xc3 in for 0x7e4e5e4025
04-03 14:54:42.077 31202 31202 E ArmVmp : Match on catch block at 0xc3 in for 0x7e4e5e4025
04-03 14:54:42.080 31202 31202 E ArmVmp : Match on catch block at 0xc3 in for 0x7e4e5e4025
04-03 14:54:42.086 31202 31202 E ArmVmp : Match on catch block at 0xc3 in for 0x7e4e5e4025
04-03 14:54:42.089 31202 31202 E ArmVmp : Match on catch block at 0xc3 in for 0x7e4e5e4025
04-03 14:54:42.104 31202 31202 E ArmVmp : Match on catch block at 0xc3 in for 0x7e4e5e4025
04-03 14:54:42.108 31202 31202 E ArmVmp : Match on catch block at 0xc3 in for 0x7e4e5e4025
04-03 14:54:42.120 31202 31202 E ArmVmp : Match on catch block at 0xc3 in for 0x7e4e5e4025
04-03 14:54:42.123 31202 31202 E ArmVmp : Match on catch block at 0xc3 in for 0x7e4e5e4025
04-03 14:54:42.489 31202 31202 E ArmVmp : Match on catch block at 0xc3 in for 0x7e4e5e4025
04-03 14:54:42.491 31202 31202 E ArmVmp : Match on catch block at 0xc3 in for 0x7e4e5e4025
04-03 14:54:42.536 31202 31202 E ArmVmp : Match on catch block at 0xc3 in for 0x7e4e5e4025
04-03 14:54:42.538 31202 31202 E ArmVmp : Match on catch block at 0xc3 in for 0x7e4e5e4025
04-03 14:54:42.553 31202 31202 E ArmVmp : Match on catch block at 0xc3 in for 0x7e4e5e4025
04-03 14:54:42.555 31202 31202 E ArmVmp : Match on catch block at 0xc3 in for 0x7e4e5e4025
04-03 14:54:42.570 31202 31202 E ArmVmp : Match on catch block at 0xc3 in for 0x7e4e5e4025
04-03 14:54:42.572 31202 31202 E ArmVmp : Match on catch block at 0xc3 in for 0x7e4e5e4025
04-03 14:54:42.587 31202 31202 E ArmVmp : Match on catch block at 0xc3 in for 0x7e4e5e4025
04-03 14:54:42.589 31202 31202 E ArmVmp : Match on catch block at 0xc3 in for 0x7e4e5e4025
04-03 14:54:42.604 31202 31202 E ArmVmp : Match on catch block at 0xc3 in for 0x7e4e5e4025
04-03 14:54:42.607 31202 31202 E ArmVmp : Match on catch block at 0xc3 in for 0x7e4e5e4025
04-03 14:54:42.620 31202 31202 E ArmVmp : Match on catch block at 0xc3 in for 0x7e4e5e4025
04-03 14:54:42.622 31202 31202 E ArmVmp : Match on catch block at 0xc3 in for 0x7e4e5e4025
04-03 14:54:42.637 31202 31202 E ArmVmp : Match on catch block at 0xc3 in for 0x7e4e5e4025
04-03 14:54:42.642 31202 31202 E ArmVmp : Match on catch block at 0xc3 in for 0x7e4e5e4025
04-03 14:54:42.654 31202 31202 E ArmVmp : Match on catch block at 0xc3 in for 0x7e4e5e4025
04-03 14:54:42.659 31202 31202 E ArmVmp : Match on catch block at 0xc3 in for 0x7e4e5e4025
04-03 14:54:42.670 31202 31202 E ArmVmp : Match on catch block at 0xc3 in for 0x7e4e5e4025
04-03 14:54:42.675 31202 31202 E ArmVmp : Match on catch block at 0xc3 in for 0x7e4e5e4025
04-03 14:54:42.687 31202 31202 E ArmVmp : Match on catch block at 0xc3 in for 0x7e4e5e4025
04-03 14:54:42.690 31202 31202 E ArmVmp : Match on catch block at 0xc3 in for 0x7e4e5e4025
04-03 14:54:42.704 31202 31202 E ArmVmp : Match on catch block at 0xc3 in for 0x7e4e5e4025
04-03 14:54:42.708 31202 31202 E ArmVmp : Match on catch block at 0xc3 in for 0x7e4e5e4025
04-03 14:54:42.721 31202 31202 E ArmVmp : Match on catch block at 0xc3 in for 0x7e4e5e4025
