04-05 20:49:50.258 31586 31586 E ArmVmp : Match on catch block at 0xc3 in for 0x7e4e5e4025
04-05 20:49:50.260 31586 31586 E ArmVmp : Match on catch block at 0xc3 in for 0x7e4e5e4025
04-05 20:49:50.313 31586 31586 E ArmVmp : Match on catch block at 0xc3 in for 0x7e4e5e4025
04-05 20:49:50.316 31586 31586 E ArmVmp : Match on catch block at 0xc3 in for 0x7e4e5e4025
04-05 20:49:50.324 31586 31586 E ArmVmp : Match on catch block at 0xc3 in for 0x7e4e5e4025
04-05 20:49:50.327 31586 31586 E ArmVmp : Match on catch block at 0xc3 in for 0x7e4e5e4025
04-05 20:49:50.333 31586 31586 E ArmVmp : Match on catch block at 0xc3 in for 0x7e4e5e4025
04-05 20:49:50.338 31586 31586 E ArmVmp : Match on catch block at 0xc3 in for 0x7e4e5e4025
04-05 20:49:50.351 31586 31586 E ArmVmp : Match on catch block at 0xc3 in for 0x7e4e5e4025
04-05 20:49:50.360 31586 31586 E ArmVmp : Match on catch block at 0xc3 in for 0x7e4e5e4025
04-05 20:49:50.368 31586 31586 E ArmVmp : Match on catch block at 0xc3 in for 0x7e4e5e4025
04-05 20:49:50.378 31586 31586 E ArmVmp : Match on catch block at 0xc3 in for 0x7e4e5e4025
04-05 20:49:50.384 31586 31586 E ArmVmp : Match on catch block at 0xc3 in for 0x7e4e5e4025
04-05 20:49:50.388 31586 31586 E ArmVmp : Match on catch block at 0xc3 in for 0x7e4e5e4025
04-05 20:49:50.401 31586 31586 E ArmVmp : Match on catch block at 0xc3 in for 0x7e4e5e4025
04-05 20:49:50.406 31586 31586 E ArmVmp : Match on catch block at 0xc3 in for 0x7e4e5e4025
04-05 20:49:50.418 31586 31586 E ArmVmp : Match on catch block at 0xc3 in for 0x7e4e5e4025
04-05 20:49:50.422 31586 31586 E ArmVmp : Match on catch block at 0xc3 in for 0x7e4e5e4025
04-05 20:49:50.441 31586 32410 E OpenGLRenderer: Unable to match the desired swap behavior.
04-05 20:49:50.445 31586 31586 E ArmVmp : Match on catch block at 0xc3 in for 0x7e4e5e4025
04-05 20:49:50.450 31586 31586 E ArmVmp : Match on catch block at 0xc3 in for 0x7e4e5e4025
04-05 20:49:50.481 31586 32410 E OpenGLRenderer: Unable to match the desired swap behavior.
04-05 20:49:50.484 31586 31586 E ArmVmp : Match on catch block at 0xc3 in for 0x7e4e5e4025
04-05 20:49:50.488 31586 31586 E ArmVmp : Match on catch block at 0xc3 in for 0x7e4e5e4025
04-05 20:49:50.515 31586 32410 E OpenGLRenderer: Unable to match the desired swap behavior.
04-05 20:49:50.520 31586 31586 E ArmVmp : Match on catch block at 0xc3 in for 0x7e4e5e4025
04-05 20:49:50.525 31586 31586 E ArmVmp : Match on catch block at 0xc3 in for 0x7e4e5e4025
04-05 20:49:50.543 31586 32410 E OpenGLRenderer: Unable to match the desired swap behavior.
04-05 20:49:50.546 31586 31586 E ArmVmp : Match on catch block at 0xc3 in for 0x7e4e5e4025
04-05 20:49:50.551 31586 31586 E ArmVmp : Match on catch block at 0xc3 in for 0x7e4e5e4025
04-05 20:49:50.569 31586 32410 E OpenGLRenderer: Unable to match the desired swap behavior.
04-05 20:49:50.572 31586 31586 E ArmVmp : Match on catch block at 0xc3 in for 0x7e4e5e4025
04-05 20:49:50.578 31586 31586 E ArmVmp : Match on catch block at 0xc3 in for 0x7e4e5e4025
04-05 20:49:50.596 31586 32410 E OpenGLRenderer: Unable to match the desired swap behavior.
04-05 20:49:50.599 31586 31586 E ArmVmp : Match on catch block at 0xc3 in for 0x7e4e5e4025
04-05 20:49:50.607 31586 31586 E ArmVmp : Match on catch block at 0xc3 in for 0x7e4e5e4025
04-05 20:49:50.625 31586 32410 E OpenGLRenderer: Unable to match the desired swap behavior.
04-05 20:49:50.628 31586 31586 E ArmVmp : Match on catch block at 0xc3 in for 0x7e4e5e4025
04-05 20:49:50.633 31586 31586 E ArmVmp : Match on catch block at 0xc3 in for 0x7e4e5e4025
04-05 20:49:50.653 31586 32410 E OpenGLRenderer: Unable to match the desired swap behavior.
04-05 20:49:50.656 31586 31586 E ArmVmp : Match on catch block at 0xc3 in for 0x7e4e5e4025
04-05 20:49:50.662 31586 31586 E ArmVmp : Match on catch block at 0xc3 in for 0x7e4e5e4025
04-05 20:49:50.688 31586 32410 E OpenGLRenderer: Unable to match the desired swap behavior.
04-05 20:49:50.692 31586 31586 E ArmVmp : Match on catch block at 0xc3 in for 0x7e4e5e4025
04-05 20:49:50.697 31586 31586 E ArmVmp : Match on catch block at 0xc3 in for 0x7e4e5e4025
04-05 20:49:50.716 31586 32410 E OpenGLRenderer: Unable to match the desired swap behavior.
04-05 20:49:50.719 31586 31586 E ArmVmp : Match on catch block at 0xc3 in for 0x7e4e5e4025
04-05 20:49:50.724 31586 31586 E ArmVmp : Match on catch block at 0xc3 in for 0x7e4e5e4025
04-05 20:49:50.738 31586 32410 E OpenGLRenderer: Unable to match the desired swap behavior.
04-05 20:49:51.055 31586 31586 E ArmVmp : Match on catch block at 0xc3 in for 0x7e4e5e4025
04-05 20:49:51.064 31586 31586 E ArmVmp : Match on catch block at 0xc3 in for 0x7e4e5e4025
04-05 20:49:51.555 31586 31586 E ArmVmp : Match on catch block at 0xc3 in for 0x7e4e5e4025
04-05 20:49:51.565 31586 31586 E ArmVmp : Match on catch block at 0xc3 in for 0x7e4e5e4025
04-05 20:49:51.714 31586 31586 W WindowOnBackDispatcher: sendCancelIfRunning: isInProgress=falsecallback=android.view.ViewRootImpl$ $ExternalSyntheticLambda22@2713c06
04-05 20:49:51.780 31586 32410 E OpenGLRenderer: Unable to match the desired swap behavior.
04-05 20:49:51.924 31586 32410 W RenderInspector: DequeueBuffer time out on Toast, count=1, avg=17 ms, max=17 ms.
04-05 20:49:51.931 31586 31586 E ArmVmp : Match on catch block at 0xc3 in for 0x7e4e5e4025
04-05 20:49:51.952 31586 31586 E ArmVmp : Match on catch block at 0xc3 in for 0x7e4e5e4025
04-05 20:49:51.969 31586 31586 E ArmVmp : Match on catch block at 0xc3 in for 0x7e4e5e4025
04-05 20:49:51.975 31586 31586 E ArmVmp : Match on catch block at 0xc3 in for 0x7e4e5e4025
04-05 20:49:51.992 31586 31586 E ArmVmp : Match on catch block at 0xc3 in for 0x7e4e5e4025
04-05 20:49:51.999 31586 31586 E ArmVmp : Match on catch block at 0xc3 in for 0x7e4e5e4025
04-05 20:49:52.012 31586 31586 E ArmVmp : Match on catch block at 0xc3 in for 0x7e4e5e4025
04-05 20:49:52.018 31586 31586 E ArmVmp : Match on catch block at 0xc3 in for 0x7e4e5e4025
04-05 20:49:52.034 31586 31586 E ArmVmp : Match on catch block at 0xc3 in for 0x7e4e5e4025
04-05 20:49:52.039 31586 31586 E ArmVmp : Match on catch block at 0xc3 in for 0x7e4e5e4025
04-05 20:49:52.053 31586 31586 E ArmVmp : Match on catch block at 0xc3 in for 0x7e4e5e4025
04-05 20:49:52.059 31586 31586 E ArmVmp : Match on catch block at 0xc3 in for 0x7e4e5e4025
04-05 20:49:52.073 31586 31586 E ArmVmp : Match on catch block at 0xc3 in for 0x7e4e5e4025
04-05 20:49:52.077 31586 31586 E ArmVmp : Match on catch block at 0xc3 in for 0x7e4e5e4025
04-05 20:49:52.087 31586 31586 E ArmVmp : Match on catch block at 0xc3 in for 0x7e4e5e4025
04-05 20:49:52.091 31586 31586 E ArmVmp : Match on catch block at 0xc3 in for 0x7e4e5e4025
04-05 20:49:52.101 31586 31586 E ArmVmp : Match on catch block at 0xc3 in for 0x7e4e5e4025
04-05 20:49:52.106 31586 31586 E ArmVmp : Match on catch block at 0xc3 in for 0x7e4e5e4025
04-05 20:49:52.117 31586 31586 E ArmVmp : Match on catch block at 0xc3 in for 0x7e4e5e4025
04-05 20:49:52.120 31586 31586 E ArmVmp : Match on catch block at 0xc3 in for 0x7e4e5e4025
04-05 20:49:52.131 31586 31586 E ArmVmp : Match on catch block at 0xc3 in for 0x7e4e5e4025
04-05 20:49:52.135 31586 31586 E ArmVmp : Match on catch block at 0xc3 in for 0x7e4e5e4025
04-05 20:49:52.145 31586 31586 E ArmVmp : Match on catch block at 0xc3 in for 0x7e4e5e4025
04-05 20:49:52.149 31586 31586 E ArmVmp : Match on catch block at 0xc3 in for 0x7e4e5e4025
04-05 20:49:52.156 31586 31586 E ArmVmp : Match on catch block at 0xc3 in for 0x7e4e5e4025
04-05 20:49:52.167 31586 31586 E ArmVmp : Match on catch block at 0xc3 in for 0x7e4e5e4025
04-05 20:49:52.174 31586 31586 E ArmVmp : Match on catch block at 0xc3 in for 0x7e4e5e4025
04-05 20:49:52.179 31586 31586 E ArmVmp : Match on catch block at 0xc3 in for 0x7e4e5e4025
04-05 20:49:52.589 31586 31586 E ArmVmp : Match on catch block at 0xc3 in for 0x7e4e5e4025
04-05 20:49:52.594 31586 31586 E ArmVmp : Match on catch block at 0xc3 in for 0x7e4e5e4025
04-05 20:49:53.020 31586 31586 W JobService: onNetworkChanged() not implemented in androidx.work.impl.background.systemjob.SystemJobService. Must override in a subclass.
04-05 20:49:53.091 31586 31586 E ArmVmp : Match on catch block at 0xc3 in for 0x7e4e5e4025
04-05 20:49:53.095 31586 31586 E ArmVmp : Match on catch block at 0xc3 in for 0x7e4e5e4025
04-05 20:49:53.594 31586 31586 E ArmVmp : Match on catch block at 0xc3 in for 0x7e4e5e4025
04-05 20:49:53.604 31586 31586 E ArmVmp : Match on catch block at 0xc3 in for 0x7e4e5e4025
04-05 20:49:53.716 31586 31586 W WindowOnBackDispatcher: sendCancelIfRunning: isInProgress=falsecallback=android.view.ViewRootImpl$ $ExternalSyntheticLambda22@bd300a7
04-05 20:49:53.824 31586 32410 E OpenGLRenderer: Unable to match the desired swap behavior.
04-05 20:49:54.111 31586 31586 E ArmVmp : Match on catch block at 0xc3 in for 0x7e4e5e4025
04-05 20:49:54.116 31586 31586 E ArmVmp : Match on catch block at 0xc3 in for 0x7e4e5e4025
04-05 20:49:54.613 31586 31586 E ArmVmp : Match on catch block at 0xc3 in for 0x7e4e5e4025
04-05 20:49:54.621 31586 31586 E ArmVmp : Match on catch block at 0xc3 in for 0x7e4e5e4025
04-05 20:49:55.070 31586 31586 E ArmVmp : Match on catch block at 0xc3 in for 0x7e4e5e4025
04-05 20:49:55.075 31586 31586 E ArmVmp : Match on catch block at 0xc3 in for 0x7e4e5e4025
04-05 20:49:55.083 31586 31586 E ArmVmp : Match on catch block at 0xc3 in for 0x7e4e5e4025
04-05 20:49:55.088 31586 31586 E ArmVmp : Match on catch block at 0xc3 in for 0x7e4e5e4025
04-05 20:49:55.113 31586 31586 E ArmVmp : Match on catch block at 0xc3 in for 0x7e4e5e4025
04-05 20:49:55.118 31586 31586 E ArmVmp : Match on catch block at 0xc3 in for 0x7e4e5e4025
04-05 20:49:55.614 31586 31586 E ArmVmp : Match on catch block at 0xc3 in for 0x7e4e5e4025
04-05 20:49:55.619 31586 31586 E ArmVmp : Match on catch block at 0xc3 in for 0x7e4e5e4025
04-05 20:49:55.718 31586 31586 W WindowOnBackDispatcher: sendCancelIfRunning: isInProgress=falsecallback=android.view.ViewRootImpl$ $ExternalSyntheticLambda22@a0d5d9f
04-05 20:49:56.115 31586 31586 E ArmVmp : Match on catch block at 0xc3 in for 0x7e4e5e4025
04-05 20:49:56.120 31586 31586 E ArmVmp : Match on catch block at 0xc3 in for 0x7e4e5e4025
04-05 20:49:56.135 31586 32512 W MediaPlayer: Use of stream types is deprecated for operations other than volume control
04-05 20:49:56.135 31586 32512 W MediaPlayer: See the documentation of setAudioStreamType() for what to use instead with android.media.AudioAttributes to qualify your playback use case
04-05 20:49:56.201 31586 31586 E ArmVmp : Match on catch block at 0xc3 in for 0x7e4e5e4025
04-05 20:49:56.204 31586 31586 E ArmVmp : Match on catch block at 0xc3 in for 0x7e4e5e4025
04-05 20:49:56.227 31586 31586 E ArmVmp : Match on catch block at 0xc3 in for 0x7e4e5e4025
04-05 20:49:56.231 31586 31586 E ArmVmp : Match on catch block at 0xc3 in for 0x7e4e5e4025
04-05 20:49:56.281 31586 31586 E ArmVmp : Match on catch block at 0xc3 in for 0x7e4e5e4025
04-05 20:49:56.292 31586 31586 E ArmVmp : Match on catch block at 0xc3 in for 0x7e4e5e4025
04-05 20:49:56.298 31586 31586 E ArmVmp : Match on catch block at 0xc3 in for 0x7e4e5e4025
04-05 20:49:56.301 31586 31586 E ArmVmp : Match on catch block at 0xc3 in for 0x7e4e5e4025
04-05 20:49:56.618 31586 31586 E ArmVmp : Match on catch block at 0xc3 in for 0x7e4e5e4025
04-05 20:49:56.628 31586 31586 E ArmVmp : Match on catch block at 0xc3 in for 0x7e4e5e4025
04-05 20:49:56.740 31586 31586 E ArmVmp : Match on catch block at 0xc3 in for 0x7e4e5e4025
04-05 20:49:56.744 31586 31586 E ArmVmp : Match on catch block at 0xc3 in for 0x7e4e5e4025
04-05 20:49:56.751 31586 31586 E ArmVmp : Match on catch block at 0xc3 in for 0x7e4e5e4025
04-05 20:49:56.758 31586 31586 E ArmVmp : Match on catch block at 0xc3 in for 0x7e4e5e4025
04-05 20:49:56.766 31586 31586 E ArmVmp : Match on catch block at 0xc3 in for 0x7e4e5e4025
04-05 20:49:56.769 31586 31586 E ArmVmp : Match on catch block at 0xc3 in for 0x7e4e5e4025
04-05 20:49:56.782 31586 31586 E ArmVmp : Match on catch block at 0xc3 in for 0x7e4e5e4025
04-05 20:49:56.784 31586 31586 E ArmVmp : Match on catch block at 0xc3 in for 0x7e4e5e4025
04-05 20:49:56.799 31586 31586 E ArmVmp : Match on catch block at 0xc3 in for 0x7e4e5e4025
04-05 20:49:56.802 31586 31586 E ArmVmp : Match on catch block at 0xc3 in for 0x7e4e5e4025
04-05 20:49:56.815 31586 31586 E ArmVmp : Match on catch block at 0xc3 in for 0x7e4e5e4025
04-05 20:49:56.818 31586 31586 E ArmVmp : Match on catch block at 0xc3 in for 0x7e4e5e4025
04-05 20:49:56.832 31586 31586 E ArmVmp : Match on catch block at 0xc3 in for 0x7e4e5e4025
04-05 20:49:56.836 31586 31586 E ArmVmp : Match on catch block at 0xc3 in for 0x7e4e5e4025
04-05 20:49:56.850 31586 31586 E ArmVmp : Match on catch block at 0xc3 in for 0x7e4e5e4025
04-05 20:49:56.856 31586 31586 E ArmVmp : Match on catch block at 0xc3 in for 0x7e4e5e4025
04-05 20:49:56.866 31586 31586 E ArmVmp : Match on catch block at 0xc3 in for 0x7e4e5e4025
04-05 20:49:56.872 31586 31586 E ArmVmp : Match on catch block at 0xc3 in for 0x7e4e5e4025
04-05 20:49:56.877 31586 31686 E SQLiteDatabase: Error inserting transferred=1 media_job_uuid=b8fc6d28-5a8f-4ab3-95b8-af3296f5d6c5 transcoded=0 gif_attribution=0 first_scan_length=0 direct_path=/v/t62.7117- 24/30932205_768761398561905_6143756274104593156_n.enc?ccb=11- 4&oh=01_ASDESJrMpuhYep8pwVrr_IVt1sGNCn2Qn37d0SudxCDoyQ&oe=66382EAB&_nc_sid=5e03e0 thumbnail_height_width_ratio=0.0 is_animated_sticker=0 file_hash=TM4kPqtstK2GzRIQlpDuaw521fg4TFW9VaINWbUx19M= file_path=Media/MBWhatsApp Voice Notes/202414/PTT-20240405-WA0000.opus file_size=12548 partial_media_hash=null face_x=0 face_y=0 height=0 trim_to=0 media_key_timestamp=1712368191000 message_url=https://mmg.whatsapp.net/v/t62.7117- 24/30932205_768761398561905_6143756274104593156_n.enc?ccb=11- 4&oh=01_ASDESJrMpuhYep8pwVrr_IVt1sGNCn2Qn37d0SudxCDoyQ&oe=66382EAB&_nc_sid=5e03e0&m ms3=true media_caption=null trim_from=0 mime_type=audio/ogg; codecs=opus partial_media_enc_hash=null width=0 original_file_hash=null has_streaming_sidecar=0 autotransfer_retry_enabled=1 media_upload_handle=null message_row_id=37 multicast_id=null enc_file_hash=i8qC90rkVlL2Hl1FY58E2lq1eGmUgNyh3TFoMbxU/Uc= mute_video=0 page_count=0 first_scan_sidecar=null suspicious_content=0 file_length=12548 media_name=null media_duration=5 chat_row_id=6 media_key=[B@11feaf6
04-05 20:49:56.877 31586 31686 E SQLiteDatabase: android.database.sqlite.SQLiteConstraintException: UNIQUE constraint failed: message_media.message_row_id (code 1555 SQLITE_CONSTRAINT_PRIMARYKEY)
04-05 20:49:56.877 31586 31686 E SQLiteDatabase: at android.database.sqlite.SQLiteConnection.nativeExecuteForLastInsertedRowId(Native Method)
04-05 20:49:56.877 31586 31686 E SQLiteDatabase: at android.database.sqlite.SQLiteConnection.executeForLastInsertedRowId(SQLiteConnecti on.java:961)
04-05 20:49:56.877 31586 31686 E SQLiteDatabase: at android.database.sqlite.SQLiteSession.executeForLastInsertedRowId(SQLiteSession.jav a:790)
04-05 20:49:56.877 31586 31686 E SQLiteDatabase: at android.database.sqlite.SQLiteStatement.executeInsert(SQLiteStatement.java:89)
04-05 20:49:56.877 31586 31686 E SQLiteDatabase: at android.database.sqlite.SQLiteDatabase.insertWithOnConflict(SQLiteDatabase.java:187 0)
04-05 20:49:56.877 31586 31686 E SQLiteDatabase: at android.database.sqlite.SQLiteDatabase.insert(SQLiteDatabase.java:1739)
04-05 20:49:56.877 31586 31686 E SQLiteDatabase: at X.2tm.A08(Unknown Source:6)
04-05 20:49:56.877 31586 31686 E SQLiteDatabase: at X.35Y.A07(Unknown Source:212)
04-05 20:49:56.877 31586 31686 E SQLiteDatabase: at X.3QF.A14(Unknown Source:470)
04-05 20:49:56.877 31586 31686 E SQLiteDatabase: at X.3gU.run(Unknown Source:982)
04-05 20:49:56.877 31586 31686 E SQLiteDatabase: at android.os.Handler.handleCallback(Handler.java:958)
04-05 20:49:56.877 31586 31686 E SQLiteDatabase: at android.os.Handler.dispatchMessage(Handler.java:99)
04-05 20:49:56.877 31586 31686 E SQLiteDatabase: at X.0zq.dispatchMessage(Unknown Source:4)
04-05 20:49:56.877 31586 31686 E SQLiteDatabase: at android.os.Looper.loopOnce(Looper.java:224)
04-05 20:49:56.877 31586 31686 E SQLiteDatabase: at android.os.Looper.loop(Looper.java:318)
04-05 20:49:56.877 31586 31686 E SQLiteDatabase: at android.os.HandlerThread.run(HandlerThread.java:67)
04-05 20:49:56.882 31586 31586 E ArmVmp : Match on catch block at 0xc3 in for 0x7e4e5e4025
04-05 20:49:56.886 31586 31586 E ArmVmp : Match on catch block at 0xc3 in for 0x7e4e5e4025
04-05 20:49:56.904 31586 31586 E ArmVmp : Match on catch block at 0xc3 in for 0x7e4e5e4025
04-05 20:49:56.907 31586 31586 E ArmVmp : Match on catch block at 0xc3 in for 0x7e4e5e4025
04-05 20:49:56.916 31586 31586 E ArmVmp : Match on catch block at 0xc3 in for 0x7e4e5e4025
04-05 20:49:56.920 31586 31586 E ArmVmp : Match on catch block at 0xc3 in for 0x7e4e5e4025
04-05 20:49:57.117 31586 31586 E ArmVmp : Match on catch block at 0xc3 in for 0x7e4e5e4025
04-05 20:49:57.123 31586 31586 E ArmVmp : Match on catch block at 0xc3 in for 0x7e4e5e4025
04-05 20:49:57.167 31586 31586 E ArmVmp : Match on catch block at 0xc3 in for 0x7e4e5e4025
04-05 20:49:57.173 31586 31586 E ArmVmp : Match on catch block at 0xc3 in for 0x7e4e5e4025
04-05 20:49:57.186 31586 31586 W AudioManager: Use of stream types is deprecated for operations other than volume control
04-05 20:49:57.186 31586 31586 W AudioManager: See the documentation of requestAudioFocus() for what to use instead with android.media.AudioAttributes to qualify your playback use case
04-05 20:49:57.253 31586 31686 E SQLiteDatabase: Error inserting transferred=1 media_job_uuid=b8fc6d28-5a8f-4ab3-95b8-af3296f5d6c5 transcoded=0 gif_attribution=0 first_scan_length=0 direct_path=/v/t62.7117- 24/30932205_768761398561905_6143756274104593156_n.enc?ccb=11- 4&oh=01_ASDESJrMpuhYep8pwVrr_IVt1sGNCn2Qn37d0SudxCDoyQ&oe=66382EAB&_nc_sid=5e03e0 thumbnail_height_width_ratio=0.0 is_animated_sticker=0 file_hash=TM4kPqtstK2GzRIQlpDuaw521fg4TFW9VaINWbUx19M= file_path=Media/MBWhatsApp Voice Notes/202414/PTT-20240405-WA0000.opus file_size=12548 partial_media_hash=null face_x=0 face_y=0 height=0 trim_to=0 media_key_timestamp=1712368191000 message_url=https://mmg.whatsapp.net/v/t62.7117- 24/30932205_768761398561905_6143756274104593156_n.enc?ccb=11- 4&oh=01_ASDESJrMpuhYep8pwVrr_IVt1sGNCn2Qn37d0SudxCDoyQ&oe=66382EAB&_nc_sid=5e03e0&m ms3=true media_caption=null trim_from=0 mime_type=audio/ogg; codecs=opus partial_media_enc_hash=null width=0 original_file_hash=null has_streaming_sidecar=0 autotransfer_retry_enabled=1 media_upload_handle=null message_row_id=37 multicast_id=null enc_file_hash=i8qC90rkVlL2Hl1FY58E2lq1eGmUgNyh3TFoMbxU/Uc= mute_video=0 page_count=0 first_scan_sidecar=null suspicious_content=0 file_length=12548 media_name=PTT-20240405-WA0000.opus media_duration=5 chat_row_id=6 media_key=[B@11feaf6
04-05 20:49:57.253 31586 31686 E SQLiteDatabase: android.database.sqlite.SQLiteConstraintException: UNIQUE constraint failed: message_media.message_row_id (code 1555 SQLITE_CONSTRAINT_PRIMARYKEY)
04-05 20:49:57.253 31586 31686 E SQLiteDatabase: at android.database.sqlite.SQLiteConnection.nativeExecuteForLastInsertedRowId(Native Method)
04-05 20:49:57.253 31586 31686 E SQLiteDatabase: at android.database.sqlite.SQLiteConnection.executeForLastInsertedRowId(SQLiteConnecti on.java:961)
04-05 20:49:57.253 31586 31686 E SQLiteDatabase: at android.database.sqlite.SQLiteSession.executeForLastInsertedRowId(SQLiteSession.jav a:790)
04-05 20:49:57.253 31586 31686 E SQLiteDatabase: at android.database.sqlite.SQLiteStatement.executeInsert(SQLiteStatement.java:89)
04-05 20:49:57.253 31586 31686 E SQLiteDatabase: at android.database.sqlite.SQLiteDatabase.insertWithOnConflict(SQLiteDatabase.java:187 0)
04-05 20:49:57.253 31586 31686 E SQLiteDatabase: at android.database.sqlite.SQLiteDatabase.insert(SQLiteDatabase.java:1739)
04-05 20:49:57.253 31586 31686 E SQLiteDatabase: at X.2tm.A08(Unknown Source:6)
04-05 20:49:57.253 31586 31686 E SQLiteDatabase: at X.35Y.A07(Unknown Source:212)
04-05 20:49:57.253 31586 31686 E SQLiteDatabase: at X.3QF.A14(Unknown Source:470)
04-05 20:49:57.253 31586 31686 E SQLiteDatabase: at X.31e.A03(Unknown Source:174)
04-05 20:49:57.253 31586 31686 E SQLiteDatabase: at X.3g7.run(Unknown Source:1017)
04-05 20:49:57.253 31586 31686 E SQLiteDatabase: at android.os.Handler.handleCallback(Handler.java:958)
04-05 20:49:57.253 31586 31686 E SQLiteDatabase: at android.os.Handler.dispatchMessage(Handler.java:99)
04-05 20:49:57.253 31586 31686 E SQLiteDatabase: at X.0zq.dispatchMessage(Unknown Source:4)
04-05 20:49:57.253 31586 31686 E SQLiteDatabase: at android.os.Looper.loopOnce(Looper.java:224)
04-05 20:49:57.253 31586 31686 E SQLiteDatabase: at android.os.Looper.loop(Looper.java:318)
04-05 20:49:57.253 31586 31686 E SQLiteDatabase: at android.os.HandlerThread.run(HandlerThread.java:67)
04-05 20:49:57.378 31586 31586 E ArmVmp : Match on catch block at 0xc3 in for 0x7e4e5e4025
04-05 20:49:57.384 31586 31586 E ArmVmp : Match on catch block at 0xc3 in for 0x7e4e5e4025
04-05 20:49:57.403 31586 379 W EpFrameworkFactory: activated: false jar exist: false
04-05 20:49:57.439 31586 31586 E ArmVmp : Match on catch block at 0xc3 in for 0x7e4e5e4025
04-05 20:49:57.443 31586 31586 E ArmVmp : Match on catch block at 0xc3 in for 0x7e4e5e4025
04-05 20:49:57.451 31586 31586 E ArmVmp : Match on catch block at 0xc3 in for 0x7e4e5e4025
04-05 20:49:57.457 31586 31586 E ArmVmp : Match on catch block at 0xc3 in for 0x7e4e5e4025
04-05 20:49:57.467 31586 31586 E ArmVmp : Match on catch block at 0xc3 in for 0x7e4e5e4025
04-05 20:49:57.468 31586 31687 E SQLiteDatabase: Error inserting transferred=1 media_job_uuid=b8fc6d28-5a8f-4ab3-95b8-af3296f5d6c5 transcoded=0 gif_attribution=0 first_scan_length=0 direct_path=/v/t62.7117- 24/30932205_768761398561905_6143756274104593156_n.enc?ccb=11- 4&oh=01_ASDESJrMpuhYep8pwVrr_IVt1sGNCn2Qn37d0SudxCDoyQ&oe=66382EAB&_nc_sid=5e03e0 thumbnail_height_width_ratio=0.0 is_animated_sticker=0 file_hash=TM4kPqtstK2GzRIQlpDuaw521fg4TFW9VaINWbUx19M= file_path=Media/MBWhatsApp Voice Notes/202414/PTT-20240405-WA0000.opus file_size=12548 partial_media_hash=null face_x=0 face_y=0 height=0 trim_to=0 media_key_timestamp=1712368191000 message_url=https://mmg.whatsapp.net/v/t62.7117- 24/30932205_768761398561905_6143756274104593156_n.enc?ccb=11- 4&oh=01_ASDESJrMpuhYep8pwVrr_IVt1sGNCn2Qn37d0SudxCDoyQ&oe=66382EAB&_nc_sid=5e03e0&m ms3=true media_caption=null trim_from=0 mime_type=audio/ogg; codecs=opus partial_media_enc_hash=null width=0 original_file_hash=null has_streaming_sidecar=0 autotransfer_retry_enabled=1 media_upload_handle=null message_row_id=37 multicast_id=null enc_file_hash=i8qC90rkVlL2Hl1FY58E2lq1eGmUgNyh3TFoMbxU/Uc= mute_video=0 page_count=0 first_scan_sidecar=null suspicious_content=0 file_length=12548 media_name=PTT-20240405-WA0000.opus media_duration=5 chat_row_id=6 media_key=[B@11feaf6
04-05 20:49:57.468 31586 31687 E SQLiteDatabase: android.database.sqlite.SQLiteConstraintException: UNIQUE constraint failed: message_media.message_row_id (code 1555 SQLITE_CONSTRAINT_PRIMARYKEY)
04-05 20:49:57.468 31586 31687 E SQLiteDatabase: at android.database.sqlite.SQLiteConnection.nativeExecuteForLastInsertedRowId(Native Method)
04-05 20:49:57.468 31586 31687 E SQLiteDatabase: at android.database.sqlite.SQLiteConnection.executeForLastInsertedRowId(SQLiteConnecti on.java:961)
04-05 20:49:57.468 31586 31687 E SQLiteDatabase: at android.database.sqlite.SQLiteSession.executeForLastInsertedRowId(SQLiteSession.jav a:790)
04-05 20:49:57.468 31586 31687 E SQLiteDatabase: at android.database.sqlite.SQLiteStatement.executeInsert(SQLiteStatement.java:89)
04-05 20:49:57.468 31586 31687 E SQLiteDatabase: at android.database.sqlite.SQLiteDatabase.insertWithOnConflict(SQLiteDatabase.java:187 0)
04-05 20:49:57.468 31586 31687 E SQLiteDatabase: at android.database.sqlite.SQLiteDatabase.insert(SQLiteDatabase.java:1739)
04-05 20:49:57.468 31586 31687 E SQLiteDatabase: at X.2tm.A08(Unknown Source:6)
04-05 20:49:57.468 31586 31687 E SQLiteDatabase: at X.35Y.A07(Unknown Source:212)
04-05 20:49:57.468 31586 31687 E SQLiteDatabase: at X.3QF.A14(Unknown Source:470)
04-05 20:49:57.468 31586 31687 E SQLiteDatabase: at X.31e.A03(Unknown Source:174)
04-05 20:49:57.468 31586 31687 E SQLiteDatabase: at X.3Uz.A07(Unknown Source:381)
04-05 20:49:57.468 31586 31687 E SQLiteDatabase: at X.3Uz.A02(Unknown Source:692)
04-05 20:49:57.468 31586 31687 E SQLiteDatabase: at X.3eS.run(Unknown Source:4041)
04-05 20:49:57.468 31586 31687 E SQLiteDatabase: at android.os.Handler.handleCallback(Handler.java:958)
04-05 20:49:57.468 31586 31687 E SQLiteDatabase: at android.os.Handler.dispatchMessage(Handler.java:99)
04-05 20:49:57.468 31586 31687 E SQLiteDatabase: at X.0zr.dispatchMessage(Unknown Source:4)
04-05 20:49:57.468 31586 31687 E SQLiteDatabase: at android.os.Looper.loopOnce(Looper.java:224)
04-05 20:49:57.468 31586 31687 E SQLiteDatabase: at android.os.Looper.loop(Looper.java:318)
04-05 20:49:57.468 31586 31687 E SQLiteDatabase: at android.os.HandlerThread.run(HandlerThread.java:67)
04-05 20:49:57.472 31586 31586 E ArmVmp : Match on catch block at 0xc3 in for 0x7e4e5e4025
04-05 20:49:57.475 31586 379 W AudioTrack: getTimestamp_l(14023): retrograde timestamp time corrected, 354435766122863 < 354435772517551
04-05 20:49:57.489 31586 31586 E ArmVmp : Match on catch block at 0xc3 in for 0x7e4e5e4025
04-05 20:49:57.494 31586 31586 E ArmVmp : Match on catch block at 0xc3 in for 0x7e4e5e4025
04-05 20:49:57.502 31586 31586 E ArmVmp : Match on catch block at 0xc3 in for 0x7e4e5e4025
04-05 20:49:57.508 31586 31586 E ArmVmp : Match on catch block at 0xc3 in for 0x7e4e5e4025
04-05 20:49:57.520 31586 31586 E ArmVmp : Match on catch block at 0xc3 in for 0x7e4e5e4025
04-05 20:49:57.534 31586 31586 E ArmVmp : Match on catch block at 0xc3 in for 0x7e4e5e4025
04-05 20:49:57.551 31586 31586 E ArmVmp : Match on catch block at 0xc3 in for 0x7e4e5e4025
04-05 20:49:57.557 31586 31586 E ArmVmp : Match on catch block at 0xc3 in for 0x7e4e5e4025
04-05 20:49:57.570 31586 31586 E ArmVmp : Match on catch block at 0xc3 in for 0x7e4e5e4025
04-05 20:49:57.574 31586 31586 E ArmVmp : Match on catch block at 0xc3 in for 0x7e4e5e4025
04-05 20:49:57.584 31586 31586 E ArmVmp : Match on catch block at 0xc3 in for 0x7e4e5e4025
04-05 20:49:57.589 31586 31586 E ArmVmp : Match on catch block at 0xc3 in for 0x7e4e5e4025
04-05 20:49:57.601 31586 31586 E ArmVmp : Match on catch block at 0xc3 in for 0x7e4e5e4025
04-05 20:49:57.605 31586 31586 E ArmVmp : Match on catch block at 0xc3 in for 0x7e4e5e4025
04-05 20:49:57.618 31586 31586 E ArmVmp : Match on catch block at 0xc3 in for 0x7e4e5e4025
04-05 20:49:57.621 31586 31586 E ArmVmp : Match on catch block at 0xc3 in for 0x7e4e5e4025
04-05 20:49:57.634 31586 31586 E ArmVmp : Match on catch block at 0xc3 in for 0x7e4e5e4025
04-05 20:49:57.637 31586 31586 E ArmVmp : Match on catch block at 0xc3 in for 0x7e4e5e4025
04-05 20:49:57.651 31586 31586 E ArmVmp : Match on catch block at 0xc3 in for 0x7e4e5e4025
04-05 20:49:57.654 31586 31586 E ArmVmp : Match on catch block at 0xc3 in for 0x7e4e5e4025
04-05 20:49:57.701 31586 31586 E ArmVmp : Match on catch block at 0xc3 in for 0x7e4e5e4025
04-05 20:49:57.705 31586 31586 E ArmVmp : Match on catch block at 0xc3 in for 0x7e4e5e4025
04-05 20:49:57.753 31586 31586 E ArmVmp : Match on catch block at 0xc3 in for 0x7e4e5e4025
04-05 20:49:57.761 31586 31586 E ArmVmp : Match on catch block at 0xc3 in for 0x7e4e5e4025
04-05 20:49:57.803 31586 31586 E ArmVmp : Match on catch block at 0xc3 in for 0x7e4e5e4025
04-05 20:49:57.808 31586 31586 E ArmVmp : Match on catch block at 0xc3 in for 0x7e4e5e4025
04-05 20:49:57.852 31586 31586 E ArmVmp : Match on catch block at 0xc3 in for 0x7e4e5e4025
04-05 20:49:57.858 31586 31586 E ArmVmp : Match on catch block at 0xc3 in for 0x7e4e5e4025
04-05 20:49:57.902 31586 31586 E ArmVmp : Match on catch block at 0xc3 in for 0x7e4e5e4025
04-05 20:49:57.907 31586 31586 E ArmVmp : Match on catch block at 0xc3 in for 0x7e4e5e4025
04-05 20:49:57.953 31586 31586 E ArmVmp : Match on catch block at 0xc3 in for 0x7e4e5e4025
04-05 20:49:57.960 31586 31586 E ArmVmp : Match on catch block at 0xc3 in for 0x7e4e5e4025
04-05 20:49:58.003 31586 31586 E ArmVmp : Match on catch block at 0xc3 in for 0x7e4e5e4025
04-05 20:49:58.009 31586 31586 E ArmVmp : Match on catch block at 0xc3 in for 0x7e4e5e4025
04-05 20:49:58.053 31586 31586 E ArmVmp : Match on catch block at 0xc3 in for 0x7e4e5e4025
04-05 20:49:58.058 31586 31586 E ArmVmp : Match on catch block at 0xc3 in for 0x7e4e5e4025
04-05 20:49:58.103 31586 31586 E ArmVmp : Match on catch block at 0xc3 in for 0x7e4e5e4025
04-05 20:49:58.108 31586 31586 E ArmVmp : Match on catch block at 0xc3 in for 0x7e4e5e4025
04-05 20:49:58.120 31586 31586 E ArmVmp : Match on catch block at 0xc3 in for 0x7e4e5e4025
04-05 20:49:58.125 31586 31586 E ArmVmp : Match on catch block at 0xc3 in for 0x7e4e5e4025
04-05 20:49:58.153 31586 31586 E ArmVmp : Match on catch block at 0xc3 in for 0x7e4e5e4025
04-05 20:49:58.157 31586 31586 E ArmVmp : Match on catch block at 0xc3 in for 0x7e4e5e4025
04-05 20:49:58.220 31586 31586 E ArmVmp : Match on catch block at 0xc3 in for 0x7e4e5e4025
04-05 20:49:58.225 31586 31586 E ArmVmp : Match on catch block at 0xc3 in for 0x7e4e5e4025
04-05 20:49:58.270 31586 31586 E ArmVmp : Match on catch block at 0xc3 in for 0x7e4e5e4025
04-05 20:49:58.274 31586 31586 E ArmVmp : Match on catch block at 0xc3 in for 0x7e4e5e4025
04-05 20:49:58.320 31586 31586 E ArmVmp : Match on catch block at 0xc3 in for 0x7e4e5e4025
04-05 20:49:58.325 31586 31586 E ArmVmp : Match on catch block at 0xc3 in for 0x7e4e5e4025
04-05 20:49:58.370 31586 31586 E ArmVmp : Match on catch block at 0xc3 in for 0x7e4e5e4025
04-05 20:49:58.375 31586 31586 E ArmVmp : Match on catch block at 0xc3 in for 0x7e4e5e4025
04-05 20:49:58.420 31586 31586 E ArmVmp : Match on catch block at 0xc3 in for 0x7e4e5e4025
04-05 20:49:58.425 31586 31586 E ArmVmp : Match on catch block at 0xc3 in for 0x7e4e5e4025
04-05 20:49:58.470 31586 31586 E ArmVmp : Match on catch block at 0xc3 in for 0x7e4e5e4025
04-05 20:49:58.475 31586 31586 E ArmVmp : Match on catch block at 0xc3 in for 0x7e4e5e4025
04-05 20:49:58.520 31586 31586 E ArmVmp : Match on catch block at 0xc3 in for 0x7e4e5e4025
04-05 20:49:58.525 31586 31586 E ArmVmp : Match on catch block at 0xc3 in for 0x7e4e5e4025
04-05 20:49:58.571 31586 31586 E ArmVmp : Match on catch block at 0xc3 in for 0x7e4e5e4025
04-05 20:49:58.579 31586 31586 E ArmVmp : Match on catch block at 0xc3 in for 0x7e4e5e4025
04-05 20:49:58.621 31586 31586 E ArmVmp : Match on catch block at 0xc3 in for 0x7e4e5e4025
04-05 20:49:58.626 31586 31586 E ArmVmp : Match on catch block at 0xc3 in for 0x7e4e5e4025
04-05 20:49:58.671 31586 31586 E ArmVmp : Match on catch block at 0xc3 in for 0x7e4e5e4025
04-05 20:49:58.675 31586 31586 E ArmVmp : Match on catch block at 0xc3 in for 0x7e4e5e4025
04-05 20:49:58.721 31586 31586 E ArmVmp : Match on catch block at 0xc3 in for 0x7e4e5e4025
04-05 20:49:58.725 31586 31586 E ArmVmp : Match on catch block at 0xc3 in for 0x7e4e5e4025
04-05 20:49:58.771 31586 31586 E ArmVmp : Match on catch block at 0xc3 in for 0x7e4e5e4025
04-05 20:49:58.775 31586 31586 E ArmVmp : Match on catch block at 0xc3 in for 0x7e4e5e4025
04-05 20:49:58.838 31586 31586 E ArmVmp : Match on catch block at 0xc3 in for 0x7e4e5e4025
04-05 20:49:58.843 31586 31586 E ArmVmp : Match on catch block at 0xc3 in for 0x7e4e5e4025
04-05 20:49:58.888 31586 31586 E ArmVmp : Match on catch block at 0xc3 in for 0x7e4e5e4025
04-05 20:49:58.897 31586 31586 E ArmVmp : Match on catch block at 0xc3 in for 0x7e4e5e4025
04-05 20:49:58.939 31586 31586 E ArmVmp : Match on catch block at 0xc3 in for 0x7e4e5e4025
04-05 20:49:58.949 31586 31586 E ArmVmp : Match on catch block at 0xc3 in for 0x7e4e5e4025
04-05 20:49:58.991 31586 31586 E ArmVmp : Match on catch block at 0xc3 in for 0x7e4e5e4025
04-05 20:49:58.997 31586 31586 E ArmVmp : Match on catch block at 0xc3 in for 0x7e4e5e4025
04-05 20:49:59.040 31586 31586 E ArmVmp : Match on catch block at 0xc3 in for 0x7e4e5e4025
04-05 20:49:59.047 31586 31586 E ArmVmp : Match on catch block at 0xc3 in for 0x7e4e5e4025
04-05 20:49:59.090 31586 31586 E ArmVmp : Match on catch block at 0xc3 in for 0x7e4e5e4025
04-05 20:49:59.100 31586 31586 E ArmVmp : Match on catch block at 0xc3 in for 0x7e4e5e4025
04-05 20:49:59.123 31586 31586 E ArmVmp : Match on catch block at 0xc3 in for 0x7e4e5e4025
04-05 20:49:59.132 31586 31586 E ArmVmp : Match on catch block at 0xc3 in for 0x7e4e5e4025
04-05 20:49:59.141 31586 31586 E ArmVmp : Match on catch block at 0xc3 in for 0x7e4e5e4025
04-05 20:49:59.148 31586 31586 E ArmVmp : Match on catch block at 0xc3 in for 0x7e4e5e4025
04-05 20:49:59.161 31586 31586 E ArmVmp : Match on catch block at 0xc3 in for 0x7e4e5e4025
04-05 20:49:59.168 31586 31586 E ArmVmp : Match on catch block at 0xc3 in for 0x7e4e5e4025
04-05 20:49:59.178 31586 31586 E ArmVmp : Match on catch block at 0xc3 in for 0x7e4e5e4025
04-05 20:49:59.186 31586 31586 E ArmVmp : Match on catch block at 0xc3 in for 0x7e4e5e4025
04-05 20:49:59.197 31586 31586 E ArmVmp : Match on catch block at 0xc3 in for 0x7e4e5e4025
04-05 20:49:59.206 31586 31586 E ArmVmp : Match on catch block at 0xc3 in for 0x7e4e5e4025
04-05 20:49:59.223 31586 31586 E ArmVmp : Match on catch block at 0xc3 in for 0x7e4e5e4025
04-05 20:49:59.228 31586 31586 E ArmVmp : Match on catch block at 0xc3 in for 0x7e4e5e4025
04-05 20:49:59.240 31586 31586 E ArmVmp : Match on catch block at 0xc3 in for 0x7e4e5e4025
04-05 20:49:59.245 31586 31586 E ArmVmp : Match on catch block at 0xc3 in for 0x7e4e5e4025
04-05 20:49:59.256 31586 31586 E ArmVmp : Match on catch block at 0xc3 in for 0x7e4e5e4025
04-05 20:49:59.262 31586 31586 E ArmVmp : Match on catch block at 0xc3 in for 0x7e4e5e4025
04-05 20:49:59.273 31586 31586 E ArmVmp : Match on catch block at 0xc3 in for 0x7e4e5e4025
04-05 20:49:59.278 31586 31586 E ArmVmp : Match on catch block at 0xc3 in for 0x7e4e5e4025
04-05 20:49:59.290 31586 31586 E ArmVmp : Match on catch block at 0xc3 in for 0x7e4e5e4025
04-05 20:49:59.295 31586 31586 E ArmVmp : Match on catch block at 0xc3 in for 0x7e4e5e4025
04-05 20:49:59.306 31586 31586 E ArmVmp : Match on catch block at 0xc3 in for 0x7e4e5e4025
04-05 20:49:59.311 31586 31586 E ArmVmp : Match on catch block at 0xc3 in for 0x7e4e5e4025
04-05 20:49:59.323 31586 31586 E ArmVmp : Match on catch block at 0xc3 in for 0x7e4e5e4025
04-05 20:49:59.329 31586 31586 E ArmVmp : Match on catch block at 0xc3 in for 0x7e4e5e4025
04-05 20:49:59.339 31586 31586 E ArmVmp : Match on catch block at 0xc3 in for 0x7e4e5e4025
04-05 20:49:59.345 31586 31586 E ArmVmp : Match on catch block at 0xc3 in for 0x7e4e5e4025
04-05 20:49:59.356 31586 31586 E ArmVmp : Match on catch block at 0xc3 in for 0x7e4e5e4025
04-05 20:49:59.362 31586 31586 E ArmVmp : Match on catch block at 0xc3 in for 0x7e4e5e4025
04-05 20:49:59.373 31586 31586 E ArmVmp : Match on catch block at 0xc3 in for 0x7e4e5e4025
04-05 20:49:59.378 31586 31586 E ArmVmp : Match on catch block at 0xc3 in for 0x7e4e5e4025
04-05 20:49:59.409 31586 31586 E ArmVmp : Match on catch block at 0xc3 in for 0x7e4e5e4025
04-05 20:49:59.414 31586 31586 E ArmVmp : Match on catch block at 0xc3 in for 0x7e4e5e4025
04-05 20:49:59.473 31586 31586 E ArmVmp : Match on catch block at 0xc3 in for 0x7e4e5e4025
04-05 20:49:59.477 31586 31586 E ArmVmp : Match on catch block at 0xc3 in for 0x7e4e5e4025
04-05 20:49:59.523 31586 31586 E ArmVmp : Match on catch block at 0xc3 in for 0x7e4e5e4025
04-05 20:49:59.527 31586 31586 E ArmVmp : Match on catch block at 0xc3 in for 0x7e4e5e4025
04-05 20:49:59.573 31586 31586 E ArmVmp : Match on catch block at 0xc3 in for 0x7e4e5e4025
04-05 20:49:59.579 31586 31586 E ArmVmp : Match on catch block at 0xc3 in for 0x7e4e5e4025
04-05 20:49:59.625 31586 31586 E ArmVmp : Match on catch block at 0xc3 in for 0x7e4e5e4025
04-05 20:49:59.634 31586 31586 E ArmVmp : Match on catch block at 0xc3 in for 0x7e4e5e4025
04-05 20:49:59.659 31586 31586 E ArmVmp : Match on catch block at 0xc3 in for 0x7e4e5e4025
04-05 20:49:59.666 31586 31586 E ArmVmp : Match on catch block at 0xc3 in for 0x7e4e5e4025
04-05 20:49:59.692 31586 31586 E ArmVmp : Match on catch block at 0xc3 in for 0x7e4e5e4025
04-05 20:49:59.698 31586 31586 E ArmVmp : Match on catch block at 0xc3 in for 0x7e4e5e4025
04-05 20:49:59.740 31586 31586 E ArmVmp : Match on catch block at 0xc3 in for 0x7e4e5e4025
04-05 20:49:59.744 31586 31586 E ArmVmp : Match on catch block at 0xc3 in for 0x7e4e5e4025
04-05 20:49:59.791 31586 31586 E ArmVmp : Match on catch block at 0xc3 in for 0x7e4e5e4025
04-05 20:49:59.796 31586 31586 E ArmVmp : Match on catch block at 0xc3 in for 0x7e4e5e4025
04-05 20:49:59.840 31586 31586 E ArmVmp : Match on catch block at 0xc3 in for 0x7e4e5e4025
04-05 20:49:59.845 31586 31586 E ArmVmp : Match on catch block at 0xc3 in for 0x7e4e5e4025
04-05 20:49:59.891 31586 31586 E ArmVmp : Match on catch block at 0xc3 in for 0x7e4e5e4025
04-05 20:49:59.896 31586 31586 E ArmVmp : Match on catch block at 0xc3 in for 0x7e4e5e4025
04-05 20:49:59.942 31586 31586 E ArmVmp : Match on catch block at 0xc3 in for 0x7e4e5e4025
04-05 20:49:59.950 31586 31586 E ArmVmp : Match on catch block at 0xc3 in for 0x7e4e5e4025
04-05 20:49:59.992 31586 31586 E ArmVmp : Match on catch block at 0xc3 in for 0x7e4e5e4025
04-05 20:50:00.000 31586 31586 E ArmVmp : Match on catch block at 0xc3 in for 0x7e4e5e4025
04-05 20:50:00.040 31586 31586 E ArmVmp : Match on catch block at 0xc3 in for 0x7e4e5e4025
04-05 20:50:00.045 31586 31586 E ArmVmp : Match on catch block at 0xc3 in for 0x7e4e5e4025
04-05 20:50:00.091 31586 31586 E ArmVmp : Match on catch block at 0xc3 in for 0x7e4e5e4025
04-05 20:50:00.096 31586 31586 E ArmVmp : Match on catch block at 0xc3 in for 0x7e4e5e4025
04-05 20:50:00.141 31586 31586 E ArmVmp : Match on catch block at 0xc3 in for 0x7e4e5e4025
04-05 20:50:00.146 31586 31586 E ArmVmp : Match on catch block at 0xc3 in for 0x7e4e5e4025
04-05 20:50:00.158 31586 31586 E ArmVmp : Match on catch block at 0xc3 in for 0x7e4e5e4025
04-05 20:50:00.162 31586 31586 E ArmVmp : Match on catch block at 0xc3 in for 0x7e4e5e4025
04-05 20:50:00.192 31586 31586 E ArmVmp : Match on catch block at 0xc3 in for 0x7e4e5e4025
04-05 20:50:00.198 31586 31586 E ArmVmp : Match on catch block at 0xc3 in for 0x7e4e5e4025
04-05 20:50:00.241 31586 31586 E ArmVmp : Match on catch block at 0xc3 in for 0x7e4e5e4025
04-05 20:50:00.245 31586 31586 E ArmVmp : Match on catch block at 0xc3 in for 0x7e4e5e4025
04-05 20:50:00.292 31586 31586 E ArmVmp : Match on catch block at 0xc3 in for 0x7e4e5e4025
04-05 20:50:00.297 31586 31586 E ArmVmp : Match on catch block at 0xc3 in for 0x7e4e5e4025
04-05 20:50:00.341 31586 31586 E ArmVmp : Match on catch block at 0xc3 in for 0x7e4e5e4025
04-05 20:50:00.346 31586 31586 E ArmVmp : Match on catch block at 0xc3 in for 0x7e4e5e4025
04-05 20:50:00.392 31586 31586 E ArmVmp : Match on catch block at 0xc3 in for 0x7e4e5e4025
04-05 20:50:00.396 31586 31586 E ArmVmp : Match on catch block at 0xc3 in for 0x7e4e5e4025
04-05 20:50:00.445 31586 31586 E ArmVmp : Match on catch block at 0xc3 in for 0x7e4e5e4025
04-05 20:50:00.449 31586 31586 E ArmVmp : Match on catch block at 0xc3 in for 0x7e4e5e4025
04-05 20:50:00.509 31586 31586 E ArmVmp : Match on catch block at 0xc3 in for 0x7e4e5e4025
04-05 20:50:00.514 31586 31586 E ArmVmp : Match on catch block at 0xc3 in for 0x7e4e5e4025
04-05 20:50:00.559 31586 31586 E ArmVmp : Match on catch block at 0xc3 in for 0x7e4e5e4025
04-05 20:50:00.563 31586 31586 E ArmVmp : Match on catch block at 0xc3 in for 0x7e4e5e4025
04-05 20:50:00.610 31586 31586 E ArmVmp : Match on catch block at 0xc3 in for 0x7e4e5e4025
04-05 20:50:00.615 31586 31586 E ArmVmp : Match on catch block at 0xc3 in for 0x7e4e5e4025
04-05 20:50:00.659 31586 31586 E ArmVmp : Match on catch block at 0xc3 in for 0x7e4e5e4025
04-05 20:50:00.668 31586 31586 E ArmVmp : Match on catch block at 0xc3 in for 0x7e4e5e4025
04-05 20:50:00.693 31586 31586 E ArmVmp : Match on catch block at 0xc3 in for 0x7e4e5e4025
04-05 20:50:00.698 31586 31586 E ArmVmp : Match on catch block at 0xc3 in for 0x7e4e5e4025
04-05 20:50:00.709 31586 31586 E ArmVmp : Match on catch block at 0xc3 in for 0x7e4e5e4025
04-05 20:50:00.714 31586 31586 E ArmVmp : Match on catch block at 0xc3 in for 0x7e4e5e4025
04-05 20:50:00.759 31586 31586 E ArmVmp : Match on catch block at 0xc3 in for 0x7e4e5e4025
04-05 20:50:00.763 31586 31586 E ArmVmp : Match on catch block at 0xc3 in for 0x7e4e5e4025
04-05 20:50:00.809 31586 31586 E ArmVmp : Match on catch block at 0xc3 in for 0x7e4e5e4025
04-05 20:50:00.814 31586 31586 E ArmVmp : Match on catch block at 0xc3 in for 0x7e4e5e4025
04-05 20:50:00.876 31586 31586 E ArmVmp : Match on catch block at 0xc3 in for 0x7e4e5e4025
04-05 20:50:00.881 31586 31586 E ArmVmp : Match on catch block at 0xc3 in for 0x7e4e5e4025
04-05 20:50:00.928 31586 31586 E ArmVmp : Match on catch block at 0xc3 in for 0x7e4e5e4025
04-05 20:50:00.935 31586 31586 E ArmVmp : Match on catch block at 0xc3 in for 0x7e4e5e4025
04-05 20:50:00.978 31586 31586 E ArmVmp : Match on catch block at 0xc3 in for 0x7e4e5e4025
04-05 20:50:00.985 31586 31586 E ArmVmp : Match on catch block at 0xc3 in for 0x7e4e5e4025
04-05 20:50:01.026 31586 31586 E ArmVmp : Match on catch block at 0xc3 in for 0x7e4e5e4025
04-05 20:50:01.031 31586 31586 E ArmVmp : Match on catch block at 0xc3 in for 0x7e4e5e4025
04-05 20:50:01.078 31586 31586 E ArmVmp : Match on catch block at 0xc3 in for 0x7e4e5e4025
04-05 20:50:01.086 31586 31586 E ArmVmp : Match on catch block at 0xc3 in for 0x7e4e5e4025
04-05 20:50:01.129 31586 31586 E ArmVmp : Match on catch block at 0xc3 in for 0x7e4e5e4025
04-05 20:50:01.136 31586 31586 E ArmVmp : Match on catch block at 0xc3 in for 0x7e4e5e4025
04-05 20:50:01.178 31586 31586 E ArmVmp : Match on catch block at 0xc3 in for 0x7e4e5e4025
04-05 20:50:01.186 31586 31586 E ArmVmp : Match on catch block at 0xc3 in for 0x7e4e5e4025
04-05 20:50:01.214 31586 31586 E ArmVmp : Match on catch block at 0xc3 in for 0x7e4e5e4025
04-05 20:50:01.224 31586 31586 E ArmVmp : Match on catch block at 0xc3 in for 0x7e4e5e4025
04-05 20:50:01.246 31586 31586 E ArmVmp : Match on catch block at 0xc3 in for 0x7e4e5e4025
04-05 20:50:01.254 31586 31586 E ArmVmp : Match on catch block at 0xc3 in for 0x7e4e5e4025
04-05 20:50:01.293 31586 31586 E ArmVmp : Match on catch block at 0xc3 in for 0x7e4e5e4025
04-05 20:50:01.298 31586 31586 E ArmVmp : Match on catch block at 0xc3 in for 0x7e4e5e4025
04-05 20:50:01.344 31586 31586 E ArmVmp : Match on catch block at 0xc3 in for 0x7e4e5e4025
04-05 20:50:01.348 31586 31586 E ArmVmp : Match on catch block at 0xc3 in for 0x7e4e5e4025
04-05 20:50:01.394 31586 31586 E ArmVmp : Match on catch block at 0xc3 in for 0x7e4e5e4025
04-05 20:50:01.400 31586 31586 E ArmVmp : Match on catch block at 0xc3 in for 0x7e4e5e4025
04-05 20:50:01.449 31586 31586 E ArmVmp : Match on catch block at 0xc3 in for 0x7e4e5e4025
04-05 20:50:01.455 31586 31586 E ArmVmp : Match on catch block at 0xc3 in for 0x7e4e5e4025
04-05 20:50:01.511 31586 31586 E ArmVmp : Match on catch block at 0xc3 in for 0x7e4e5e4025
04-05 20:50:01.516 31586 31586 E ArmVmp : Match on catch block at 0xc3 in for 0x7e4e5e4025
04-05 20:50:01.561 31586 31586 E ArmVmp : Match on catch block at 0xc3 in for 0x7e4e5e4025
04-05 20:50:01.566 31586 31586 E ArmVmp : Match on catch block at 0xc3 in for 0x7e4e5e4025
04-05 20:50:01.611 31586 31586 E ArmVmp : Match on catch block at 0xc3 in for 0x7e4e5e4025
04-05 20:50:01.617 31586 31586 E ArmVmp : Match on catch block at 0xc3 in for 0x7e4e5e4025
04-05 20:50:01.661 31586 31586 E ArmVmp : Match on catch block at 0xc3 in for 0x7e4e5e4025
04-05 20:50:01.666 31586 31586 E ArmVmp : Match on catch block at 0xc3 in for 0x7e4e5e4025
04-05 20:50:01.712 31586 31586 E ArmVmp : Match on catch block at 0xc3 in for 0x7e4e5e4025
04-05 20:50:01.717 31586 31586 E ArmVmp : Match on catch block at 0xc3 in for 0x7e4e5e4025
04-05 20:50:01.728 31586 31586 E ArmVmp : Match on catch block at 0xc3 in for 0x7e4e5e4025
04-05 20:50:01.733 31586 31586 E ArmVmp : Match on catch block at 0xc3 in for 0x7e4e5e4025
04-05 20:50:01.778 31586 31586 E ArmVmp : Match on catch block at 0xc3 in for 0x7e4e5e4025
04-05 20:50:01.783 31586 31586 E ArmVmp : Match on catch block at 0xc3 in for 0x7e4e5e4025
04-05 20:50:01.828 31586 31586 E ArmVmp : Match on catch block at 0xc3 in for 0x7e4e5e4025
04-05 20:50:01.833 31586 31586 E ArmVmp : Match on catch block at 0xc3 in for 0x7e4e5e4025
04-05 20:50:01.878 31586 31586 E ArmVmp : Match on catch block at 0xc3 in for 0x7e4e5e4025
04-05 20:50:01.884 31586 31586 E ArmVmp : Match on catch block at 0xc3 in for 0x7e4e5e4025
04-05 20:50:01.929 31586 31586 E ArmVmp : Match on catch block at 0xc3 in for 0x7e4e5e4025
04-05 20:50:01.934 31586 31586 E ArmVmp : Match on catch block at 0xc3 in for 0x7e4e5e4025
04-05 20:50:01.997 31586 31586 E ArmVmp : Match on catch block at 0xc3 in for 0x7e4e5e4025
04-05 20:50:02.005 31586 31586 E ArmVmp : Match on catch block at 0xc3 in for 0x7e4e5e4025
04-05 20:50:02.046 31586 31586 E ArmVmp : Match on catch block at 0xc3 in for 0x7e4e5e4025
04-05 20:50:02.051 31586 31586 E ArmVmp : Match on catch block at 0xc3 in for 0x7e4e5e4025
04-05 20:50:02.096 31586 31586 E ArmVmp : Match on catch block at 0xc3 in for 0x7e4e5e4025
04-05 20:50:02.101 31586 31586 E ArmVmp : Match on catch block at 0xc3 in for 0x7e4e5e4025
04-05 20:50:02.109 31586 31586 W JobService: onNetworkChanged() not implemented in androidx.work.impl.background.systemjob.SystemJobService. Must override in a subclass.
04-05 20:50:02.146 31586 31586 E ArmVmp : Match on catch block at 0xc3 in for 0x7e4e5e4025
04-05 20:50:02.151 31586 31586 E ArmVmp : Match on catch block at 0xc3 in for 0x7e4e5e4025
04-05 20:50:02.197 31586 31586 E ArmVmp : Match on catch block at 0xc3 in for 0x7e4e5e4025
04-05 20:50:02.201 31586 31586 E ArmVmp : Match on catch block at 0xc3 in for 0x7e4e5e4025
04-05 20:50:02.212 31586 31586 E ArmVmp : Match on catch block at 0xc3 in for 0x7e4e5e4025
04-05 20:50:02.217 31586 31586 E ArmVmp : Match on catch block at 0xc3 in for 0x7e4e5e4025
04-05 20:50:02.246 31586 31586 E ArmVmp : Match on catch block at 0xc3 in for 0x7e4e5e4025
04-05 20:50:02.250 31586 31586 E ArmVmp : Match on catch block at 0xc3 in for 0x7e4e5e4025
04-05 20:50:02.297 31586 31586 E ArmVmp : Match on catch block at 0xc3 in for 0x7e4e5e4025
04-05 20:50:02.302 31586 31586 E ArmVmp : Match on catch block at 0xc3 in for 0x7e4e5e4025
04-05 20:50:02.346 31586 31586 E ArmVmp : Match on catch block at 0xc3 in for 0x7e4e5e4025
04-05 20:50:02.351 31586 31586 E ArmVmp : Match on catch block at 0xc3 in for 0x7e4e5e4025
04-05 20:50:02.396 31586 31586 E ArmVmp : Match on catch block at 0xc3 in for 0x7e4e5e4025
04-05 20:50:02.401 31586 31586 E ArmVmp : Match on catch block at 0xc3 in for 0x7e4e5e4025
04-05 20:50:02.446 31586 31586 E ArmVmp : Match on catch block at 0xc3 in for 0x7e4e5e4025
04-05 20:50:02.451 31586 31586 E ArmVmp : Match on catch block at 0xc3 in for 0x7e4e5e4025
04-05 20:50:02.499 31586 31586 E ArmVmp : Match on catch block at 0xc3 in for 0x7e4e5e4025
04-05 20:50:02.505 31586 31586 E ArmVmp : Match on catch block at 0xc3 in for 0x7e4e5e4025
04-05 20:50:02.716 31586 31586 E ArmVmp : Match on catch block at 0xc3 in for 0x7e4e5e4025
04-05 20:50:02.732 31586 31586 E ArmVmp : Match on catch block at 0xc3 in for 0x7e4e5e4025
04-05 20:50:02.951 31586 31586 E ArmVmp : Match on catch block at 0xc3 in for 0x7e4e5e4025
04-05 20:50:02.956 31586 31586 E ArmVmp : Match on catch block at 0xc3 in for 0x7e4e5e4025
04-05 20:50:03.215 31586 31586 E ArmVmp : Match on catch block at 0xc3 in for 0x7e4e5e4025
04-05 20:50:03.220 31586 31586 E ArmVmp : Match on catch block at 0xc3 in for 0x7e4e5e4025
04-05 20:50:03.717 31586 31586 E ArmVmp : Match on catch block at 0xc3 in for 0x7e4e5e4025
04-05 20:50:03.723 31586 31586 E ArmVmp : Match on catch block at 0xc3 in for 0x7e4e5e4025
04-05 20:50:04.218 31586 31586 E ArmVmp : Match on catch block at 0xc3 in for 0x7e4e5e4025
04-05 20:50:04.223 31586 31586 E ArmVmp : Match on catch block at 0xc3 in for 0x7e4e5e4025
04-05 20:50:04.444 31586 31586 E ArmVmp : Match on catch block at 0xc3 in for 0x7e4e5e4025
04-05 20:50:04.449 31586 31586 E ArmVmp : Match on catch block at 0xc3 in for 0x7e4e5e4025
04-05 20:50:04.458 31586 31586 E ArmVmp : Match on catch block at 0xc3 in for 0x7e4e5e4025
04-05 20:50:04.464 31586 31586 E ArmVmp : Match on catch block at 0xc3 in for 0x7e4e5e4025
04-05 20:50:04.471 31586 31586 E ArmVmp : Match on catch block at 0xc3 in for 0x7e4e5e4025
04-05 20:50:04.477 31586 31586 E ArmVmp : Match on catch block at 0xc3 in for 0x7e4e5e4025
04-05 20:50:04.485 31586 31586 E ArmVmp : Match on catch block at 0xc3 in for 0x7e4e5e4025
04-05 20:50:04.493 31586 31586 E ArmVmp : Match on catch block at 0xc3 in for 0x7e4e5e4025
04-05 20:50:04.503 31586 31586 E ArmVmp : Match on catch block at 0xc3 in for 0x7e4e5e4025
04-05 20:50:04.507 31586 31586 E ArmVmp : Match on catch block at 0xc3 in for 0x7e4e5e4025
04-05 20:50:04.518 31586 31586 E ArmVmp : Match on catch block at 0xc3 in for 0x7e4e5e4025
04-05 20:50:04.524 31586 31586 E ArmVmp : Match on catch block at 0xc3 in for 0x7e4e5e4025
04-05 20:50:04.535 31586 31586 E ArmVmp : Match on catch block at 0xc3 in for 0x7e4e5e4025
04-05 20:50:04.541 31586 31586 E ArmVmp : Match on catch block at 0xc3 in for 0x7e4e5e4025
04-05 20:50:04.552 31586 31586 E ArmVmp : Match on catch block at 0xc3 in for 0x7e4e5e4025
04-05 20:50:04.557 31586 31586 E ArmVmp : Match on catch block at 0xc3 in for 0x7e4e5e4025
04-05 20:50:04.568 31586 31586 E ArmVmp : Match on catch block at 0xc3 in for 0x7e4e5e4025
04-05 20:50:04.575 31586 31586 E ArmVmp : Match on catch block at 0xc3 in for 0x7e4e5e4025
