04-03 12:41:04.327 30534 30639 W AudioCapabilities: Unsupported mime audio/alac
04-03 12:41:04.341 30534 30534 W WindowOnBackDispatcher: sendCancelIfRunning: isInProgress=falsecallback=android.view.ViewRootImpl$ $ExternalSyntheticLambda22@9eb1985
04-03 12:41:04.362 30534 30639 W AudioCapabilities: Unsupported mime audio/x-ape
04-03 12:41:04.362 30534 30639 W AudioCapabilities: Unsupported mime audio/evrc
04-03 12:41:04.362 30534 30639 W AudioCapabilities: Unsupported mime audio/qcelp
04-03 12:41:04.362 30534 30639 W AudioCapabilities: Unsupported mime audio/dsd
04-03 12:41:04.362 30534 30639 W AudioCapabilities: Unsupported mime audio/amr-wb- plus
04-03 12:41:04.362 30534 30639 W AudioCapabilities: Unsupported mime audio/evrc
04-03 12:41:04.363 30534 30639 W AudioCapabilities: Unsupported mime audio/qcelp
04-03 12:41:04.363 30534 30639 W AudioCapabilities: Unsupported mime audio/alac
04-03 12:41:04.363 30534 30639 W AudioCapabilities: Unsupported mime audio/x-ape
04-03 12:41:04.371 30534 30639 W VideoCapabilities: Unsupported mime image/vnd.android.heic
04-03 12:41:04.372 30534 30639 W VideoCapabilities: Unsupported mime image/vnd.android.heic
04-03 12:41:04.384 30534 30534 W Looper : PerfMonitor looperActivity : package=com.mbwhatsapp/.HomeActivity time=16ms latency=1630ms procState=-1 historyMsgCount=37 (msgIndex=2 wall=90ms seq=4174 late=1210ms h=android.app.ActivityThread$H w=159) (msgIndex=10 wall=56ms seq=4182 late=807ms h=android.app.ActivityThread$H w=159) (msgIndex=16 wall=1266ms seq=4188 late=585ms h=android.view.Choreographer$FrameHandler c=android.view.Choreographer$FrameDisplayEventReceiver) (msgIndex=34 wall=143ms seq=4206 late=1491ms h=android.app.ActivityThread$H w=159)
04-03 12:41:04.435 30534 30534 W Looper : PerfMonitor looperActivity : package=com.mbwhatsapp/mbmodsd.mbmodsw.mbsettings.yo.PauseActivity time=0ms latency=1583ms procState=-1 historyMsgCount=49 (msgIndex=6 wall=56ms seq=4182 late=807ms h=android.app.ActivityThread$H w=159) (msgIndex=12 wall=1266ms seq=4188 late=585ms h=android.view.Choreographer$FrameHandler c=android.view.Choreographer$FrameDisplayEventReceiver) (msgIndex=30 wall=143ms seq=4206 late=1491ms h=android.app.ActivityThread$H w=159)
04-03 12:41:04.436 30534 30534 W Looper : PerfMonitor looperActivity : package=com.mbwhatsapp/mbmodsd.mbmodsw.mbsettings.yo.PauseActivity time=0ms latency=1579ms procState=-1 historyMsgCount=49 (msgIndex=5 wall=56ms seq=4182 late=807ms h=android.app.ActivityThread$H w=159) (msgIndex=11 wall=1266ms seq=4188 late=585ms h=android.view.Choreographer$FrameHandler c=android.view.Choreographer$FrameDisplayEventReceiver) (msgIndex=29 wall=143ms seq=4206 late=1491ms h=android.app.ActivityThread$H w=159)
04-03 12:41:04.440 30534 30534 W Looper : PerfMonitor looperActivity : package=com.mbwhatsapp/mbmodsd.mbmodsw.mbsettings.yo.PauseActivity time=4ms latency=1507ms procState=-1 historyMsgCount=47 (msgIndex=1 wall=56ms seq=4182 late=807ms h=android.app.ActivityThread$H w=159) (msgIndex=7 wall=1266ms seq=4188 late=585ms h=android.view.Choreographer$FrameHandler c=android.view.Choreographer$FrameDisplayEventReceiver) (msgIndex=25 wall=143ms seq=4206 late=1491ms h=android.app.ActivityThread$H w=159)
04-03 12:41:04.445 30534 30534 W Looper : PerfMonitor looperActivity : package=com.mbwhatsapp/mbmodsd.mbmodsw.mbsettings.yo.PauseActivity time=4ms latency=1512ms procState=-1 historyMsgCount=48 (msgIndex=1 wall=56ms seq=4182 late=807ms h=android.app.ActivityThread$H w=159) (msgIndex=7 wall=1266ms seq=4188 late=585ms h=android.view.Choreographer$FrameHandler c=android.view.Choreographer$FrameDisplayEventReceiver) (msgIndex=25 wall=143ms seq=4206 late=1491ms h=android.app.ActivityThread$H w=159)
04-03 12:41:04.508 30534 12205 W LOTTIE : Animation contains merge paths. Merge paths are only supported on KitKat+ and must be manually enabled by calling enableMergePathsForKitKatAndAbove().
04-03 12:41:04.693 30534 30534 W Looper : PerfMonitor doFrame : time=248ms vsyncFrame=0 latency=1492ms procState=-1 historyMsgCount=44 (msgIndex=1 wall=1266ms seq=4188 late=585ms h=android.view.Choreographer$FrameHandler c=android.view.Choreographer$FrameDisplayEventReceiver) (msgIndex=19 wall=143ms seq=4206 late=1491ms h=android.app.ActivityThread$H w=159)
04-03 12:41:04.701 30534 30534 W Looper : PerfMonitor looperActivity : package=com.mbwhatsapp/.HomeActivity time=0ms latency=1240ms procState=-1 historyMsgCount=61 (msgIndex=1 wall=1266ms seq=4188 late=585ms h=android.view.Choreographer$FrameHandler c=android.view.Choreographer$FrameDisplayEventReceiver) (msgIndex=19 wall=143ms seq=4206 late=1491ms h=android.app.ActivityThread$H w=159) (msgIndex=45 wall=248ms seq=4232 late=1492ms h=android.view.Choreographer$FrameHandler c=android.view.Choreographer$FrameDisplayEventReceiver)
04-03 12:41:04.886 30534 30534 W Looper : PerfMonitor looperActivity : package=com.mbwhatsapp/.HomeActivity time=184ms latency=1236ms procState=-1 historyMsgCount=62 (msgIndex=1 wall=1266ms seq=4188 late=585ms h=android.view.Choreographer$FrameHandler c=android.view.Choreographer$FrameDisplayEventReceiver) (msgIndex=19 wall=143ms seq=4206 late=1491ms h=android.app.ActivityThread$H w=159) (msgIndex=45 wall=248ms seq=4232 late=1492ms h=android.view.Choreographer$FrameHandler c=android.view.Choreographer$FrameDisplayEventReceiver)
04-03 12:41:05.135 30534 30652 E OpenGLRenderer: Unable to match the desired swap behavior.
04-03 12:41:05.257 30534 30652 E OpenGLRenderer: Unable to match the desired swap behavior.
04-03 12:41:05.310 30534 30534 W Looper : PerfMonitor doFrame : time=207ms vsyncFrame=0 latency=646ms procState=-1 historyMsgCount=39 (msgIndex=1 wall=248ms seq=4232 late=1492ms h=android.view.Choreographer$FrameHandler c=android.view.Choreographer$FrameDisplayEventReceiver) (msgIndex=19 wall=184ms seq=4250 late=1236ms h=android.app.ActivityThread$H w=159) (msgIndex=23 wall=71ms seq=4254 late=1423ms h=android.os.Handler c=X.5uk) (msgIndex=28 wall=122ms seq=4259 late=1220ms h=android.os.Handler c=X.5ul)
04-03 12:41:05.328 30534 30534 W LOTTIE : Animation contains merge paths but they are disabled.
04-03 12:41:05.329 30534 30534 W JobService: onNetworkChanged() not implemented in androidx.work.impl.background.systemjob.SystemJobService. Must override in a subclass.
04-03 12:41:05.675 30534 30534 W Looper : PerfMonitor looperActivity : package=com.mbwhatsapp/.HomeActivity time=192ms latency=526ms procState=-1 historyMsgCount=41 (msgIndex=1 wall=71ms seq=4254 late=1423ms h=android.os.Handler c=X.5uk) (msgIndex=6 wall=122ms seq=4259 late=1220ms h=android.os.Handler c=X.5ul) (msgIndex=18 wall=207ms seq=4271 late=646ms h=android.view.Choreographer$FrameHandler c=android.view.Choreographer$FrameDisplayEventReceiver) (msgIndex=41 wall=98ms seq=4294 late=437ms h=android.os.AsyncTask$InternalHandler w=1)
04-03 12:41:05.709 30534 30534 W Looper : PerfMonitor looperActivity : package=com.mbwhatsapp/.HomeActivity time=33ms latency=718ms procState=-1 historyMsgCount=42 (msgIndex=1 wall=71ms seq=4254 late=1423ms h=android.os.Handler c=X.5uk) (msgIndex=6 wall=122ms seq=4259 late=1220ms h=android.os.Handler c=X.5ul) (msgIndex=18 wall=207ms seq=4271 late=646ms h=android.view.Choreographer$FrameHandler c=android.view.Choreographer$FrameDisplayEventReceiver) (msgIndex=41 wall=98ms seq=4294 late=437ms h=android.os.AsyncTask$InternalHan--------- beginning of system
04-03 12:41:05.767 30534 30534 W Looper : PerfMonitor doFrame : time=56ms vsyncFrame=0 latency=603ms procState=-1 historyMsgCount=35 (msgIndex=1 wall=207ms seq=4271 late=646ms h=android.view.Choreographer$FrameHandler c=android.view.Choreographer$FrameDisplayEventReceiver) (msgIndex=24 wall=98ms seq=4294 late=437ms h=android.os.AsyncTask$InternalHandler w=1) (msgIndex=25 wall=192ms seq=4295 late=526ms h=android.app.ActivityThread$H w=159)
04-03 12:41:06.172 30534 30534 W Looper : PerfMonitor looperActivity : package=com.mbwhatsapp/.backup.google.GoogleDriveNewUserSetupActivity time=0ms latency=632ms procState=-1 historyMsgCount=50 (msgIndex=1 wall=192ms seq=4295 late=526ms h=android.app.ActivityThread$H w=159) (msgIndex=12 wall=56ms seq=4306 late=603ms h=android.view.Choreographer$FrameHandler c=android.view.Choreographer$FrameDisplayEventReceiver) (msgIndex=50 wall=383ms seq=4344 late=249ms h=android.app.ActivityThread$H w=159)
04-03 12:41:06.222 30534 30534 W Looper : PerfMonitor doFrame : time=46ms vsyncFrame=0 latency=383ms procState=-1 historyMsgCount=6 (msgIndex=1 wall=383ms seq=4344 late=249ms h=android.app.ActivityThread$H w=159) --------- beginning of main
04-03 12:46:07.115 18020 18020 E com.mbwhatsapp: Not starting debugger since process cannot load the jdwp agent.
04-03 12:46:07.821 18020 18020 W System.err: java.lang.ClassNotFoundException: mbmodsd.mbmodsw.ui.views.btn.BtnBK
04-03 12:46:07.825 18020 18020 W System.err: at java.lang.Runtime.nativeLoad(Native Method)
04-03 12:46:07.825 18020 18020 W System.err: at java.lang.Runtime.nativeLoad(Runtime.java:1126)
04-03 12:46:07.825 18020 18020 W System.err: at java.lang.Runtime.loadLibrary0(Runtime.java:1080)
04-03 12:46:07.825 18020 18020 W System.err: at java.lang.Runtime.loadLibrary0(Runtime.java:1003)
04-03 12:46:07.825 18020 18020 W System.err: at java.lang.System.loadLibrary(System.java:1661)
04-03 12:46:07.825 18020 18020 W System.err: at arm.EpicVm.<clinit>(Unknown Source:2)
04-03 12:46:07.825 18020 18020 W System.err: at java.lang.Class.newInstance(Native Method)
04-03 12:46:07.825 18020 18020 W System.err: at android.app.AppComponentFactory.instantiateApplication(AppComponentFactory.java:76)
04-03 12:46:07.825 18020 18020 W System.err: at androidx.core.app.CoreComponentFactory.instantiateApplication(Unknown Source:0)
04-03 12:46:07.825 18020 18020 W System.err: at android.app.Instrumentation.newApplication(Instrumentation.java:1286)
04-03 12:46:07.825 18020 18020 W System.err: at android.app.LoadedApk.makeApplicationInner(LoadedApk.java:1487)
04-03 12:46:07.825 18020 18020 W System.err: at android.app.LoadedApk.makeApplicationInner(LoadedApk.java:1424)
04-03 12:46:07.825 18020 18020 W System.err: at android.app.ActivityThread.handleBindApplication(ActivityThread.java:7420)
04-03 12:46:07.825 18020 18020 W System.err: at android.app.ActivityThread.-$ $Nest$mhandleBindApplication(Unknown Source:0)
04-03 12:46:07.826 18020 18020 W System.err: at android.app.ActivityThread$H.handleMessage(ActivityThread.java:2374)
04-03 12:46:07.826 18020 18020 W System.err: at android.os.Handler.dispatchMessage(Handler.java:106)
04-03 12:46:07.826 18020 18020 W System.err: at android.os.Looper.loopOnce(Looper.java:224)
04-03 12:46:07.826 18020 18020 W System.err: at android.os.Looper.loop(Looper.java:318)
04-03 12:46:07.826 18020 18020 W System.err: at android.app.ActivityThread.main(ActivityThread.java:8727)
04-03 12:46:07.826 18020 18020 W System.err: at java.lang.reflect.Method.invoke(Native Method)
04-03 12:46:07.826 18020 18020 W System.err: at com.android.internal.os.RuntimeInit$MethodAndArgsCaller.run(RuntimeInit.java:561)
04-03 12:46:07.826 18020 18020 W System.err: at com.android.internal.os.ZygoteInit.main(ZygoteInit.java:1013)
04-03 12:46:07.973 18020 18020 E CustomActivityOnCrash: IMPORTANT WARNING! You already have an UncaughtExceptionHandler, are you sure this is correct? If you use a custom UncaughtExceptionHandler, you must initialize it AFTER CustomActivityOnCrash! Installing anyway, but your original handler will not be called.
04-03 12:46:08.140 18020 18090 W LibraryVersion: Failed to get app version for libraryName: firebase-iid
04-03 12:46:08.665 18020 18020 W com.mbwhatsapp: Accessing hidden method Lcom/android/org/conscrypt/OpenSSLSocketImpl;->setUseSessionTickets(Z)V (max- target-q,core-platform-api, reflection, denied)
04-03 12:46:08.665 18020 18020 W com.mbwhatsapp: Accessing hidden method Lcom/android/org/conscrypt/AbstractConscryptSocket;->setUseSessionTickets(Z)V (max- target-q, reflection, denied)
04-03 12:46:08.674 18176 18176 W libprocessgroup: JoinCgroup: controller schedtune is not found
04-03 12:46:09.590 18020 18020 W com.mbwhatsapp: type=1400 audit(0.0:657805): avc: granted { execute } for path="/data/data/com.mbwhatsapp/files/decompressed/libs.spk.zst/libc++_shared.so" dev="dm-55" ino=105337 scontext=u:r:untrusted_app_32:s0:c68,c257,c512,c768 tcontext=u:object_r:app_data_file:s0:c68,c257,c512,c768 tclass=file app=com.mbwhatsapp
04-03 12:46:09.590 18020 18020 W com.mbwhatsapp: type=1400 audit(0.0:657806): avc: granted { execute } for path="/data/data/com.mbwhatsapp/files/decompressed/libs.spk.zst/libvlc.so" dev="dm- 55" ino=103418 scontext=u:r:untrusted_app_32:s0:c68,c257,c512,c768 tcontext=u:object_r:app_data_file:s0:c68,c257,c512,c768 tclass=file app=com.mbwhatsapp
04-03 12:46:09.748 18020 18020 W Looper : PerfMonitor longMsg : seq=2 plan=12:46:07.262 late=42ms wall=2440ms h=android.app.ActivityThread$H w=110 procState=-1
04-03 12:46:09.788 18020 18369 W com.mbwhatsapp: Method void X.2rL.A03(java.lang.Integer) failed lock verification and will run slower.
04-03 12:46:09.788 18020 18369 W com.mbwhatsapp: Common causes for lock verification issues are non-optimized dex code
04-03 12:46:09.788 18020 18369 W com.mbwhatsapp: and incorrect proguard optimizations.
04-03 12:46:09.793 18020 18020 W com.mbwhatsapp: Method void X.0eU.A0h(X.0tK, boolean) failed lock verification and will run slower.
04-03 12:46:09.945 18020 18020 W libc : Access denied finding property "ro.vendor.df.effect.conflict"
04-03 12:46:09.997 18020 18020 W Looper : PerfMonitor looperActivity : package=com.mbwhatsapp/.Icon0 time=247ms latency=2451ms procState=-1 historyMsgCount=2 (msgIndex=2 wall=2440ms seq=2 late=42ms h=android.app.ActivityThread$H w=110)
04-03 12:46:09.997 18020 18020 W Looper : PerfMonitor looperActivity : package=com.mbwhatsapp/.Icon0 time=0ms latency=2698ms procState=-1 historyMsgCount=3 (msgIndex=2 wall=2440ms seq=2 late=42ms h=android.app.ActivityThread$H w=110) (msgIndex=3 wall=247ms seq=3 late=2451ms h=android.app.ActivityThread$H w=159)
04-03 12:46:10.053 18020 18428 W libc : Access denied finding property "vendor.migl.debug"
04-03 12:46:10.058 18020 18020 W com.mbwhatsapp: Method void com.mbwhatsapp.HomeActivity.A6e() failed lock verification and will run slower.
04-03 12:46:10.476 18020 18020 E ArmVmp : Match on catch block at 0x0a in for 0x7e4e5e4031
04-03 12:46:10.520 18020 18020 E ArmVmp : Match on catch block at 0x0a in for 0x7e4e5e404d
04-03 12:46:10.533 18020 18486 W com.mbwhatsapp: Accessing hidden method Lcom/android/org/conscrypt/ConscryptEngineSocket;->setUseSessionTickets(Z)V (max- target-q,core-platform-api, reflection, denied)
04-03 12:46:10.533 18020 18486 W com.mbwhatsapp: Accessing hidden method Lcom/android/org/conscrypt/OpenSSLSocketImpl;->setUseSessionTickets(Z)V (max- target-q,core-platform-api, reflection, denied)
04-03 12:46:10.534 18020 18486 W com.mbwhatsapp: Accessing hidden method Lcom/android/org/conscrypt/AbstractConscryptSocket;->setUseSessionTickets(Z)V (max- target-q, reflection, denied)
04-03 12:46:10.534 18020 18486 W com.mbwhatsapp: Accessing hidden method Lcom/android/org/conscrypt/ConscryptEngineSocket;->setHostname(Ljava/lang/String;)V (max-target-q,core-platform-api, reflection, denied)
04-03 12:46:10.534 18020 18486 W com.mbwhatsapp: Accessing hidden method Lcom/android/org/conscrypt/OpenSSLSocketImpl;->setHostname(Ljava/lang/String;)V (max-target-q,core-platform-api, reflection, denied)
04-03 12:46:10.534 18020 18486 W com.mbwhatsapp: Accessing hidden method Lcom/android/org/conscrypt/AbstractConscryptSocket;->setHostname(Ljava/lang/ String;)V (max-target-q, reflection, denied)
04-03 12:46:10.534 18020 18486 W com.mbwhatsapp: Accessing hidden method Lcom/android/org/conscrypt/OpenSSLSocketImpl;->setAlpnProtocols([B)V (max-target- q,core-platform-api, reflection, denied)
04-03 12:46:10.534 18020 18486 W com.mbwhatsapp: Accessing hidden method Lcom/android/org/conscrypt/AbstractConscryptSocket;->setAlpnProtocols([B)V (max- target-q, reflection, denied)
04-03 12:46:10.645 18020 18020 W Activity: Can request only one set of permissions at a time
04-03 12:46:10.684 18020 18486 W com.mbwhatsapp: Accessing hidden method Lcom/android/org/conscrypt/OpenSSLSocketImpl;->getAlpnSelectedProtocol()[B (max- target-q,core-platform-api, reflection, denied)
04-03 12:46:10.684 18020 18486 W com.mbwhatsapp: Accessing hidden method Lcom/android/org/conscrypt/AbstractConscryptSocket;->getAlpnSelectedProtocol()[B (max-target-q, reflection, denied)
04-03 12:46:10.741 18020 18020 W MessageMonitor: PerfMonitor: Slow Operation: Activity com.mbwhatsapp/.HomeActivity onCreate took 649ms
04-03 12:46:10.840 18020 18540 W ziparchive: Unable to open '/system/framework/QXPerformance.dm': No such file or directory
04-03 12:46:10.840 18020 18540 W ziparchive: Unable to open '/system/framework/QXPerformance.dm': No such file or directory
04-03 12:46:10.851 18020 18020 W OpenGLRenderer: Unknown dataspace 0
04-03 12:46:10.908 18020 18020 W Looper : PerfMonitor looperActivity : package=com.mbwhatsapp/.HomeActivity time=0ms latency=877ms procState=-1 historyMsgCount=2 (msgIndex=2 wall=871ms seq=14 late=6ms h=android.app.ActivityThread$H w=159)
04-03 12:46:10.946 18020 18020 W Looper : PerfMonitor looperActivity : package=com.mbwhatsapp/.HomeActivity time=1ms latency=408ms procState=-1 historyMsgCount=11 (msgIndex=1 wall=871ms seq=14 late=6ms h=android.app.ActivityThread$H w=159)
04-03 12:46:10.976 18020 18020 W Looper : PerfMonitor looperActivity : package=com.mbwhatsapp/.HomeActivity time=30ms latency=409ms procState=-1 historyMsgCount=12 (msgIndex=1 wall=871ms seq=14 late=6ms h=android.app.ActivityThread$H w=159)
04-03 12:46:11.582 18020 18425 E libEGL : pre_cache appList: com.miui.weather2,,
04-03 12:46:11.613 18020 18425 E OpenGLRenderer: Unable to match the desired swap behavior.
04-03 12:46:11.640 18020 18020 E RecyclerView: No adapter attached; skipping layout
04-03 12:46:11.844 18020 18425 E LB : fail to open file: No such file or directory
04-03 12:46:11.844 18020 18425 E LB : fail to open node: No such file or directory
04-03 12:46:11.935 18020 18020 W Looper : PerfMonitor doFrame : time=921ms vsyncFrame=0 latency=122ms procState=-1 historyMsgCount=29 (msgIndex=1 wall=871ms seq=14 late=6ms h=android.app.ActivityThread$H w=159)
04-03 12:46:12.015 18020 18020 E ArmVmp : Match on catch block at 0x0a in for 0x7e4e5e4035
04-03 12:46:12.033 18020 18020 W Looper : PerfMonitor looperActivity : package=com.mbwhatsapp/mbmodsd.mbmodsw.mbsettings.yo.PauseActivity time=29ms latency=1035ms procState=-1 historyMsgCount=22 (msgIndex=18 wall=921ms seq=43 late=122ms h=android.view.Choreographer$FrameHandler c=android.view.Choreographer$FrameDisplayEventReceiver) (msgIndex=22 wall=56ms seq=47 late=989ms h=android.os.Handler w=0)
04-03 12:46:12.149 18020 18020 E RecyclerView: No adapter attached; skipping layout
04-03 12:46:12.163 18020 18020 W Looper : PerfMonitor doFrame : time=129ms vsyncFrame=0 latency=1008ms procState=-1 historyMsgCount=8 (msgIndex=1 wall=921ms seq=43 late=122ms h=android.view.Choreographer$FrameHandler c=android.view.Choreographer$FrameDisplayEventReceiver) (msgIndex=5 wall=56ms seq=47 late=989ms h=android.os.Handler w=0)
04-03 12:46:12.299 18020 18020 W Looper : PerfMonitor looperActivity : package=com.mbwhatsapp/.HomeActivity time=23ms latency=766ms procState=-1 historyMsgCount=47 (msgIndex=1 wall=921ms seq=43 late=122ms h=android.view.Choreographer$FrameHandler c=android.view.Choreographer$FrameDisplayEventReceiver) (msgIndex=5 wall=56ms seq=47 late=989ms h=android.os.Handler w=0) (msgIndex=9 wall=129ms seq=51 late=1008ms h=android.view.Choreographer$FrameHandler c=android.view.Choreographer$FrameDisplayEventReceiver) (msgIndex=10 wall=65ms seq=52 late=1144ms h=android.app.ActivityThread$H w=113)
04-03 12:46:12.299 18020 18020 W Looper : PerfMonitor looperActivity : package=com.mbwhatsapp/mbmodsd.mbmodsw.mbsettings.yo.PauseActivity time=0ms latency=714ms procState=-1 historyMsgCount=48 (msgIndex=1 wall=921ms seq=43 late=122ms h=android.view.Choreographer$FrameHandler c=android.view.Choreographer$FrameDisplayEventReceiver) (msgIndex=5 wall=56ms seq=47 late=989ms h=android.os.Handler w=0) (msgIndex=9 wall=129ms seq=51 late=1008ms h=android.view.Choreographer$FrameHandler c=android.view.Choreographer$FrameDisplayEventReceiver) (msgIndex=10 wall=65ms seq=52 late=1144ms h=android.app.ActivityThread$H w=113)
04-03 12:46:12.300 18020 18020 W Looper : PerfMonitor looperActivity : package=com.mbwhatsapp/mbmodsd.mbmodsw.mbsettings.yo.PauseActivity time=0ms latency=703ms procState=-1 historyMsgCount=49 (msgIndex=1 wall=921ms seq=43 late=122ms h=android.view.Choreographer$FrameHandler c=android.view.Choreographer$FrameDisplayEventReceiver) (msgIndex=5 wall=56ms seq=47 late=989ms h=android.os.Handler w=0) (msgIndex=9 wall=129ms seq=51 late=1008ms h=android.view.Choreographer$FrameHandler c=android.view.Choreographer$FrameDisplayEventReceiver) (msgIndex=10 wall=65ms seq=52 late=1144ms h=android.app.ActivityThread$H w=113)
04-03 12:46:12.680 18020 18020 W BpBinder: PerfMonitor binderTransact: time=224ms interface=android.content.pm.IPackageManager code=27
04-03 12:46:12.913 18020 18020 W Looper : PerfMonitor looperActivity : package=com.mbwhatsapp/mbmodsd.mbmodsw.mbsettings.yo.PauseActivity time=161ms latency=727ms procState=-1 historyMsgCount=52 (msgIndex=4 wall=129ms seq=51 late=1008ms h=android.view.Choreographer$FrameHandler c=android.view.Choreographer$FrameDisplayEventReceiver) (msgIndex=5 wall=65ms seq=52 late=1144ms h=android.app.ActivityThread$H w=113) (msgIndex=46 wall=136ms seq=93 late=698ms h=X.10F w=3) (msgIndex=49 wall=304ms seq=96 late=763ms h=android.os.Handler c=X.5ul)
04-03 12:46:12.916 18020 18020 W Looper : PerfMonitor looperActivity : package=com.mbwhatsapp/mbmodsd.mbmodsw.mbsettings.yo.PauseActivity time=2ms latency=888ms procState=-1 historyMsgCount=53 (msgIndex=4 wall=129ms seq=51 late=1008ms h=android.view.Choreographer$FrameHandler c=android.view.Choreographer$FrameDisplayEventReceiver) (msgIndex=5 wall=65ms seq=52 late=1144ms h=android.app.ActivityThread$H w=113) (msgIndex=46 wall=136ms seq=93 late=698ms h=X.10F w=3) (msgIndex=49 wall=304ms seq=96 late=763ms h=android.os.Handler c=X.5ul) (msgIndex=53 wall=161ms seq=100 late=727ms h=android.app.ActivityThread$H w=159)
04-03 12:46:12.923 18020 18020 W MiuiStubRegistry: Failed to collect stub providers in android.magicpointer.util.MiuiMagicPointerUtilsStubHeadManifest$$: /system_ext/framework/miui-framework-pointer-pad.jar not exist
04-03 12:46:12.961 18020 18020 W Looper : PerfMonitor doFrame : time=44ms vsyncFrame=0 latency=872ms procState=-1 historyMsgCount=51 (msgIndex=1 wall=129ms seq=51 late=1008ms h=android.view.Choreographer$FrameHandler c=android.view.Choreographer$FrameDisplayEventReceiver) (msgIndex=2 wall=65ms seq=52 late=1144ms h=android.app.ActivityThread$H w=113) (msgIndex=43 wall=136ms seq=93 late=698ms h=X.10F w=3) (msgIndex=46 wall=304ms seq=96 late=763ms h=android.os.Handler c=X.5ul) (msgIndex=50 wall=161ms seq=100 late=727ms h=android.app.ActivityThread$H w=159)
04-03 12:46:13.077 18020 18020 W Looper : PerfMonitor looperActivity : package=com.mbwhatsapp/.HomeActivity time=0ms latency=371ms procState=-1 historyMsgCount=34 (msgIndex=1 wall=304ms seq=96 late=763ms h=android.os.Handler c=X.5ul) (msgIndex=5 wall=161ms seq=100 late=727ms h=android.app.ActivityThread$H w=159) (msgIndex=9 wall=61ms seq=104 late=896ms h=android.app.ActivityThread$H w=121)
04-03 12:46:13.162 18020 18938 W LOTTIE : Animation contains merge paths. Merge paths are only supported on KitKat+ and must be manually ena--------- beginning of system
04-03 12:46:13.177 18020 18020 W Looper : PerfMonitor looperActivity : package=com.mbwhatsapp/.HomeActivity time=100ms latency=364ms procState=-1 historyMsgCount=35 (msgIndex=1 wall=304ms seq=96 late=763ms h=android.os.Handler c=X.5ul) (msgIndex=5 wall=161ms seq=100 late=727ms h=android.app.ActivityThread$H w=159) (msgIndex=9 wall=61ms seq=104 late=896ms h=android.app.ActivityThread$H w=121) --------- beginning of main
04-03 12:46:13.211 18020 18425 E OpenGLRenderer: Unable to match the desired swap behavior.
04-03 12:46:13.337 18020 18020 W LOTTIE : Animation contains merge paths but they are disabled.
04-03 12:46:13.797 18020 18020 W JobService: onNetworkChanged() not implemented in androidx.work.impl.background.systemjob.SystemJobService. Must override in a subclass.
04-03 12:46:14.575 18020 19192 W EpFrameworkFactory: activated: false jar exist: false
04-03 12:46:14.833 18020 18030 W com.mbwhatsapp: Cleared Reference was only reachable from finalizer (only reported once)
04-03 12:46:14.911 18020 18425 W RenderInspector: DequeueBuffer time out on com.mbwhatsapp/com.mbwhatsapp.HomeActivity, count=1, avg=22 ms, max=22 ms.
04-03 12:46:15.012 18020 18020 W MirrorManager: this model don't Support
04-03 12:46:15.325 18020 18425 E libEGL : pre_cache appList: com.miui.weather2,,
04-03 12:46:17.103 18020 18425 W RenderInspector: DequeueBuffer time out on com.mbwhatsapp/com.mbwhatsapp.HomeActivity, count=3, avg=12 ms, max=18 ms.
04-03 12:46:17.199 18020 18425 W RenderInspector: DequeueBuffer time out on com.mbwhatsapp/com.mbwhatsapp.HomeActivity, count=1, avg=19 ms, max=19 ms.
04-03 12:46:17.930 18020 18425 W RenderInspector: QueueBuffer time out on com.mbwhatsapp/com.mbwhatsapp.HomeActivity, count=1, avg=22 ms, max=22 ms.
04-03 12:46:18.050 18020 18425 W RenderInspector: DequeueBuffer time out on com.mbwhatsapp/com.mbwhatsapp.HomeActivity, count=1, avg=18 ms, max=18 ms.
04-03 12:46:18.221 18020 18425 W RenderInspector: QueueBuffer time out on com.mbwhatsapp/com.mbwhatsapp.HomeActivity, count=1, avg=65 ms, max=65 ms.
04-03 12:46:18.466 18020 18425 W RenderInspector: DequeueBuffer time out on com.mbwhatsapp/com.mbwhatsapp.HomeActivity, count=6, avg=20 ms, max=52 ms.
04-03 12:46:19.739 18020 18020 W JobService: onNetworkChanged() not implemented in androidx.work.impl.background.systemjob.SystemJobService. Must override in a subclass.
04-03 12:46:25.879 18020 18020 W JobService: onNetworkChanged() not implemented in androidx.work.impl.background.systemjob.SystemJobService. Must override in a subclass.
04-03 12:47:14.013 18020 18020 W JobService: onNetworkChanged() not implemented in androidx.work.impl.background.systemjob.SystemJobService. Must override in a subclass.
04-03 12:51:50.282 9215 9215 E com.mbwhatsapp: Not starting debugger since process cannot load the jdwp agent.
04-03 12:51:50.918 9215 9215 W System.err: java.lang.ClassNotFoundException: mbmodsd.mbmodsw.ui.views.btn.BtnBK
04-03 12:51:50.918 9215 9215 W System.err: at java.lang.Runtime.nativeLoad(Native Method)
04-03 12:51:50.918 9215 9215 W System.err: at java.lang.Runtime.nativeLoad(Runtime.java:1126)
04-03 12:51:50.918 9215 9215 W System.err: at java.lang.Runtime.loadLibrary0(Runtime.java:1080)
04-03 12:51:50.918 9215 9215 W System.err: at java.lang.Runtime.loadLibrary0(Runtime.java:1003)
04-03 12:51:50.918 9215 9215 W System.err: at java.lang.System.loadLibrary(System.java:1661)
04-03 12:51:50.918 9215 9215 W System.err: at arm.EpicVm.<clinit>(Unknown Source:2)
04-03 12:51:50.919 9215 9215 W System.err: at java.lang.Class.newInstance(Native Method)
04-03 12:51:50.919 9215 9215 W System.err: at android.app.AppComponentFactory.instantiateApplication(AppComponentFactory.java:76)
04-03 12:51:50.919 9215 9215 W System.err: at androidx.core.app.CoreComponentFactory.instantiateApplication(Unknown Source:0)
04-03 12:51:50.919 9215 9215 W System.err: at android.app.Instrumentation.newApplication(Instrumentation.java:1286)
04-03 12:51:50.919 9215 9215 W System.err: at android.app.LoadedApk.makeApplicat--------- beginning of system
04-03 12:51:51.793 9215 9215 W Looper : PerfMonitor longMsg : seq=2 plan=12:51:50.378 late=0ms wall=1402ms h=android.app.ActivityThread$H w=110 procState=-1 --------- beginning of main
04-03 13:39:30.757 11806 11806 E com.mbwhatsapp: Not starting debugger since process cannot load the jdwp agent.
04-03 13:39:31.223 11806 11806 W System.err: java.lang.ClassNotFoundException: mbmodsd.mbmodsw.ui.views.btn.BtnBK
04-03 13:39:31.225 11806 11806 W System.err: at java.lang.Runtime.nativeLoad(Native Method)
04-03 13:39:31.225 11806 11806 W System.err: at java.lang.Runtime.nativeLoad(Runtime.java:1126)
04-03 13:39:31.225 11806 11806 W System.err: at java.lang.Runtime.loadLibrary0(Runtime.java:1080)
04-03 13:39:31.225 11806 11806 W System.err: at java.lang.Runtime.loadLibrary0(Runtime.java:1003)
04-03 13:39:31.225 11806 11806 W System.err: at java.lang.System.loadLibrary(System.java:1661)
04-03 13:39:31.225 11806 11806 W System.err: at arm.EpicVm.<clinit>(Unknown Source:2)
04-03 13:39:31.225 11806 11806 W System.err: at java.lang.Class.newInstance(Native Method)
04-03 13:39:31.225 11806 11806 W System.err: at android.app.AppComponentFactory.instantiateApplication(AppComponentFactory.java:76)
04-03 13:39:31.225 11806 11806 W System.err: at androidx.core.app.CoreComponentFactory.instantiateApplication(Unknown Source:0)
04-03 13:39:31.225 11806 11806 W System.err: at android.app.Instrumentation.newApplication(Instrumentation.java:1286)
04-03 13:39:31.225 11806 11806 W System.err: at android.app.LoadedApk.makeApplicationInner(LoadedApk.java:1487)
04-03 13:39:31.225 11806 11806 W System.err: at android.app.LoadedApk.makeApplicationInner(LoadedApk.java:1424)
04-03 13:39:31.225 11806 11806 W System.err: at android.app.ActivityThread.handleBindApplication(ActivityThread.java:7420)
04-03 13:39:31.225 11806 11806 W System.err: at android.app.ActivityThread.-$ $Nest$mhandleBindApplication(Unknown Source:0)
04-03 13:39:31.225 11806 11806 W System.err: at android.app.ActivityThread$H.handleMessage(ActivityThread.java:2374)
04-03 13:39:31.225 11806 11806 W System.err: at android.os.Handler.dispatchMessage(Handler.java:106)
04-03 13:39:31.225 11806 11806 W System.err: at android.os.Looper.loopOnce(Looper.java:224)
04-03 13:39:31.225 11806 11806 W System.err: at android.os.Looper.loop(Looper.java:318)
04-03 13:39:31.225 11806 11806 W System.err: at android.app.ActivityThread.main(ActivityThread.java:8727)
04-03 13:39:31.225 11806 11806 W System.err: at java.lang.reflect.Method.invoke(Native Method)
04-03 13:39:31.225 11806 11806 W System.err: at com.android.internal.os.RuntimeInit$MethodAndArgsCaller.run(RuntimeInit.java:561)
04-03 13:39:31.225 11806 11806 W System.err: at com.android.internal.os.ZygoteInit.main(ZygoteInit.java:1013)
04-03 13:39:31.242 11806 11806 E CustomActivityOnCrash: IMPORTANT WARNING! You already have an UncaughtExceptionHandler, are you sure this is correct? If you use a custom UncaughtExceptionHandler, you must initialize it AFTER CustomActivityOnCrash! Installing anyway, but your original handler will not be called.
04-03 13:39:31.608 11806 11806 W com.mbwhatsapp: Accessing hidden method Lcom/android/org/conscrypt/OpenSSLSocketImpl;->setUseSessionTickets(Z)V (max- target-q,core-platform-api, reflection, denied)
04-03 13:39:31.608 11806 11806 W com.mbwhatsapp: Accessing hidden method Lcom/android/org/conscrypt/AbstractConscryptSocket;->setUseSessionTickets(Z)V (max- target-q, reflection, denied)
04-03 13:39:31.623 11953 11953 W libprocessgroup: JoinCgroup: controller schedtune is not found
04-03 13:39:31.729 11806 11980 W com.mbwhatsapp: Method void X.2rL.A03(java.lang.Integer) failed lock verification and will run slower.
04-03 13:39:31.729 11806 11980 W com.mbwhatsapp: Common causes for lock verification issues are non-optimized dex code
04-03 13:39:31.729 11806 11980 W com.mbwhatsapp: and incorrect proguard optimizations.
04-03 13:39:31.736 11806 11806 W com.mbwhatsapp: Method void com.mbwhatsapp.HomeActivity.A6e() failed lock verification and will run slower.
04-03 13:39:31.749 11806 12005 W libc : Access denied finding property "vendor.migl.debug"
04-03 13:39:31.753 11806 11806 W com.mbwhatsapp: Method void X.0eU.A0h(X.0tK, boolean) failed lock verification and will run slower.
04-03 13:39:31.870 11806 11806 W libc : Access denied finding property "ro.vendor.df.effect.conflict"
04-03 13:39:32.175 11806 11806 E ArmVmp : Match on catch block at 0x0a in for 0x7e4e5e4031
04-03 13:39:32.198 11806 11806 E ArmVmp : Match on catch block at 0x0a in for 0x7e4e5e404d
04-03 13:39:32.308 11806 12036 W com.mbwhatsapp: Accessing hidden method Lcom/android/org/conscrypt/ConscryptEngineSocket;->setUseSessionTickets(Z)V (max- target-q,core-platform-api, reflection, denied)
04-03 13:39:32.308 11806 12036 W com.mbwhatsapp: Accessing hidden method Lcom/android/org/conscrypt/OpenSSLSocketImpl;->setUseSessionTickets(Z)V (max- target-q,core-platform-api, reflection, denied)
04-03 13:39:32.309 11806 12036 W com.mbwhatsapp: Accessing hidden method Lcom/android/org/conscrypt/AbstractConscryptSocket;->setUseSessionTickets(Z)V (max- target-q, reflection, denied)
04-03 13:39:32.309 11806 12036 W com.mbwhatsapp: Accessing hidden method Lcom/android/org/conscrypt/ConscryptEngineSocket;->setHostname(Ljava/lang/String;)V (max-target-q,core-platform-api, reflection, denied)
04-03 13:39:32.309 11806 12036 W com.mbwhatsapp: Accessing hidden method Lcom/android/org/conscrypt/OpenSSLSocketImpl;->setHostname(Ljava/lang/String;)V (max-target-q,core-platform-api, reflection, denied)
04-03 13:39:32.309 11806 12036 W com.mbwhatsapp: Accessing hidden method Lcom/android/org/conscrypt/AbstractConscryptSocket;->setHostname(Ljava/lang/ String;)V (max-target-q, reflection, denied)
04-03 13:39:32.309 11806 12036 W com.mbwhatsapp: Accessing hidden method Lcom/android/org/conscrypt/OpenSSLSocketImpl;->setAlpnProtocols([B)V (max-target- q,core-platform-api, reflection, denied)
04-03 13:39:32.309 11806 12036 W com.mbwhatsapp: Accessing hidden method Lcom/android/org/conscrypt/AbstractConscryptSocket;->setAlpnProtocols([B)V (max- target-q, reflection, denied)
04-03 13:39:32.318 11806 11806 W Activity: Can request only one set of permissions at a time
04-03 13:39:32.378 11806 11806 W MessageMonitor: PerfMonitor: Slow Operation: Activity com.mbwhatsapp/.HomeActivity onCreate took 610ms
04-03 13:39:32.385 11806 12036 W com.mbwhatsapp: Accessing hidden method Lcom/android/org/conscrypt/OpenSSLSocketImpl;->getAlpnSelectedProtocol()[B (max- target-q,core-platform-api, reflection, denied)
04-03 13:39:32.385 11806 12036 W com.mbwhatsapp: Accessing hidden method Lcom/android/org/conscrypt/AbstractConscryptSocket;->getAlpnSelectedProtocol()[B (max-target-q, reflection, denied)
04-03 13:39:32.467 11806 12085 W ziparchive: Unable to open '/system/framework/QXPerformance.dm': No such file or directory
04-03 13:39:32.467 11806 12085 W ziparchive: Unable to open '/system/framework/QXPerformance.dm': No such file or directory
04-03 13:39:32.507 11806 11806 W MessageMonitor: PerfMonitor: Slow Operation: Activity com.mbwhatsapp/.HomeActivity onStart took 128ms
04-03 13:39:32.548 11806 12068 W ActivityThread: Failed to get holder for com.android.contacts
04-03 13:39:32.550 11806 12068 W System.err: java.lang.InterruptedException
04-03 13:39:32.551 11806 12068 W System.err: at java.lang.Object.wait(Native Method)
04-03 13:39:32.551 11806 12068 W System.err: at java.lang.Object.wait(Object.java:386)
04-03 13:39:32.551 11806 12068 W System.err: at android.app.ActivityThread.acquireProvider(ActivityThread.java:7841)
04-03 13:39:32.551 11806 12068 W System.err: at android.app.ContextImpl$ApplicationContentResolver.acquireUnstableProvider(ContextI mpl.java:3705)
04-03 13:39:32.551 11806 12068 W System.err: at android.content.ContentResolver.acquireUnstableProvider(ContentResolver.java:2545)
04-03 13:39:32.551 11806 12068 W System.err: at android.content.ContentResolver.query(ContentResolver.java:1215)
04-03 13:39:32.551 11806 12068 W System.err: at android.content.ContentResolver.query(ContentResolver.java:1162)
04-03 13:39:32.551 11806 12068 W System.err: at android.content.ContentResolver.query(ContentResolver.java:1118)
04-03 13:39:32.551 11806 12068 W System.err: at X.2sU.A03(Unknown Source:20)
04-03 13:39:32.551 11806 12068 W System.err: at X.1p8.A06(Unknown Source:178)
04-03 13:39:32.551 11806 12068 W System.err: at X.4FF.doInBackground(Unknown Source:2)
04-03 13:39:32.552 11806 12068 W System.err: at android.os.AsyncTask$3.call(AsyncTask.java:394)
04-03 13:39:32.552 11806 12068 W System.err: at java.util.concurrent.FutureTask.run(FutureTask.java:264)
04-03 13:39:32.552 11806 12068 W System.err: at X.0yM.A1J(Unknown Source:2)
04-03 13:39:32.552 11806 12068 W System.err: at X.1nX.run(Unknown Source:91)
04-03 13:39:32.552 11806 12068 W System.err: at java.util.concurrent.ThreadPoolExecutor.runWorker(ThreadPoolExecutor.java:1145)
04-03 13:39:32.552 11806 12068 W System.err: at java.util.concurrent.ThreadPoolExecutor$Worker.run(ThreadPoolExecutor.java:644)
04-03 13:39:32.552 11806 12068 W System.err: at X.3gH.run(Unknown Source:1548)
04-03 13:39:32.552 11806 12068 W System.err: at java.lang.Thread.run(Thread.java:1012)
04-03 13:39:32.552 11806 12068 E ActivityThread: Failed to find provider info for com.android.contacts
04-03 13:39:32.553 11806 12103 W LOTTIE : Animation contains merge paths. Merge paths are only supported on KitKat+ and must be manually enabled by calling enableMergePathsForKitKatAndAbove().
04-03 13:39:32.562 11806 11806 W OpenGLRenderer: Unknown dataspace 0
04-03 13:39:32.580 11806 11806 W Looper : PerfMonitor looperActivity : package=com.mbwhatsapp/.HomeActivity time=859ms latency=822ms procState=-1 historyMsgCount=2 (msgIndex=2 wall=810ms seq=2 late=14ms h=android.app.ActivityThread$H w=110)
04-03 13:39:32.580 11806 11806 W Looper : PerfMonitor looperActivity : package=com.mbwhatsapp/.HomeActivity time=0ms latency=1681ms procState=-1 historyMsgCount=3 (msgIndex=2 wall=810ms seq=2 late=14ms h=android.app.ActivityThread$H w=110) (msgIndex=3 wall=859ms seq=3 late=822ms h=android.app.ActivityThread$H w=159)
04-03 13:39:32.594 11806 11806 W Looper : PerfMonitor looperActivity : package=com.mbwhatsapp/.HomeActivity time=0ms latency=381ms procState=-1 historyMsgCount=14 (msgIndex=1 wall=859ms seq=3 late=822ms h=android.app.ActivityThread$H w=159)
04-03 13:39:32.595 11806 11980 W ActivityThread: Failed to get holder for com.android.contacts
04-03 13:39:32.595 11806 11980 W System.err: java.lang.InterruptedException
04-03 13:39:32.595 11806 11980 W System.err: at java.lang.Object.wait(Native Method)
04-03 13:39:32.595 11806 11980 W System.err: at java.lang.Object.wait(Object.java:386)
04-03 13:39:32.596 11806 11980 W System.err: at android.app.ActivityThread.acquireProvider(ActivityThread.java:7841)
04-03 13:39:32.596 11806 11980 W System.err: at android.app.ContextImpl$ApplicationContentResolver.acquireUnstableProvider(ContextI mpl.java:3705)
04-03 13:39:32.596 11806 11980 W System.err: at android.content.ContentResolver.acquireUnstableProvider(ContentResolver.java:2545)
04-03 13:39:32.596 11806 11980 W System.err: at android.content.ContentResolver.query(ContentResolver.java:1215)
04-03 13:39:32.596 11806 11980 W System.err: at android.content.ContentResolver.query(ContentResolver.java:1162)
04-03 13:39:32.596 11806 11980 W System.err: at android.content.ContentResolver.query(ContentResolver.java:1118)
04-03 13:39:32.596 11806 11980 W System.err: at X.2sU.A03(Unknown Source:20)
04-03 13:39:32.596 11806 11980 W System.err: at X.1p8.A06(Unknown Source:178)
04-03 13:39:32.596 11806 11980 W System.err: at X.4FF.doInBackground(Unknown Source:2)
04-03 13:39:32.596 11806 11980 W System.err: at android.os.AsyncTask$3.call(AsyncTask.java:394)
04-03 13:39:32.596 11806 11980 W System.err: at java.util.concurrent.FutureTask.run(FutureTask.java:264)
04-03 13:39:32.596 11806 11980 W System.err: at X.0yM.A1J(Unknown Source:2)
04-03 13:39:32.596 11806 11980 W System.err: at X.1nX.run(Unknown Source:91)
04-03 13:39:32.596 11806 11980 W System.err: at java.util.concurrent.ThreadPoolExecutor.runWorker(ThreadPoolExecutor.java:1145)
04-03 13:39:32.597 11806 11980 W System.err: at java.util.concurrent.ThreadPoolExecutor$Worker.run(ThreadPoolExecutor.java:644)
04-03 13:39:32.597 11806 11980 W System.err: at X.3gH.run(Unknown Source:1548)
04-03 13:39:32.597 11806 11980 W System.err: at java.lang.Thread.run(Thread.java:1012)
04-03 13:39:32.597 11806 11980 E ActivityThread: Failed to find provider info for com.android.contacts
04-03 13:39:32.637 11806 11806 W Looper : PerfMonitor looperActivity : package=com.mbwhatsapp/.HomeActivity time=43ms latency=382ms procState=-1 historyMsgCount=15 (msgIndex=1 wall=859ms seq=3 late=822ms h=android.app.ActivityThread$H w=159)
04-03 13:39:32.671 11806 11806 W LOTTIE : Animation contains merge paths but they are disabled.
04-03 13:39:32.751 11806 11806 E RecyclerView: No adapter attached; skipping layout
04-03 13:39:32.775 11806 11993 E libEGL : pre_cache appList: com.miui.weather2,,
04-03 13:39:32.785 11806 11993 E OpenGLRenderer: Unable to match the desired swap behavior.
04-03 13:39:32.827 11806 11993 E LB : fail to open file: No such file or directory
04-03 13:39:32.827 11806 11993 E LB : fail to open node: No such file or directory
04-03 13:39:32.933 11806 11806 E ArmVmp : Match on catch block at 0x0a in for 0x7e4e5e4035
04-03 13:39:33.028 11806 11806 W Looper : PerfMonitor looperActivity : package=com.mbwhatsapp/mbmodsd.mbmodsw.mbsettings.yo.PauseActivity time=111ms latency=304ms procState=-1 historyMsgCount=44 (msgIndex=34 wall=193ms seq=51 late=85ms h=android.view.Choreographer$FrameHandler c=android.view.Choreographer$FrameDisplayEventReceiver)
04-03 13:39:33.099 11806 11806 E RecyclerView: No adapter attached; skipping layout
04-03 13:39:33.116 11806 11806 W Looper : PerfMonitor doFrame : time=88ms vsyncFrame=0 latency=341ms procState=-1 historyMsgCount=14 (msgIndex=1 wall=193ms seq=51 late=85ms h=android.view.Choreographer$FrameHandler c=android.view.Choreographer$FrameDisplayEventReceiver) (msgIndex=12 wall=111ms seq=62 late=304ms h=android.app.ActivityThread$H w=159)
04-03 13:39:33.270 11806 11993 E OpenGLRenderer: Unable to match the desired swap behavior.
04-03 13:39:36.911 11806 11806 W MirrorManager: this model don't Support
04-03 13:39:41.218 11806 11823 W com.mbwhatsapp: Cleared Reference was only reachable from finalizer (only reported once)
04-03 13:39:45.690 11806 13054 E RenderScript: Failed to find hal setup entry points: undefined symbol: rsdHalAbort
04-03 13:39:45.691 11806 13054 E RenderScript: Failed to load runtime , loading default
04-03 13:39:45.859 11806 12103 W LOTTIE : Unknown shape type rd
04-03 13:39:45.958 11806 11806 E ArmVmp : Match on catch block at 0x0a in for 0x7e4e5e4035
04-03 13:39:45.964 11806 11806 E ArmVmp : Match on catch block at 0x0a in for 0x7e4e5e4035
04-03 13:39:45.999 11806 11806 E ArmVmp : Match on catch block at 0x0a in for 0x7e4e5e4071
04-03 13:39:46.031 11806 11806 W MessageMonitor: PerfMonitor: Slow Operation: Activity com.mbwhatsapp/.Conversation onStart took 117ms
04-03 13:39:46.063 11806 11806 W Looper : PerfMonitor looperActivity : package=com.mbwhatsapp/.Conversation time=0ms latency=518ms procState=-1 historyMsgCount=3 (msgIndex=3 wall=513ms seq=844 late=8ms h=android.app.ActivityThread$H w=159)
04-03 13:39:46.096 11806 11993 E OpenGLRenderer: Unable to match the desired swap behavior.
04-03 13:39:46.234 11806 11993 E OpenGLRenderer: Unable to match the desired swap behavior.
04-03 13:39:46.382 11806 11806 E ArmVmp : Match on catch block at 0xc3 in for 0x7e4e5e4021
04-03 13:39:46.385 11806 11806 E ArmVmp : Match on catch block at 0xc3 in for 0x7e4e5e4021
04-03 13:39:46.416 11806 11993 E libEGL : pre_cache appList: com.miui.weather2,,
04-03 13:39:46.553 11806 11806 W Looper : PerfMonitor doFrame : time=489ms vsyncFrame=0 latency=512ms procState=-1 historyMsgCount=2 (msgIndex=1 wall=513ms seq=844 late=8ms h=android.app.ActivityThread$H w=159)
04-03 13:39:46.611 11806 11806 E ArmVmp : Match on catch block at 0xc3 in for 0x7e4e5e4025
04-03 13:39:46.613 11806 11806 E ArmVmp : Match on catch block at 0xc3 in for 0x7e4e5e4025
04-03 13:39:46.741 11806 11806 W Looper : PerfMonitor doFrame : time=178ms vsyncFrame=0 latency=493ms procState=-1 historyMsgCount=47 (msgIndex=1 wall=489ms seq=846 late=512ms h=android.view.Choreographer$FrameHandler c=android.view.Choreographer$FrameDisplayEventReceiver)
04-03 13:39:46.849 11806 11806 E ArmVmp : Match on catch block at 0x0a in for 0x7e4e5e407d
04-03 13:39:46.879 11806 11806 E ArmVmp : Match on catch block at 0xc3 in for 0x7e4e5e4025
04-03 13:39:46.881 11806 11806 E ArmVmp : Match on catch block at 0xc3 in for 0x7e4e5e4025
04-03 13:39:46.892 11806 11806 E RippleDrawable: The RippleDrawable.STYLE_PATTERNED animation is not supported for a non-hardware accelerated Canvas. Skipping animation.
04-03 13:39:46.916 11806 11993 E OpenGLRenderer: Unable to match the desired swap behavior.
04-03 13:39:46.944 11806 11806 W WindowOnBackDispatcher: sendCancelIfRunning: isInProgress=falsecallback=android.view.ViewRootImpl$ $ExternalSyntheticLambda22@88cedaa
04-03 13:39:46.949 11806 11806 W MiuiStubRegistry: Failed to collect stub providers in android.magicpointer.util.MiuiMagicPointerUtilsStubHeadManifest$$: /system_ext/framework/miui-framework-pointer-pad.jar not exist
04-03 13:39:46.966 11806 11806 E ArmVmp : Match on catch block at 0xc3 in for 0x7e4e5e4025
04-03 13:39:46.968 11806 11806 E ArmVmp : Match on catch block at 0xc3 in for 0x7e4e5e4025
04-03 13:39:47.007 11806 11806 E ArmVmp : Match on catch block at 0xc3 in for 0x7e4e5e4025
04-03 13:39:47.010 11806 11806 E ArmVmp : Match on catch block at 0xc3 in for 0x7e4e5e4025
04-03 13:39:47.048 11806 11806 E ArmVmp : Match on catch block at 0xc3 in for 0x7e4e5e4025
04-03 13:39:47.051 11806 11806 E ArmVmp : Match on catch block at 0xc3 in for 0x7e4e5e4025
04-03 13:39:47.087 11806 11806 E ArmVmp : Match on catch block at 0xc3 in for 0x7e4e5e4025
04-03 13:39:47.091 11806 11806 E ArmVmp : Match on catch block at 0xc3 in for 0x7e4e5e4025
04-03 13:39:47.129 11806 11806 E ArmVmp : Match on catch block at 0xc3 in for 0x7e4e5e4025
04-03 13:39:47.131 11806 11806 E ArmVmp : Match on catch block at 0xc3 in for 0x7e4e5e4025
04-03 13:39:47.166 11806 11806 E ArmVmp : Match on catch block at 0xc3 in for 0x7e4e5e4025
04-03 13:39:47.168 11806 11806 E ArmVmp : Match on catch block at 0xc3 in for 0x7e4e5e4025
04-03 13:39:47.240 11806 11806 E ArmVmp : Match on catch block at 0xc3 in for 0x7e4e5e4025
04-03 13:39:47.246 11806 11806 E ArmVmp : Match on catch block at 0xc3 in for 0x7e4e5e4025
04-03 13:39:47.286 11806 11806 E ArmVmp : Match on catch block at 0xc3 in for 0x7e4e5e4025
04-03 13:39:47.292 11806 11806 E ArmVmp : Match on catch block at 0xc3 in for 0x7e4e5e4025
04-03 13:39:47.335 11806 11806 E ArmVmp : Match on catch block at 0xc3 in for 0x7e4e5e4025
04-03 13:39:47.339 11806 11806 E ArmVmp : Match on catch block at 0xc3 in for 0x7e4e5e4025
04-03 13:39:47.379 11806 11806 E ArmVmp : Match on catch block at 0xc3 in for 0x7e4e5e4025
04-03 13:39:47.382 11806 11806 E ArmVmp : Match on catch block at 0xc3 in for 0x7e4e5e4025
04-03 13:39:47.417 11806 11806 E ArmVmp : Match on catch block at 0xc3 in for 0x7e4e5e4025
04-03 13:39:47.420 11806 11806 E ArmVmp : Match on catch block at 0xc3 in for 0x7e4e5e4025
04-03 13:39:47.456 11806 11806 E ArmVmp : Match on catch block at 0xc3 in for 0x7e4e5e4025
04-03 13:39:47.465 11806 11806 E ArmVmp : Match on catch block at 0xc3 in for 0x7e4e5e4025
04-03 13:39:47.502 11806 11806 E ArmVmp : Match on catch block at 0xc3 in for 0x7e4e5e4025
04-03 13:39:47.507 11806 11806 E ArmVmp : Match on catch block at 0xc3 in for 0x7e4e5e4025
04-03 13:39:47.548 11806 11806 E ArmVmp : Match on catch block at 0xc3 in for 0x7e4e5e4025
04-03 13:39:47.551 11806 11806 E ArmVmp : Match on catch block at 0xc3 in for 0x7e4e5e4025
04-03 13:39:47.586 11806 11806 E ArmVmp : Match on catch block at 0xc3 in for 0x7e4e5e4025
04-03 13:39:47.588 11806 11806 E ArmVmp : Match on catch block at 0xc3 in for 0x7e4e5e4025
04-03 13:39:47.627 11806 11806 E ArmVmp : Match on catch block at 0xc3 in for 0x7e4e5e4025
04-03 13:39:47.630 11806 11806 E ArmVmp : Match on catch block at 0xc3 in for 0x7e4e5e4025
04-03 13:39:47.664 11806 11806 E ArmVmp : Match on catch block at 0xc3 in for 0x7e4e5e4025
04-03 13:39:47.668 11806 11806 E ArmVmp : Match on catch block at 0xc3 in for 0x7e4e5e4025
04-03 13:39:47.737 11806 11806 E RippleDrawable: The RippleDrawable.STYLE_PATTERNED animation is not supported for a non-hardware accelerated Canvas. Skipping animation.
04-03 13:39:47.740 11806 11806 E ArmVmp : Match on catch block at 0xc3 in for 0x7e4e5e4025
04-03 13:39:47.743 11806 11806 E ArmVmp : Match on catch block at 0xc3 in for 0x7e4e5e4025
04-03 13:39:47.773 11806 11806 E RippleDrawable: The RippleDrawable.STYLE_PATTERNED animation is not supported for a non-hardware accelerated Canvas. Skipping animation.
04-03 13:39:47.778 11806 11806 E ArmVmp : Match on catch block at 0xc3 in for 0x7e4e5e4025
04-03 13:39:47.780 11806 11806 E ArmVmp : Match on catch block at 0xc3 in for 0x7e4e5e4025
04-03 13:39:47.809 11806 11806 E RippleDrawable: The RippleDrawable.STYLE_PATTERNED animation is not supported for a non-hardware accelerated Canvas. Skipping animation.
04-03 13:39:47.812 11806 11806 E ArmVmp : Match on catch block at 0xc3 in for 0x7e4e5e4025
04-03 13:39:47.814 11806 11806 E ArmVmp : Match on catch block at 0xc3 in for 0x7e4e5e4025
04-03 13:39:47.844 11806 11806 W WindowOnBackDispatcher: sendCancelIfRunning: isInProgress=falsecallback=android.view.ViewRootImpl$ $ExternalSyntheticLambda22@258e485
04-03 13:39:47.890 11806 11806 E ArmVmp : Match on catch block at 0xc3 in for 0x7e4e5e4025
04-03 13:39:47.893 11806 11806 E ArmVmp : Match on catch block at 0xc3 in for 0x7e4e5e4025
04-03 13:39:47.902 11806 11806 E ArmVmp : Match on catch block at 0xc3 in for 0x7e4e5e4025
04-03 13:39:47.904 11806 11806 E ArmVmp : Match on catch block at 0xc3 in for 0x7e4e5e4025
04-03 13:39:47.911 11806 11806 E ArmVmp : Match on catch block at 0xc3 in for 0x7e4e5e4025
