04-03 18:30:04.847 12740 12740 W Looper : PerfMonitor looperActivity : package=com.mbwhatsapp/.HomeActivity time=19ms latency=341ms procState=-1 historyMsgCount=14 (msgIndex=1 wall=693ms seq=14 late=12ms h=android.app.ActivityThread$H w=159)
04-03 18:30:05.129 12740 12836 E libEGL : pre_cache appList: com.miui.weather2,,
04-03 18:30:05.142 12740 12836 E OpenGLRenderer: Unable to match the desired swap behavior.
04-03 18:30:05.271 12740 12740 E RecyclerView: No adapter attached; skipping layout
04-03 18:30:05.375 12740 12836 E LB : fail to open file: No such file or directory
04-03 18:30:05.375 12740 12836 E LB : fail to open node: No such file or directory
04-03 18:30:05.470 12740 12740 W Looper : PerfMonitor doFrame : time=578ms vsyncFrame=0 latency=84ms procState=-1 historyMsgCount=42 (msgIndex=1 wall=693ms seq=14 late=12ms h=android.app.ActivityThread$H w=159)
04-03 18:30:05.484 12740 12740 E ArmVmp : Match on catch block at 0x0a in for 0x7e4e5e4035
04-03 18:30:05.496 12740 12740 W Looper : PerfMonitor looperActivity : package=com.mbwhatsapp/mbmodsd.mbmodsw.mbsettings.yo.PauseActivity time=20ms latency=637ms procState=-1 historyMsgCount=33 (msgIndex=29 wall=578ms seq=56 late=84ms h=android.view.Choreographer$FrameHandler c=android.view.Choreographer$FrameDisplayEventReceiver)
04-03 18:30:05.509 12740 12930 W com.mbwhatsapp: Accessing hidden method Landroid/app/MiuiNotification;-><init>()V (blocked, reflection, denied)
04-03 18:30:05.512 12740 12775 W LibraryVersion: Failed to get app version for libraryName: firebase-iid
04-03 18:30:05.548 12740 12740 E RecyclerView: No adapter attached; skipping layout
04-03 18:30:05.555 12740 12740 W Looper : PerfMonitor doFrame : time=46ms vsyncFrame=0 latency=600ms procState=-1 historyMsgCount=13 (msgIndex=1 wall=578ms seq=56 late=84ms h=android.view.Choreographer$FrameHandler c=android.view.Choreographer$FrameDisplayEventReceiver)
04-03 18:30:05.579 12740 12740 W Looper : PerfMonitor looperActivity : package=com.mbwhatsapp/.HomeActivity time=5ms latency=338ms procState=-1 historyMsgCount=69 (msgIndex=1 wall=578ms seq=56 late=84ms h=android.view.Choreographer$FrameHandler c=android.view.Choreographer$FrameDisplayEventReceiver)
04-03 18:30:05.638 12740 12936 W LOTTIE : Animation contains merge paths. Merge paths are only supported on KitKat+ and must be manually enabled by calling enableMergePathsForKitKatAndAbove().
04-03 18:30:05.647 12740 12740 W MiuiStubRegistry: Failed to collect stub providers in android.magicpointer.util.MiuiMagicPointerUtilsStubHeadManifest$$: /system_ext/framework/miui-framework-pointer-pad.jar not exist
04-03 18:30:05.789 12740 12740 W LOTTIE : Animation contains merge paths but they are disabled.
04-03 18:30:05.804 12740 12836 E OpenGLRenderer: Unable to match the desired swap behavior.
04-03 18:30:05.898 12740 12817 E SQLiteDatabase: Error inserting transferred=0 media_job_uuid=b4818b6e-e78e-4c43-81b2-5d5add38ff9a transcoded=0 gif_attribution=0 first_scan_length=0 direct_path=/v/t62.7161- 24/25481555_469608465390138_831609843301017215_n.enc?ccb=11- 4&oh=01_ASDAiEv0hfQtixSbNLD_2P29H9zSifJ3ZEpY3tx4XBu7sQ&oe=6635414D&_nc_sid=5e03e0 thumbnail_height_width_ratio=1.3333334 is_animated_sticker=0 file_hash=v0yRHsEubc+vsuKgA2ylKK+Gm0e0eKxvMq6DzDtgHFo= file_path=null file_size=0 partial_media_hash=null face_x=0 face_y=0 height=640 trim_to=0 media_key_timestamp=1712186417000 message_url=https://mmg.whatsapp.net/v/t62.7161- 24/25481555_469608465390138_831609843301017215_n.enc?ccb=11- 4&oh=01_ASDAiEv0hfQtixSbNLD_2P29H9zSifJ3ZEpY3tx4XBu7sQ&oe=6635414D&_nc_sid=5e03e0&m ms3=true media_caption=null trim_from=0 mime_type=video/mp4 partial_media_enc_hash=null width=480 original_file_hash=null has_streaming_sidecar=1 autotransfer_retry_enabled=0 media_upload_handle=null message_row_id=18 multicast_id=null enc_file_hash=3DqdDTce5vb08bGfNEjfUgPBPljsuxLyah9dqV3RDy0= mute_video=0 page_count=0 first_scan_sidecar=null suspicious_content=0 file_length=1628918 media_name=null media_duration=10 chat_row_id=5 media_key=[B@4b71726
04-03 18:30:05.898 12740 12817 E SQLiteDatabase: android.database.sqlite.SQLiteConstraintException: UNIQUE constraint failed: message_media.message_row_id (code 1555 SQLITE_CONSTRAINT_PRIMARYKEY)
04-03 18:30:05.898 12740 12817 E SQLiteDatabase: at android.database.sqlite.SQLiteConnection.nativeExecuteForLastInsertedRowId(Native Method)
04-03 18:30:05.898 12740 12817 E SQLiteDatabase: at android.database.sqlite.SQLiteConnection.executeForLastInsertedRowId(SQLiteConnecti on.java:961)
04-03 18:30:05.898 12740 12817 E SQLiteDatabase: at android.database.sqlite.SQLiteSession.executeForLastInsertedRowId(SQLiteSession.jav a:790)
04-03 18:30:05.898 12740 12817 E SQLiteDatabase: at android.database.sqlite.SQLiteStatement.executeInsert(SQLiteStatement.java:89)
04-03 18:30:05.898 12740 12817 E SQLiteDatabase: at android.database.sqlite.SQLiteDatabase.insertWithOnConflict(SQLiteDatabase.java:187 0)
04-03 18:30:05.898 12740 12817 E SQLiteDatabase: at android.database.sqlite.SQLiteDatabase.insert(SQLiteDatabase.java:1739)
04-03 18:30:05.898 12740 12817 E SQLiteDatabase: at X.2tm.A08(Unknown Source:6)
04-03 18:30:05.898 12740 12817 E SQLiteDatabase: at X.35Y.A07(Unknown Source:212)
04-03 18:30:05.898 12740 12817 E SQLiteDatabase: at X.3QF.A14(Unknown Source:470)
04-03 18:30:05.898 12740 12817 E SQLiteDatabase: at X.3gU.run(Unknown Source:982)
04-03 18:30:05.898 12740 12817 E SQLiteDatabase: at android.os.Handler.handleCallback(Handler.java:958)
04-03 18:30:05.898 12740 12817 E SQLiteDatabase: at android.os.Handler.dispatchMessage(Handler.java:99)
04-03 18:30:05.898 12740 12817 E SQLiteDatabase: at X.0zq.dispatchMessage(Unknown Source:4)
04-03 18:30:05.898 12740 12817 E SQLiteDatabase: at android.os.Looper.loopOnce(Looper.java:224)
04-03 18:30:05.898 12740 12817 E SQLiteDatabase: at android.os.Looper.loop(Looper.java:318)
04-03 18:30:05.898 12740 12817 E SQLiteDatabase: at android.os.HandlerThread.run(HandlerThread.java:67)
04-03 18:30:05.958 12740 12817 E SQLiteDatabase: Error inserting transferred=0 media_job_uuid=b4818b6e-e78e-4c43-81b2-5d5add38ff9a transcoded=0 gif_attribution=0 first_scan_length=0 direct_path=/v/t62.7161- 24/25481555_469608465390138_831609843301017215_n.enc?ccb=11- 4&oh=01_ASDAiEv0hfQtixSbNLD_2P29H9zSifJ3ZEpY3tx4XBu7sQ&oe=6635414D&_nc_sid=5e03e0 thumbnail_height_width_ratio=1.3333334 is_animated_sticker=0 file_hash=v0yRHsEubc+vsuKgA2ylKK+Gm0e0eKxvMq6DzDtgHFo= file_path=null file_size=0 partial_media_hash=null face_x=0 face_y=0 height=640 trim_to=0 media_key_timestamp=1712186417000 message_url=https://mmg.whatsapp.net/v/t62.7161- 24/25481555_469608465390138_831609843301017215_n.enc?ccb=11- 4&oh=01_ASDAiEv0hfQtixSbNLD_2P29H9zSifJ3ZEpY3tx4XBu7sQ&oe=6635414D&_nc_sid=5e03e0&m ms3=true media_caption=null trim_from=0 mime_type=video/mp4 partial_media_enc_hash=null width=480 original_file_hash=null has_streaming_sidecar=1 autotransfer_retry_enabled=0 media_upload_handle=null message_row_id=18 multicast_id=null enc_file_hash=3DqdDTce5vb08bGfNEjfUgPBPljsuxLyah9dqV3RDy0= mute_video=0 page_count=0 first_scan_sidecar=null suspicious_content=0 file_length=1628918 media_name=null media_duration=10 chat_row_id=5 media_key=[B@4b71726
04-03 18:30:05.958 12740 12817 E SQLiteDatabase: android.database.sqlite.SQLiteConstraintException: UNIQUE constraint failed: message_media.message_row_id (code 1555 SQLITE_CONSTRAINT_PRIMARYKEY)
04-03 18:30:05.958 12740 12817 E SQLiteDatabase: at android.database.sqlite.SQLiteConnection.nativeExecuteForLastInsertedRowId(Native Method)
04-03 18:30:05.958 12740 12817 E SQLiteDatabase: at android.database.sqlite.SQLiteConnection.executeForLastInsertedRowId(SQLiteConnecti on.java:961)
04-03 18:30:05.958 12740 12817 E SQLiteDatabase: at android.database.sqlite.SQLiteSession.executeForLastInsertedRowId(SQLiteSession.jav a:790)
04-03 18:30:05.958 12740 12817 E SQLiteDatabase: at android.database.sqlite.SQLiteStatement.executeInsert(SQLiteStatement.java:89)
04-03 18:30:05.958 12740 12817 E SQLiteDatabase: at android.database.sqlite.SQLiteDatabase.insertWithOnConflict(SQLiteDatabase.java:187 0)
04-03 18:30:05.958 12740 12817 E SQLiteDatabase: at android.database.sqlite.SQLiteDatabase.insert(SQLiteDatabase.java:1739)
04-03 18:30:05.958 12740 12817 E SQLiteDatabase: at X.2tm.A08(Unknown Source:6)
04-03 18:30:05.958 12740 12817 E SQLiteDatabase: at X.35Y.A07(Unknown Source:212)
04-03 18:30:05.958 12740 12817 E SQLiteDatabase: at X.3QF.A14(Unknown Source:470)
04-03 18:30:05.958 12740 12817 E SQLiteDatabase: at X.3gU.run(Unknown Source:982)
04-03 18:30:05.958 12740 12817 E SQLiteDatabase: at android.os.Handler.handleCallback(Handler.java:958)
04-03 18:30:05.958 12740 12817 E SQLiteDatabase: at android.os.Handler.dispatchMessage(Handler.java:99)
04-03 18:30:05.958 12740 12817 E SQLiteDatabase: at X.0zq.dispatchMessage(Unknown Source:4)
04-03 18:30:05.958 127--------- beginning of system
04-03 18:30:15.642 12740 12740 W MessageMonitor: PerfMonitor: Slow Operation: Activity com.mbwhatsapp/.contact.picker.ContactPicker onStart took 132ms --------- beginning of main
04-03 20:51:53.274 5652 5652 E com.mbwhatsapp: Not starting debugger since process cannot load the jdwp agent.
04-03 20:51:53.566 5652 5652 W System.err: java.lang.ClassNotFoundException: mbmodsd.mbmodsw.ui.views.btn.BtnBK
04-03 20:51:53.566 5652 5652 W System.err: at java.lang.Runtime.nativeLoad(Native Method)
04-03 20:51:53.566 5652 5652 W System.err: at java.lang.Runtime.nativeLoad(Runtime.java:1126)
04-03 20:51:53.566 5652 5652 W System.err: at java.lang.Runtime.loadLibrary0(Runtime.java:1080)
04-03 20:51:53.566 5652 5652 W System.err: at java.lang.Runtime.loadLibrary0(Runtime.java:1003)
04-03 20:51:53.566 5652 5652 W System.err: at java.lang.System.loadLibrary(System.java:1661)
04-03 20:51:53.566 5652 5652 W System.err: at arm.EpicVm.<clinit>(Unknown Source:2)
04-03 20:51:53.566 5652 5652 W System.err: at java.lang.Class.newInstance(Native Method)
04-03 20:51:53.566 5652 5652 W System.err: at android.app.AppComponentFactory.instantiateApplication(AppComponentFactory.java:76)
04-03 20:51:53.567 5652 5652 W System.err: at androidx.core.app.CoreComponentFactory.instantiateApplication(Unknown Source:0)
04-03 20:51:53.567 5652 5652 W System.err: at android.app.Instrumentation.newApplication(Instrumentation.java:1286)
04-03 20:51:53.567 5652 5652 W System.err: at android.app.LoadedApk.makeApplicationInner(LoadedApk.java:1487)
04-03 20:51:53.567 5652 5652 W System.err: at android.app.LoadedApk.makeApplicationInner(LoadedApk.java:1424)
04-03 20:51:53.567 5652 5652 W System.err: at android.app.ActivityThread.handleBindApplication(ActivityThread.java:7420)
04-03 20:51:53.567 5652 5652 W System.err: at android.app.ActivityThread.-$ $Nest$mhandleBindApplication(Unknown Source:0)
04-03 20:51:53.567 5652 5652 W System.err: at android.app.ActivityThread$H.handleMessage(ActivityThread.java:2374)
04-03 20:51:53.567 5652 5652 W System.err: at android.os.Handler.dispatchMessage(Handler.java:106)
04-03 20:51:53.567 5652 5652 W System.err: at android.os.Looper.loopOnce(Looper.java:224)
04-03 20:51:53.567 5652 5652 W System.err: at android.os.Looper.loop(Looper.java:318)
04-03 20:51:53.567 5652 5652 W System.err: at android.app.ActivityThread.main(ActivityThread.java:8727)
04-03 20:51:53.567 5652 5652 W System.err: at java.lang.reflect.Method.invoke(Native Method)
04-03 20:51:53.567 5652 5652 W System.err: at com.android.internal.os.RuntimeInit$MethodAndArgsCaller.run(RuntimeInit.java:561)
04-03 20:51:53.567 5652 5652 W System.err: at com.android.internal.os.ZygoteInit.main(ZygoteInit.java:1013)
04-03 20:51:53.583 5652 5652 E CustomActivityOnCrash: IMPORTANT WARNING! You already have an UncaughtExceptionHandler, are you sure this is correct? If you use a custom UncaughtExceptionHandler, you must initialize it AFTER CustomActivityOnCrash! Installing anyway, but your original handler will not be called.
04-03 20:51:54.098 5652 5652 W com.mbwhatsapp: Accessing hidden method Lcom/android/org/conscrypt/OpenSSLSocketImpl;->setUseSessionTickets(Z)V (max- target-q,core-platform-api, reflection, denied)
04-03 20:51:54.099 5652 5652 W com.mbwhatsapp: Accessing hidden method Lcom/android/org/conscrypt/AbstractConscryptSocket;->setUseSessionTickets(Z)V (max- target-q, reflection, denied)
04-03 20:51:54.221 5910 5910 W libprocessgroup: JoinCgroup: controller schedtune is not found
04-03 20:51:54.286 5652 5652 W com.mbwhatsapp: Method void X.0eU.A0h(X.0tK, boolean) failed lock verification and will run slower.
04-03 20:51:54.286 5652 5938 W com.mbwhatsapp: Method void X.2rL.A03(java.lang.Integer) failed lock verification and will run slower.
04-03 20:51:54.286 5652 5938 W com.mbwhatsapp: Common causes for lock verification issues are non-optimized dex code
04-03 20:51:54.286 5652 5938 W com.mbwhatsapp: and incorrect proguard optimizations.
04-03 20:51:54.363 5652 5652 W libc : Access denied finding property "ro.vendor.df.effect.conflict"
04-03 20:51:54.392 5652 5652 W Looper : PerfMonitor looperActivity : package=com.mbwhatsapp/.Icon0 time=120ms latency=958ms procState=-1 historyMsgCount=2 (msgIndex=2 wall=937ms seq=2 late=23ms h=android.app.ActivityThread$H w=110)
04-03 20:51:54.392 5652 5652 W Looper : PerfMonitor looperActivity : package=com.mbwhatsapp/.Icon0 time=0ms latency=1078ms procState=-1 historyMsgCount=3 (msgIndex=2 wall=937ms seq=2 late=23ms h=android.app.ActivityThread$H w=110) (msgIndex=3 wall=120ms seq=3 late=958ms h=android.app.ActivityThread$H w=159)
04-03 20:51:54.423 5652 5968 W libc : Access denied finding property "vendor.migl.debug"
04-03 20:51:54.429 5652 5652 W com.mbwhatsapp: Method void com.mbwhatsapp.HomeActivity.A6e() failed lock verification and will run slower.
04-03 20:51:54.748 5652 5652 E ArmVmp : Match on catch block at 0x0a in for 0x7e4e5e4031
04-03 20:51:54.772 5652 5652 E ArmVmp : Match on catch block at 0x0a in for 0x7e4e5e404d
04-03 20:51:54.821 5652 6040 W com.mbwhatsapp: Accessing hidden method Lcom/android/org/conscrypt/ConscryptEngineSocket;->setUseSessionTickets(Z)V (max- target-q,core-platform-api, reflection, denied)
04-03 20:51:54.821 5652 6040 W com.mbwhatsapp: Accessing hidden method Lcom/android/org/conscrypt/OpenSSLSocketImpl;->setUseSessionTickets(Z)V (max- target-q,core-platform-api, reflection, denied)
04-03 20:51:54.821 5652 6040 W com.mbwhatsapp: Accessing hidden method Lcom/android/org/conscrypt/AbstractConscryptSocket;->setUseSessionTickets(Z)V (max- target-q, reflection, denied)
04-03 20:51:54.822 5652 6040 W com.mbwhatsapp: Accessing hidden method Lcom/android/org/conscrypt/ConscryptEngineSocket;->setHostname(Ljava/lang/String;)V (max-target-q,core-platform-api, reflection, denied)
04-03 20:51:54.822 5652 6040 W com.mbwhatsapp: Accessing hidden method Lcom/android/org/conscrypt/OpenSSLSocketImpl;->setHostname(Ljava/lang/String;)V (max-target-q,core-platform-api, reflection, denied)
04-03 20:51:54.822 5652 6040 W com.mbwhatsapp: Accessing hidden method Lcom/android/org/conscrypt/AbstractConscryptSocket;->setHostname(Ljava/lang/ String;)V (max-target-q, reflection, denied)
04-03 20:51:54.822 5652 6040 W com.mbwhatsapp: Accessing hidden method Lcom/android/org/conscrypt/OpenSSLSocketImpl;->setAlpnProtocols([B)V (max-target- q,core-platform-api, reflection, denied)
04-03 20:51:54.822 5652 6040 W com.mbwhatsapp: Accessing hidden method Lcom/android/org/conscrypt/AbstractConscryptSocket;->setAlpnProtocols([B)V (max- target-q, reflection, denied)
04-03 20:51:54.902 5652 6040 W com.mbwhatsapp: Accessing hidden method Lcom/android/org/conscrypt/OpenSSLSocketImpl;->getAlpnSelectedProtocol()[B (max- target-q,core-platform-api, reflection, denied)
04-03 20:51:54.902 5652 6040 W com.mbwhatsapp: Accessing hidden method Lcom/android/org/conscrypt/AbstractConscryptSocket;->getAlpnSelectedProtocol()[B (max-target-q, reflection, denied)
04-03 20:51:54.908 5652 5652 W Activity: Can request only one set of permissions at a time
04-03 20:51:54.980 5652 5652 W MessageMonitor: PerfMonitor: Slow Operation: Activity com.mbwhatsapp/.HomeActivity onCreate took 537ms
04-03 20:51:55.024 5652 6126 W ziparchive: Unable to open '/system/framework/QXPerformance.dm': No such file or directory
04-03 20:51:55.024 5652 6126 W ziparchive: Unable to open '/system/framework/QXPerformance.dm': No such file or directory
04-03 20:51:55.037 5652 5652 W OpenGLRenderer: Unknown dataspace 0
04-03 20:51:55.060 5652 5652 W Looper : PerfMonitor looperActivity : package=com.mbwhatsapp/.HomeActivity time=0ms latency=652ms procState=-1 historyMsgCount=2 (msgIndex=2 wall=647ms seq=13 late=6ms h=android.app.ActivityThread$H w=159)
04-03 20:51:55.500 5652 5966 E libEGL : pre_cache appList: com.miui.weather2,,
04-03 20:51:55.513 5652 5966 E OpenGLRenderer: Unable to match the desired swap behavior.
04-03 20:51:55.740 5652 5652 E RecyclerView: No adapter attached; skipping layout
04-03 20:51:55.785 5652 5966 E LB : fail to open file: No such file or directory
04-03 20:51:55.785 5652 5966 E LB : fail to open node: No such file or directory
04-03 20:51:55.838 5652 5652 W Looper : PerfMonitor doFrame : time=721ms vsyncFrame=0 latency=62ms procState=-1 historyMsgCount=28 (msgIndex=1 wall=647ms seq=13 late=6ms h=android.app.ActivityThread$H w=159)
04-03 20:51:55.857 5652 5652 E ArmVmp : Match on catch block at 0x0a in for 0x7e4e5e4035
04-03 20:51:55.876 5652 5652 W Looper : PerfMonitor looperActivity : package=com.mbwhatsapp/mbmodsd.mbmodsw.mbsettings.yo.PauseActivity time=35ms latency=745ms procState=-1 historyMsgCount=21 (msgIndex=17 wall=721ms seq=41 late=62ms h=android.view.Choreographer$FrameHandler c=android.view.Choreographer$FrameDisplayEventReceiver)
04-03 20:51:55.922 5652 5652 E RecyclerView: No adapter attached; skipping layout
04-03 20:51:55.932 5652 5652 W Looper : PerfMonitor doFrame : time=55ms vsyncFrame=0 latency=755ms procState=-1 historyMsgCount=8 (msgIndex=1 wall=721ms seq=41 late=62ms h=android.view.Choreographer$FrameHandler c=android.view.Choreographer$FrameDisplayEventReceiver)
04-03 20:51:56.102 5652 5966 E OpenGLRenderer: Unable to match the desired swap behavior.
04-03 20:51:56.184 5652 6343 W LOTTIE : Animation contains merge paths. Merge paths are only supported on KitKat+ and must be manually enabled by calling enableMergePathsForKitKatAndAbove().
04-03 20:51:56.241 5652 5748 W LibraryVersion: Failed to get app version for libraryName: firebase-iid
04-03 20:51:56.345 5652 5966 E OpenGLRenderer: Unable to match the desired swap behavior.
04-03 20:51:56.353 5652 5652 W LOTTIE : Animation contains merge paths but they are disabled.
04-03 20:51:56.769 5652 5966 W RenderInspector: DequeueBuffer time out on com.mbwhatsapp/com.mbwhatsapp.HomeActivity, count=1, avg=17 ms, max=17 ms.
04-03 20:51:56.840 5652 5966 E OpenGLRenderer: Unable to match the desired swap behavior.
04-03 20:51:56.862 5652 5966 E OpenGLRenderer: Unable to match the desired swap behavior.
04-03 20:51:56.895 5652 5966 E OpenGLRenderer: Unable to match the desired swap behavior.
04-03 20:51:56.974 5652 5966 E OpenGLRenderer: Unable to match the desired swap behavior.
04-03 20:51:57.010 5652 5966 E OpenGLRenderer: Unable to match the desired swap behavior.
04-03 20:51:57.034 5652 5966 E OpenGLRenderer: Unable to match the desired swap behavior.
04-03 20:51:57.057 5652 5966 E OpenGLRenderer: Unable to match the desired swap behavior.
04-03 20:51:57.082 5652 5966 E OpenGLRenderer: Unable to match the desired swap behavior.
04-03 20:51:57.111 5652 5966 E OpenGLRenderer: Unable to match the desired swap behavior.
04-03 20:51:58.048 5652 5652 W WindowOnBackDispatcher: sendCancelIfRunning: isInProgress=falsecallback=android.view.ViewRootImpl$ $ExternalSyntheticLambda22@8937f8f
04-03 20:51:58.053 5652 5652 W MiuiStubRegistry: Failed to collect stub providers in android.magicpointer.util.MiuiMagicPointerUtilsStubHeadManifest$$: /system_ext/framework/miui-framework-pointer-pad.jar not exist
04-03 20:51:58.106 5652 5966 E OpenGLRenderer: Unable to match the desired swap behavior.
04-03 20:52:00.035 5652 5652 W WindowOnBackDispatcher: sendCancelIfRunning: isInProgress=falsecallback=android.view.ViewRootImpl$ $ExternalSyntheticLambda22@87dec6d
04-03 20:52:09.753 5652 5666 W com.mbwhatsapp: Cleared Reference was only reachable from finalizer (only reported once)
04-03 20:52:22.675 5652 5966 E OpenGLRenderer: Unable to match the desired swap behavior.
04-03 20:52:23.387 5652 5966 E OpenGLRenderer: Unable to match the desired swap behavior.
04-03 20:52:23.408 5652 5966 E OpenGLRenderer: Unable to match the desired swap behavior.
04-03 20:52:23.443 5652 5966 E OpenGLRenderer: Unable to match the desired swap behavior.
04-03 20:52:23.462 5652 5966 E OpenGLRenderer: Unable to match the desired swap behavior.
04-03 20:52:23.475 5652 5966 E OpenGLRenderer: Unable to match the desired swap behavior.
04-03 20:52:23.496 5652 5966 E OpenGLRenderer: Unable to match the desired swap behavior.
04-03 20:52:23.513 5652 5966 E OpenGLRenderer: Unable to match the desired swap behavior.
04-03 20:52:23.523 5652 5966 E OpenGLRenderer: Unable to match the desired swap behavior.
04-03 20:52:23.525 5652 5670 E BLASTBufferQueue: [VRI[Toast]#4](f:0,a:3) rejecting buffer:active_size=330x156, requested_size=400x156 buffer{size=365x156 transform=0}
04-03 20:52:23.534 5652 5966 E OpenGLRenderer: Unable to match the desired swap behavior.
04-03 20:52:23.549 5652 5966 E OpenGLRenderer: Unable to match the desired swap behavior.
04-03 20:52:23.568 5652 5966 E OpenGLRenderer: Unable to match the desired swap behavior.
04-03 20:52:23.587 5652 5966 E OpenGLRenderer: Unable to match the desired swap behavior.
04-03 20:52:23.604 5652 5966 E OpenGLRenderer: Unable to match the desired swap behavior.
04-03 20:52:23.616 5652 5966 E OpenGLRenderer: Unable to match the desired swap behavior.
04-03 20:52:23.635 5652 5966 E OpenGLRenderer: Unable to match the desired swap behavior.
04-03 20:52:23.649 5652 5966 E OpenGLRenderer: Unable to match the desired swap behavior.
04-03 20:52:23.652 5652 8202 W com.mbwhatsapp: Accessing hidden method Landroid/app/MiuiNotification;-><init>()V (blocked, reflection, denied)
04-03 20:52:23.667 5652 5966 E OpenGLRenderer: Unable to match the desired swap behavior.
04-03 20:52:23.755 5652 8203 W com.mbwhatsapp: Accessing hidden field Landroid/app/Notification;->extraNotification:Landroid/app/MiuiNotification; (blocked, reflection, denied)
04-03 20:52:23.796 5652 8203 W EpFrameworkFactory: activated: false jar exist: false
04-03 20:52:23.806 5652 8203 W com.mbwhatsapp: Accessing hidden field Landroid/app/Notification;->extraNotification:Landroid/app/MiuiNotification; (blocked, reflection, denied)
04-03 20:52:23.822 5652 8202 W com.mbwhatsapp: Accessing hidden method Landroid/app/MiuiNotification;-><init>()V (blocked, reflection, denied)
04-03 20:52:24.626 5652 5652 W WindowOnBackDispatcher: sendCancelIfRunning: isInProgress=falsecallback=android.view.ViewRootImpl$ $ExternalSyntheticLambda22@fe72d9b
04-03 20:52:25.497 5652 5652 W MirrorManager: this model don't Support
04-03 20:52:25.787 5652 8299 E RenderScript: Failed to find hal setup entry points: undefined symbol: rsdHalAbort
04-03 20:52:25.787 5652 8299 E RenderScript: Failed to load runtime , loading default
04-03 20:52:26.105 5652 5652 E ArmVmp : Match on catch block at 0x0a in for 0x7e4e5e4035
04-03 20:52:26.112 5652 5652 E ArmVmp : Match on catch block at 0x0a in for 0x7e4e5e4035
04-03 20:52:26.151 5652 5652 W MessageMonitor: PerfMonitor: Slow Operation: Activity com.mbwhatsapp/.Conversation onStart took 106ms
04-03 20:52:26.211 5652 5652 W Looper : PerfMonitor looperActivity : package=com.mbwhatsapp/.Conversation time=1ms latency=571ms procState=-1 historyMsgCount=5 (msgIndex=5 wall=565ms seq=931 late=7ms h=android.app.ActivityThread$H w=159)
04-03 20:52:26.241 5652 5966 E OpenGLRenderer: Unable to match the desired swap behavior.
04-03 20:52:26.369 5652 5652 E ArmVmp : Match on catch block at 0xc3 in for 0x7e4e5e4021
04-03 20:52:26.373 5652 5652 E ArmVmp : Match on catch block at 0xc3 in for 0x7e4e5e4021
04-03 20:52:26.376 5652 5652 E ArmVmp : Match on catch block at 0xc3 in for 0x7e4e5e4021
04-03 20:52:26.412 5652 5966 E libEGL : pre_cache appList: com.miui.weather2,,
04-03 20:52:26.564 5652 5652 W Looper : PerfMonitor doFrame : time=353ms vsyncFrame=0 latency=567ms procState=-1 historyMsgCount=5 (msgIndex=3 wall=565ms seq=931 late=7ms h=android.app.ActivityThread$H w=159)
04-03 20:52:26.597 5652 5652 E ArmVmp : Match on catch block at 0xc3 in for 0x7e4e5e4025
04-03 20:52:26.600 5652 5652 E ArmVmp : Match on catch block at 0xc3 in for 0x7e4e5e4025
04-03 20:52:26.602 5652 5652 E ArmVmp : Match on catch block at 0xc3 in for 0x7e4e5e4025
04-03 20:52:26.619 5652 5652 W Looper : PerfMonitor doFrame : time=28ms vsyncFrame=0 latency=362ms procState=-1 historyMsgCount=55 (msgIndex=1 wall=353ms seq=934 late=567ms h=android.view.Choreographer$FrameHandler c=android.view.Choreographer$FrameDisplayEventReceiver)
04-03 20:52:26.658 5652 5652 E ArmVmp : Match on catch block at 0xc3 in for 0x7e4e5e4025
04-03 20:52:26.659 5652 5652 E ArmVmp : Match on catch block at 0xc3 in for 0x7e4e5e4025
04-03 20:52:26.661 5652 5652 E ArmVmp : Match on catch block at 0xc3 in for 0x7e4e5e4025
04-03 20:52:26.707 5652 5652 E ArmVmp : Match on catch block at 0xc3 in for 0x7e4e5e4025
04-03 20:52:26.709 5652 5652 E ArmVmp : Match on catch block at 0xc3 in for 0x7e4e5e4025
04-03 20:52:26.711 5652 5652 E ArmVmp : Match on catch block at 0xc3 in for 0x7e4e5e4025
04-03 20:52:26.725 5652 8202 W com.mbwhatsapp: Accessing hidden method Landroid/app/MiuiNotification;-><init>()V (blocked, reflection, denied)
04-03 20:52:26.728 5652 5652 E ArmVmp : Match on catch block at 0xc3 in for 0x7e4e5e4025
04-03 20:52:26.729 5652 5652 E ArmVmp : Match on catch block at 0xc3 in for 0x7e4e5e4025
04-03 20:52:26.731 5652 5652 E ArmVmp : Match on catch block at 0xc3 in for 0x7e4e5e4025
04-03 20:52:26.750 5652 5652 E ArmVmp : Match on catch block at 0xc3 in for 0x7e4e5e4025
04-03 20:52:26.752 5652 5652 E ArmVmp : Match on catch block at 0xc3 in for 0x7e4e5e4025
04-03 20:52:26.754 5652 5652 E ArmVmp : Match on catch block at 0xc3 in for 0x7e4e5e4025
04-03 20:52:26.780 5652 5652 E ArmVmp : Match on catch block at 0xc3 in for 0x7e4e5e4025
04-03 20:52:26.781 5652 5652 E ArmVmp : Match on catch block at 0xc3 in for 0x7e4e5e4025
04-03 20:52:26.784 5652 5652 E ArmVmp : Match on catch block at 0xc3 in for 0x7e4e5e4025
04-03 20:52:26.803 5652 5652 E ArmVmp : Match on catch block at 0xc3 in for 0x7e4e5e4025
04-03 20:52:26.805 5652 5652 E ArmVmp : Match on catch block at 0xc3 in for 0x7e4e5e4025
04-03 20:52:26.808 5652 5652 E ArmVmp : Match on catch block at 0xc3 in for 0x7e4e5e4025
04-03 20:52:26.816 5652 5652 E ArmVmp : Match on catch block at 0xc3 in for 0x7e4e5e4025
04-03 20:52:26.819 5652 5652 E ArmVmp : Match on catch block at 0xc3 in for 0x7e4e5e4025
04-03 20:52:26.821 5652 5652 E ArmVmp : Match on catch block at 0xc3 in for 0x7e4e5e4025
04-03 20:52:26.833 5652 5652 E ArmVmp : Match on catch block at 0xc3 in for 0x7e4e5e4025
04-03 20:52:26.836 5652 5652 E ArmVmp : Match on catch block at 0xc3 in for 0x7e4e5e4025
04-03 20:52:26.839 5652 5652 E ArmVmp : Match on catch block at 0xc3 in for 0x7e4e5e4025
04-03 20:52:26.850 5652 5652 E ArmVmp : Match on catch block at 0xc3 in for 0x7e4e5e4025
04-03 20:52:26.855 5652 5652 E ArmVmp : Match on catch block at 0xc3 in for 0x7e4e5e4025
04-03 20:52:26.857 5652 5652 E ArmVmp : Match on catch block at 0xc3 in for 0x7e4e5e4025
04-03 20:52:26.866 5652 5652 E ArmVmp : Match on catch block at 0xc3 in for 0x7e4e5e4025
04-03 20:52:26.870 5652 5652 E ArmVmp : Match on catch block at 0xc3 in for 0x7e4e5e4025
04-03 20:52:26.872 5652 5652 E ArmVmp : Match on catch block at 0xc3 in for 0x7e4e5e4025
04-03 20:52:26.883 5652 5652 E ArmVmp : Match on catch block at 0xc3 in for 0x7e4e5e4025
04-03 20:52:26.885 5652 5652 E ArmVmp : Match on catch block at 0xc3 in for 0x7e4e5e4025
04-03 20:52:26.887 5652 5652 E ArmVmp : Match on catch block at 0xc3 in for 0x7e4e5e4025
04-03 20:52:26.900 5652 5652 E ArmVmp : Match on catch block at 0xc3 in for 0x7e4e5e4025
04-03 20:52:26.903 5652 5652 E ArmVmp : Match on catch block at 0xc3 in for 0x7e4e5e4025
04-03 20:52:26.908 5652 5652 E ArmVmp : Match on catch block at 0xc3 in for 0x7e4e5e4025
04-03 20:52:26.917 5652 5652 E ArmVmp : Match on catch block at 0xc3 in for 0x7e4e5e4025
04-03 20:52:26.920 5652 5652 E ArmVmp : Match on catch block at 0xc3 in for 0x7e4e5e4025
04-03 20:52:26.923 5652 5652 E ArmVmp : Match on catch block at 0xc3 in for 0x7e4e5e4025
04-03 20:52:26.933 5652 5652 E ArmVmp : Match on catch block at 0xc3 in for 0x7e4e5e4025
04-03 20:52:26.937 5652 5652 E ArmVmp : Match on catch block at 0xc3 in for 0x7e4e5e4025
04-03 20:52:26.939 5652 5652 E ArmVmp : Match on catch block at 0xc3 in for 0x7e4e5e4025
04-03 20:52:26.950 5652 5652 E ArmVmp : Match on catch block at 0xc3 in for 0x7e4e5e4025
04-03 20:52:26.952 5652 5652 E ArmVmp : Match on catch block at 0xc3 in for 0x7e4e5e4025
04-03 20:52:26.955 5652 5652 E ArmVmp : Match on catch block at 0xc3 in for 0x7e4e5e4025
04-03 20:52:26.966 5652 5652 E ArmVmp : Match on catch block at 0xc3 in for 0x7e4e5e4025
04-03 20:52:26.972 5652 5652 E ArmVmp : Match on catch block at 0xc3 in for 0x7e4e5e4025
04-03 20:52:26.977 5652 5652 E ArmVmp : Match on catch block at 0xc3 in for 0x7e4e5e4025
04-03 20:52:26.994 5652 8202 W com.mbwhatsapp: Accessing hidden method Landroid/app/MiuiNotification;-><init>()V (blocked, reflection, denied)
04-03 20:52:27.018 5652 5652 E ArmVmp : Match on catch block at 0xc3 in for 0x7e4e5e4025
04-03 20:52:27.025 5652 5652 E ArmVmp : Match on catch block at 0xc3 in for 0x7e4e5e4025
04-03 20:52:27.028 5652 5652 E ArmVmp : Match on catch block at 0xc3 in for 0x7e4e5e4025
04-03 20:52:27.041 5652 5652 E ArmVmp : Match on catch block at 0xc3 in for 0x7e4e5e4025
04-03 20:52:27.048 5652 5652 E ArmVmp : Match on catch block at 0xc3 in for 0x7e4e5e4025
04-03 20:52:27.052 5652 5652 E ArmVmp : Match on catch block at 0xc3 in for 0x7e4e5e4025
04-03 20:52:27.067 5652 5652 E ArmVmp : Match on catch block at 0xc3 in for 0x7e4e5e4025
04-03 20:52:27.072 5652 5652 E ArmVmp : Match on catch block at 0xc3 in for 0x7e4e5e4025
04-03 20:52:27.078 5652 5652 E ArmVmp : Match on catch block at 0xc3 in for 0x7e4e5e4025
04-03 20:52:27.100 5652 5652 E ArmVmp : Match on catch block at 0xc3 in for 0x7e4e5e4025
04-03 20:52:27.109 5652 5652 E ArmVmp : Match on catch block at 0xc3 in for 0x7e4e5e4025
04-03 20:52:27.112 5652 5652 E ArmVmp : Match on catch block at 0xc3 in for 0x7e4e5e4025
04-03 20:52:27.133 5652 5652 E ArmVmp : Match on catch block at 0xc3 in for 0x7e4e5e4025
04-03 20:52:27.141 5652 5652 E ArmVmp : Match on catch block at 0xc3 in for 0x7e4e5e4025
04-03 20:52:27.144 5652 5652 E ArmVmp : Match on catch block at 0xc3 in for 0x7e4e5e4025
04-03 20:52:27.162 5652 5652 E ArmVmp : Match on catch block at 0xc3 in for 0x7e4e5e4025
04-03 20:52:27.164 5652 5652 E ArmVmp : Match on catch block at 0xc3 in for 0x7e4e5e4025
04-03 20:52:27.169 5652 5652 E ArmVmp : Match on catch block at 0xc3 in for 0x7e4e5e4025
04-03 20:52:27.189 5652 5652 E ArmVmp : Match on catch block at 0xc3 in for 0x7e4e5e4025
04-03 20:52:27.191 5652 5652 E ArmVmp : Match on catch block at 0xc3 in for 0x7e4e5e4025
04-03 20:52:27.193 5652 5652 E ArmVmp : Match on catch block at 0xc3 in for 0x7e4e5e4025
04-03 20:52:27.200 5652 5652 E ArmVmp : Match on catch block at 0xc3 in for 0x7e4e5e4025
04-03 20:52:27.204 5652 5652 E ArmVmp : Match on catch block at 0xc3 in for 0x7e4e5e4025
04-03 20:52:27.206 5652 5652 E ArmVmp : Match on catch block at 0xc3 in for 0x7e4e5e4025
04-03 20:52:27.216 5652 5652 E ArmVmp : Match on catch block at 0xc3 in for 0x7e4e5e4025
04-03 20:52:27.218 5652 5652 E ArmVmp : Match on catch block at 0xc3 in for 0x7e4e5e4025
04-03 20:52:27.221 5652 5652 E ArmVmp : Match on catch block at 0xc3 in for 0x7e4e5e4025
04-03 20:52:27.233 5652 5652 E ArmVmp : Match on catch block at 0xc3 in for 0x7e4e5e4025
04-03 20:52:27.237 5652 5652 E ArmVmp : Match on catch block at 0xc3 in for 0x7e4e5e4025
04-03 20:52:27.239 5652 5652 E ArmVmp : Match on catch block at 0xc3 in for 0x7e4e5e4025
04-03 20:52:27.250 5652 5652 E ArmVmp : Match on catch block at 0xc3 in for 0x7e4e5e4025
04-03 20:52:27.252 5652 5652 E ArmVmp : Match on catch block at 0xc3 in for 0x7e4e5e4025
04-03 20:52:27.253 5652 5652 E ArmVmp : Match on catch block at 0xc3 in for 0x7e4e5e4025
04-03 20:52:27.267 5652 5652 E ArmVmp : Match on catch block at 0xc3 in for 0x7e4e5e4025
04-03 20:52:27.270 5652 5652 E ArmVmp : Match on catch block at 0xc3 in for 0x7e4e5e4025
04-03 20:52:27.272 5652 5652 E ArmVmp : Match on catch block at 0xc3 in for 0x7e4e5e4025
04-03 20:52:27.283 5652 5652 E ArmVmp : Match on catch block at 0xc3 in for 0x7e4e5e4025
04-03 20:52:27.286 5652 5652 E ArmVmp : Match on catch block at 0xc3 in for 0x7e4e5e4025
04-03 20:52:27.288 5652 5652 E ArmVmp : Match on catch block at 0xc3 in for 0x7e4e5e4025
04-03 20:52:27.300 5652 5652 E ArmVmp : Match on catch block at 0xc3 in for 0x7e4e5e4025
04-03 20:52:27.303 5652 5652 E ArmVmp : Match on catch block at 0xc3 in for 0x7e4e5e4025
04-03 20:52:27.306 5652 5652 E ArmVmp : Match on catch block at 0xc3 in for 0x7e4e5e4025
04-03 20:52:27.317 5652 5652 E ArmVmp : Match on catch block at 0xc3 in for 0x7e4e5e4025
04-03 20:52:27.320 5652 5652 E ArmVmp : Match on catch block at 0xc3 in for 0x7e4e5e4025
04-03 20:52:27.322 5652 5652 E ArmVmp : Match on catch block at 0xc3 in for 0x7e4e5e4025
04-03 20:52:27.334 5652 5652 E ArmVmp : Match on catch block at 0xc3 in for 0x7e4e5e4025
04-03 20:52:27.336 5652 5652 E ArmVmp : Match on catch block at 0xc3 in for 0x7e4e5e4025
04-03 20:52:27.338 5652 5652 E ArmVmp : Match on catch block at 0xc3 in for 0x7e4e5e4025
04-03 20:52:27.701 5652 5652 E ArmVmp : Match on catch block at 0xc3 in for 0x7e4e5e4025
04-03 20:52:27.704 5652 5652 E ArmVmp : Match on catch block at 0xc3 in for 0x7e4e5e4025
04-03 20:52:27.707 5652 5652 E ArmVmp : Match on catch block at 0xc3 in for 0x7e4e5e4025
04-03 20:52:28.203 5652 5652 E ArmVmp : Match on catch block at 0xc3 in for 0x7e4e5e4025
04-03 20:52:28.207 5652 5652 E ArmVmp : Match on catch block at 0xc3 in for 0x7e4e5e4025
04-03 20:52:28.209 5652 5652 E ArmVmp : Match on catch block at 0xc3 in for 0x7e4e5e4025
04-03 20:52:28.287 5652 5652 E ArmVmp : Match on catch block at 0xc3 in for 0x7e4e5e4025
04-03 20:52:28.294 5652 5652 E ArmVmp : Match on catch block at 0xc3 in for 0x7e4e5e4025
04-03 20:52:28.298 5652 5652 E ArmVmp : Match on catch block at 0xc3 in for 0x7e4e5e4025
04-03 20:52:28.304 5652 5652 E ArmVmp : Match on catch block at 0xc3 in for 0x7e4e5e4025
04-03 20:52:28.309 5652 5652 E ArmVmp : Match on catch block at 0xc3 in for 0x7e4e5e4025
04-03 20:52:28.313 5652 5652 E ArmVmp : Match on catch block at 0xc3 in for 0x7e4e5e4025
04-03 20:52:28.320 5652 5652 E ArmVmp : Match on catch block at 0xc3 in for 0x7e4e5e4025
04-03 20:52:28.326 5652 5652 E ArmVmp : Match on catch block at 0xc3 in for 0x7e4e5e4025
04-03 20:52:28.329 5652 5652 E ArmVmp : Match on catch block at 0xc3 in for 0x7e4e5e4025
04-03 20:52:28.338 5652 5652 E ArmVmp : Match on catch block at 0xc3 in for 0x7e4e5e4025
04-03 20:52:28.342 5652 5652 E ArmVmp : Match on catch block at 0xc3 in for 0x7e4e5e4025
04-03 20:52:28.344 5652 5652 E ArmVmp : Match on catch block at 0xc3 in for 0x7e4e5e4025
04-03 20:52:28.353 5652 5652 E ArmVmp : Match on catch block at 0xc3 in for 0x7e4e5e4025
04-03 20:52:28.355 5652 5652 E ArmVmp : Match on catch block at 0xc3 in for 0x7e4e5e4025
04-03 20:52:28.357 5652 5652 E ArmVmp : Match on catch block at 0xc3 in for 0x7e4e5e4025
04-03 20:52:28.369 5652 5652 E ArmVmp : Match on catch block at 0xc3 in for 0x7e4e5e4025
04-03 20:52:28.371 5652 5652 E ArmVmp : Match on catch block at 0xc3 in for 0x7e4e5e4025
04-03 20:52:28.373 5652 5652 E ArmVmp : Match on catch block at 0xc3 in for 0x7e4e5e4025
04-03 20:52:28.386 5652 5652 E ArmVmp : Match on catch block at 0xc3 in for 0x7e4e5e4025
04-03 20:52:28.389 5652 5652 E ArmVmp : Match on catch block at 0xc3 in for 0x7e4e5e4025
04-03 20:52:28.391 5652 5652 E ArmVmp : Match on catch block at 0xc3 in for 0x7e4e5e4025
04-03 20:52:28.403 5652 5652 E ArmVmp : Match on catch block at 0xc3 in for 0x7e4e5e4025
04-03 20:52:28.406 5652 5652 E ArmVmp : Match on catch block at 0xc3 in for 0x7e4e5e4025
04-03 20:52:28.408 5652 5652 E ArmVmp : Match on catch block at 0xc3 in for 0x7e4e5e4025
04-03 20:52:28.420 5652 5652 E ArmVmp : Match on catch block at 0xc3 in for 0x7e4e5e4025
04-03 20:52:28.422 5652 5652 E ArmVmp : Match on catch block at 0xc3 in for 0x7e4e5e4025
04-03 20:52:28.424 5652 5652 E ArmVmp : Match on catch block at 0xc3 in for 0x7e4e5e4025
04-03 20:52:28.436 5652 5652 E ArmVmp : Match on catch block at 0xc3 in for 0x7e4e5e4025
04-03 20:52:28.439 5652 5652 E ArmVmp : Match on catch block at 0xc3 in for 0x7e4e5e4025
04-03 20:52:28.441 5652 5652 E ArmVmp : Match on catch block at 0xc3 in for 0x7e4e5e4025
04-03 20:52:28.453 5652 5652 E ArmVmp : Match on catch block at 0xc3 in for 0x7e4e5e4025
04-03 20:52:28.456 5652 5652 E ArmVmp : Match on catch block at 0xc3 in for 0x7e4e5e4025
04-03 20:52:28.459 5652 5652 E ArmVmp : Match on catch block at 0xc3 in for 0x7e4e5e4025
04-03 20:52:28.470 5652 5652 E ArmVmp : Match on catch block at 0xc3 in for 0x7e4e5e4025
04-03 20:52:28.476 5652 5652 E ArmVmp : Match on catch block at 0xc3 in for 0x7e4e5e4025
04-03 20:52:28.478 5652 5652 E ArmVmp : Match on catch block at 0xc3 in for 0x7e4e5e4025
04-03 20:52:28.487 5652 5652 E ArmVmp : Match on catch block at 0xc3 in for 0x7e4e5e4025
04-03 20:52:28.492 5652 5652 E ArmVmp : Match on catch block at 0xc3 in for 0x7e4e5e4025
04-03 20:52:28.495 5652 5652 E ArmVmp : Match on catch block at 0xc3 in for 0x7e4e5e4025
04-03 20:52:28.504 5652 5652 E ArmVmp : Match on catch block at 0xc3 in for 0x7e4e5e4025
04-03 20:52:28.507 5652 5652 E ArmVmp : Match on catch block at 0xc3 in for 0x7e4e5e4025
04-03 20:52:28.509 5652 5652 E ArmVmp : Match on catch block at 0xc3 in for 0x7e4e5e4025
04-03 20:52:28.521 5652 5652 E ArmVmp : Match on catch block at 0xc3 in for 0x7e4e5e4025
04-03 20:52:28.524 5652 5652 E ArmVmp : Match on catch block at 0xc3 in for 0x7e4e5e4025
04-03 20:52:28.526 5652 5652 E ArmVmp : Match on catch block at 0xc3 in for 0x7e4e5e4025
04-03 20:52:28.537 5652 5652 E ArmVmp : Match on catch block at 0xc3 in for 0x7e4e5e4025
04-03 20:52:28.541 5652 5652 E ArmVmp : Match on catch block at 0xc3 in for 0x7e4e5e4025
04-03 20:52:28.543 5652 5652 E ArmVmp : Match on catch block at 0xc3 in for 0x7e4e5e4025
04-03 20:52:28.554 5652 5652 E ArmVmp : Match on catch block at 0xc3 in for 0x7e4e5e4025
04-03 20:52:28.560 5652 5652 E ArmVmp : Match on catch block at 0xc3 in for 0x7e4e5e4025
04-03 20:52:28.563 5652 5652 E ArmVmp : Match on catch block at 0xc3 in for 0x7e4e5e4025
04-03 20:52:28.705 5652 5652 E ArmVmp : Match on catch block at 0xc3 in for 0x7e4e5e4025
04-03 20:52:28.708 5652 5652 E ArmVmp : Match on catch block at 0xc3 in for 0x7e4e5e4025
04-03 20:52:28.711 5652 5652 E ArmVmp : Match on catch block at 0xc3 in for 0x7e4e5e4025
04-03 20:52:29.205 5652 5652 E ArmVmp : Match on catch block at 0xc3 in for 0x7e4e5e4025
04-03 20:52:29.207 5652 5652 E ArmVmp : Match on catch block at 0xc3 in for 0x7e4e5e4025
04-03 20:52:29.209 5652 5652 E ArmVmp : Match on catch block at 0xc3 in for 0x7e4e5e4025
04-03 20:52:29.456 5652 5652 E ArmVmp : Match on catch block at 0xc3 in for 0x7e4e5e4025
04-03 20:52:29.459 5652 5652 E ArmVmp : Match on catch block at 0xc3 in for 0x7e4e5e4025
04-03 20:52:29.462 5652 5652 E ArmVmp : Match on catch block at 0xc3 in for 0x7e4e5e4025
04-03 20:52:29.707 5652 5652 E ArmVmp : Match on catch block at 0xc3 in for 0x7e4e5e4025
04-03 20:52:29.710 5652 5652 E ArmVmp : Match on catch block at 0xc3 in for 0x7e4e5e4025
04-03 20:52:29.713 5652 5652 E ArmVmp : Match on catch block at 0xc3 in for 0x7e4e5e4025
04-03 20:52:29.763 5652 5652 E ArmVmp : Match on catch block at 0xc3 in for 0x7e4e5e4025
04-03 20:52:29.764 5652 5652 E ArmVmp : Match on catch block at 0xc3 in for 0x7e4e5e4025
04-03 20:52:29.766 5652 5652 E ArmVmp : Match on catch block at 0xc3 in for 0x7e4e5e4025
04-03 20:52:29.774 5652 5652 E ArmVmp : Match on catch block at 0xc3 in for 0x7e4e5e4025
04-03 20:52:29.777 5652 5652 E ArmVmp : Match on catch block at 0xc3 in for 0x7e4e5e4025
04-03 20:52:29.779 5652 5652 E ArmVmp : Match on catch block at 0xc3 in for 0x7e4e5e4025
04-03 20:52:30.145 5652 5652 E ArmVmp : Match on catch block at 0xc3 in for 0x7e4e5e4025
04-03 20:52:30.148 5652 5652 E ArmVmp : Match on catch block at 0xc3 in for 0x7e4e5e4025
04-03 20:52:30.155 5652 5652 E ArmVmp : Match on catch block at 0xc3 in for 0x7e4e5e4025
04-03 20:52:30.163 5652 5652 E ArmVmp : Match on catch block at 0xc3 in for 0x7e4e5e4025
04-03 20:52:30.165 5652 5652 E ArmVmp : Match on catch block at 0xc3 in for 0x7e4e5e4025
04-03 20:52:30.167 5652 5652 E ArmVmp : Match on catch block at 0xc3 in for 0x7e4e5e4025
04-03 20:52:30.209 5652 5652 E ArmVmp : Match on catch block at 0xc3 in for 0x7e4e5e4025
04-03 20:52:30.212 5652 5652 E ArmVmp : Match on catch block at 0xc3 in for 0x7e4e5e4025
04-03 20:52:30.215 5652 5652 E ArmVmp : Match on catch block at 0xc3 in for 0x7e4e5e4025
04-03 20:52:30.709 5652 5652 E ArmVmp : Match on catch block at 0xc3 in for 0x7e4e5e4025
04-03 20:52:30.713 5652 5652 E ArmVmp : Match on catch block at 0xc3 in for 0x7e4e5e4025
04-03 20:52:30.716 5652 5652 E ArmVmp : Match on catch block at 0xc3 in for 0x7e4e5e4025
04-03 20:52:31.209 5652 5652 E ArmVmp : Match on catch block at 0xc3 in for 0x7e4e5e4025
04-03 20:52:31.211 5652 5652 E ArmVmp : Match on catch block at 0xc3 in for 0x7e4e5e4025
04-03 20:52:31.214 5652 5652 E ArmVmp : Match on catch block at 0xc3 in for 0x7e4e5e4025
04-03 20:52:31.697 5652 5652 E ArmVmp : Match on catch block at 0xc3 in for 0x7e4e5e4025
04-03 20:52:31.713 5652 5652 E ArmVmp : Match on catch block at 0xc3 in for 0x7e4e5e4025
04-03 20:52:31.719 5652 5652 E ArmVmp : Match on catch block at 0xc3 in for 0x7e4e5e4025
04-03 20:52:31.730 5652 5652 E ArmVmp : Match on catch block at 0xc3 in for 0x7e4e5e4025
04-03 20:52:31.738 5652 5652 E ArmVmp : Match on catch block at 0xc3 in for 0x7e4e5e4025
04-03 20:52:31.743 5652 5652 E ArmVmp : Match on catch block at 0xc3 in for 0x7e4e5e4025
04-03 20:52:31.752 5652 5652 E ArmVmp : Match on catch block at 0xc3 in for 0x7e4e5e4025
04-03 20:52:31.761 5652 5652 E ArmVmp : Match on catch block at 0xc3 in for 0x7e4e5e4025
04-03 20:52:31.769 5652 5652 E ArmVmp : Match on catch block at 0xc3 in for 0x7e4e5e4025
04-03 20:52:31.779 5652 5652 E ArmVmp : Match on catch block at 0xc3 in for 0x7e4e5e4025
04-03 20:52:31.787 5652 5652 E ArmVmp : Match on catch block at 0xc3 in for 0x7e4e5e4025
04-03 20:52:31.793 5652 5652 E ArmVmp : Match on catch block at 0xc3 in for 0x7e4e5e4025
04-03 20:52:31.804 5652 5652 E ArmVmp : Match on catch block at 0xc3 in for 0x7e4e5e4025
04-03 20:52:31.807 5652 5652 E ArmVmp : Match on catch block at 0xc3 in for 0x7e4e5e4025
04-03 20:52:31.814 5652 5652 E ArmVmp : Match on catch block at 0xc3 in for 0x7e4e5e4025
04-03 20:52:31.818 5652 5652 E ArmVmp : Match on catch block at 0xc3 in for 0x7e4e5e4025
04-03 20:52:31.825 5652 5652 E ArmVmp : Match on catch block at 0xc3 in for 0x7e4e5e4025
04-03 20:52:31.828 5652 5652 E ArmVmp : Match on catch block at 0xc3 in for 0x7e4e5e4025
04-03 20:52:31.838 5652 5652 E ArmVmp : Match on catch block at 0xc3 in for 0x7e4e5e4025
04-03 20:52:31.846 5652 5652 E ArmVmp : Match on catch block at 0xc3 in for 0x7e4e5e4025
04-03 20:52:31.859 5652 5652 E ArmVmp : Match on catch block at 0xc3 in for 0x7e4e5e4025
04-03 20:52:31.885 5652 5652 E ArmVmp : Match on catch block at 0xc3 in for 0x7e4e5e4025
04-03 20:52:31.897 5652 5652 E ArmVmp : Match on catch block at 0xc3 in for 0x7e4e5e4025
04-03 20:52:31.918 5652 5652 E ArmVmp : Match on catch block at 0xc3 in for 0x7e4e5e4025
04-03 20:52:31.939 5652 5652 E ArmVmp : Match on catch block at 0xc3 in for 0x7e4e5e4025
04-03 20:52:31.949 5652 5652 E ArmVmp : Match on catch block at 0xc3 in for 0x7e4e5e4025
04-03 20:52:31.956 5652 5652 E ArmVmp : Match on catch block at 0xc3 in for 0x7e4e5e4025
04-03 20:52:32.148 5652 5652 E ArmVmp : Match on catch block at 0xc3 in for 0x7e4e5e4025
04-03 20:52:32.155 5652 5652 E ArmVmp : Match on catch block at 0xc3 in for 0x7e4e5e4025
04-03 20:52:32.159 5652 5652 E ArmVmp : Match on catch block at 0xc3 in for 0x7e4e5e4025
04-03 20:52:32.185 5652 5652 E ArmVmp : Match on catch block at 0xc3 in for 0x7e4e5e4025
04-03 20:52:32.190 5652 5652 E ArmVmp : Match on catch block at 0xc3 in for 0x7e4e5e4025
04-03 20:52:32.193 5652 5652 E ArmVmp : Match on catch block at 0xc3 in for 0x7e4e5e4025 0--------- beginning of main
04-03 21:17:28.656 30076 30076 E com.mbwhatsapp: Not starting debugger since process cannot load the jdwp agent.
04-03 21:17:28.909 30076 30076 W System.err: java.lang.ClassNotFoundException: mbmodsd.mbmodsw.ui.views.btn.BtnBK
04-03 21:17:28.909 30076 30076 W System.err: at java.lang.Runtime.nativeLoad(Native Method)
04-03 21:17:28.910 30076 30076 W System.err: at java.lang.Runtime.nativeLoad(Runtime.java:1126)
04-03 21:17:28.910 30076 30076 W System.err: at java.lang.Runtime.loadLibrary0(Runtime.java:1080)
04-03 21:17:28.910 30076 30076 W System.err: at java.lang.Runtime.loadLibrary0(Runtime.java:1003)
04-03 21:17:28.910 30076 30076 W System.err: at java.lang.System.loadLibrary(System.java:1661)
04-03 21:17:28.910 30076 30076 W System.err: at arm.EpicVm.<clinit>(Unknown Source:2)
04-03 21:17:28.910 30076 30076 W System.err: at java.lang.Class.newInstance(Native Method)
04-03 21:17:28.910 30076 30076 W System.err: at android.app.AppComponentFactory.instantiateApplication(AppComponentFactory.java:76)
04-03 21:17:28.910 30076 30076 W System.err: at androidx.core.app.CoreComponentFactory.instantiateApplication(Unknown Source:0)
04-03 21:17:28.910 30076 30076 W System.err: at android.app.Instrumentation.newApplication(Instrumentation.java:1286)
04-03 21:17:28.910 30076 30076 W System.err: at android.app.LoadedApk.makeApplicationInner(LoadedApk.java:1487)
04-03 21:17:28.910 30076 30076 W System.err: at android.app.LoadedApk.makeApplicationInner(LoadedApk.java:1424)
04-03 21:17:28.910 30076 30076 W System.err: at android.app.ActivityThread.handleBindApplication(ActivityThread.java:7420)
04-03 21:17:28.910 30076 30076 W System.err: at android.app.ActivityThread.-$ $Nest$mhandleBindApplication(Unknown Source:0)
04-03 21:17:28.910 30076 30076 W System.err: at android.app.ActivityThread$H.handleMessage(ActivityThread.java:2374)
04-03 21:17:28.910 30076 30076 W System.err: at android.os.Handler.dispatchMessage(Handler.java:106)
04-03 21:17:28.910 30076 30076 W System.err: at android.os.Looper.loopOnce(Looper.java:224)
04-03 21:17:28.910 30076 30076 W System.err: at android.os.Looper.loop(Looper.java:318)
04-03 21:17:28.910 30076 30076 W System.err: at android.app.ActivityThread.main(ActivityThread.java:8727)
04-03 21:17:28.910 30076 30076 W System.err: at java.lang.reflect.Method.invoke(Native Method)
04-03 21:17:28.910 30076 30076 W System.err: at com.android.internal.os.RuntimeInit$MethodAndArgsCaller.run(RuntimeInit.java:561)
04-03 21:17:28.910 30076 30076 W System.err: at com.android.internal.os.ZygoteInit.main(ZygoteInit.java:1013)
04-03 21:17:28.931 30076 30076 E CustomActivityOnCrash: IMPORTANT WARNING! You already have an UncaughtExceptionHandler, are you sure this is correct? If you use a custom UncaughtExceptionHandler, you must initialize it AFTER CustomActivityOnCrash! Installing anyway, but your original handler will not be called.
04-03 21:17:29.342 30076 30076 W com.mbwhatsapp: Accessing hidden method Lcom/android/org/conscrypt/OpenSSLSocketImpl;->setUseSessionTickets(Z)V (max- target-q,core-platform-api, reflection, denied)
04-03 21:17:29.342 30076 30076 W com.mbwhatsapp: Accessing hidden method Lcom/android/org/conscrypt/AbstractConscryptSocket;->setUseSessionTickets(Z)V (max- target-q, reflection, denied)
04-03 21:17:29.359 30076 30076 W com.mbwhatsapp: type=1400 audit(0.0:736247): avc: granted { execute } for path="/data/data/com.mbwhatsapp/files/decompressed/libs.spk.zst/libc++_shared.so" dev="dm-55" ino=105337 scontext=u:r:untrusted_app_32:s0:c68,c257,c512,c768 tcontext=u:object_r:app_data_file:s0:c68,c257,c512,c768 tclass=file app=com.mbwhatsapp
04-03 21:17:29.363 30076 30076 W com.mbwhatsapp: type=1400 audit(0.0:736248): avc: granted { execute } for path="/data/data/com.mbwhatsapp/files/decompressed/libs.spk.zst/libvlc.so" dev="dm- 55" ino=103418 scontext=u:r:untrusted_app_32:s0:c68,c257,c512,c768 tcontext=u:object_r:app_data_file:s0:c68,c257,c512,c768 tclass=file app=com.mbwhatsapp
04-03 21:17:29.414 30130 30130 W libprocessgroup: JoinCgroup: controller schedtune is not found
04-03 21:17:29.559 30076 30076 W com.mbwhatsapp: type=1400 audit(0.0:736255): avc: denied { read } for name="u:object_r:vendor_displayfeature_prop:s0" dev="tmpfs" ino=425 scontext=u:r:untrusted_app_32:s0:c68,c257,c512,c768 tcontext=u:object_r:vendor_displayfeature_prop:s0 tclass=file permissive=0 app=com.mbwhatsapp
04-03 21:17:29.464 30076 30143 W com.mbwhatsapp: Method void X.2rL.A03(java.lang.Integer) failed lock verification and will run slower.
04-03 21:17:29.464 30076 30143 W com.mbwhatsapp: Common causes for lock verification issues are non-optimized dex code
04-03 21:17:29.464 30076 30143 W com.mbwhatsapp: and incorrect proguard optimizations.
04-03 21:17:29.470 30076 30076 W com.mbwhatsapp: Method void X.0eU.A0h(X.0tK, boolean) failed lock verification and will run slower.
04-03 21:17:29.564 30076 30076 W libc : Access denied finding property "ro.vendor.df.effect.conflict" --------- beginning of system
