04-05 20:52:54.942 31586 31586 E ArmVmp : Match on catch block at 0xc3 in for 0x7e4e5e4025
04-05 20:52:54.979 31586 31586 E ArmVmp : Match on catch block at 0xc3 in for 0x7e4e5e4025
04-05 20:52:54.985 31586 31586 E ArmVmp : Match on catch block at 0xc3 in for 0x7e4e5e4025
04-05 20:52:54.992 31586 31586 E ArmVmp : Match on catch block at 0xc3 in for 0x7e4e5e4025
04-05 20:52:55.011 31586 31586 E ArmVmp : Match on catch block at 0xc3 in for 0x7e4e5e4025
04-05 20:52:55.016 31586 31586 E ArmVmp : Match on catch block at 0xc3 in for 0x7e4e5e4025
04-05 20:52:55.019 31586 31586 E ArmVmp : Match on catch block at 0xc3 in for 0x7e4e5e4025
04-05 20:52:55.028 31586 31586 E ArmVmp : Match on catch block at 0xc3 in for 0x7e4e5e4025
04-05 20:52:55.034 31586 31586 E ArmVmp : Match on catch block at 0xc3 in for 0x7e4e5e4025
04-05 20:52:55.039 31586 31586 E ArmVmp : Match on catch block at 0xc3 in for 0x7e4e5e4025
04-05 20:52:55.096 31586 31586 E ArmVmp : Match on catch block at 0xc3 in for 0x7e4e5e4025
04-05 20:52:55.101 31586 31586 E ArmVmp : Match on catch block at 0xc3 in for 0x7e4e5e4025
04-05 20:52:55.106 31586 31586 E ArmVmp : Match on catch block at 0xc3 in for 0x7e4e5e4025
04-05 20:52:55.147 31586 31586 E ArmVmp : Match on catch block at 0xc3 in for 0x7e4e5e4025
04-05 20:52:55.151 31586 31586 E ArmVmp : Match on catch block at 0xc3 in for 0x7e4e5e4025
04-05 20:52:55.153 31586 31586 E ArmVmp : Match on catch block at 0xc3 in for 0x7e4e5e4025
04-05 20:52:55.195 31586 31586 E ArmVmp : Match on catch block at 0xc3 in for 0x7e4e5e4025
04-05 20:52:55.198 31586 31586 E ArmVmp : Match on catch block at 0xc3 in for 0x7e4e5e4025
04-05 20:52:55.201 31586 31586 E ArmVmp : Match on catch block at 0xc3 in for 0x7e4e5e4025
04-05 20:52:55.245 31586 31586 E ArmVmp : Match on catch block at 0xc3 in for 0x7e4e5e4025
04-05 20:52:55.249 31586 31586 E ArmVmp : Match on catch block at 0xc3 in for 0x7e4e5e4025
04-05 20:52:55.251 31586 31586 E ArmVmp : Match on catch block at 0xc3 in for 0x7e4e5e4025
04-05 20:52:55.295 31586 31586 E ArmVmp : Match on catch block at 0xc3 in for 0x7e4e5e4025
04-05 20:52:55.298 31586 31586 E ArmVmp : Match on catch block at 0xc3 in for 0x7e4e5e4025
04-05 20:52:55.300 31586 31586 E ArmVmp : Match on catch block at 0xc3 in for 0x7e4e5e4025
04-05 20:52:55.346 31586 31586 E ArmVmp : Match on catch block at 0xc3 in for 0x7e4e5e4025
04-05 20:52:55.349 31586 31586 E ArmVmp : Match on catch block at 0xc3 in for 0x7e4e5e4025
04-05 20:52:55.352 31586 31586 E ArmVmp : Match on catch block at 0xc3 in for 0x7e4e5e4025
04-05 20:52:55.395 31586 31586 E ArmVmp : Match on catch block at 0xc3 in for 0x7e4e5e4025
04-05 20:52:55.399 31586 31586 E ArmVmp : Match on catch block at 0xc3 in for 0x7e4e5e4025
04-05 20:52:55.401 31586 31586 E ArmVmp : Match on catch block at 0xc3 in for 0x7e4e5e4025
04-05 20:52:55.446 31586 31586 E ArmVmp : Match on catch block at 0xc3 in for 0x7e4e5e4025
04-05 20:52:55.449 31586 31586 E ArmVmp : Match on catch block at 0xc3 in for 0x7e4e5e4025
04-05 20:52:55.451 31586 31586 E ArmVmp : Match on catch block at 0xc3 in for 0x7e4e5e4025
04-05 20:52:55.512 31586 31586 E ArmVmp : Match on catch block at 0xc3 in for 0x7e4e5e4025
04-05 20:52:55.515 31586 31586 E ArmVmp : Match on catch block at 0xc3 in for 0x7e4e5e4025
04-05 20:52:55.518 31586 31586 E ArmVmp : Match on catch block at 0xc3 in for 0x7e4e5e4025
04-05 20:52:55.529 31586 31586 E ArmVmp : Match on catch block at 0xc3 in for 0x7e4e5e4025
04-05 20:52:55.532 31586 31586 E ArmVmp : Match on catch block at 0xc3 in for 0x7e4e5e4025
04-05 20:52:55.535 31586 31586 E ArmVmp : Match on catch block at 0xc3 in for 0x7e4e5e4025
04-05 20:52:55.562 31586 31586 E ArmVmp : Match on catch block at 0xc3 in for 0x7e4e5e4025
04-05 20:52:55.566 31586 31586 E ArmVmp : Match on catch block at 0xc3 in for 0x7e4e5e4025
04-05 20:52:55.568 31586 31586 E ArmVmp : Match on catch block at 0xc3 in for 0x7e4e5e4025
04-05 20:52:55.613 31586 31586 E ArmVmp : Match on catch block at 0xc3 in for 0x7e4e5e4025
04-05 20:52:55.617 31586 31586 E ArmVmp : Match on catch block at 0xc3 in for 0x7e4e5e4025
04-05 20:52:55.620 31586 31586 E ArmVmp : Match on catch block at 0xc3 in for 0x7e4e5e4025
04-05 20:52:55.665 31586 31586 E ArmVmp : Match on catch block at 0xc3 in for 0x7e4e5e4025
04-05 20:52:55.670 31586 31586 E ArmVmp : Match on catch block at 0xc3 in for 0x7e4e5e4025
04-05 20:52:55.673 31586 31586 E ArmVmp : Match on catch block at 0xc3 in for 0x7e4e5e4025
04-05 20:52:55.713 31586 31586 E ArmVmp : Match on catch block at 0xc3 in for 0x7e4e5e4025
04-05 20:52:55.717 31586 31586 E ArmVmp : Match on catch block at 0xc3 in for 0x7e4e5e4025
04-05 20:52:55.719 31586 31586 E ArmVmp : Match on catch block at 0xc3 in for 0x7e4e5e4025
04-05 20:52:55.763 31586 31586 E ArmVmp : Match on catch block at 0xc3 in for 0x7e4e5e4025
04-05 20:52:55.766 31586 31586 E ArmVmp : Match on catch block at 0xc3 in for 0x7e4e5e4025
04-05 20:52:55.768 31586 31586 E ArmVmp : Match on catch block at 0xc3 in for 0x7e4e5e4025
04-05 20:52:55.813 31586 31586 E ArmVmp : Match on catch block at 0xc3 in for 0x7e4e5e4025
04-05 20:52:55.816 31586 31586 E ArmVmp : Match on catch block at 0xc3 in for 0x7e4e5e4025
04-05 20:52:55.818 31586 31586 E ArmVmp : Match on catch block at 0xc3 in for 0x7e4e5e4025
04-05 20:52:55.863 31586 31586 E ArmVmp : Match on catch block at 0xc3 in for 0x7e4e5e4025
04-05 20:52:55.866 31586 31586 E ArmVmp : Match on catch block at 0xc3 in for 0x7e4e5e4025
04-05 20:52:55.868 31586 31586 E ArmVmp : Match on catch block at 0xc3 in for 0x7e4e5e4025
04-05 20:52:55.913 31586 31586 E ArmVmp : Match on catch block at 0xc3 in for 0x7e4e5e4025
04-05 20:52:55.916 31586 31586 E ArmVmp : Match on catch block at 0xc3 in for 0x7e4e5e4025
04-05 20:52:55.918 31586 31586 E ArmVmp : Match on catch block at 0xc3 in for 0x7e4e5e4025
04-05 20:52:55.963 31586 31586 E ArmVmp : Match on catch block at 0xc3 in for 0x7e4e5e4025
04-05 20:52:55.966 31586 31586 E ArmVmp : Match on catch block at 0xc3 in for 0x7e4e5e4025
04-05 20:52:55.969 31586 31586 E ArmVmp : Match on catch block at 0xc3 in for 0x7e4e5e4025
04-05 20:52:56.013 31586 31586 E ArmVmp : Match on catch block at 0xc3 in for 0x7e4e5e4025
04-05 20:52:56.016 31586 31586 E ArmVmp : Match on catch block at 0xc3 in for 0x7e4e5e4025
04-05 20:52:56.019 31586 31586 E ArmVmp : Match on catch block at 0xc3 in for 0x7e4e5e4025
04-05 20:52:56.030 31586 31586 E ArmVmp : Match on catch block at 0xc3 in for 0x7e4e5e4025
04-05 20:52:56.034 31586 31586 E ArmVmp : Match on catch block at 0xc3 in for 0x7e4e5e4025
04-05 20:52:56.036 31586 31586 E ArmVmp : Match on catch block at 0xc3 in for 0x7e4e5e4025
04-05 20:52:56.064 31586 31586 E ArmVmp : Match on catch block at 0xc3 in for 0x7e4e5e4025
04-05 20:52:56.067 31586 31586 E ArmVmp : Match on catch block at 0xc3 in for 0x7e4e5e4025
04-05 20:52:56.069 31586 31586 E ArmVmp : Match on catch block at 0xc3 in for 0x7e4e5e4025
04-05 20:52:56.132 31586 31586 E ArmVmp : Match on catch block at 0xc3 in for 0x7e4e5e4025
04-05 20:52:56.135 31586 31586 E ArmVmp : Match on catch block at 0xc3 in for 0x7e4e5e4025
04-05 20:52:56.138 31586 31586 E ArmVmp : Match on catch block at 0xc3 in for 0x7e4e5e4025
04-05 20:52:56.181 31586 31586 E ArmVmp : Match on catch block at 0xc3 in for 0x7e4e5e4025
04-05 20:52:56.184 31586 31586 E ArmVmp : Match on catch block at 0xc3 in for 0x7e4e5e4025
04-05 20:52:56.187 31586 31586 E ArmVmp : Match on catch block at 0xc3 in for 0x7e4e5e4025
04-05 20:52:56.233 31586 31586 E ArmVmp : Match on catch block at 0xc3 in for 0x7e4e5e4025
04-05 20:52:56.237 31586 31586 E ArmVmp : Match on catch block at 0xc3 in for 0x7e4e5e4025
04-05 20:52:56.241 31586 31586 E ArmVmp : Match on catch block at 0xc3 in for 0x7e4e5e4025
04-05 20:52:56.283 31586 31586 E ArmVmp : Match on catch block at 0xc3 in for 0x7e4e5e4025
04-05 20:52:56.289 31586 31586 E ArmVmp : Match on catch block at 0xc3 in for 0x7e4e5e4025
04-05 20:52:56.295 31586 31586 E ArmVmp : Match on catch block at 0xc3 in for 0x7e4e5e4025
04-05 20:52:56.332 31586 31586 E ArmVmp : Match on catch block at 0xc3 in for 0x7e4e5e4025
04-05 20:52:56.337 31586 31586 E ArmVmp : Match on catch block at 0xc3 in for 0x7e4e5e4025
04-05 20:52:56.343 31586 31586 E ArmVmp : Match on catch block at 0xc3 in for 0x7e4e5e4025
04-05 20:52:56.382 31586 31586 E ArmVmp : Match on catch block at 0xc3 in for 0x7e4e5e4025
04-05 20:52:56.394 31586 31586 E ArmVmp : Match on catch block at 0xc3 in for 0x7e4e5e4025
04-05 20:52:56.401 31586 31586 E ArmVmp : Match on catch block at 0xc3 in for 0x7e4e5e4025
04-05 20:52:56.432 31586 31586 E ArmVmp : Match on catch block at 0xc3 in for 0x7e4e5e4025
04-05 20:52:56.438 31586 31586 E ArmVmp : Match on catch block at 0xc3 in for 0x7e4e5e4025
04-05 20:52:56.444 31586 31586 E ArmVmp : Match on catch block at 0xc3 in for 0x7e4e5e4025
04-05 20:52:56.481 31586 31586 E ArmVmp : Match on catch block at 0xc3 in for 0x7e4e5e4025
04-05 20:52:56.485 31586 31586 E ArmVmp : Match on catch block at 0xc3 in for 0x7e4e5e4025
04-05 20:52:56.488 31586 31586 E ArmVmp : Match on catch block at 0xc3 in for 0x7e4e5e4025
04-05 20:52:56.533 31586 31586 E ArmVmp : Match on catch block at 0xc3 in for 0x7e4e5e4025
04-05 20:52:56.539 31586 31586 E ArmVmp : Match on catch block at 0xc3 in for 0x7e4e5e4025
04-05 20:52:56.545 31586 31586 E ArmVmp : Match on catch block at 0xc3 in for 0x7e4e5e4025
04-05 20:52:56.566 31586 31586 E ArmVmp : Match on catch block at 0xc3 in for 0x7e4e5e4025
04-05 20:52:56.573 31586 31586 E ArmVmp : Match on catch block at 0xc3 in for 0x7e4e5e4025
04-05 20:52:56.579 31586 31586 E ArmVmp : Match on catch block at 0xc3 in for 0x7e4e5e4025
04-05 20:52:56.616 31586 31586 E ArmVmp : Match on catch block at 0xc3 in for 0x7e4e5e4025
04-05 20:52:56.621 31586 31586 E ArmVmp : Match on catch block at 0xc3 in for 0x7e4e5e4025
04-05 20:52:56.625 31586 31586 E ArmVmp : Match on catch block at 0xc3 in for 0x7e4e5e4025
04-05 20:52:56.667 31586 31586 E ArmVmp : Match on catch block at 0xc3 in for 0x7e4e5e4025
04-05 20:52:56.673 31586 31586 E ArmVmp : Match on catch block at 0xc3 in for 0x7e4e5e4025
04-05 20:52:56.681 31586 31586 E ArmVmp : Match on catch block at 0xc3 in for 0x7e4e5e4025
04-05 20:52:56.717 31586 31586 E ArmVmp : Match on catch block at 0xc3 in for 0x7e4e5e4025
04-05 20:52:56.722 31586 31586 E ArmVmp : Match on catch block at 0xc3 in for 0x7e4e5e4025
04-05 20:52:56.728 31586 31586 E ArmVmp : Match on catch block at 0xc3 in for 0x7e4e5e4025
04-05 20:52:56.765 31586 31586 E ArmVmp : Match on catch block at 0xc3 in for 0x7e4e5e4025
04-05 20:52:56.772 31586 31586 E ArmVmp : Match on catch block at 0xc3 in for 0x7e4e5e4025
04-05 20:52:56.777 31586 31586 E ArmVmp : Match on catch block at 0xc3 in for 0x7e4e5e4025
04-05 20:52:56.817 31586 31586 E ArmVmp : Match on catch block at 0xc3 in for 0x7e4e5e4025
04-05 20:52:56.823 31586 31586 E ArmVmp : Match on catch block at 0xc3 in for 0x7e4e5e4025
04-05 20:52:56.828 31586 31586 E ArmVmp : Match on catch block at 0xc3 in for 0x7e4e5e4025
04-05 20:52:56.885 31586 31586 E ArmVmp : Match on catch block at 0xc3 in for 0x7e4e5e4025
04-05 20:52:56.889 31586 31586 E ArmVmp : Match on catch block at 0xc3 in for 0x7e4e5e4025
04-05 20:52:56.893 31586 31586 E ArmVmp : Match on catch block at 0xc3 in for 0x7e4e5e4025
04-05 20:52:56.934 31586 31586 E ArmVmp : Match on catch block at 0xc3 in for 0x7e4e5e4025
04-05 20:52:56.940 31586 31586 E ArmVmp : Match on catch block at 0xc3 in for 0x7e4e5e4025
04-05 20:52:56.946 31586 31586 E ArmVmp : Match on catch block at 0xc3 in for 0x7e4e5e4025
04-05 20:52:56.984 31586 31586 E ArmVmp : Match on catch block at 0xc3 in for 0x7e4e5e4025
04-05 20:52:56.991 31586 31586 E ArmVmp : Match on catch block at 0xc3 in for 0x7e4e5e4025
04-05 20:52:56.997 31586 31586 E ArmVmp : Match on catch block at 0xc3 in for 0x7e4e5e4025
04-05 20:52:57.034 31586 31586 E ArmVmp : Match on catch block at 0xc3 in for 0x7e4e5e4025
04-05 20:52:57.040 31586 31586 E ArmVmp : Match on catch block at 0xc3 in for 0x7e4e5e4025
04-05 20:52:57.046 31586 31586 E ArmVmp : Match on catch block at 0xc3 in for 0x7e4e5e4025
04-05 20:52:57.069 31586 31586 E ArmVmp : Match on catch block at 0xc3 in for 0x7e4e5e4025
04-05 20:52:57.074 31586 31586 E ArmVmp : Match on catch block at 0xc3 in for 0x7e4e5e4025
04-05 20:52:57.078 31586 31586 E ArmVmp : Match on catch block at 0xc3 in for 0x7e4e5e4025
04-05 20:52:57.101 31586 31586 E ArmVmp : Match on catch block at 0xc3 in for 0x7e4e5e4025
04-05 20:52:57.107 31586 31586 E ArmVmp : Match on catch block at 0xc3 in for 0x7e4e5e4025
04-05 20:52:57.111 31586 31586 E ArmVmp : Match on catch block at 0xc3 in for 0x7e4e5e4025
04-05 20:52:57.149 31586 31586 E ArmVmp : Match on catch block at 0xc3 in for 0x7e4e5e4025
04-05 20:52:57.153 31586 31586 E ArmVmp : Match on catch block at 0xc3 in for 0x7e4e5e4025
04-05 20:52:57.155 31586 31586 E ArmVmp : Match on catch block at 0xc3 in for 0x7e4e5e4025
04-05 20:52:57.200 31586 31586 E ArmVmp : Match on catch block at 0xc3 in for 0x7e4e5e4025
04-05 20:52:57.203 31586 31586 E ArmVmp : Match on catch block at 0xc3 in for 0x7e4e5e4025
04-05 20:52:57.205 31586 31586 E ArmVmp : Match on catch block at 0xc3 in for 0x7e4e5e4025
04-05 20:52:57.249 31586 31586 E ArmVmp : Match on catch block at 0xc3 in for 0x7e4e5e4025
04-05 20:52:57.253 31586 31586 E ArmVmp : Match on catch block at 0xc3 in for 0x7e4e5e4025
04-05 20:52:57.255 31586 31586 E ArmVmp : Match on catch block at 0xc3 in for 0x7e4e5e4025
04-05 20:52:57.300 31586 31586 E ArmVmp : Match on catch block at 0xc3 in for 0x7e4e5e4025
04-05 20:52:57.303 31586 31586 E ArmVmp : Match on catch block at 0xc3 in for 0x7e4e5e4025
04-05 20:52:57.305 31586 31586 E ArmVmp : Match on catch block at 0xc3 in for 0x7e4e5e4025
04-05 20:52:57.368 31586 31586 E ArmVmp : Match on catch block at 0xc3 in for 0x7e4e5e4025
04-05 20:52:57.371 31586 31586 E ArmVmp : Match on catch block at 0xc3 in for 0x7e4e5e4025
04-05 20:52:57.374 31586 31586 E ArmVmp : Match on catch block at 0xc3 in for 0x7e4e5e4025
04-05 20:52:57.417 31586 31586 E ArmVmp : Match on catch block at 0xc3 in for 0x7e4e5e4025
04-05 20:52:57.421 31586 31586 E ArmVmp : Match on catch block at 0xc3 in for 0x7e4e5e4025
04-05 20:52:57.424 31586 31586 E ArmVmp : Match on catch block at 0xc3 in for 0x7e4e5e4025
04-05 20:52:57.467 31586 31586 E ArmVmp : Match on catch block at 0xc3 in for 0x7e4e5e4025
04-05 20:52:57.470 31586 31586 E ArmVmp : Match on catch block at 0xc3 in for 0x7e4e5e4025
04-05 20:52:57.472 31586 31586 E ArmVmp : Match on catch block at 0xc3 in for 0x7e4e5e4025
04-05 20:52:57.517 31586 31586 E ArmVmp : Match on catch block at 0xc3 in for 0x7e4e5e4025
04-05 20:52:57.520 31586 31586 E ArmVmp : Match on catch block at 0xc3 in for 0x7e4e5e4025
04-05 20:52:57.522 31586 31586 E ArmVmp : Match on catch block at 0xc3 in for 0x7e4e5e4025
04-05 20:52:57.568 31586 31586 E ArmVmp : Match on catch block at 0xc3 in for 0x7e4e5e4025
04-05 20:52:57.572 31586 31586 E ArmVmp : Match on catch block at 0xc3 in for 0x7e4e5e4025
04-05 20:52:57.574 31586 31586 E ArmVmp : Match on catch block at 0xc3 in for 0x7e4e5e4025
04-05 20:52:57.584 31586 31586 E ArmVmp : Match on catch block at 0xc3 in for 0x7e4e5e4025
04-05 20:52:57.587 31586 31586 E ArmVmp : Match on catch block at 0xc3 in for 0x7e4e5e4025
04-05 20:52:57.590 31586 31586 E ArmVmp : Match on catch block at 0xc3 in for 0x7e4e5e4025
04-05 20:52:57.617 31586 31586 E ArmVmp : Match on catch block at 0xc3 in for 0x7e4e5e4025
04-05 20:52:57.620 31586 31586 E ArmVmp : Match on catch block at 0xc3 in for 0x7e4e5e4025
04-05 20:52:57.623 31586 31586 E ArmVmp : Match on catch block at 0xc3 in for 0x7e4e5e4025
04-05 20:52:57.669 31586 31586 E ArmVmp : Match on catch block at 0xc3 in for 0x7e4e5e4025
04-05 20:52:57.673 31586 31586 E ArmVmp : Match on catch block at 0xc3 in for 0x7e4e5e4025
04-05 20:52:57.676 31586 31586 E ArmVmp : Match on catch block at 0xc3 in for 0x7e4e5e4025
04-05 20:52:57.694 31586 31586 W JobService: onNetworkChanged() not implemented in androidx.work.impl.background.systemjob.SystemJobService. Must override in a subclass.
04-05 20:52:57.720 31586 31586 E ArmVmp : Match on catch block at 0xc3 in for 0x7e4e5e4025
04-05 20:52:57.724 31586 31586 E ArmVmp : Match on catch block at 0xc3 in for 0x7e4e5e4025
04-05 20:52:57.729 31586 31586 E ArmVmp : Match on catch block at 0xc3 in for 0x7e4e5e4025
04-05 20:52:57.768 31586 31586 E ArmVmp : Match on catch block at 0xc3 in for 0x7e4e5e4025
04-05 20:52:57.773 31586 31586 E ArmVmp : Match on catch block at 0xc3 in for 0x7e4e5e4025
04-05 20:52:57.778 31586 31586 E ArmVmp : Match on catch block at 0xc3 in for 0x7e4e5e4025
04-05 20:52:57.820 31586 31586 E ArmVmp : Match on catch block at 0xc3 in for 0x7e4e5e4025
04-05 20:52:57.825 31586 31586 E ArmVmp : Match on catch block at 0xc3 in for 0x7e4e5e4025
04-05 20:52:57.828 31586 31586 E ArmVmp : Match on catch block at 0xc3 in for 0x7e4e5e4025
04-05 20:52:57.869 31586 31586 E ArmVmp : Match on catch block at 0xc3 in for 0x7e4e5e4025
04-05 20:52:57.873 31586 31586 E ArmVmp : Match on catch block at 0xc3 in for 0x7e4e5e4025
04-05 20:52:57.876 31586 31586 E ArmVmp : Match on catch block at 0xc3 in for 0x7e4e5e4025
04-05 20:52:57.919 31586 31586 E ArmVmp : Match on catch block at 0xc3 in for 0x7e4e5e4025
04-05 20:52:57.925 31586 31586 E ArmVmp : Match on catch block at 0xc3 in for 0x7e4e5e4025
04-05 20:52:57.930 31586 31586 E ArmVmp : Match on catch block at 0xc3 in for 0x7e4e5e4025
04-05 20:52:57.970 31586 31586 E ArmVmp : Match on catch block at 0xc3 in for 0x7e4e5e4025
04-05 20:52:57.975 31586 31586 E ArmVmp : Match on catch block at 0xc3 in for 0x7e4e5e4025
04-05 20:52:57.982 31586 31586 E ArmVmp : Match on catch block at 0xc3 in for 0x7e4e5e4025
04-05 20:52:58.019 31586 31586 E ArmVmp : Match on catch block at 0xc3 in for 0x7e4e5e4025
04-05 20:52:58.026 31586 31586 E ArmVmp : Match on catch block at 0xc3 in for 0x7e4e5e4025
04-05 20:52:58.032 31586 31586 E ArmVmp : Match on catch block at 0xc3 in for 0x7e4e5e4025
04-05 20:52:58.087 31586 31586 E ArmVmp : Match on catch block at 0xc3 in for 0x7e4e5e4025
04-05 20:52:58.093 31586 31586 E ArmVmp : Match on catch block at 0xc3 in for 0x7e4e5e4025
04-05 20:52:58.100 31586 31586 E ArmVmp : Match on catch block at 0xc3 in for 0x7e4e5e4025
04-05 20:52:58.120 31586 31586 E ArmVmp : Match on catch block at 0xc3 in for 0x7e4e5e4025
04-05 20:52:58.124 31586 31586 E ArmVmp : Match on catch block at 0xc3 in for 0x7e4e5e4025
04-05 20:52:58.128 31586 31586 E ArmVmp : Match on catch block at 0xc3 in for 0x7e4e5e4025
04-05 20:52:58.152 31586 31586 E ArmVmp : Match on catch block at 0xc3 in for 0x7e4e5e4025
04-05 20:52:58.158 31586 31586 E ArmVmp : Match on catch block at 0xc3 in for 0x7e4e5e4025
04-05 20:52:58.162 31586 31586 E ArmVmp : Match on catch block at 0xc3 in for 0x7e4e5e4025
04-05 20:52:58.204 31586 31586 E ArmVmp : Match on catch block at 0xc3 in for 0x7e4e5e4025
04-05 20:52:58.211 31586 31586 E ArmVmp : Match on catch block at 0xc3 in for 0x7e4e5e4025
04-05 20:52:58.215 31586 31586 E ArmVmp : Match on catch block at 0xc3 in for 0x7e4e5e4025
04-05 20:52:58.253 31586 31586 E ArmVmp : Match on catch block at 0xc3 in for 0x7e4e5e4025
04-05 20:52:58.257 31586 31586 E ArmVmp : Match on catch block at 0xc3 in for 0x7e4e5e4025
04-05 20:52:58.261 31586 31586 E ArmVmp : Match on catch block at 0xc3 in for 0x7e4e5e4025
04-05 20:52:58.303 31586 31586 E ArmVmp : Match on catch block at 0xc3 in for 0x7e4e5e4025
04-05 20:52:58.310 31586 31586 E ArmVmp : Match on catch block at 0xc3 in for 0x7e4e5e4025
04-05 20:52:58.315 31586 31586 E ArmVmp : Match on catch block at 0xc3 in for 0x7e4e5e4025
04-05 20:52:58.354 31586 31586 E ArmVmp : Match on catch block at 0xc3 in for 0x7e4e5e4025
04-05 20:52:58.361 31586 31586 E ArmVmp : Match on catch block at 0xc3 in for 0x7e4e5e4025
04-05 20:52:58.366 31586 31586 E ArmVmp : Match on catch block at 0xc3 in for 0x7e4e5e4025
04-05 20:52:58.403 31586 31586 E ArmVmp : Match on catch block at 0xc3 in for 0x7e4e5e4025
04-05 20:52:58.406 31586 31586 E ArmVmp : Match on catch block at 0xc3 in for 0x7e4e5e4025
04-05 20:52:58.409 31586 31586 E ArmVmp : Match on catch block at 0xc3 in for 0x7e4e5e4025
04-05 20:52:58.469 31586 31586 E ArmVmp : Match on catch block at 0xc3 in for 0x7e4e5e4025
04-05 20:52:58.473 31586 31586 E ArmVmp : Match on catch block at 0xc3 in for 0x7e4e5e4025
04-05 20:52:58.475 31586 31586 E ArmVmp : Match on catch block at 0xc3 in for 0x7e4e5e4025
04-05 20:52:58.486 31586 31586 E ArmVmp : Match on catch block at 0xc3 in for 0x7e4e5e4025
04-05 20:52:58.490 31586 31586 E ArmVmp : Match on catch block at 0xc3 in for 0x7e4e5e4025
04-05 20:52:58.493 31586 31586 E ArmVmp : Match on catch block at 0xc3 in for 0x7e4e5e4025
04-05 20:52:58.504 31586 31586 E ArmVmp : Match on catch block at 0xc3 in for 0x7e4e5e4025
04-05 20:52:58.508 31586 31586 E ArmVmp : Match on catch block at 0xc3 in for 0x7e4e5e4025
04-05 20:52:58.510 31586 31586 E ArmVmp : Match on catch block at 0xc3 in for 0x7e4e5e4025
04-05 20:52:58.652 31586 31586 E ArmVmp : Match on catch block at 0xc3 in for 0x7e4e5e4025
04-05 20:52:58.654 31586 31586 E ArmVmp : Match on catch block at 0xc3 in for 0x7e4e5e4025
04-05 20:52:58.656 31586 31586 E ArmVmp : Match on catch block at 0xc3 in for 0x7e4e5e4025
04-05 20:52:58.684 31586 32410 E OpenGLRenderer: Unable to match the desired swap behavior.
04-05 20:52:58.776 31586 31586 E ArmVmp : Match on catch block at 0xc3 in for 0x7e4e5e4025
04-05 20:52:58.778 31586 31586 E ArmVmp : Match on catch block at 0xc3 in for 0x7e4e5e4025
04-05 20:52:58.780 31586 31586 E ArmVmp : Match on catch block at 0xc3 in for 0x7e4e5e4025
04-05 20:52:58.787 31586 31586 E ArmVmp : Match on catch block at 0xc3 in for 0x7e4e5e4025
04-05 20:52:58.790 31586 31586 E ArmVmp : Match on catch block at 0xc3 in for 0x7e4e5e4025
04-05 20:52:58.793 31586 31586 E ArmVmp : Match on catch block at 0xc3 in for 0x7e4e5e4025
04-05 20:52:58.866 31586 31586 E ArmVmp : Match on catch block at 0xc3 in for 0x7e4e5e4025
04-05 20:52:58.871 31586 31586 E ArmVmp : Match on catch block at 0xc3 in for 0x7e4e5e4025
04-05 20:52:58.875 31586 31586 E ArmVmp : Match on catch block at 0xc3 in for 0x7e4e5e4025
04-05 20:52:58.900 31586 31586 E ArmVmp : Match on catch block at 0xc3 in for 0x7e4e5e4025
04-05 20:52:58.908 31586 31586 E ArmVmp : Match on catch block at 0xc3 in for 0x7e4e5e4025
04-05 20:52:58.911 31586 31586 E ArmVmp : Match on catch block at 0xc3 in for 0x7e4e5e4025
04-05 20:52:58.945 31586 31586 E ArmVmp : Match on catch block at 0xc3 in for 0x7e4e5e4025
04-05 20:52:58.948 31586 31586 E ArmVmp : Match on catch block at 0xc3 in for 0x7e4e5e4025
04-05 20:52:58.951 31586 31586 E ArmVmp : Match on catch block at 0xc3 in for 0x7e4e5e4025
04-05 20:52:58.964 31586 31586 E ArmVmp : Match on catch block at 0xc3 in for 0x7e4e5e4025
04-05 20:52:58.967 31586 31586 E ArmVmp : Match on catch block at 0xc3 in for 0x7e4e5e4025
04-05 20:52:58.970 31586 31586 E ArmVmp : Match on catch block at 0xc3 in for 0x7e4e5e4025
04-05 20:52:58.984 31586 31586 E ArmVmp : Match on catch block at 0xc3 in for 0x7e4e5e4025
04-05 20:52:58.987 31586 31586 E ArmVmp : Match on catch block at 0xc3 in for 0x7e4e5e4025
04-05 20:52:58.989 31586 31586 E ArmVmp : Match on catch block at 0xc3 in for 0x7e4e5e4025
04-05 20:52:59.037 31586 31586 E ArmVmp : Match on catch block at 0xc3 in for 0x7e4e5e4025
04-05 20:52:59.040 31586 31586 E ArmVmp : Match on catch block at 0xc3 in for 0x7e4e5e4025
04-05 20:52:59.042 31586 31586 E ArmVmp : Match on catch block at 0xc3 in for 0x7e4e5e4025
04-05 20:52:59.087 31586 31586 E ArmVmp : Match on catch block at 0xc3 in for 0x7e4e5e4025
04-05 20:52:59.091 31586 31586 E ArmVmp : Match on catch block at 0xc3 in for 0x7e4e5e4025
04-05 20:52:59.093 31586 31586 E ArmVmp : Match on catch block at 0xc3 in for 0x7e4e5e4025
04-05 20:52:59.137 31586 31586 E ArmVmp : Match on catch block at 0xc3 in for 0x7e4e5e4025
04-05 20:52:59.141 31586 31586 E ArmVmp : Match on catch block at 0xc3 in for 0x7e4e5e4025
04-05 20:52:59.144 31586 31586 E ArmVmp : Match on catch block at 0xc3 in for 0x7e4e5e4025
04-05 20:52:59.187 31586 31586 E ArmVmp : Match on catch block at 0xc3 in for 0x7e4e5e4025
04-05 20:52:59.191 31586 31586 E ArmVmp : Match on catch block at 0xc3 in for 0x7e4e5e4025
04-05 20:52:59.195 31586 31586 E ArmVmp : Match on catch block at 0xc3 in for 0x7e4e5e4025
04-05 20:52:59.239 31586 31586 E ArmVmp : Match on catch block at 0xc3 in for 0x7e4e5e4025
04-05 20:52:59.245 31586 31586 E ArmVmp : Match on catch block at 0xc3 in for 0x7e4e5e4025
04-05 20:52:59.249 31586 31586 E ArmVmp : Match on catch block at 0xc3 in for 0x7e4e5e4025
04-05 20:52:59.306 31586 31586 E ArmVmp : Match on catch block at 0xc3 in for 0x7e4e5e4025
04-05 20:52:59.312 31586 31586 E ArmVmp : Match on catch block at 0xc3 in for 0x7e4e5e4025
04-05 20:52:59.315 31586 31586 E ArmVmp : Match on catch block at 0xc3 in for 0x7e4e5e4025
04-05 20:52:59.338 31586 31586 E ArmVmp : Match on catch block at 0xc3 in for 0x7e4e5e4025
04-05 20:52:59.342 31586 31586 E ArmVmp : Match on catch block at 0xc3 in for 0x7e4e5e4025
04-05 20:52:59.344 31586 31586 E ArmVmp : Match on catch block at 0xc3 in for 0x7e4e5e4025
04-05 20:52:59.354 31586 31586 E ArmVmp : Match on catch block at 0xc3 in for 0x7e4e5e4025
04-05 20:52:59.358 31586 31586 E ArmVmp : Match on catch block at 0xc3 in for 0x7e4e5e4025
04-05 20:52:59.360 31586 31586 E ArmVmp : Match on catch block at 0xc3 in for 0x7e4e5e4025
04-05 20:52:59.405 31586 31586 E ArmVmp : Match on catch block at 0xc3 in for 0x7e4e5e4025
04-05 20:52:59.408 31586 31586 E ArmVmp : Match on catch block at 0xc3 in for 0x7e4e5e4025
04-05 20:52:59.411 31586 31586 E ArmVmp : Match on catch block at 0xc3 in for 0x7e4e5e4025
04-05 20:52:59.455 31586 31586 E ArmVmp : Match on catch block at 0xc3 in for 0x7e4e5e4025
04-05 20:52:59.458 31586 31586 E ArmVmp : Match on catch block at 0xc3 in for 0x7e4e5e4025
04-05 20:52:59.461 31586 31586 E ArmVmp : Match on catch block at 0xc3 in for 0x7e4e5e4025
04-05 20:52:59.505 31586 31586 E ArmVmp : Match on catch block at 0xc3 in for 0x7e4e5e4025
04-05 20:52:59.509 31586 31586 E ArmVmp : Match on catch block at 0xc3 in for 0x7e4e5e4025
04-05 20:52:59.512 31586 31586 E ArmVmp : Match on catch block at 0xc3 in for 0x7e4e5e4025
04-05 20:52:59.555 31586 31586 E ArmVmp : Match on catch block at 0xc3 in for 0x7e4e5e4025
04-05 20:52:59.559 31586 31586 E ArmVmp : Match on catch block at 0xc3 in for 0x7e4e5e4025
04-05 20:52:59.561 31586 31586 E ArmVmp : Match on catch block at 0xc3 in for 0x7e4e5e4025
04-05 20:52:59.622 31586 31586 E ArmVmp : Match on catch block at 0xc3 in for 0x7e4e5e4025
04-05 20:52:59.625 31586 31586 E ArmVmp : Match on catch block at 0xc3 in for 0x7e4e5e4025
04-05 20:52:59.628 31586 31586 E ArmVmp : Match on catch block at 0xc3 in for 0x7e4e5e4025
04-05 20:52:59.674 31586 31586 E ArmVmp : Match on catch block at 0xc3 in for 0x7e4e5e4025
04-05 20:52:59.677 31586 31586 E ArmVmp : Match on catch block at 0xc3 in for 0x7e4e5e4025
04-05 20:52:59.679 31586 31586 E ArmVmp : Match on catch block at 0xc3 in for 0x7e4e5e4025
04-05 20:52:59.723 31586 31586 E ArmVmp : Match on catch block at 0xc3 in for 0x7e4e5e4025
04-05 20:52:59.726 31586 31586 E ArmVmp : Match on catch block at 0xc3 in for 0x7e4e5e4025
04-05 20:52:59.728 31586 31586 E ArmVmp : Match on catch block at 0xc3 in for 0x7e4e5e4025
04-05 20:52:59.773 31586 31586 E ArmVmp : Match on catch block at 0xc3 in for 0x7e4e5e4025
04-05 20:52:59.776 31586 31586 E ArmVmp : Match on catch block at 0xc3 in for 0x7e4e5e4025
04-05 20:52:59.780 31586 31586 E ArmVmp : Match on catch block at 0xc3 in for 0x7e4e5e4025
04-05 20:52:59.822 31586 31586 E ArmVmp : Match on catch block at 0xc3 in for 0x7e4e5e4025
04-05 20:52:59.826 31586 31586 E ArmVmp : Match on catch block at 0xc3 in for 0x7e4e5e4025
04-05 20:52:59.828 31586 31586 E ArmVmp : Match on catch block at 0xc3 in for 0x7e4e5e4025
04-05 20:52:59.874 31586 31586 E ArmVmp : Match on catch block at 0xc3 in for 0x7e4e5e4025
04-05 20:52:59.878 31586 31586 E ArmVmp : Match on catch block at 0xc3 in for 0x7e4e5e4025
04-05 20:52:59.881 31586 31586 E ArmVmp : Match on catch block at 0xc3 in for 0x7e4e5e4025
04-05 20:52:59.923 31586 31586 E ArmVmp : Match on catch block at 0xc3 in for 0x7e4e5e4025
04-05 20:52:59.927 31586 31586 E ArmVmp : Match on catch block at 0xc3 in for 0x7e4e5e4025
04-05 20:52:59.930 31586 31586 E ArmVmp : Match on catch block at 0xc3 in for 0x7e4e5e4025
04-05 20:52:59.973 31586 31586 E ArmVmp : Match on catch block at 0xc3 in for 0x7e4e5e4025
04-05 20:52:59.976 31586 31586 E ArmVmp : Match on catch block at 0xc3 in for 0x7e4e5e4025
04-05 20:52:59.979 31586 31586 E ArmVmp : Match on catch block at 0xc3 in for 0x7e4e5e4025
04-05 20:53:00.023 31586 31586 E ArmVmp : Match on catch block at 0xc3 in for 0x7e4e5e4025
04-05 20:53:00.027 31586 31586 E ArmVmp : Match on catch block at 0xc3 in for 0x7e4e5e4025
04-05 20:53:00.032 31586 31586 E ArmVmp : Match on catch block at 0xc3 in for 0x7e4e5e4025
04-05 20:53:00.072 31586 31586 E ArmVmp : Match on catch block at 0xc3 in for 0x7e4e5e4025
04-05 20:53:00.076 31586 31586 E ArmVmp : Match on catch block at 0xc3 in for 0x7e4e5e4025
04-05 20:53:00.079 31586 31586 E ArmVmp : Match on catch block at 0xc3 in for 0x7e4e5e4025
04-05 20:53:00.242 31586 31586 E ArmVmp : Match on catch block at 0xc3 in for 0x7e4e5e4025
04-05 20:53:00.250 31586 31586 E ArmVmp : Match on catch block at 0xc3 in for 0x7e4e5e4025
04-05 20:53:00.259 31586 31586 E ArmVmp : Match on catch block at 0xc3 in for 0x7e4e5e4025
04-05 20:53:00.283 31586 31586 E ArmVmp : Match on catch block at 0xc3 in for 0x7e4e5e4025
04-05 20:53:00.288 31586 31586 E ArmVmp : Match on catch block at 0xc3 in for 0x7e4e5e4025
04-05 20:53:00.291 31586 31586 E ArmVmp : Match on catch block at 0xc3 in for 0x7e4e5e4025
04-05 20:53:00.310 31586 31586 E ArmVmp : Match on catch block at 0xc3 in for 0x7e4e5e4025
04-05 20:53:00.315 31586 31586 E ArmVmp : Match on catch block at 0xc3 in for 0x7e4e5e4025
04-05 20:53:00.318 31586 31586 E ArmVmp : Match on catch block at 0xc3 in for 0x7e4e5e4025
04-05 20:53:00.328 31586 31586 E ArmVmp : Match on catch block at 0xc3 in for 0x7e4e5e4025
04-05 20:53:00.330 31586 31586 E ArmVmp : Match on catch block at 0xc3 in for 0x7e4e5e4025
04-05 20:53:00.332 31586 31586 E ArmVmp : Match on catch block at 0xc3 in for 0x7e4e5e4025
04-05 20:53:00.340 31586 31586 E ArmVmp : Match on catch block at 0xc3 in for 0x7e4e5e4025
04-05 20:53:00.342 31586 31586 E ArmVmp : Match on catch block at 0xc3 in for 0x7e4e5e4025
04-05 20:53:00.344 31586 31586 E ArmVmp : Match on catch block at 0xc3 in for 0x7e4e5e4025
04-05 20:53:00.357 31586 31586 E ArmVmp : Match on catch block at 0xc3 in for 0x7e4e5e4025
04-05 20:53:00.359 31586 31586 E ArmVmp : Match on catch block at 0xc3 in for 0x7e4e5e4025
04-05 20:53:00.360 31586 31586 E ArmVmp : Match on catch block at 0xc3 in for 0x7e4e5e4025
04-05 20:53:00.373 31586 31586 E ArmVmp : Match on catch block at 0xc3 in for 0x7e4e5e4025
04-05 20:53:00.375 31586 31586 E ArmVmp : Match on catch block at 0xc3 in for 0x7e4e5e4025
04-05 20:53:00.376 31586 31586 E ArmVmp : Match on catch block at 0xc3 in for 0x7e4e5e4025
04-05 20:53:00.428 31586 31586 E ArmVmp : Match on catch block at 0xc3 in for 0x7e4e5e4025
04-05 20:53:00.430 31586 31586 E ArmVmp : Match on catch block at 0xc3 in for 0x7e4e5e4025
04-05 20:53:00.432 31586 31586 E ArmVmp : Match on catch block at 0xc3 in for 0x7e4e5e4025
04-05 20:53:00.458 31586 32410 E OpenGLRenderer: Unable to match the desired swap behavior.
04-05 20:53:00.483 31586 31586 E ArmVmp : Match on catch block at 0xc3 in for 0x7e4e5e4025
04-05 20:53:00.486 31586 31586 E ArmVmp : Match on catch block at 0xc3 in for 0x7e4e5e4025
04-05 20:53:00.487 31586 31586 E ArmVmp : Match on catch block at 0xc3 in for 0x7e4e5e4025
04-05 20:53:00.511 31586 31586 E ArmVmp : Match on catch block at 0xc3 in for 0x7e4e5e4025
04-05 20:53:00.513 31586 31586 E ArmVmp : Match on catch block at 0xc3 in for 0x7e4e5e4025
04-05 20:53:00.515 31586 31586 E ArmVmp : Match on catch block at 0xc3 in for 0x7e4e5e4025
04-05 20:53:00.562 31586 31586 E ArmVmp : Match on catch block at 0xc3 in for 0x7e4e5e4025
04-05 20:53:00.566 31586 31586 E ArmVmp : Match on catch block at 0xc3 in for 0x7e4e5e4025
04-05 20:53:00.569 31586 31586 E ArmVmp : Match on catch block at 0xc3 in for 0x7e4e5e4025
04-05 20:53:00.724 31586 31586 W WindowOnBackDispatcher: sendCancelIfRunning: isInProgress=falsecallback=android.view.ViewRootImpl$ $ExternalSyntheticLambda22@b19bd55
04-05 20:53:01.840 31586 31586 W WindowOnBackDispatcher: sendCancelIfRunning: isInProgress=falsecallback=android.view.ViewRootImpl$ $ExternalSyntheticLambda22@34dd5b8
04-05 20:53:02.053 31586 31586 W InputEventReceiver: Attempted to finish an input event but the input event receiver has already been disposed.
04-05 20:53:02.118 31586 32410 E OpenGLRenderer: Unable to match the desired swap behavior.
04-05 20:53:02.163 31586 31586 E ArmVmp : Match on catch block at 0xc3 in for 0x7e4e5e4025
04-05 20:53:02.165 31586 31586 E ArmVmp : Match on catch block at 0xc3 in for 0x7e4e5e4025
04-05 20:53:02.166 31586 31586 E ArmVmp : Match on catch block at 0xc3 in for 0x7e4e5e4025
04-05 20:53:02.175 31586 31586 E ArmVmp : Match on catch block at 0xc3 in for 0x7e4e5e4025
04-05 20:53:02.177 31586 31586 E ArmVmp : Match on catch block at 0xc3 in for 0x7e4e5e4025
04-05 20:53:02.178 31586 31586 E ArmVmp : Match on catch block at 0xc3 in for 0x7e4e5e4025
04-05 20:53:02.197 31586 31586 E ArmVmp : Match on catch block at 0xc3 in for 0x7e4e5e4025
04-05 20:53:02.201 31586 31586 E ArmVmp : Match on catch block at 0xc3 in for 0x7e4e5e4025
04-05 20:53:02.202 31586 31586 E ArmVmp : Match on catch block at 0xc3 in for 0x7e4e5e4025
04-05 20:53:02.220 31586 31586 E ArmVmp : Match on catch block at 0xc3 in for 0x7e4e5e4025
04-05 20:53:02.222 31586 31586 E ArmVmp : Match on catch block at 0xc3 in for 0x7e4e5e4025
04-05 20:53:02.223 31586 31586 E ArmVmp : Match on catch block at 0xc3 in for 0x7e4e5e4025
04-05 20:53:02.237 31586 31586 E ArmVmp : Match on catch block at 0xc3 in for 0x7e4e5e4025
04-05 20:53:02.240 31586 31586 E ArmVmp : Match on catch block at 0xc3 in for 0x7e4e5e4025
04-05 20:53:02.241 31586 31586 E ArmVmp : Match on catch block at 0xc3 in for 0x7e4e5e4025
04-05 20:53:02.254 31586 31586 E ArmVmp : Match on catch block at 0xc3 in for 0x7e4e5e4025
04-05 20:53:02.256 31586 31586 E ArmVmp : Match on catch block at 0xc3 in for 0x7e4e5e4025
04-05 20:53:02.258 31586 31586 E ArmVmp : Match on catch block at 0xc3 in for 0x7e4e5e4025
04-05 20:53:02.272 31586 31586 E ArmVmp : Match on catch block at 0xc3 in for 0x7e4e5e4025
04-05 20:53:02.276 31586 31586 E ArmVmp : Match on catch block at 0xc3 in for 0x7e4e5e4025
04-05 20:53:02.279 31586 31586 E ArmVmp : Match on catch block at 0xc3 in for 0x7e4e5e4025
04-05 20:53:02.296 31586 31586 E ArmVmp : Match on catch block at 0xc3 in for 0x7e4e5e4025
04-05 20:53:02.300 31586 31586 E ArmVmp : Match on catch block at 0xc3 in for 0x7e4e5e4025
04-05 20:53:02.304 31586 31586 E ArmVmp : Match on catch block at 0xc3 in for 0x7e4e5e4025
04-05 20:53:02.320 31586 31586 E ArmVmp : Match on catch block at 0xc3 in for 0x7e4e5e4025
04-05 20:53:02.324 31586 31586 E ArmVmp : Match on catch block at 0xc3 in for 0x7e4e5e4025
04-05 20:53:02.327 31586 31586 E ArmVmp : Match on catch block at 0xc3 in for 0x7e4e5e4025
04-05 20:53:02.342 31586 31586 E ArmVmp : Match on catch block at 0xc3 in for 0x7e4e5e4025
04-05 20:53:02.347 31586 31586 E ArmVmp : Match on catch block at 0xc3 in for 0x7e4e5e4025
04-05 20:53:02.350 31586 31586 E ArmVmp : Match on catch block at 0xc3 in for 0x7e4e5e4025
04-05 20:53:02.362 31586 31586 E ArmVmp : Match on catch block at 0xc3 in for 0x7e4e5e4025
04-05 20:53:02.367 31586 31586 E ArmVmp : Match on catch block at 0xc3 in for 0x7e4e5e4025
04-05 20:53:02.369 31586 31586 E ArmVmp : Match on catch block at 0xc3 in for 0x7e4e5e4025
04-05 20:53:02.379 31586 31586 E ArmVmp : Match on catch block at 0xc3 in for 0x7e4e5e4025
04-05 20:53:02.383 31586 31586 E ArmVmp : Match on catch block at 0xc3 in for 0x7e4e5e4025
04-05 20:53:02.386 31586 31586 E ArmVmp : Match on catch block at 0xc3 in for 0x7e4e5e4025
04-05 20:53:02.396 31586 31586 E ArmVmp : Match on catch block at 0xc3 in for 0x7e4e5e4025
04-05 20:53:02.400 31586 31586 E ArmVmp : Match on catch block at 0xc3 in for 0x7e4e5e4025
04-05 20:53:02.403 31586 31586 E ArmVmp : Match on catch block at 0xc3 in for 0x7e4e5e4025
04-05 20:53:02.412 31586 31586 E ArmVmp : Match on catch block at 0xc3 in for 0x7e4e5e4025
04-05 20:53:02.416 31586 31586 E ArmVmp : Match on catch block at 0xc3 in for 0x7e4e5e4025
04-05 20:53:02.419 31586 31586 E ArmVmp : Match on catch block at 0xc3 in for 0x7e4e5e4025
04-05 20:53:02.429 31586 31586 E ArmVmp : Match on catch block at 0xc3 in for 0x7e4e5e4025
04-05 20:53:02.434 31586 31586 E ArmVmp : Match on catch block at 0xc3 in for 0x7e4e5e4025
04-05 20:53:02.437 31586 31586 E ArmVmp : Match on catch block at 0xc3 in for 0x7e4e5e4025
04-05 20:53:03.486 31586 31586 W WindowOnBackDispatcher: sendCancelIfRunning: isInProgress=falsecallback=android.view.ViewRootImpl$ $ExternalSyntheticLambda22@c7614d8
04-05 20:53:03.570 31586 32410 E OpenGLRenderer: Unable to match the desired swap behavior.
04-05 20:53:03.635 31586 31586 E ArmVmp : Match on catch block at 0xc3 in for 0x7e4e5e4025
04-05 20:53:03.637 31586 31586 E ArmVmp : Match on catch block at 0xc3 in for 0x7e4e5e4025
04-05 20:53:03.638 31586 31586 E ArmVmp : Match on catch block at 0xc3 in for 0x7e4e5e4025
04-05 20:53:03.709 31586 32410 E OpenGLRenderer: Unable to match the desired swap behavior.
04-05 20:53:03.750 31586 31586 E ArmVmp : Match on catch block at 0xc3 in for 0x7e4e5e4025
04-05 20:53:03.756 31586 31586 E ArmVmp : Match on catch block at 0xc3 in for 0x7e4e5e4025
04-05 20:53:03.765 31586 31586 E ArmVmp : Match on catch block at 0xc3 in for 0x7e4e5e4025
04-05 20:53:03.776 31586 31586 E ArmVmp : Match on catch block at 0xc3 in for 0x7e4e5e4025
04-05 20:53:03.778 31586 31586 E ArmVmp : Match on catch block at 0xc3 in for 0x7e4e5e4025
04-05 20:53:03.780 31586 31586 E ArmVmp : Match on catch block at 0xc3 in for 0x7e4e5e4025
04-05 20:53:03.789 31586 31586 E ArmVmp : Match on catch block at 0xc3 in for 0x7e4e5e4025
04-05 20:53:03.793 31586 31586 E ArmVmp : Match on catch block at 0xc3 in for 0x7e4e5e4025
04-05 20:53:03.796 31586 31586 E ArmVmp : Match on catch block at 0xc3 in for 0x7e4e5e4025
04-05 20:53:03.807 31586 31586 E ArmVmp : Match on catch block at 0xc3 in for 0x7e4e5e4025
04-05 20:53:03.810 31586 31586 E ArmVmp : Match on catch block at 0xc3 in for 0x7e4e5e4025
04-05 20:53:03.812 31586 31586 E ArmVmp : Match on catch block at 0xc3 in for 0x7e4e5e4025
04-05 20:53:03.824 31586 31586 E ArmVmp : Match on catch block at 0xc3 in for 0x7e4e5e4025
04-05 20:53:03.828 31586 31586 E ArmVmp : Match on catch block at 0xc3 in for 0x7e4e5e4025
04-05 20:53:03.831 31586 31586 E ArmVmp : Match on catch block at 0xc3 in for 0x7e4e5e4025
04-05 20:53:03.839 31586 31586 E ArmVmp : Match on catch block at 0xc3 in for 0x7e4e5e4025
04-05 20:53:03.841 31586 31586 E ArmVmp : Match on catch block at 0xc3 in for 0x7e4e5e4025
04-05 20:53:03.843 31586 31586 E ArmVmp : Match on catch block at 0xc3 in for 0x7e4e5e4025
04-05 20:53:03.854 31586 31586 E ArmVmp : Match on catch block at 0xc3 in for 0x7e4e5e4025
04-05 20:53:03.856 31586 31586 E ArmVmp : Match on catch block at 0xc3 in for 0x7e4e5e4025
04-05 20:53:03.858 31586 31586 E ArmVmp : Match on catch block at 0xc3 in for 0x7e4e5e4025
04-05 20:53:03.870 31586 31586 E ArmVmp : Match on catch block at 0xc3 in for 0x7e4e5e4025
04-05 20:53:03.872 31586 31586 E ArmVmp : Match on catch block at 0xc3 in for 0x7e4e5e4025
04-05 20:53:03.873 31586 31586 E ArmVmp : Match on catch block at 0xc3 in for 0x7e4e5e4025
04-05 20:53:03.886 31586 31586 E ArmVmp : Match on catch block at 0xc3 in for 0x7e4e5e4025
04-05 20:53:03.888 31586 31586 E ArmVmp : Match on catch block at 0xc3 in for 0x7e4e5e4025
04-05 20:53:03.889 31586 31586 E ArmVmp : Match on catch block at 0xc3 in for 0x7e4e5e4025
04-05 20:53:03.903 31586 31586 E ArmVmp : Match on catch block at 0xc3 in for 0x7e4e5e4025
04-05 20:53:03.905 31586 31586 E ArmVmp : Match on catch block at 0xc3 in for 0x7e4e5e4025
04-05 20:53:03.906 31586 31586 E ArmVmp : Match on catch block at 0xc3 in for 0x7e4e5e4025
04-05 20:53:03.919 31586 31586 E ArmVmp : Match on catch block at 0xc3 in for 0x7e4e5e4025
04-05 20:53:03.921 31586 31586 E ArmVmp : Match on catch block at 0xc3 in for 0x7e4e5e4025
04-05 20:53:03.923 31586 31586 E ArmVmp : Match on catch block at 0xc3 in for 0x7e4e5e4025
04-05 20:53:03.937 31586 31586 E ArmVmp : Match on catch block at 0xc3 in for 0x7e4e5e4025
04-05 20:53:03.939 31586 31586 E ArmVmp : Match on catch block at 0xc3 in for 0x7e4e5e4025
04-05 20:53:03.941 31586 31586 E ArmVmp : Match on catch block at 0xc3 in for 0x7e4e5e4025
04-05 20:53:03.948 31586 31586 E ArmVmp : Match on catch block at 0xc3 in for 0x7e4e5e4025
04-05 20:53:03.951 31586 31586 E ArmVmp : Match on catch block at 0xc3 in for 0x7e4e5e4025
04-05 20:53:03.954 31586 31586 E ArmVmp : Match on catch block at 0xc3 in for 0x7e4e5e4025
04-05 20:53:03.965 31586 31586 E ArmVmp : Match on catch block at 0xc3 in for 0x7e4e5e4025
04-05 20:53:03.969 31586 31586 E ArmVmp : Match on catch block at 0xc3 in for 0x7e4e5e4025
04-05 20:53:03.972 31586 31586 E ArmVmp : Match on catch block at 0xc3 in for 0x7e4e5e4025
04-05 20:53:03.982 31586 31586 E ArmVmp : Match on catch block at 0xc3 in for 0x7e4e5e4025
04-05 20:53:03.984 31586 31586 E ArmVmp : Match on catch block at 0xc3 in for 0x7e4e5e4025
04-05 20:53:03.987 31586 31586 E ArmVmp : Match on catch block at 0xc3 in for 0x7e4e5e4025
04-05 20:53:03.998 31586 31586 E ArmVmp : Match on catch block at 0xc3 in for 0x7e4e5e4025
04-05 20:53:04.001 31586 31586 E ArmVmp : Match on catch block at 0xc3 in for 0x7e4e5e4025
04-05 20:53:04.004 31586 31586 E ArmVmp : Match on catch block at 0xc3 in for 0x7e4e5e4025
04-05 20:53:04.015 31586 31586 E ArmVmp : Match on catch block at 0xc3 in for 0x7e4e5e4025
04-05 20:53:04.016 31586 31586 E ArmVmp : Match on catch block at 0xc3 in for 0x7e4e5e4025
04-05 20:53:04.018 31586 31586 E ArmVmp : Match on catch block at 0xc3 in for 0x7e4e5e4025
04-05 20:53:04.983 31586 31586 W BpBinder: PerfMonitor binderTransact: time=206ms interface=android.app.IActivityTaskManager code=1
04-05 20:53:06.740 31586 31586 W WindowOnBackDispatcher: sendCancelIfRunning: isInProgress=falsecallback=android.view.ViewRootImpl$ $ExternalSyntheticLambda22@ee8b896
04-05 20:53:06.833 31586 32410 E OpenGLRenderer: Unable to match the desired swap behavior.
04-05 20:53:06.895 31586 31586 W JobService: onNetworkChanged() not implemented in androidx.work.impl.background.systemjob.SystemJobService. Must override in a subclass.
04-05 20:53:06.953 31586 32410 E OpenGLRenderer: Unable to match the desired swap behavior.
04-05 20:53:07.042 31586 31586 W WindowOnBackDispatcher: sendCancelIfRunning: isInProgress=falsecallback=android.view.ViewRootImpl$ $ExternalSyntheticLambda22@3a6b7e5
04-05 20:53:09.642 31586 31586 E ArmVmp : Match on catch block at 0xc3 in for 0x7e4e5e4025
04-05 20:53:09.646 31586 31586 E ArmVmp : Match on catch block at 0xc3 in for 0x7e4e5e4025
04-05 20:53:09.649 31586 31586 E ArmVmp : Match on catch block at 0xc3 in for 0x7e4e5e4025
04-05 20:53:09.662 31586 31586 E ArmVmp : Match on catch block at 0xc3 in for 0x7e4e5e4025
04-05 20:53:09.668 31586 31586 E ArmVmp : Match on catch block at 0xc3 in for 0x7e4e5e4025
04-05 20:53:09.672 31586 31586 E ArmVmp : Match on catch block at 0xc3 in for 0x7e4e5e4025
04-05 20:53:09.865 31586 31586 W JobService: onNetworkChanged() not implemented in androidx.work.impl.background.systemjob.SystemJobService. Must override in a subclass.
04-05 20:53:09.989 31586 31586 W WindowOnBackDispatcher: sendCancelIfRunning: isInProgress=falsecallback=android.view.ViewRootImpl$ $ExternalSyntheticLambda22@653139a
04-05 20:53:10.144 31586 31586 E ArmVmp : Match on catch block at 0xc3 in for 0x7e4e5e4025
04-05 20:53:10.147 31586 31586 E ArmVmp : Match on catch block at 0xc3 in for 0x7e4e5e4025
04-05 20:53:10.149 31586 31586 E ArmVmp : Match on catch block at 0xc3 in for 0x7e4e5e4025
04-05 20:53:10.175 31586 31701 W AudioManager: Use of stream types is deprecated for operations other than volume control
04-05 20:53:10.175 31586 31701 W AudioManager: See the documentation of requestAudioFocus() for what to use instead with android.media.AudioAttributes to qualify your playback use case
04-05 20:53:10.180 31586 31586 W SoundPool: Use of stream types is deprecated for operations other than volume control
04-05 20:53:10.180 31586 31586 W SoundPool: See the documentation of SoundPool() for what to use instead with android.media.AudioAttributes to qualify your playback use case
04-05 20:53:10.365 31586 31586 W WindowOnBackDispatcher: sendCancelIfRunning: isInProgress=falsecallback=android.view.ViewRootImpl$ $ExternalSyntheticLambda22@66b0a7e
04-05 20:53:10.436 31586 31586 E ArmVmp : Match on catch block at 0xc3 in for 0x7e4e5e4025
04-05 20:53:10.438 31586 31586 E ArmVmp : Match on catch block at 0xc3 in for 0x7e4e5e4025
04-05 20:53:10.445 31586 31586 E ArmVmp : Match on catch block at 0xc3 in for 0x7e4e5e4025
04-05 20:53:10.517 31586 10642 W Codec2Client: query -- param skipped: index = 1107298332.
04-05 20:53:10.521 31586 10642 W Codec2Client: query -- param skipped: index = 1342179345.
04-05 20:53:10.521 31586 10642 W Codec2Client: query -- param skipped: index = 2415921170.
04-05 20:53:10.522 31586 10643 W Codec2Client: query -- param skipped: index = 1107298332.
04-05 20:53:10.531 31586 10643 W Codec2Client: query -- param skipped: index = 1342179345.
04-05 20:53:10.532 31586 10643 W Codec2Client: query -- param skipped: index = 2415921170.
04-05 20:53:10.637 31586 31586 E ArmVmp : Match on catch block at 0xc3 in for 0x7e4e5e4025
04-05 20:53:10.641 31586 31586 E ArmVmp : Match on catch block at 0xc3 in for 0x7e4e5e4025
04-05 20:53:10.643 31586 31586 E ArmVmp : Match on catch block at 0xc3 in for 0x7e4e5e4025
04-05 20:53:10.693 31586 10671 W Codec2Client: query -- param skipped: index = 1107298332.
04-05 20:53:10.696 31586 10671 W Codec2Client: query -- param skipped: index = 1342179345.
04-05 20:53:10.696 31586 10671 W Codec2Client: query -- param skipped: index = 2415921170.
04-05 20:53:10.799 31586 10675 W Codec2Client: query -- param skipped: index = 1107298332.
04-05 20:53:10.803 31586 10675 W Codec2Client: query -- param skipped: index = 1342179345.
04-05 20:53:10.803 31586 10675 W Codec2Client: query -- param skipped: index = 2415921170.
04-05 20:53:10.837 31586 10680 W Codec2Client: query -- param skipped: index = 1107298332.
04-05 20:53:10.845 31586 10680 W Codec2Client: query -- param skipped: index = 1342179345.
04-05 20:53:10.845 31586 10680 W Codec2Client: query -- param skipped: index = 2415921170.
04-05 20:53:11.106 31586 10639 W libOpenSLES: Conversion from OpenSL ES positional channel mask 0x4 to Android mask 0 loses channels
04-05 20:53:11.341 31586 31586 W MessageMonitor: PerfMonitor: Slow Operation: Activity com.mbwhatsapp/com.whatsapp.voipcalling.VoipActivityV2 onCreate took 676ms
04-05 20:53:11.494 31586 31586 W Looper : PerfMonitor looperActivity : package=com.mbwhatsapp/com.whatsapp.voipcalling.VoipActivityV2 time=1ms latency=940ms procState=-1 historyMsgCount=14 (msgIndex=13 wall=842ms seq=7119 late=103ms h=android.app.ActivityThread$H w=159)
04-05 20:53:11.499 31586 31586 E ArmVmp : Match on catch block at 0xc3 in for 0x7e4e5e4025
04-05 20:53:11.504 31586 31586 E ArmVmp : Match on catch block at 0xc3 in for 0x7e4e5e4025
04-05 20:53:11.507 31586 31586 E ArmVmp : Match on catch block at 0xc3 in for 0x7e4e5e4025
04-05 20:53:11.542 31586 32410 E OpenGLRenderer: Unable to match the desired swap behavior.
04-05 20:53:11.650 31586 32410 E OpenGLRenderer: Unable to match the desired swap behavior.
04-05 20:53:11.689 31586 31598 W System : A resource failed to call AbstractCursor.close.
04-05 20:53:11.690 31586 31598 W System : A resource failed to call CursorWrapperInner.close.
04-05 20:53:11.740 31586 31586 W Looper : PerfMonitor doFrame : time=245ms vsyncFrame=0 latency=867ms procState=-1 historyMsgCount=10 (msgIndex=5 wall=842ms seq=7119 late=103ms h=android.app.ActivityThread$H w=159)
04-05 20:53:11.752 31586 31586 W BottomSheetBehavior: BottomSheetBehavior now supports multiple callbacks. `setBottomSheetCallback()` removes all existing callbacks, including ones set internally by library authors, which may result in unintended behavior. This may change in the future. Please use `addBottomSheetCallback()` and `removeBottomSheetCallback()` instead to set your own callbacks.
04-05 20:53:11.848 31586 31586 E ArmVmp : Match on catch block at 0xc3 in for 0x7e4e5e4025
04-05 20:53:11.853 31586 31586 E ArmVmp : Match on catch block at 0xc3 in for 0x7e4e5e4025
04-05 20:53:11.855 31586 31586 E ArmVmp : Match on catch block at 0xc3 in for 0x7e4e5e4025
04-05 20:53:11.887 31586 31586 W Looper : PerfMonitor doFrame : time=51ms vsyncFrame=0 latency=338ms procState=-1 historyMsgCount=51 (msgIndex=1 wall=245ms seq=7125 late=867ms h=android.view.Choreographer$FrameHandler c=android.view.Choreographer$FrameDisplayEventReceiver) (msgIndex=33 wall=68ms seq=7157 late=361ms h=android.app.Dialog$ListenersHandler w=69)
04-05 20:53:28.045 31586 31586 W JobService: onNetworkChanged() not implemented in androidx.work.impl.background.systemjob.SystemJobService. Must override in a subclass.
04-05 20:56:32.451 31586 31586 W JobService: onNetworkChanged() not implemented in androidx.work.impl.background.systemjob.SystemJobService. Must override in a subclass.
04-05 20:56:36.564 31586 31586 W MessageMonitor: PerfMonitor: Slow Operation: Activity com.mbwhatsapp/com.whatsapp.voipcalling.VoipActivityV2 onStart took 316ms
