04-05 06:16:06.832 1516 1516 W Looper : PerfMonitor longMsg : seq=2 plan=06:16:04.376 late=72ms wall=2356ms h=android.app.ActivityThread$H w=110 procState=-1
04-05 06:16:06.859 1516 1516 W com.mbwhatsapp: Method void X.0eU.A0h(X.0tK, boolean) failed lock verification and will run slower.
04-05 06:16:07.308 1516 1516 W libc : Access denied finding property "ro.vendor.df.effect.conflict"
04-05 06:16:07.557 1516 1516 W BpBinder: PerfMonitor binderTransact: time=229ms interface=android.app.IActivityTaskManager code=1
04-05 06:16:07.596 1516 1516 W MessageMonitor: PerfMonitor: Slow Operation: Activity com.mbwhatsapp/.Icon0 onCreate took 655ms
04-05 06:16:07.599 1516 1516 W Looper : PerfMonitor looperActivity : package=com.mbwhatsapp/.Icon0 time=766ms latency=2436ms procState=-1 historyMsgCount=2 (msgIndex=2 wall=2356ms seq=2 late=72ms h=android.app.ActivityThread$H w=110)
04-05 06:16:07.599 1516 1516 W Looper : PerfMonitor looperActivity : package=com.mbwhatsapp/.Icon0 time=0ms latency=3201ms procState=-1 historyMsgCount=3 (msgIndex=2 wall=2356ms seq=2 late=72ms h=android.app.ActivityThread$H w=110) (msgIndex=3 wall=766ms seq=3 late=2436ms h=android.app.ActivityThread$H w=159)
04-05 06:16:07.983 1516 1516 W com.mbwhatsapp: Method void com.mbwhatsapp.HomeActivity.A6e() failed lock verification and will run slower.
04-05 06:16:08.002 1516 3179 W libc : Access denied finding property "vendor.migl.debug"
04-05 06:16:08.690 1516 1516 E ArmVmp : Match on catch block at 0x0a in for 0x7e4e5e4031
04-05 06:16:08.758 1516 1516 E ArmVmp : Match on catch block at 0x0a in for 0x7e4e5e404d
04-05 06:16:08.834 1516 3433 W com.mbwhatsapp: Accessing hidden method Lcom/android/org/conscrypt/ConscryptEngineSocket;->setUseSessionTickets(Z)V (max- target-q,core-platform-api, reflection, denied)
04-05 06:16:08.834 1516 3433 W com.mbwhatsapp: Accessing hidden method Lcom/android/org/conscrypt/OpenSSLSocketImpl;->setUseSessionTickets(Z)V (max- target-q,core-platform-api, reflection, denied)
04-05 06:16:08.834 1516 3433 W com.mbwhatsapp: Accessing hidden method Lcom/android/org/conscrypt/AbstractConscryptSocket;->setUseSessionTickets(Z)V (max- target-q, reflection, denied)
04-05 06:16:08.834 1516 3433 W com.mbwhatsapp: Accessing hidden method Lcom/android/org/conscrypt/ConscryptEngineSocket;->setHostname(Ljava/lang/String;)V (max-target-q,core-platform-api, reflection, denied)
04-05 06:16:08.834 1516 3433 W com.mbwhatsapp: Accessing hidden method Lcom/android/org/conscrypt/OpenSSLSocketImpl;->setHostname(Ljava/lang/String;)V (max-target-q,core-platform-api, reflection, denied)
04-05 06:16:08.834 1516 3433 W com.mbwhatsapp: Accessing hidden method Lcom/android/org/conscrypt/AbstractConscryptSocket;->setHostname(Ljava/lang/ String;)V (max-target-q, reflection, denied)
04-05 06:16:08.834 1516 3433 W com.mbwhatsapp: Accessing hidden method Lcom/android/org/conscrypt/OpenSSLSocketImpl;->setAlpnProtocols([B)V (max-target- q,core-platform-api, reflection, denied)
04-05 06:16:08.834 1516 3433 W com.mbwhatsapp: Accessing hidden method Lcom/android/org/conscrypt/AbstractConscryptSocket;->setAlpnProtocols([B)V (max- target-q, reflection, denied)
04-05 06:16:08.948 1516 3433 W com.mbwhatsapp: Accessing hidden method Lcom/android/org/conscrypt/OpenSSLSocketImpl;->getAlpnSelectedProtocol()[B (max- target-q,core-platform-api, reflection, denied)
04-05 06:16:08.948 1516 3433 W com.mbwhatsapp: Accessing hidden method Lcom/android/org/conscrypt/AbstractConscryptSocket;->getAlpnSelectedProtocol()[B (max-target-q, reflection, denied)
04-05 06:16:08.997 1516 1516 W Activity: Can request only one set of permissions at a time
04-05 06:16:09.219 1516 1516 W MessageMonitor: PerfMonitor: Slow Operation: Activity com.mbwhatsapp/.HomeActivity onCreate took 1188ms
04-05 06:16:09.445 1516 3624 W ziparchive: Unable to open '/system/framework/QXPerformance.dm': No such file or directory
04-05 06:16:09.446 1516 3624 W ziparchive: Unable to open '/system/framework/QXPerformance.dm': No such file or directory
04-05 06:16:09.517 1516 1516 W OpenGLRenderer: Unknown dataspace 0
04-05 06:16:09.658 1516 1516 W Looper : PerfMonitor longMsg : seq=23 plan=06:16:07.742 late=204ms wall=1712ms h=android.app.ActivityThread$H w=159 procState=-1
04-05 06:16:09.659 1516 1516 W Looper : PerfMonitor looperActivity : package=com.mbwhatsapp/.HomeActivity time=0ms latency=1916ms procState=-1 historyMsgCount=6 (msgIndex=1 wall=53ms seq=18 late=205ms h=android.app.ActivityThread$H w=159) (msgIndex=2 wall=52ms seq=19 late=121ms h=android.app.job.JobServiceEngine$JobHandler w=0) (msgIndex=3 wall=96ms seq=20 late=158ms h=android.app.job.JobServiceEngine$JobHandler w=0) (msgIndex=6 wall=1712ms seq=23 late=204ms h=android.app.ActivityThread$H w=159)
04-05 06:16:09.775 1516 1516 W Looper : PerfMonitor looperActivity : package=com.mbwhatsapp/.HomeActivity time=2ms latency=969ms procState=-1 historyMsgCount=30 (msgIndex=1 wall=1712ms seq=23 late=204ms h=android.app.ActivityThread$H w=159)
04-05 06:16:09.873 1516 1516 W MessageMonitor: PerfMonitor: Slow Operation: Activity com.mbwhatsapp/.HomeActivity onPause took 98ms
04-05 06:16:09.876 1516 1516 W Looper : PerfMonitor looperActivity : package=com.mbwhatsapp/.HomeActivity time=100ms latency=971ms procState=-1 historyMsgCount=31 (msgIndex=1 wall=1712ms seq=23 late=204ms h=android.app.ActivityThread$H w=159)
04-05 06:16:10.095 1516 1516 E ArmVmp : Match on catch block at 0x0a in for 0x7e4e5e4035
04-05 06:16:10.119 1516 1516 W Looper : PerfMonitor looperActivity : package=com.mbwhatsapp/mbmodsd.mbmodsw.mbsettings.yo.PauseActivity time=95ms latency=718ms procState=-1 historyMsgCount=48 (msgIndex=1 wall=1712ms seq=23 late=204ms h=android.app.ActivityThread$H w=159) (msgIndex=32 wall=100ms seq=54 late=971ms h=android.app.ActivityThread$H w=159) (msgIndex=38 wall=114ms seq=60 late=855ms h=android.os.Handler c=mbmodsd.mbmodsw.update.RequestNetworkController$3$2)
04-05 06:16:10.885 1516 3158 E libEGL : pre_cache appList: com.miui.weather2,,
04-05 06:16:10.896 1516 3158 E OpenGLRenderer: Unable to match the desired swap behavior.
04-05 06:16:11.887 1516 1516 E RecyclerView: No adapter attached; skipping layout
04-05 06:16:12.062 1516 3158 E LB : fail to open file: No such file or directory
04-05 06:16:12.062 1516 3158 E LB : fail to open node: No such file or directory
04-05 06:16:12.185 1516 1516 W Looper : PerfMonitor longMsg : seq=88 plan=06:16:09.630 late=509ms wall=2045ms h=android.view.Choreographer$FrameHandler c=android.view.Choreographer$FrameDisplayEventReceiver procState=-1
04-05 06:16:12.185 1516 1516 W Looper : PerfMonitor doFrame : time=2045ms vsyncFrame=0 latency=509ms procState=-1 historyMsgCount=65 (msgIndex=1 wall=1712ms seq=23 late=204ms h=android.app.ActivityThread$H w=159) (msgIndex=32 wall=100ms seq=54 late=971ms h=android.app.ActivityThread$H w=159) (msgIndex=38 wall=114ms seq=60 late=855ms h=android.os.Handler c=mbmodsd.mbmodsw.update.RequestNetworkController$3$2) (msgIndex=49 wall=95ms seq=71 late=718ms h=android.app.ActivityThread$H w=159)
04-05 06:16:12.890 1516 1516 W BpBinder: PerfMonitor binderTransact: time=473ms interface=android.app.IActivityManager code=19
04-05 06:16:13.143 1516 1516 W BpBinder: PerfMonitor binderTransact: time=202ms interface=android.app.IActivityManager code=19
04-05 06:16:13.330 1516 1730 W LibraryVersion: Failed to get app version for libraryName: firebase-iid
04-05 06:16:13.641 1516 1516 E RecyclerView: No adapter attached; skipping layout
04-05 06:16:13.660 1516 1516 W Looper : PerfMonitor doFrame : time=238ms vsyncFrame=0 latency=3274ms procState=-1 historyMsgCount=19 (msgIndex=1 wall=2045ms seq=88 late=509ms h=android.view.Choreographer$FrameHandler c=android.view.Choreographer$FrameDisplayEventReceiver) (msgIndex=8 wall=62ms seq=95 late=2549ms h=android.os.Handler c=X.5ul) (msgIndex=14 wall=884ms seq=101 late=2551ms h=android.os.Handler c=X.3fx) (msgIndex=15 wall=125ms seq=102 late=3376ms h=android.app.job.JobServiceEngine$JobHandler w=0) (msgIndex=16 wall=111ms seq=103 late=3383ms h=android.os.Handler c=X.0ly)
04-05 06:16:13.673 1516 1516 W Looper : PerfMonitor looperActivity : package=com.mbwhatsapp/.HomeActivity time=0ms latency=3083ms procState=-1 historyMsgCount=33 (msgIndex=1 wall=2045ms seq=88 late=509ms h=android.view.Choreographer$FrameHandler c=android.view.Choreographer$FrameDisplayEventReceiver) (msgIndex=8 wall=62ms seq=95 late=2549ms h=android.os.Handler c=X.5ul) (msgIndex=14 wall=884ms seq=101 late=2551ms h=android.os.Handler c=X.3fx) (msgIndex=15 wall=125ms seq=102 late=3376ms h=android.app.job.JobServiceEngine$JobHandler w=0) (msgIndex=16 wall=111ms seq=103 late=3383ms h=android.os.Handler c=X.0ly) (msgIndex=20 wall=238ms seq=107 late=3274ms h=android.view.Choreographer$FrameHandler c=android.view.Choreographer$FrameDisplayEventReceiver)
04-05 06:16:13.764 1516 4459 W LOTTIE : Animation contains merge paths. Merge paths are only supported on KitKat+ and must be manually enabled by calling enableMergePathsForKitKatAndAbove().
04-05 06:16:13.862 1516 1516 W Looper : PerfMonitor looperActivity : package=com.mbwhatsapp/.HomeActivity time=188ms latency=3081ms procState=-1 historyMsgCount=34 (msgIndex=1 wall=2045ms seq=88 late=509ms h=android.view.Choreographer$FrameHandler c=android.view.Choreographer$FrameDisplayEventReceiver) (msgIndex=8 wall=62ms seq=95 late=2549ms h=android.os.Handler c=X.5ul) (msgIndex=14 wall=884ms seq=101 late=2551ms h=android.os.Handler c=X.3fx) (msgIndex=15 wall=125ms seq=102 late=3376ms h=android.app.job.JobServiceEngine$JobHandler w=0) (msgIndex=16 wall=111ms seq=103 late=3383ms h=android.os.Handler c=X.0ly) (msgIndex=20 wall=238ms seq=107 late=3274ms h=android.view.Choreographer$FrameHandler c=android.view.Choreographer$FrameDisplayEventReceiver)
04-05 06:16:14.010 1516 1528 W com.mbwhatsapp: Cleared Reference was only reachable from finalizer (only reported once)
04-05 06:16:14.313 1516 1516 W Looper : PerfMonitor doFrame : time=284ms vsyncFrame=0 latency=589ms procState=-1 historyMsgCount=68 (msgIndex=1 wall=238ms seq=107 late=3274ms h=android.view.Choreographer$FrameHandler c=android.view.Choreographer$FrameDisplayEventReceiver) (msgIndex=16 wall=188ms seq=122 late=3081ms h=android.app.ActivityThread$H w=159) (msgIndex=67 wall=126ms seq=173 late=751ms h=android.view.ViewRootImpl$ViewRootHandler w=6)
04-05 06:16:14.330 1516 1516 W LOTTIE : Animation contains merge paths but they are disabled.
04-05 06:16:14.360 1516 1516 W Looper : PerfMonitor looperActivity : package=com.mbwhatsapp/.HomeActivity time=30ms latency=516ms procState=-1 historyMsgCount=68 (msgIndex=1 wall=188ms seq=122 late=3081ms h=android.app.ActivityThread$H w=159) (msgIndex=52 wall=126ms seq=173 late=751ms h=android.view.ViewRootImpl$ViewRootHandler w=6) (msgIndex=54 wall=284ms seq=175 late=589ms h=android.view.Choreographer$FrameHandler c=android.view.Choreographer$FrameDisplayEventReceiver)
04-05 06:16:14.385 1516 1516 W Looper : PerfMonitor looperActivity : package=com.mbwhatsapp/.HomeActivity time=24ms latency=546ms procState=-1 historyMsgCount=69 (msgIndex=1 wall=188ms seq=122 late=3081ms h=android.app.ActivityThread$H w=159) (msgIndex=52 wall=126ms seq=173 late=751ms h=android.view.ViewRootImpl$ViewRootHandler w=6) (msgIndex=54 wall=284ms seq=175 late=589ms h=android.view.Choreographer$FrameHandler c=android.view.Choreographer$FrameDisplayEventReceiver)
04-05 06:16:14.812 1516 1516 W Looper : PerfMonitor doFrame : time=34ms vsyncFrame=0 latency=687ms procState=-1 historyMsgCount=34 (msgIndex=1 wall=284ms seq=175 late=589ms h=android.view.Choreographer$FrameHandler c=android.view.Choreographer$FrameDisplayEventReceiver) (msgIndex=26 wall=340ms seq=200 late=521ms h=android.os.AsyncTask$InternalHandler w=1)
04-05 06:16:15.180 1516 1516 W Looper : PerfMonitor looperActivity : package=com.mbwhatsapp/.backup.google.GoogleDriveNewUserSetupActivity time=367ms latency=472ms procState=-1 historyMsgCount=25 (msgIndex=11 wall=340ms seq=200 late=521ms h=android.os.AsyncTask$InternalHandler w=1)
04-05 06:16:15.180 1516 1516 W Looper : PerfMonitor looperActivity : package=com.mbwhatsapp/.backup.google.GoogleDriveNewUserSetupActivity time=0ms latency=824ms procState=-1 historyMsgCount=26 (msgIndex=11 wall=340ms seq=200 late=521ms h=android.os.AsyncTask$InternalHandler w=1) (msgIndex=26 wall=367ms seq=215 late=472ms h=android.app.ActivityThread$H w=159)
04-05 06:16:15.315 1516 1516 W Looper : PerfMonitor doFrame : time=47ms vsyncFrame=0 latency=475ms procState=-1 historyMsgCount=24 (msgIndex=7 wall=367ms seq=215 late=472ms h=android.app.ActivityThread$H w=159) (msgIndex=12 wall=82ms seq=220 late=736ms h=android.os.AsyncTask$InternalHandler w=1)
04-05 06:16:15.378 1516 3158 W RenderInspector: DequeueBuffer time out on com.mbwhatsapp/com.mbwhatsapp.HomeActivity, count=1, avg=20 ms, max=20 ms.
04-05 06:16:35.133 1516 1516 W MirrorManager: this model don't Support
04-05 06:16:35.717 1516 3158 W RenderInspector: QueueBuffer time out on com.mbwhatsapp/com.mbwhatsapp.HomeActivity, count=1, avg=41 ms, max=41 ms.
04-05 06:16:36.742 1516 3158 W RenderInspector: DequeueBuffer time out on com.mbwhatsapp/com.mbwhatsapp.HomeActivity, count=1, avg=22 ms, max=22 ms.
04-05 06:16:36.921 1516 3158 W RenderInspector: DequeueBuffer time out on com.mbwhatsapp/com.mbwhatsapp.HomeActivity, count=1, avg=16 ms, max=16 ms.
04-05 06:16:48.863 1516 7511 E RenderScript: Failed to find hal setup entry points: undefined symbol: rsdHalAbort
04-05 06:16:48.863 1516 7511 E RenderScript: Failed to load runtime , loading default
04-05 06:16:48.945 1516 1516 E ArmVmp : Match on catch block at 0x0a in for 0x7e4e5e405d
04-05 06:16:49.058 1516 3158 E OpenGLRenderer: Unable to match the desired swap behavior.
04-05 06:16:49.099 1516 1516 W Looper : PerfMonitor doFrame : time=92ms vsyncFrame=0 latency=333ms procState=-1 historyMsgCount=1 (msgIndex=1 wall=349ms seq=1804 late=21ms h=android.view.ViewRootImpl$ViewRootHandler c=android.view.View$PerformClick)
04-05 06:16:57.648 1516 1516 E RippleDrawable: The RippleDrawable.STYLE_PATTERNED animation is not supported for a non-hardware accelerated Canvas. Skipping animation.
04-05 06:16:57.677 1516 1516 E RippleDrawable: The RippleDrawable.STYLE_PATTERNED animation is not supported for a non-hardware accelerated Canvas. Skipping animation.
04-05 06:16:57.685 1516 1516 E RippleDrawable: The RippleDrawable.STYLE_PATTERNED animation is not supported for a non-hardware accelerated Canvas. Skipping animation.
04-05 06:16:57.701 1516 1516 E RippleDrawable: The RippleDrawable.STYLE_PATTERNED animation is not supported for a non-hardware accelerated Canvas. Skipping animation.
04-05 06:16:57.717 1516 1516 E RippleDrawable: The RippleDrawable.STYLE_PATTERNED animation is not supported for a non-hardware accelerated Canvas. Skipping animation.
04-05 06:16:57.735 1516 1516 E RippleDrawable: The RippleDrawable.STYLE_PATTERNED animation is not supported for a non-hardware accelerated Canvas. Skipping animation.
04-05 06:16:57.739 1516 1516 W WindowOnBackDispatcher: sendCancelIfRunning: isInProgress=falsecallback=android.view.ViewRootImpl$ $ExternalSyntheticLambda22@c219f0c
04-05 06:16:57.742 1516 1516 W MiuiStubRegistry: Failed to collect stub providers in android.magicpointer.util.MiuiMagicPointerUtilsStubHeadManifest$$: /system_ext/framework/miui-framework-pointer-pad.jar not exist
04-05 06:16:58.163 1516 1516 W MessageMonitor: PerfMonitor: Slow Operation: Activity com.mbwhatsapp/.contact.picker.ContactPicker onStart took 136ms
04-05 06:16:58.179 1516 1516 W Looper : PerfMonitor looperActivity : package=com.mbwhatsapp/.contact.picker.ContactPicker time=0ms latency=301ms procState=-1 historyMsgCount=4 (msgIndex=4 wall=270ms seq=1930 late=33ms h=android.app.ActivityThread$H w=159)
04-05 06:16:58.204 1516 3158 E OpenGLRenderer: Unable to match the desired swap behavior.
04-05 06:17:18.356 1516 3158 E OpenGLRenderer: Unable to match the desired swap behavior.
04-05 06:17:18.921 1516 1516 W WindowOnBackDispatcher: sendCancelIfRunning: isInProgress=falsecallback=android.view.ViewRootImpl$ $ExternalSyntheticLambda22@33bcc30
04-05 06:17:24.428 1516 3158 E OpenGLRenderer: Unable to--------- beginning of system
04-05 18:44:15.219 13896 13896 W Looper : PerfMonitor longMsg : seq=2 plan=18:44:13.167 late=1ms wall=2045ms h=android.app.ActivityThread$H w=110 procState=-1 --------- beginning of main
04-05 19:50:58.303 3809 3809 E com.mbwhatsapp: Not starting debugger since process cannot load the jdwp agent.
04-05 19:50:58.684 3809 3809 W System.err: java.lang.ClassNotFoundException: mbmodsd.mbmodsw.ui.views.btn.BtnBK
04-05 19:50:58.685 3809 3809 W System.err: at java.lang.Runtime.nativeLoad(Native Method)
04-05 19:50:58.685 3809 3809 W System.err: at java.lang.Runtime.nativeLoad(Runtime.java:1126)
04-05 19:50:58.685 3809 3809 W System.err: at java.lang.Runtime.loadLibrary0(Runtime.java:1080)
04-05 19:50:58.685 3809 3809 W System.err: at java.lang.Runtime.loadLibrary0(Runtime.java:1003)
04-05 19:50:58.685 3809 3809 W System.err: at java.lang.System.loadLibrary(System.java:1661)
04-05 19:50:58.685 3809 3809 W System.err: at arm.EpicVm.<clinit>(Unknown Source:2)
04-05 19:50:58.685 3809 3809 W System.err: at java.lang.Class.newInstance(Native Method)
04-05 19:50:58.685 3809 3809 W System.err: at android.app.AppComponentFactory.instantiateApplication(AppComponentFactory.java:76)
04-05 19:50:58.685 3809 3809 W System.err: at androidx.core.app.CoreComponentFactory.instantiateApplication(Unknown Source:0)
04-05 19:50:58.685 3809 3809 W System.err: at android.app.Instrumentation.newApplication(Instrumentation.java:1286)
04-05 19:50:58.685 3809 3809 W System.err: at android.app.LoadedApk.makeApplicationInner(LoadedApk.java:1487)
04-05 19:50:58.685 3809 3809 W System.err: at android.app.LoadedApk.makeApplicationInner(LoadedApk.java:1424)
04-05 19:50:58.685 3809 3809 W System.err: at android.app.ActivityThread.handleBindApplication(ActivityThread.java:7420)
04-05 19:50:58.685 3809 3809 W System.err: at android.app.ActivityThread.-$ $Nest$mhandleBindApplication(Unknown Source:0)
04-05 19:50:58.685 3809 3809 W System.err: at android.app.ActivityThread$H.handleMessage(ActivityThread.java:2374)
04-05 19:50:58.685 3809 3809 W System.err: at android.os.Handler.dispatchMessage(Handler.java:106)
04-05 19:50:58.685 3809 3809 W System.err: at android.os.Looper.loopOnce(Looper.java:224)
04-05 19:50:58.685 3809 3809 W System.err: at android.os.Looper.loop(Looper.java:318)
04-05 19:50:58.685 3809 3809 W System.err: at android.app.ActivityThread.main(ActivityThread.java:8727)
04-05 19:50:58.685 3809 3809 W System.err: at java.lang.reflect.Method.invoke(Native Method)
04-05 19:50:58.685 3809 3809 W System.err: at com.android.internal.os.RuntimeInit$MethodAndArgsCaller.run(RuntimeInit.java:561)
04-05 19:50:58.685 3809 3809 W System.err: at com.android.internal.os.ZygoteInit.main(ZygoteInit.java:1013)
04-05 19:50:58.696 3809 3809 E CustomActivityOnCrash: IMPORTANT WARNING! You already have an UncaughtExceptionHandler, are you sure this is correct? If you use a custom UncaughtExceptionHandler, you must initialize it AFTER CustomActivityOnCrash! Installing anyway, but your original handler will not be called.
04-05 19:50:59.028 3809 3809 W com.mbwhatsapp: Accessing hidden method Lcom/android/org/conscrypt/OpenSSLSocketImpl;->setUseSessionTickets(Z)V (max- target-q,core-platform-api, reflection, denied)
04-05 19:50:59.028 3809 3809 W com.mbwhatsapp: Accessing hidden method Lcom/android/org/conscrypt/AbstractConscryptSocket;->setUseSessionTickets(Z)V (max- target-q, reflection, denied)
04-05 19:50:59.113 4043 4043 W libprocessgroup: JoinCgroup: controller schedtune is not found
04-05 19:50:59.127 3809 4058 W com.mbwhatsapp: Method void X.2rL.A03(java.lang.Integer) failed lock verification and will run slower.
04-05 19:50:59.127 3809 4058 W com.mbwhatsapp: Common causes for lock verification issues are non-optimized dex code
04-05 19:50:59.127 3809 4058 W com.mbwhatsapp: and incorrect proguard optimizations.
04-05 19:50:59.134 3809 3809 W com.mbwhatsapp: Method void X.0eU.A0h(X.0tK, boolean) failed lock verification and will run slower.
04-05 19:50:59.186 3809 3809 W libc : Access denied finding property "ro.vendor.df.effect.conflict"
04-05 19:50:59.213 3809 3809 W Looper : PerfMonitor looperActivity : package=com.mbwhatsapp/.Icon0 time=87ms latency=703ms procState=-1 historyMsgCount=2 (msgIndex=2 wall=693ms seq=2 late=11ms h=android.app.ActivityThread$H w=110)
04-05 19:50:59.213 3809 3809 W Looper : PerfMonitor looperActivity : package=com.mbwhatsapp/.Icon0 time=0ms latency=790ms procState=-1 historyMsgCount=3 (msgIndex=2 wall=693ms seq=2 late=11ms h=android.app.ActivityThread$H w=110) (msgIndex=3 wall=87ms seq=3 late=703ms h=android.app.ActivityThread$H w=159)
04-05 19:50:59.272 3809 3809 W com.mbwhatsapp: Method void com.mbwhatsapp.HomeActivity.A6e() failed lock verification and will run slower.
04-05 19:50:59.290 3809 4090 W libc : Access denied finding property "vendor.migl.debug"
04-05 19:50:59.554 3809 3809 E ArmVmp : Match on catch block at 0x0a in for 0x7e4e5e4031
04-05 19:50:59.573 3809 3809 E ArmVmp : Match on catch block at 0x0a in for 0x7e4e5e404d
04-05 19:50:59.679 3809 3809 W Activity: Can request only one set of permissions at a time
04-05 19:50:59.686 3809 4111 E ArmVmp : No matching catch block at 0x07
04-05 19:50:59.686 3809 4111 E ArmVmp : Match on catch block at 0x02 in for 0x7e4d6e1e05
04-05 19:50:59.687 3809 4111 W System.err: java.net.UnknownHostException: Unable to resolve host "pastebin.com": No address associated with hostname
04-05 19:50:59.687 3809 4111 W System.err: at java.net.Inet6AddressImpl.lookupHostByName(Inet6AddressImpl.java:156)
04-05 19:50:59.687 3809 4111 W System.err: at java.net.Inet6AddressImpl.lookupAllHostAddr(Inet6AddressImpl.java:103)
04-05 19:50:59.687 3809 4111 W System.err: at java.net.InetAddress.getAllByName(InetAddress.java:1152)
04-05 19:50:59.687 3809 4111 W System.err: at com.android.okhttp.Dns$1.lookup(Dns.java:41)
04-05 19:50:59.687 3809 4111 W System.err: at com.android.okhttp.internal.http.RouteSelector.resetNextInetSocketAddress(RouteSele ctor.java:178)
04-05 19:50:59.687 3809 4111 W System.err: at com.android.okhttp.internal.http.RouteSelector.nextProxy(RouteSelector.java:144)
04-05 19:50:59.687 3809 4111 W System.err: at com.android.okhttp.internal.http.RouteSelector.next(RouteSelector.java:86)
04-05 19:50:59.687 3809 4111 W System.err: at com.android.okhttp.internal.http.StreamAllocation.findConnection(StreamAllocation.j ava:176)
04-05 19:50:59.688 3809 4111 W System.err: at com.android.okhttp.internal.http.StreamAllocation.findHealthyConnection(StreamAlloc ation.java:128)
04-05 19:50:59.688 3809 4111 W System.err: at com.android.okhttp.internal.http.StreamAllocation.newStream(StreamAllocation.java:9 7)
04-05 19:50:59.688 3809 4111 W System.err: at com.android.okhttp.internal.http.HttpEngine.connect(HttpEngine.java:289)
04-05 19:50:59.688 3809 4111 W System.err: at com.android.okhttp.internal.http.HttpEngine.sendRequest(HttpEngine.java:232)
04-05 19:50:59.688 3809 4111 W System.err: at com.android.okhttp.internal.huc.HttpURLConnectionImpl.execute(HttpURLConnectionImpl .java:465)
04-05 19:50:59.688 3809 4111 W System.err: at com.android.okhttp.internal.huc.HttpURLConnectionImpl.getResponse(HttpURLConnection Impl.java:411)
04-05 19:50:59.688 3809 4111 W System.err: at com.android.okhttp.internal.huc.HttpURLConnectionImpl.getInputStream(HttpURLConnect ionImpl.java:248)
04-05 19:50:59.688 3809 4111 W System.err: at com.android.okhttp.internal.huc.DelegatingHttpsURLConnection.getInputStream(Delegat ingHttpsURLConnection.java:211)
04-05 19:50:59.688 3809 4111 W System.err: at com.android.okhttp.internal.huc.HttpsURLConnectionImpl.getInputStream(HttpsURLConne ctionImpl.java:30)
04-05 19:50:59.688 3809 4111 W System.err: at java.net.URL.openStream(URL.java:1072)
04-05 19:50:59.688 3809 4111 W System.err: at mbmodsd.mbmodsw.mbdialog.MBDialogMan.loadJsonFromUrl(Native Method)
04-05 19:50:59.688 3809 4111 W System.err: at mbmodsd.mbmodsw.mbdialog.MBDialogMan.access$000(Native Method)
04-05 19:50:59.688 3809 4111 W System.err: at mbmodsd.mbmodsw.mbdialog.MBDialogMan$FetchJsonTask.doInBackground(Native Method)
04-05 19:50:59.688 3809 4111 W System.err: at mbmodsd.mbmodsw.mbdialog.MBDialogMan$FetchJsonTask.doInBackground(Native Method)
04-05 19:50:59.688 3809 4111 W System.err: at android.os.AsyncTask$3.call(AsyncTask.java:394)
04-05 19:50:59.688 3809 4111 W System.err: at java.util.concurrent.FutureTask.run(FutureTask.java:264)
04-05 19:50:59.688 3809 4111 W System.err: at android.os.AsyncTask$SerialExecutor$1.run(AsyncTask.java:305)
04-05 19:50:59.688 3809 4111 W System.err: at java.util.concurrent.ThreadPoolExecutor.runWorker(ThreadPoolExecutor.java:1145)
04-05 19:50:59.689 3809 4111 W System.err: at java.util.concurrent.ThreadPoolExecutor$Worker.run(ThreadPoolExecutor.java:644)
04-05 19:50:59.689 3809 4111 W System.err: at java.lang.Thread.run(Thread.java:1012)
04-05 19:50:59.689 3809 4111 W System.err: Caused by: android.system.GaiException: android_getaddrinfo failed: EAI_NODATA (No address associated with hostname)
04-05 19:50:59.689 3809 4111 W System.err: at libcore.io.Linux.android_getaddrinfo(Native Method)
04-05 19:50:59.689 3809 4111 W System.err: at libcore.io.ForwardingOs.android_getaddrinfo(ForwardingOs.java:133)
04-05 19:50:59.689 3809 4111 W System.err: at libcore.io.BlockGuardOs.android_getaddrinfo(BlockGuardOs.java:222)
04-05 19:50:59.689 3809 4111 W System.err: at libcore.io.ForwardingOs.android_getaddrinfo(ForwardingOs.java:133)
04-05 19:50:59.689 3809 4111 W System.err: at java.net.Inet6AddressImpl.lookupHostByName(Inet6AddressImpl.java:135)
04-05 19:50:59.689 3809 4111 W System.err: ... 27 more
04-05 19:50:59.750 3809 4118 W ziparchive: Unable to open '/system/framework/QXPerformance.dm': No such file or directory
04-05 19:50:59.750 3809 4118 W ziparchive: Unable to open '/system/framework/QXPerformance.dm': No such file or directory
04-05 19:50:59.755 3809 3809 W OpenGLRenderer: Unknown dataspace 0
04-05 19:50:59.771 3809 3809 W Looper : PerfMonitor looperActivity : package=com.mbwhatsapp/.HomeActivity time=0ms latency=529ms procState=-1 historyMsgCount=4 (msgIndex=4 wall=508ms seq=17 late=22ms h=android.app.ActivityThread$H w=159)
04-05 19:51:00.138 3809 3809 E RecyclerView: No adapter attached; skipping layout
04-05 19:51:00.145 3809 3809 W Looper : PerfMonitor doFrame : time=337ms vsyncFrame=0 latency=34ms procState=-1 historyMsgCount=29
04-05 19:51:00.155 3809 3809 E ArmVmp : Match on catch block at 0x0a in for 0x7e4e5e4035
04-05 19:51:00.170 3809 3809 W Looper : PerfMonitor looperActivity : package=com.mbwhatsapp/mbmodsd.mbmodsw.mbsettings.yo.PauseActivity time=21ms latency=351ms procState=-1 historyMsgCount=24 (msgIndex=16 wall=337ms seq=48 late=34ms h=android.view.Choreographer$FrameHandler c=android.view.Choreographer$FrameDisplayEventReceiver)
04-05 19:51:00.209 3809 3809 W MiuiStubRegistry: Failed to collect stub providers in android.magicpointer.util.MiuiMagicPointerUtilsStubHeadManifest$$: /system_ext/framework/miui-framework-pointer-pad.jar not exist
04-05 19:51:00.244 3809 3809 E RecyclerView: No adapter attached; skipping layout
04-05 19:51:00.245 3809 3809 W Looper : PerfMonitor doFrame : time=73ms vsyncFrame=0 latency=348ms procState=-1 historyMsgCount=13 (msgIndex=1 wall=337ms seq=48 late=34ms h=android.view.Choreographer$FrameHandler c=android.view.Choreographer$FrameDisplayEventReceiver)
04-05 19:51:00.373 3809 4081 E libEGL : pre_cache appList: com.miui.weather2,,
04-05 19:51:00.390 3809 4081 E OpenGLRenderer: Unable to match the desired swap behavior.
04-05 19:51:00.450 3809 4081 E LB : fail to open file: No such file or directory
04-05 19:51:00.450 3809 4081 E LB : fail to open node: No such file or directory
04-05 19:51:00.652 3809 3809 W Looper : PerfMonitor doFrame : time=21ms vsyncFrame=0 latency=338ms procState=-1 historyMsgCount=20 (msgIndex=1 wall=233ms seq=134 late=109ms h=android.view.Choreographer$FrameHandler c=android.view.Choreographer$FrameDisplayEventReceiver) (msgIndex=14 wall=93ms seq=147 late=258ms h=android.os.AsyncTask$InternalHandler w=1)
04-05 19:51:00.655 3809 3809 W Looper : PerfMonitor looperActivity : package=com.mbwhatsapp/.HomeActivity time=1ms latency=320ms procState=-1 historyMsgCount=25 (msgIndex=1 wall=233ms seq=134 late=109ms h=android.view.Choreographer$FrameHandler c=android.view.Choreographer$FrameDisplayEventReceiver) (msgIndex=14 wall=93ms seq=147 late=258ms h=android.os.AsyncTask$InternalHandler w=1)
04-05 19:51:00.734 3809 4278 W LOTTIE : Animation contains merge paths. Merge paths are only supported on KitKat+ and must be manually enabled by calling enableMergePathsForKitKatAndAbove().
04-05 19:51:00.787 3809 3809 W Looper : PerfMonitor looperActivity : package=com.mbwhatsapp/.HomeActivity time=130ms latency=320ms procState=-1 historyMsgCount=28 (msgIndex=1 wall=233ms seq=134 late=109ms h=android.view.Choreographer$FrameHandler c=android.view.Choreographer$FrameDisplayEventReceiver) (msgIndex=14 wall=93ms seq=147 late=258ms h=android.os.AsyncTask$InternalHandler w=1)
04-05 19:51:00.954 3809 3809 W LOTTIE : Animation contains merge paths but they are disabled.
04-05 19:51:02.073 3809 4268 W com.mbwhatsapp: Long monitor contention with owner androidx.work-1 (4212) at void X.3Go.A00(boolean)(:-1) waiters=0 in void X.3Go.A00(boolean) for 1.442s
04-05 19:51:02.074 3809 4079 W com.mbwhatsapp: Long monitor contention with owner androidx.work-1 (4212) at void X.3Go.A00(boolean)(:-1) waiters=1 in void X.3Go.A00(boolean) for 563ms
04-05 19:51:05.093 3809 3809 W MirrorManager: this model don't Support
04-05 19:51:10.825 3809 3823 W com.mbwhatsapp: Cleared Reference was only reachable from finalizer (only reported once)
04-05 19:51:10.874 3809 3825 W com.mbwhatsapp: ApkAssets: Deleting an ApkAssets object '<empty> and /data/app/~~hY8pmAMr3HRoyKOi1R0b9w==/com.aerowtsapp- 6kL3U4p_g534y-mBboxy_A==/base.apk' with 1 weak references
04-05 19:51:10.874 3809 3825 W com.mbwhatsapp: ApkAssets: Deleting an ApkAssets object '<empty> and /data/app/~~orXk74Jjafb4iDFo-nDEIw==/com.facebook.katana- yuBvvmVptDWkBKop8R2U_A==/base.apk' with 1 weak references
04-05 19:51:10.875 3809 3825 W com.mbwhatsapp: ApkAssets: Deleting an ApkAssets object '<empty> and /data/app/~~orXk74Jjafb4iDFo-nDEIw==/com.facebook.katana- yuBvvmVptDWkBKop8R2U_A==/split_arservicesoptional.apk' with 1 weak references
04-05 19:51:10.875 3809 3825 W com.mbwhatsapp: ApkAssets: Deleting an ApkAssets object '<empty> and /data/app/~~orXk74Jjafb4iDFo-nDEIw==/com.facebook.katana- yuBvvmVptDWkBKop8R2U_A==/split_cgnativeplayer.apk' with 1 weak references
04-05 19:51:10.875 3809 3825 W com.mbwhatsapp: ApkAssets: Deleting an ApkAssets object '<empty> and /data/app/~~orXk74Jjafb4iDFo-nDEIw==/com.facebook.katana- yuBvvmVptDWkBKop8R2U_A==/split_cgwebrtc.apk' with 1 weak references
04-05 19:51:10.875 3809 3825 W com.mbwhatsapp: ApkAssets: Deleting an ApkAssets object '<empty> and /data/app/~~orXk74Jjafb4iDFo-nDEIw==/com.facebook.katana- yuBvvmVptDWkBKop8R2U_A==/split_i18n_es_LA.apk' with 1 weak references
04-05 19:51:10.875 3809 3825 W com.mbwhatsapp: ApkAssets: Deleting an ApkAssets object '<empty> and /data/app/~~orXk74Jjafb4iDFo-nDEIw==/com.facebook.katana- yuBvvmVptDWkBKop8R2U_A==/split_instantgames.apk' with 1 weak references
04-05 19:51:10.875 3809 3825 W com.mbwhatsapp: ApkAssets: Deleting an ApkAssets object '<empty> and /data/app/~~orXk74Jjafb4iDFo-nDEIw==/com.facebook.katana- yuBvvmVptDWkBKop8R2U_A==/split_instantgamesads.apk' with 1 weak references
04-05 19:51:10.875 3809 3825 W com.mbwhatsapp: ApkAssets: Deleting an ApkAssets object '<empty> and /data/app/~~orXk74Jjafb4iDFo-nDEIw==/com.facebook.katana- yuBvvmVptDWkBKop8R2U_A==/split_papaya.apk' with 1 weak references
04-05 19:51:10.875 3809 3825 W com.mbwhatsapp: ApkAssets: Deleting an ApkAssets object '<empty> and /data/app/~~orXk74Jjafb4iDFo-nDEIw==/com.facebook.katana- yuBvvmVptDWkBKop8R2U_A==/split_papayaanalyticstorch.apk' with 1 weak references
04-05 19:51:10.875 3809 3825 W com.mbwhatsapp: ApkAssets: Deleting an ApkAssets object '<empty> and /data/app/~~orXk74Jjafb4iDFo-nDEIw==/com.facebook.katana- yuBvvmVptDWkBKop8R2U_A==/split_papayatorch.apk' with 1 weak references
04-05 19:51:10.875 3809 3825 W com.mbwhatsapp: ApkAssets: Deleting an ApkAssets object '<empty> and /data/app/~~orXk74Jjafb4iDFo-nDEIw==/com.facebook.katana- yuBvvmVptDWkBKop8R2U_A==/split_pytorch.apk' with 1 weak references
04-05 19:51:10.875 3809 3825 W com.mbwhatsapp: ApkAssets: Deleting an ApkAssets object '<empty> and /data/app/~~orXk74Jjafb4iDFo-nDEIw==/com.facebook.katana- yuBvvmVptDWkBKop8R2U_A==/split_s_arservicesoptional_slam.apk' with 1 weak references
04-05 19:51:10.875 3809 3825 W com.mbwhatsapp: ApkAssets: Deleting an ApkAssets object '<empty> and /data/app/~~orXk74Jjafb4iDFo-nDEIw==/com.facebook.katana- yuBvvmVptDWkBKop8R2U_A==/split_s_cgwebrtc_horizon.apk' with 1 weak references
04-05 19:51:10.875 3809 3825 W com.mbwhatsapp: ApkAssets: Deleting an ApkAssets object '<empty> and /data/app/~~orXk74Jjafb4iDFo-nDEIw==/com.facebook.katana- yuBvvmVptDWkBKop8R2U_A==/split_s_papaya_torchedlooper.apk' with 1 weak references
04-05 19:51:10.875 3809 3825 W com.mbwhatsapp: ApkAssets: Deleting an ApkAssets object '<empty> and /data/app/~~orXk74Jjafb4iDFo-nDEIw==/com.facebook.katana- yuBvvmVptDWkBKop8R2U_A==/split_s_papayaanalyticstorch_papayatorch.apk' with 1 weak references
04-05 19:51:10.875 3809 3825 W com.mbwhatsapp: ApkAssets: Deleting an ApkAssets object '<empty> and /data/app/~~orXk74Jjafb4iDFo-nDEIw==/com.facebook.katana- yuBvvmVptDWkBKop8R2U_A==/ split_s_papayaanalyticstorch_papayatorch_torchedlooper.apk' with 1 weak references
04-05 19:51:10.875 3809 3825 W com.mbwhatsapp: ApkAssets: Deleting an ApkAssets object '<empty> and /data/app/~~orXk74Jjafb4iDFo-nDEIw==/com.facebook.katana- yuBvvmVptDWkBKop8R2U_A==/split_s_papayatorch_torchedlooper.apk' with 1 weak references
04-05 19:51:10.875 3809 3825 W com.mbwhatsapp: ApkAssets: Deleting an ApkAssets object '<empty> and /data/app/~~orXk74Jjafb4iDFo-nDEIw==/com.facebook.katana- yuBvvmVptDWkBKop8R2U_A==/split_slam.apk' with 1 weak references
04-05 19:51:10.877 3809 3825 W com.mbwhatsapp: ApkAssets: Deleting an ApkAssets object '<empty> and /data/app/~~Z8XME-qtx_raWD4fBfjZUg==/com.facebook.lite- AYhDlVXkZEYInt-DbIjHMw==/base.apk' with 1 weak references
04-05 19:51:10.877 3809 3825 W com.mbwhatsapp: ApkAssets: Deleting an ApkAssets object '<empty> and /data/app/~~Z8XME-qtx_raWD4fBfjZUg==/com.facebook.lite- AYhDlVXkZEYInt-DbIjHMw==/split_boost.apk' with 1 weak references
04-05 19:51:10.877 3809 3825 W com.mbwhatsapp: ApkAssets: Deleting an ApkAssets object '<empty> and /data/app/~~Z8XME-qtx_raWD4fBfjZUg==/com.facebook.lite- AYhDlVXkZEYInt-DbIjHMw==/split_camera.apk' with 1 weak references
04-05 19:51:10.877 3809 3825 W com.mbwhatsapp: ApkAssets: Deleting an ApkAssets object '<empty> and /data/app/~~Z8XME-qtx_raWD4fBfjZUg==/com.facebook.lite- AYhDlVXkZEYInt-DbIjHMw==/split_fizz.apk' with 1 weak references
04-05 19:51:10.877 3809 3825 W com.mbwhatsapp: ApkAssets: Deleting an ApkAssets object '<empty> and /data/app/~~Z8XME-qtx_raWD4fBfjZUg==/com.facebook.lite- AYhDlVXkZEYInt-DbIjHMw==/split_heroplayer.apk' with 1 weak references
04-05 19:51:10.877 3809 3825 W com.mbwhatsapp: ApkAssets: Deleting an ApkAssets object '<empty> and /data/app/~~Z8XME-qtx_raWD4fBfjZUg==/com.facebook.lite- AYhDlVXkZEYInt-DbIjHMw==/split_inappbrowser.apk' with 1 weak references
04-05 19:51:10.877 3809 3825 W com.mbwhatsapp: ApkAssets: Deleting an ApkAssets object '<empty> and /data/app/~~Z8XME-qtx_raWD4fBfjZUg==/com.facebook.lite- AYhDlVXkZEYInt-DbIjHMw==/split_mns.apk' with 1 weak references
04-05 19:51:10.877 3809 3825 W com.mbwhatsapp: ApkAssets: Deleting an ApkAssets object '<empty> and /data/app/~~Z8XME-qtx_raWD4fBfjZUg==/com.facebook.lite- AYhDlVXkZEYInt-DbIjHMw==/split_mnshttp.apk' with 1 weak references
04-05 19:51:10.877 3809 3825 W com.mbwhatsapp: ApkAssets: Deleting an ApkAssets object '<empty> and /data/app/~~Z8XME-qtx_raWD4fBfjZUg==/com.facebook.lite- AYhDlVXkZEYInt-DbIjHMw==/split_msys.apk' with 1 weak references
04-05 19:51:10.877 3809 3825 W com.mbwhatsapp: ApkAssets: Deleting an ApkAssets object '<empty> and /data/app/~~Z8XME-qtx_raWD4fBfjZUg==/com.facebook.lite- AYhDlVXkZEYInt-DbIjHMw==/split_msysinfra.apk' with 1 weak references
04-05 19:51:10.877 3809 3825 W com.mbwhatsapp: ApkAssets: Deleting an ApkAssets object '<empty> and /data/app/~~Z8XME-qtx_raWD4fBfjZUg==/com.facebook.lite- AYhDlVXkZEYInt-DbIjHMw==/split_s_1214477034.apk' with 1 weak references
04-05 19:51:10.877 3809 3825 W com.mbwhatsapp: ApkAssets: Deleting an ApkAssets object '<empty> and /data/app/~~Z8XME-qtx_raWD4fBfjZUg==/com.facebook.lite- AYhDlVXkZEYInt-DbIjHMw==/split_s_blokscamera_boost.apk' with 1 weak references
04-05 19:51:10.877 3809 3825 W com.mbwhatsapp: ApkAssets: Deleting an ApkAssets object '<empty> and /data/app/~~Z8XME-qtx_raWD4fBfjZUg==/com.facebook.lite- AYhDlVXkZEYInt-DbIjHMw==/split_s_blokscamera_camera.apk' with 1 weak references
04-05 19:51:10.877 3809 3825 W com.mbwhatsapp: ApkAssets: Deleting an ApkAssets object '<empty> and /data/app/~~Z8XME-qtx_raWD4fBfjZUg==/com.facebook.lite- AYhDlVXkZEYInt-DbIjHMw==/split_s_blokscamera_msysinfra.apk' with 1 weak references
04-05 19:51:10.877 3809 3825 W com.mbwhatsapp: ApkAssets: Deleting an ApkAssets object '<empty> and /data/app/~~Z8XME-qtx_raWD4fBfjZUg==/com.facebook.lite- AYhDlVXkZEYInt-DbIjHMw==/split_s_boost_profilo.apk' with 1 weak references
04-05 19:51:10.877 3809 3825 W com.mbwhatsapp: ApkAssets: Deleting an ApkAssets object '<empty> and /data/app/~~Z8XME-qtx_raWD4fBfjZUg==/com.facebook.lite- AYhDlVXkZEYInt-DbIjHMw==/split_s_fizz_msys.apk' with 1 weak references
04-05 19:51:10.877 3809 3825 W com.mbwhatsapp: ApkAssets: Deleting an ApkAssets object '<empty> and /data/app/~~Z8XME-qtx_raWD4fBfjZUg==/com.facebook.lite- AYhDlVXkZEYInt-DbIjHMw==/split_s_heroplayer_rtc.apk' with 1 weak references
04-05 19:51:10.877 3809 3825 W com.mbwhatsapp: ApkAssets: Deleting an ApkAssets object '<empty> and /data/app/~~Z8XME-qtx_raWD4fBfjZUg==/com.facebook.lite- AYhDlVXkZEYInt-DbIjHMw==/split_s_mediastreaming_msys_rtc.apk' with 1 weak references
04-05 19:51:10.877 3809 3825 W com.mbwhatsapp: ApkAssets: Deleting an ApkAssets object '<empty> and /data/app/~~Z8XME-qtx_raWD4fBfjZUg==/com.facebook.lite- AYhDlVXkZEYInt-DbIjHMw==/split_s_mediastreaming_msysinfra.apk' with 1 weak references
04-05 19:51:10.878 3809 3825 W com.mbwhatsapp: ApkAssets: Deleting an ApkAssets object '<empty> and /data/app/~~Z8XME-qtx_raWD4fBfjZUg==/com.facebook.lite- AYhDlVXkZEYInt-DbIjHMw==/split_s_mnshttp_msys.apk' with 1 weak references
04-05 19:51:10.878 3809 3825 W com.mbwhatsapp: ApkAssets: Deleting an ApkAssets object '<empty> and /data/app/~~Z8XME-qtx_raWD4fBfjZUg==/com.facebook.lite- AYhDlVXkZEYInt-DbIjHMw==/split_s_msys_rtc.apk' with 1 weak references
04-05 19:51:10.878 3809 3825 W com.mbwhatsapp: ApkAssets: Deleting an ApkAssets object '<empty> and /data/app/~~Z8XME-qtx_raWD4fBfjZUg==/com.facebook.lite- AYhDlVXkZEYInt-DbIjHMw==/split_shared_fizz_ms_profilo.apk' with 1 weak references
04-05 19:51:10.878 3809 3825 W com.mbwhatsapp: ApkAssets: Deleting an ApkAssets object '<empty> and /data/app/~~nN3QFIHTDl9VVzYTOWuTHQ==/com.facebook.orca- GGmY6ZHMsDV5ojfeLc6QVQ==/base.apk' with 1 weak references
04-05 19:51:10.878 3809 3825 W com.mbwhatsapp: ApkAssets: Deleting an ApkAssets object '<empty> and /data/app/~~nN3QFIHTDl9VVzYTOWuTHQ==/com.facebook.orca- GGmY6ZHMsDV5ojfeLc6QVQ==/split_arsegmentation.apk' with 1 weak references
04-05 19:51:10.878 3809 3825 W com.mbwhatsapp: ApkAssets: Deleting an ApkAssets object '<empty> and /data/app/~~nN3QFIHTDl9VVzYTOWuTHQ==/com.facebook.orca- GGmY6ZHMsDV5ojfeLc6QVQ==/split_arservicesforexpressionfitting.apk' with 1 weak references
04-05 19:51:10.878 3809 3825 W com.mbwhatsapp: ApkAssets: Deleting an ApkAssets object '<empty> and /data/app/~~nN3QFIHTDl9VVzYTOWuTHQ==/com.facebook.orca- GGmY6ZHMsDV5ojfeLc6QVQ==/split_arservicesforruntimerigmapping.apk' with 1 weak references
04-05 19:51:10.878 3809 3825 W com.mbwhatsapp: ApkAssets: Deleting an ApkAssets object '<empty> and /data/app/~~nN3QFIHTDl9VVzYTOWuTHQ==/com.faceboo--------- beginning of main
04-05 20:19:23.057 13084 13084 E com.mbwhatsapp: Not starting debugger since process cannot load the jdwp agent.
04-05 20:19:24.243 13084 13084 W System.err: java.lang.ClassNotFoundException: mbmodsd.mbmodsw.ui.views.btn.BtnBK
04-05 20:19:24.243 13084 13084 W System.err: at java.lang.Runtime.nativeLoad(Native Method)
04-05 20:19:24.243 13084 13084 W System.err: at java.lang.Runtime.nativeLoad(Runtime.java:1126)
04-05 20:19:24.243 13084 13084 W System.err: at java.lang.Runtime.loadLibrary0(Runtime.java:1080)
04-05 20:19:24.243 13084 13084 W System.err: at java.lang.Runtime.loadLibrary0(Runtime.java:1003)
04-05 20:19:24.243 13084 13084 W System.err: at java.lang.System.loadLibrary(System.java:1661)
04-05 20:19:24.243 13084 13084 W System.err: at arm.EpicVm.<clinit>(Unknown Source:2)
04-05 20:19:24.243 13084 13084 W System.err: at java.lang.Class.newInstance(Native Method)
04-05 20:19:24.243 13084 13084 W System.err: at android.app.AppComponentFactory.instantiateApplication(AppComponentFactory.java:76)
04-05 20:19:24.243 13084 13084 W System.err: at androidx.core.app.CoreComponentFactory.instantiateApplication(Unknown Source:0)
04-05 20:19:24.243 13084 13084 W System.err: at android.app.Instrumentation.newApplication(Instrumentation.java:1286)
04-05 20:19:24.243 13084 13084 W System.err: at android.app.LoadedApk.makeApplicationInner(LoadedApk.java:1487)
04-05 20:19:24.243 13084 13084 W System.err: at android.app.LoadedApk.makeApplicationInner(LoadedApk.java:1424)
04-05 20:19:24.243 13084 13084 W System.err: at android.app.ActivityThread.handleBindApplication(ActivityThread.java:7420)
04-05 20:19:24.243 13084 13084 W System.err: at android.app.ActivityThread.-$ $Nest$mhandleBindApplication(Unknown Source:0)
04-05 20:19:24.243 13084 13084 W System.err: at android.app.ActivityThread$H.handleMessage(ActivityThread.java:2374)
04-05 20:19:24.243 13084 13084 W System.err: at android.os.Handler.dispatchMessage(Handler.java:106)
04-05 20:19:24.243 13084 13084 W System.err: at android.os.Looper.loopOnce(Looper.java:224)
04-05 20:19:24.243 13084 13084 W System.err: at android.os.Looper.loop(Looper.java:318)
04-05 20:19:24.243 13084 13084 W System.err: at android.app.ActivityThread.main(ActivityThread.java:8727)
04-05 20:19:24.243 13084 13084 W System.err: at java.lang.reflect.Method.invoke(Native Method)
04-05 20:19:24.243 13084 13084 W System.err: at com.android.internal.os.RuntimeInit$MethodAndArgsCaller.run(RuntimeInit.java:561)
04-05 20:19:24.243 13084 13084 W System.err: at com.android.internal.os.ZygoteInit.main(ZygoteInit.java:1013)
04-05 20:19:24.258 13084 13084 E CustomActivityOnCrash: IMPORTANT WARNING! You already have an UncaughtExceptionHandler, are you sure this is correct? If you use a custom UncaughtExceptionHandler, you must initialize it AFTER CustomActivityOnCrash! Installing anyway, but your original handler will not be called.
04-05 20:19:24.782 13084 13347 W LibraryVersion: Failed to get app version for libraryName: firebase-iid
04-05 20:19:25.909 13084 13084 W com.mbwhatsapp: Accessing hidden method Lcom/android/org/conscrypt/OpenSSLSocketImpl;->setUseSessionTickets(Z)V (max- target-q,core-platform-api, reflection, denied)
04-05 20:19:25.909 13084 13084 W com.mbwhatsapp: Accessing hidden method Lcom/android/org/conscrypt/AbstractConscryptSocket;->setUseSessionTickets(Z)V (max- target-q, reflection, denied)
04-05 20:19:26.247 13651 13651 W libprocessgroup: JoinCgroup: controller schedtune is not found --------- beginning of system
04-05 20:19:26.608 13084 13084 W Looper : PerfMonitor longMsg : seq=2 plan=20:19:23.215 late=95ms wall=3198ms h=android.app.ActivityThread$H w=110 procState=-1
04-05 20:19:26.653 13084 13772 W com.mbwhatsapp: Method void X.2rL.A03(java.lang.Integer) failed lock verification and will run slower.
04-05 20:19:26.653 13084 13772 W com.mbwhatsapp: Common causes for lock verification issues are non-optimized dex code
04-05 20:19:26.653 13084 13772 W com.mbwhatsapp: and incorrect proguard optimizations.
04-05 20:19:27.123 13084 13818 W BpBinder: PerfMonitor binderTransact: time=210ms interface=android.app.job.IJobScheduler code=1
04-05 20:19:27.484 13084 13084 W BpBinder: PerfMonitor binderTransact: time=201ms interface=android.app.IActivityManager code=19
04-05 20:20:13.736 17374 17374 E com.mbwhatsapp: Not starting debugger since process cannot load the jdwp agent.
04-05 20:20:17.977 17374 17374 W System.err: java.lang.ClassNotFoundException: mbmodsd.mbmodsw.ui.views.btn.BtnBK
04-05 20:20:18.010 17374 17374 W System.err: at java.lang.Runtime.nativeLoad(Native Method)
04-05 20:20:18.010 17374 17374 W System.err: at java.lang.Runtime.nativeLoad(Runtime.java:1126)
04-05 20:20:18.010 17374 17374 W System.err: at java.lang.Runtime.loadLibrary0(Runtime.java:1080)
04-05 20:20:18.010 17374 17374 W System.err: at java.lang.Runtime.loadLibrary0(Runtime.java:1003)
04-05 20:20:18.010 17374 17374 W System.err: at java.lang.System.loadLibrary(System.java:1661)
04-05 20:20:18.010 17374 17374 W System.err: at arm.EpicVm.<clinit>(Unknown Source:2)
04-05 20:20:18.010 17374 17374 W System.err: at java.lang.Class.newInstance(Native Method)
04-05 20:20:18.010 17374 17374 W System.err: at android.app.AppComponentFactory.instantiateApplication(AppComponentFactory.java:76)
04-05 20:20:18.010 17374 17374 W System.err: at androidx.core.app.CoreComponentFactory.instantiateApplication(Unknown Source:0)
04-05 20:20:18.011 17374 17374 W System.err: at android.app.Instrumentation.newApplication(Instrumentation.java:1286)
04-05 20:20:18.011 17374 17374 W System.err: at android.app.LoadedApk.makeApplicationInner(LoadedApk.java:1487)
04-05 20:20:18.011 17374 17374 W System.err: at android.app.LoadedApk.makeApplicationInner(LoadedApk.java:1424)
04-05 20:20:18.011 17374 17374 W System.err: at android.app.ActivityThread.handleBindApplication(ActivityThread.java:7420)
04-05 20:20:18.011 17374 17374 W System.err: at android.app.ActivityThread.-$ $Nest$mhandleBindApplication(Unknown Source:0)
04-05 20:20:18.011 17374 17374 W System.err: at android.app.ActivityThread$H.handleMessage(ActivityThread.java:2374)
04-05 20:20:18.011 17374 17374 W System.err: at android.os.Handler.dispatchMessage(Handler.java:106)
04-05 20:20:18.011 17374 17374 W System.err: at android.os.Looper.loopOnce(Looper.java:224)
04-05 20:20:18.011 17374 17374 W System.err: at android.os.Looper.loop(Looper.java:318)
04-05 20:20:18.011 17374 17374 W System.err: at android.app.ActivityThread.main(ActivityThread.java:8727)
04-05 20:20:18.011 17374 17374 W System.err: at java.lang.reflect.Method.invoke(Native Method)
04-05 20:20:18.011 17374 17374 W System.err: at com.android.internal.os.RuntimeInit$MethodAndArgsCaller.run(RuntimeInit.java:561)
04-05 20:20:18.011 17374 17374 W System.err: at com.android.internal.os.ZygoteInit.main(ZygoteInit.java:1013)
04-05 20:20:18.247 17374 17374 E CustomActivityOnCrash: IMPORTANT WARNING! You already have an UncaughtExceptionHandler, are you sure this is correct? If you use a custom UncaughtExceptionHandler, you must initialize it AFTER CustomActivityOnCrash! Installing anyway, but your original handler will not be called.
04-05 20:20:19.025 17374 17374 W BpBinder: PerfMonitor binderTransact: time=295ms interface=android.os.storage.IStorageManager code=30
04-05 20:20:19.133 17374 17733 W com.mbwhatsapp: Long monitor contention with owner main (17374) at java.io.File[] android.app.ContextImpl.getExternalMediaDirs() (ContextImpl.java:953) waiters=0 in java.io.File android.app.ContextImpl.getPreferencesDir() for 483ms
04-05 20:20:20.194 17374 17374 W BpBinder: PerfMonitor binderTransact: time=1040ms interface=android.app.IActivityManager code=31
04-05 20:20:23.739 17374 17374 W BpBinder: PerfMonitor binderTransact: time=448ms interface=android.app.IActivityManager code=19
04-05 20:20:23.960 17374 17422 W com.mbwhatsapp: Suspending all threads took: 6.084ms
04-05 20:20:27.401 18030 18030 W libprocessgroup: JoinCgroup: controller schedtune is not found
04-05 20:20:28.189 17374 17374 W com.mbwhatsapp: Accessing hidden method Lcom/android/org/conscrypt/OpenSSLSocketImpl;->setUseSessionT--------- beginning of system
04-05 20:20:34.046 17374 17374 W Looper : PerfMonitor longMsg : seq=2 plan=20:20:14.234 late=43ms wall=19731ms h=android.app.ActivityThread$H w=110 procState=-1
04-05 20:20:35.313 17374 17374 W BpBinder: PerfMonitor binderTransact: time=855ms interface=android.app.IActivityManager code=40
04-05 20:20:36.548 17374 17374 W BpBinder: PerfMonitor binderTransact: time=916ms interface=android.app.IActivityManager code=19 --------- beginning of main
04-05 20:40:27.589 18736 18736 E com.mbwhatsapp: Not starting debugger since process cannot load the jdwp agent.
04-05 20:40:27.842 18736 18736 W System.err: java.lang.ClassNotFoundException: mbmodsd.mbmodsw.ui.views.btn.BtnBK
04-05 20:40:27.843 18736 18736 W System.err: at java.lang.Runtime.nativeLoad(Native Method)
04-05 20:40:27.843 18736 18736 W System.err: at java.lang.Runtime.nativeLoad(Runtime.java:1126)
04-05 20:40:27.843 18736 18736 W System.err: at java.lang.Runtime.loadLibrary0(Runtime.java:1080)
04-05 20:40:27.843 18736 18736 W System.err: at java.lang.Runtime.loadLibrary0(Runtime.java:1003)
04-05 20:40:27.843 18736 18736 W System.err: at java.lang.System.loadLibrary(System.java:1661)
04-05 20:40:27.843 18736 18736 W System.err: at arm.EpicVm.<clinit>(Unknown Source:2)
04-05 20:40:27.843 18736 18736 W System.err: at java.lang.Class.newInstance(Native Method)
