04-07 18:13:23.930 26672 26672 E ArmVmp : Match on catch block at 0xc3 in for 0x74d1783025
04-07 18:13:23.933 26672 26672 E ArmVmp : Match on catch block at 0xc3 in for 0x74d1783025
04-07 18:13:24.224 26672 26672 E ArmVmp : Match on catch block at 0xc3 in for 0x74d1783025
04-07 18:13:24.226 26672 26672 E ArmVmp : Match on catch block at 0xc3 in for 0x74d1783025
04-07 18:13:24.234 26672 26672 W WindowOnBackDispatcher: sendCancelIfRunning: isInProgress=falsecallback=ImeCallback=ImeOnBackInvokedCallback@239641076 Callback=android.window.IOnBackInvokedCallback$Stub$Proxy@8e19621
04-07 18:13:24.237 26672 26672 E ArmVmp : Match on catch block at 0xc3 in for 0x74d1783025
04-07 18:13:24.239 26672 26672 E ArmVmp : Match on catch block at 0xc3 in for 0x74d1783025
04-07 18:13:24.430 26672 26672 E ArmVmp : Match on catch block at 0xc3 in for 0x74d1783025
04-07 18:13:24.432 26672 26672 E ArmVmp : Match on catch block at 0xc3 in for 0x74d1783025
04-07 18:13:24.448 26672 26672 E ArmVmp : Match on catch block at 0xc3 in for 0x74d1783025
04-07 18:13:24.450 26672 26672 E ArmVmp : Match on catch block at 0xc3 in for 0x74d1783025
04-07 18:13:24.742 26672 26672 E ArmVmp : Match on catch block at 0xc3 in for 0x74d1783025
04-07 18:13:24.744 26672 26672 E ArmVmp : Match on catch block at 0xc3 in for 0x74d1783025
04-07 18:13:24.758 26672 26672 E ArmVmp : Match on catch block at 0xc3 in for 0x74d1783025
04-07 18:13:24.759 26672 26672 E ArmVmp : Match on catch block at 0xc3 in for 0x74d1783025
04-07 18:13:24.838 26672 26901 E OpenGLRenderer: Unable to match the desired swap behavior.
04-07 18:13:24.895 26672 26672 E ArmVmp : Match on catch block at 0xc3 in for 0x74d1783025
04-07 18:13:24.898 26672 26672 E ArmVmp : Match on catch block at 0xc3 in for 0x74d1783025
04-07 18:13:24.945 26672 26672 E ArmVmp : Match on catch block at 0xc3 in for 0x74d1783025
04-07 18:13:24.946 26672 26672 E ArmVmp : Match on catch block at 0xc3 in for 0x74d1783025
04-07 18:13:24.973 26672 26672 E ArmVmp : Match on catch block at 0xc3 in for 0x74d1783025
04-07 18:13:24.977 26672 26672 E ArmVmp : Match on catch block at 0xc3 in for 0x74d1783025
04-07 18:13:24.991 26672 26672 E ArmVmp : Match on catch block at 0xc3 in for 0x74d1783025
04-07 18:13:24.993 26672 26672 E ArmVmp : Match on catch block at 0xc3 in for 0x74d1783025
04-07 18:13:25.000 26672 26672 E ArmVmp : Match on catch block at 0xc3 in for 0x74d1783025
04-07 18:13:25.003 26672 26672 E ArmVmp : Match on catch block at 0xc3 in for 0x74d1783025
04-07 18:13:25.017 26672 26672 E ArmVmp : Match on catch block at 0xc3 in for 0x74d1783025
04-07 18:13:25.020 26672 26672 E ArmVmp : Match on catch block at 0xc3 in for 0x74d1783025
04-07 18:13:25.444 26672 26672 E ArmVmp : Match on catch block at 0xc3 in for 0x74d1783025
04-07 18:13:25.446 26672 26672 E ArmVmp : Match on catch block at 0xc3 in for 0x74d1783025
04-07 18:13:25.456 26672 26672 W WindowOnBackDispatcher: sendCancelIfRunning: isInProgress=falsecallback=android.view.ViewRootImpl$ $ExternalSyntheticLambda22@481877f
04-07 18:13:28.270 26672 26672 W WindowOnBackDispatcher: sendCancelIfRunning: isInProgress=falsecallback=android.view.ViewRootImpl$ $ExternalSyntheticLambda22@1371f06
04-07 18:13:33.055 26672 26672 W JobService: onNetworkChanged() not implemented in androidx.work.impl.background.systemjob.SystemJobService. Must override in a subclass.
04-07 18:13:43.131 26672 26672 W JobService: onNetworkChanged() not implemented in androidx.work.impl.background.systemjob.SystemJobService. Must override in a subclass.
04-07 18:13:44.238 26672 30617 W AudioManager: Use of stream types is deprecated for operations other than volume control
04-07 18:13:44.239 26672 30617 W AudioManager: See the documentation of requestAudioFocus() for what to use instead with android.media.AudioAttributes to qualify your playback use case
04-07 18:13:44.278 26672 26672 W SoundPool: Use of stream types is deprecated for operations other than volume control
04-07 18:13:44.278 26672 26672 W SoundPool: See the documentation of SoundPool() for what to use instead with android.media.AudioAttributes to qualify your playback use case
04-07 18:13:44.481 26672 30655 W Codec2Client: query -- param skipped: index = 1107298332.
04-07 18:13:44.488 26672 30654 W Codec2Client: query -- param skipped: index = 1107298332.
04-07 18:13:44.491 26672 30655 W Codec2Client: query -- param skipped: index = 1342179345.
04-07 18:13:44.491 26672 30655 W Codec2Client: query -- param skipped: index = 2415921170.
04-07 18:13:44.495 26672 30654 W Codec2Client: query -- param skipped: index = 1342179345.
04-07 18:13:44.495 26672 30654 W Codec2Client: query -- param skipped: index = 2415921170.
04-07 18:13:44.754 26672 30707 W Codec2Client: query -- param skipped: index = 1107298332.
04-07 18:13:44.765 26672 30707 W Codec2Client: query -- param skipped: index = 1342179345.
04-07 18:13:44.765 26672 30707 W Codec2Client: query -- param skipped: index = 2415921170.
04-07 18:13:44.829 26672 30713 W Codec2Client: query -- param skipped: index = 1107298332.
04-07 18:13:44.853 26672 30713 W Codec2Client: query -- param skipped: index = 1342179345.
04-07 18:13:44.853 26672 30713 W Codec2Client: query -- param skipped: index = 2415921170.
04-07 18:13:45.072 26672 30755 W Codec2Client: query -- param skipped: index = 1107298332.
04-07 18:13:45.077 26672 30755 W Codec2Client: query -- param skipped: index = 1342179345.
04-07 18:13:45.077 26672 30755 W Codec2Client: query -- param skipped: index = 2415921170.
04-07 18:13:48.220 26672 26672 W JobService: onNetworkChanged() not implemented in androidx.work.impl.background.systemjob.SystemJobService. Must override in a subclass.
04-07 18:13:51.184 26672 26672 W JobService: onNetworkChanged() not implemented in androidx.work.impl.background.systemjob.SystemJobService. Must override in a subclass.
04-07 18:13:52.746 26672 26672 W MessageMonitor: PerfMonitor: Slow Operation: Activity com.mbwhatsapp/com.whatsapp.voipcalling.VoipActivityV2 onStart took 142ms
04-07 18:13:52.807 26672 26672 W Looper : PerfMonitor looperActivity : package=com.mbwhatsapp/com.whatsapp.voipcalling.VoipActivityV2 time=0ms latency=723ms procState=-1 historyMsgCount=1 (msgIndex=1 wall=722ms seq=1773 late=1ms h=android.app.ActivityThread$H w=159)
04-07 18:13:52.860 26672 26901 E libEGL : pre_cache appList: com.miui.weather2,,
04-07 18:13:52.866 26672 26901 E OpenGLRenderer: Unable to match the desired swap behavior.
04-07 18:13:54.203 26672 26672 W JobService: onNetworkChanged() not implemented in androidx.work.impl.background.systemjob.SystemJobService. Must override in a subclass.
04-07 18:13:55.463 26672 26672 W BpBinder: PerfMonitor binderTransact: time=647ms interface=android.media.IAudioService code=63
04-07 18:13:55.505 26672 26901 E OpenGLRenderer: Unable to match the desired swap behavior.
04-07 18:13:55.522 26672 26672 W Looper : PerfMonitor doFrame : time=54ms vsyncFrame=0 latency=733ms procState=-1
04-07 18:13:55.525 26672 26672 W BottomSheetBehavior: BottomSheetBehavior now supports multiple callbacks. `setBottomSheetCallback()` removes all existing callbacks, including ones set internally by library authors, which may result in unintended behavior. This may change in the future. Please use `addBottomSheetCallback()` and `removeBottomSheetCallback()` instead to set your own callbacks.
04-07 18:13:55.836 26672 29012 W BpBinder: PerfMonitor binderTransact: time=361ms interface=android.media.IAudioPolicyService code=43
04-07 18:13:55.889 26672 30611 W BpBinder: PerfMonitor binderTransact: time=310ms interface=android.media.IAudioService code=50
04-07 18:13:56.010 26672 30611 W libOpenSLES: Conversion from OpenSL ES positional channel mask 0x4 to Android mask 0 loses channels
04-07 18:13:56.465 26672 26672 W Looper : PerfMonitor doFrame : time=15ms vsyncFrame=0 latency=980ms procState=-1 historyMsgCount=12 (msgIndex=1 wall=54ms seq=2040 late=733ms h=android.view.Choreographer$FrameHandler c=android.view.Choreographer$FrameDisplayEventReceiver) (msgIndex=6 wall=920ms seq=2045 late=745ms h=android.app.Dialog$ListenersHandler w=69)
04-07 18:13:57.068 26672 29012 W BpBinder: PerfMonitor binderTransact: time=415ms interface=android.media.IAudioPolicyService code=43
04-07 18:13:57.154 26672 26672 W BpBinder: PerfMonitor binderTransact: time=610ms interface=android.media.IAudioService code=63
04-07 18:13:57.218 26672 26672 W Looper : PerfMonitor doFrame : time=29ms vsyncFrame=0 latency=733ms procState=-1 historyMsgCount=15 (msgIndex=11 wall=74ms seq=2062 late=576ms h=android.os.Handler w=4) (msgIndex=13 wall=644ms seq=2064 late=105ms h=android.os.Handler w=4)
04-07 18:13:57.258 26672 26672 W JobService: onNetworkChanged() not implemented in androidx.work.impl.background.systemjob.SystemJobService. Must override in a subclass.
04-07 18:14:06.467 26672 26672 W JobService: onNetworkChanged() not implemented in androidx.work.impl.background.systemjob.SystemJobService. Must override in a subclass.
04-07 18:14:20.902 26672 26685 W System : A resource failed to call AbstractCursor.close.
04-07 18:14:20.903 26672 26685 W System : A resource failed to call CursorWrapperInner.close.
04-07 18:14:39.716 26672 26901 E libEGL : pre_cache appList: com.miui.weather2,,
04-07 18:14:50.988 26672 27496 W ConnectivityManager.CallbackHandler: callback not found for CALLBACK_UNAVAIL message
04-07 18:16:08.678 26672 26672 W JobService: onNetworkChanged() not implemented in androidx.work.impl.background.systemjob.SystemJobService. Must override in a subclass.
04-07 18:16:12.804 26672 26672 W MessageMonitor: PerfMonitor: Slow Operation: Activity com.mbwhatsapp/com.whatsapp.voipcalling.VoipActivityV2 onStart took 187ms
04-07 18:16:12.940 26672 26901 E OpenGLRenderer: Unable to match the desired swap behavior.
04-07 18:16:13.050 26672 26901 E OpenGLRenderer: Unable to match the desired swap behavior.
04-07 18:16:13.121 26672 26672 W Looper : PerfMonitor doFrame : time=217ms vsyncFrame=0 latency=309ms procState=-1 historyMsgCount=1 (msgIndex=1 wall=318ms seq=11554 h=android.app.ActivityThread$H w=159)
04-07 18:16:14.084 26672 26901 W RenderInspector: DequeueBuffer time out on com.mbwhatsapp/com.whatsapp.voipcalling.VoipActivityV2, count=1, avg=17 ms, max=17 ms.
04-07 18:16:15.437 26672 26672 W WindowOnBackDispatcher: sendCancelIfRunning: isInProgress=falsecallback=android.view.ViewRootImpl$ $ExternalSyntheticLambda22@382a4b6
04-07 18:16:15.456 26672 26672 W WindowOnBackDispatcher: sendCancelIfRunning: isInProgress=falsecallback=android.view.ViewRootImpl$ $ExternalSyntheticLambda22@26ec5c6
04-07 18:16:17.743 26672 26672 W JobService: onNetworkChanged() not implemented in androidx.work.impl.background.systemjob.SystemJobService. Must override in a subclass.
04-07 18:16:22.050 26672 26899 W AudioManager: Use of stream types is deprecated for operations other than volume control
04-07 18:16:22.051 26672 26899 W AudioManager: See the documentation of requestAudioFocus() for what to use instead with android.media.AudioAttributes to qualify your playback use case
04-07 18:16:22.071 26672 26672 W SoundPool: Use of stream types is deprecated for operations other than volume control
04-07 18:16:22.071 26672 26672 W SoundPool: See the documentation of SoundPool() for what to use instead with android.media.AudioAttributes to qualify your playback use case
04-07 18:16:22.252 26672 4043 W Codec2Client: query -- param skipped: index = 1107298332.
04-07 18:16:22.255 26672 4043 W Codec2Client: query -- param skipped: index = 1342179345.
04-07 18:16:22.255 26672 4043 W Codec2Client: query -- param skipped: index = 2415921170.
04-07 18:16:22.255 26672 4042 W Codec2Client: query -- param skipped: index = 1107298332.
04-07 18:16:22.259 26672 4042 W Codec2Client: query -- param skipped: index = 1342179345.
04-07 18:16:22.259 26672 4042 W Codec2Client: query -- param skipped: index = 2415921170.
04-07 18:16:22.360 26672 4056 W Codec2Client: query -- param skipped: index = 1107298332.
04-07 18:16:22.362 26672 4056 W Codec2Client: query -- param skipped: index = 1342179345.
04-07 18:16:22.362 26672 4056 W Codec2Client: query -- param skipped: index = 2415921170.
04-07 18:16:22.382 26672 4059 W Codec2Client: query -- param skipped: index = 1107298332.
04-07 18:16:22.384 26672 4059 W Codec2Client: query -- param skipped: index = 1342179345.
04-07 18:16:22.384 26672 4059 W Codec2Client: query -- param skipped: index = 2415921170.
04-07 18:16:22.460 26672 4062 W Codec2Client: query -- param skipped: index = 1107298332.
04-07 18:16:22.464 26672 4062 W Codec2Client: query -- param skipped: index = 1342179345.
04-07 18:16:22.464 26672 4062 W Codec2Client: query -- param skipped: index = 2415921170.
04-07 18:16:27.994 26672 26672 E ArmVmp : Match on catch block at 0x0a in for 0x74d1783031
04-07 18:16:28.012 26672 26672 E ArmVmp : Match on catch block at 0x0a in for 0x74d178304d
04-07 18:16:28.090 26672 26672 W Activity: Can request only one set of permissions at a time
04-07 18:16:28.160 26672 26672 W Looper : PerfMonitor looperActivity : package=com.mbwhatsapp/.HomeActivity time=0ms latency=400ms procState=-1 historyMsgCount=5 (msgIndex=5 wall=390ms seq=11919 late=16ms h=android.app.ActivityThread$H w=159)
04-07 18:16:28.471 26672 26672 E RecyclerView: No adapter attached; skipping layout
04-07 18:16:28.481 26672 26672 E ArmVmp : Match on catch block at 0x0a in for 0x74d1783035
04-07 18:16:28.491 26672 26672 W Looper : PerfMonitor looperActivity : package=com.mbwhatsapp/mbmodsd.mbmodsw.mbsettings.yo.PauseActivity time=13ms latency=304ms procState=-1 historyMsgCount=20 (msgIndex=19 wall=297ms seq=11949 late=16ms h=android.view.Choreographer$FrameHandler c=android.view.Choreographer$FrameDisplayEventReceiver)
04-07 18:16:28.520 26672 26672 E RecyclerView: No adapter attached; skipping layout
04-07 18:16:28.545 26672 26901 E OpenGLRenderer: Unable to match the desired swap behavior.
04-07 18:16:32.451 26672 26672 E ArmVmp : Match on catch block at 0x0a in for 0x74d1783035
04-07 18:16:32.455 26672 26672 E ArmVmp : Match on catch block at 0x0a in for 0x74d1783035
04-07 18:16:32.515 26672 26901 E OpenGLRenderer: Unable to match the desired swap behavior.
04-07 18:16:32.688 26672 26672 E ArmVmp : Match on catch block at 0xc3 in for 0x74d1783021
04-07 18:16:32.690 26672 26672 E ArmVmp : Match on catch block at 0xc3 in for 0x74d1783021
04-07 18:16:32.782 26672 26672 E ArmVmp : Match on catch block at 0xc3 in for 0x74d1783025
04-07 18:16:32.784 26672 26672 E ArmVmp : Match on catch block at 0xc3 in for 0x74d1783025
04-07 18:16:32.817 26672 26672 W JobService: onNetworkChanged() not implemented in androidx.work.impl.background.systemjob.SystemJobService. Must override in a subclass.
04-07 18:16:32.841 26672 26672 E ArmVmp : Match on catch block at 0xc3 in for 0x74d1783025
04-07 18:16:32.842 26672 26672 E ArmVmp : Match on catch block at 0xc3 in for 0x74d1783025
04-07 18:16:32.859 26672 26672 E ArmVmp : Match on catch block at 0xc3 in for 0x74d1783025
04-07 18:16:32.860 26672 26672 E ArmVmp : Match on catch block at 0xc3 in for 0x74d1783025
04-07 18:16:32.879 26672 26672 E ArmVmp : Match on catch block at 0xc3 in for 0x74d1783025
04-07 18:16:32.881 26672 26672 E ArmVmp : Match on catch block at 0xc3 in for 0x74d1783025
04-07 18:16:32.900 26672 26672 E ArmVmp : Match on catch block at 0xc3 in for 0x74d1783025
04-07 18:16:32.902 26672 26672 E ArmVmp : Match on catch block at 0xc3 in for 0x74d1783025
04-07 18:16:32.912 26672 26672 E ArmVmp : Match on catch block at 0xc3 in for 0x74d1783025
04-07 18:16:32.915 26672 26672 E ArmVmp : Match on catch block at 0xc3 in for 0x74d1783025
04-07 18:16:32.929 26672 26672 E ArmVmp : Match on catch block at 0xc3 in for 0x74d1783025
04-07 18:16:32.933 26672 26672 E ArmVmp : Match on catch block at 0xc3 in for 0x74d1783025
04-07 18:16:32.946 26672 26672 E ArmVmp : Match on catch block at 0xc3 in for 0x74d1783025
04-07 18:16:32.950 26672 26672 E ArmVmp : Match on catch block at 0xc3 in for 0x74d1783025
04-07 18:16:32.968 26672 26672 E ArmVmp : Match on catch block at 0xc3 in for 0x74d1783025
04-07 18:16:32.970 26672 26672 E ArmVmp : Match on catch block at 0xc3 in for 0x74d1783025
04-07 18:16:32.984 26672 26672 E ArmVmp : Match on catch block at 0xc3 in for 0x74d1783025
04-07 18:16:32.990 26672 26672 E ArmVmp : Match on catch block at 0xc3 in for 0x74d1783025
04-07 18:16:33.001 26672 26672 E ArmVmp : Match on catch block at 0xc3 in for 0x74d1783025
04-07 18:16:33.005 26672 26672 E ArmVmp : Match on catch block at 0xc3 in for 0x74d1783025
04-07 18:16:33.015 26672 26672 E ArmVmp : Match on catch block at 0xc3 in for 0x74d1783025
04-07 18:16:33.018 26672 26672 E ArmVmp : Match on catch block at 0xc3 in for 0x74d1783025
04-07 18:16:33.032 26672 26672 E ArmVmp : Match on catch block at 0xc3 in for 0x74d1783025
04-07 18:16:33.036 26672 26672 E ArmVmp : Match on catch block at 0xc3 in for 0x74d1783025
04-07 18:16:33.048 26672 26672 E ArmVmp : Match on catch block at 0xc3 in for 0x74d1783025
04-07 18:16:33.051 26672 26672 E ArmVmp : Match on catch block at 0xc3 in for 0x74d1783025
04-07 18:16:33.065 26672 26672 E ArmVmp : Match on catch block at 0xc3 in for 0x74d1783025
04-07 18:16:33.067 26672 26672 E ArmVmp : Match on catch block at 0xc3 in for 0x74d1783025
04-07 18:16:33.082 26672 26672 E ArmVmp : Match on catch block at 0xc3 in for 0x74d1783025
04-07 18:16:33.084 26672 26672 E ArmVmp : Match on catch block at 0xc3 in for 0x74d1783025
04-07 18:16:33.100 26672 26672 E ArmVmp : Match on catch block at 0xc3 in for 0x74d1783025
04-07 18:16:33.103 26672 26672 E ArmVmp : Match on catch block at 0xc3 in for 0x74d1783025
04-07 18:16:33.115 26672 26672 E ArmVmp : Match on catch block at 0xc3 in for 0x74d1783025
04-07 18:16:33.118 26672 26672 E ArmVmp : Match on catch block at 0xc3 in for 0x74d1783025
04-07 18:16:33.133 26672 26672 E ArmVmp : Match on catch block at 0xc3 in for 0x74d1783025
04-07 18:16:33.136 26672 26672 E ArmVmp : Match on catch block at 0xc3 in for 0x74d1783025
04-07 18:16:33.151 26672 26672 E ArmVmp : Match on catch block at 0xc3 in for 0x74d1783025
04-07 18:16:33.154 26672 26672 E ArmVmp : Match on catch block at 0xc3 in for 0x74d1783025
04-07 18:16:33.280 26672 26672 E ArmVmp : Match on catch block at 0xc3 in for 0x74d1783025
04-07 18:16:33.285 26672 26672 E ArmVmp : Match on catch block at 0xc3 in for 0x74d1783025
04-07 18:16:33.301 26672 26672 E ArmVmp : Match on catch block at 0xc3 in for 0x74d1783025
04-07 18:16:33.305 26672 26672 E ArmVmp : Match on catch block at 0xc3 in for 0x74d1783025
04-07 18:16:33.330 26672 26672 E ArmVmp : Match on catch block at 0xc3 in for 0x74d1783025
04-07 18:16:33.333 26672 26672 E ArmVmp : Match on catch block at 0xc3 in for 0x74d1783025
04-07 18:16:33.346 26672 26672 E ArmVmp : Match on catch block at 0xc3 in for 0x74d1783025
04-07 18:16:33.348 26672 26672 E ArmVmp : Match on catch block at 0xc3 in for 0x74d1783025
04-07 18:16:33.362 26672 26672 E ArmVmp : Match on catch block at 0xc3 in for 0x74d1783025
04-07 18:16:33.366 26672 26672 E ArmVmp : Match on catch block at 0xc3 in for 0x74d1783025
04-07 18:16:33.379 26672 26672 E ArmVmp : Match on catch block at 0xc3 in for 0x74d1783025
04-07 18:16:33.381 26672 26672 E ArmVmp : Match on catch block at 0xc3 in for 0x74d1783025
04-07 18:16:33.397 26672 26672 E ArmVmp : Match on catch block at 0xc3 in for 0x74d1783025
04-07 18:16:33.399 26672 26672 E ArmVmp : Match on catch block at 0xc3 in for 0x74d1783025
04-07 18:16:33.413 26672 26672 E ArmVmp : Match on catch block at 0xc3 in for 0x74d1783025
04-07 18:16:33.416 26672 26672 E ArmVmp : Match on catch block at 0xc3 in for 0x74d1783025
04-07 18:16:33.430 26672 26672 E ArmVmp : Match on catch block at 0xc3 in for 0x74d1783025
04-07 18:16:33.436 26672 26672 E ArmVmp : Match on catch block at 0xc3 in for 0x74d1783025
04-07 18:16:33.447 26672 26672 E ArmVmp : Match on catch block at 0xc3 in for 0x74d1783025
04-07 18:16:33.452 26672 26672 E ArmVmp : Match on catch block at 0xc3 in for 0x74d1783025
04-07 18:16:33.462 26672 26672 E ArmVmp : Match on catch block at 0xc3 in for 0x74d1783025
04-07 18:16:33.464 26672 26672 E ArmVmp : Match on catch block at 0xc3 in for 0x74d1783025
04-07 18:16:33.479 26672 26672 E ArmVmp : Match on catch block at 0xc3 in for 0x74d1783025
04-07 18:16:33.481 26672 26672 E ArmVmp : Match on catch block at 0xc3 in for 0x74d1783025
04-07 18:16:33.496 26672 26672 E ArmVmp : Match on catch block at 0xc3 in for 0x74d1783025
04-07 18:16:33.501 26672 26672 E ArmVmp : Match on catch block at 0xc3 in for 0x74d1783025
04-07 18:16:33.513 26672 26672 E ArmVmp : Match on catch block at 0xc3 in for 0x74d1783025
04-07 18:16:33.516 26672 26672 E ArmVmp : Match on catch block at 0xc3 in for 0x74d1783025
04-07 18:16:33.529 26672 26672 E ArmVmp : Match on catch block at 0xc3 in for 0x74d1783025
04-07 18:16:33.532 26672 26672 E ArmVmp : Match on catch block at 0xc3 in for 0x74d1783025
04-07 18:16:33.547 26672 26672 E ArmVmp : Match on catch block at 0xc3 in for 0x74d1783025
04-07 18:16:33.550 26672 26672 E ArmVmp : Match on catch block at 0xc3 in for 0x74d1783025
04-07 18:16:33.563 26672 26672 E ArmVmp : Match on catch block at 0xc3 in for 0x74d1783025
04-07 18:16:33.565 26672 26672 E ArmVmp : Match on catch block at 0xc3 in for 0x74d1783025
04-07 18:16:33.592 26672 26672 E ArmVmp : Match on catch block at 0xc3 in for 0x74d1783025
04-07 18:16:33.594 26672 26672 E ArmVmp : Match on catch block at 0xc3 in for 0x74d1783025
04-07 18:16:33.600 26672 26672 E ArmVmp : Match on catch block at 0xc3 in for 0x74d1783025
04-07 18:16:33.604 26672 26672 E ArmVmp : Match on catch block at 0xc3 in for 0x74d1783025
04-07 18:16:33.818 26672 26672 E ArmVmp : Match on catch block at 0xc3 in for 0x74d1783025
04-07 18:16:33.820 26672 26672 E ArmVmp : Match on catch block at 0xc3 in for 0x74d1783025
04-07 18:16:33.826 26672 26672 E ArmVmp : Match on catch block at 0xc3 in for 0x74d1783025
04-07 18:16:33.828 26672 26672 E ArmVmp : Match on catch block at 0xc3 in for 0x74d1783025
04-07 18:16:33.847 26672 26672 E ArmVmp : Match on catch block at 0xc3 in for 0x74d1783025
04-07 18:16:33.849 26672 26672 E ArmVmp : Match on catch block at 0xc3 in for 0x74d1783025
04-07 18:16:34.349 26672 26672 E ArmVmp : Match on catch block at 0xc3 in for 0x74d1783025
04-07 18:16:34.352 26672 26672 E ArmVmp : Match on catch block at 0xc3 in for 0x74d1783025
04-07 18:16:34.572 26672 26672 E ArmVmp : Match on catch block at 0xc3 in for 0x74d1783025
04-07 18:16:34.574 26672 26672 E ArmVmp : Match on catch block at 0xc3 in for 0x74d1783025
04-07 18:16:34.586 26672 26672 E ArmVmp : Match on catch block at 0xc3 in for 0x74d1783025
04-07 18:16:34.588 26672 26672 E ArmVmp : Match on catch block at 0xc3 in for 0x74d1783025
04-07 18:16:34.599 26672 26672 E ArmVmp : Match on catch block at 0xc3 in for 0x74d1783025
04-07 18:16:34.600 26672 26672 E ArmVmp : Match on catch block at 0xc3 in for 0x74d1783025
04-07 18:16:34.616 26672 26672 E ArmVmp : Match on catch block at 0xc3 in for 0x74d1783025
04-07 18:16:34.617 26672 26672 E ArmVmp : Match on catch block at 0xc3 in for 0x74d1783025
04-07 18:16:34.632 26672 26672 E ArmVmp : Match on catch block at 0xc3 in for 0x74d1783025
04-07 18:16:34.634 26672 26672 E ArmVmp : Match on catch block at 0xc3 in for 0x74d1783025
04-07 18:16:34.649 26672 26672 E ArmVmp : Match on catch block at 0xc3 in for 0x74d1783025
04-07 18:16:34.651 26672 26672 E ArmVmp : Match on catch block at 0xc3 in for 0x74d1783025
04-07 18:16:34.666 26672 26672 E ArmVmp : Match on catch block at 0xc3 in for 0x74d1783025
04-07 18:16:34.668 26672 26672 E ArmVmp : Match on catch block at 0xc3 in for 0x74d1783025
04-07 18:16:34.685 26672 26672 E ArmVmp : Match on catch block at 0xc3 in for 0x74d1783025
04-07 18:16:34.686 26672 26672 E ArmVmp : Match on catch block at 0xc3 in for 0x74d1783025
04-07 18:16:34.699 26672 26672 E ArmVmp : Match on catch block at 0xc3 in for 0x74d1783025
04-07 18:16:34.702 26672 26672 E ArmVmp : Match on catch block at 0xc3 in for 0x74d1783025
04-07 18:16:34.717 26672 26672 E ArmVmp : Match on catch block at 0xc3 in for 0x74d1783025
04-07 18:16:34.721 26672 26672 E ArmVmp : Match on catch block at 0xc3 in for 0x74d1783025
04-07 18:16:34.733 26672 26672 E ArmVmp : Match on catch block at 0xc3 in for 0x74d1783025
04-07 18:16:34.737 26672 26672 E ArmVmp : Match on catch block at 0xc3 in for 0x74d1783025
04-07 18:16:34.750 26672 26672 E ArmVmp : Match on catch block at 0xc3 in for 0x74d1783025
04-07 18:16:34.754 26672 26672 E ArmVmp : Match on catch block at 0xc3 in for 0x74d1783025
04-07 18:16:34.766 26672 26672 E ArmVmp : Match on catch block at 0xc3 in for 0x74d1783025
04-07 18:16:34.772 26672 26672 E ArmVmp : Match on catch block at 0xc3 in for 0x74d1783025
04-07 18:16:34.967 26672 26672 E ArmVmp : Match on catch block at 0xc3 in for 0x74d1783025
04-07 18:16:34.970 26672 26672 E ArmVmp : Match on catch block at 0xc3 in for 0x74d1783025
04-07 18:16:35.151 26672 26672 E ArmVmp : Match on catch block at 0xc3 in for 0x74d1783025
04-07 18:16:35.155 26672 26672 E ArmVmp : Match on catch block at 0xc3 in for 0x74d1783025
04-07 18:16:35.284 26672 26672 E ArmVmp : Match on catch block at 0xc3 in for 0x74d1783025
04-07 18:16:35.288 26672 26672 E ArmVmp : Match on catch block at 0xc3 in for 0x74d1783025
04-07 18:16:35.384 26672 26672 E ArmVmp : Match on catch block at 0xc3 in for 0x74d1783025
04-07 18:16:35.387 26672 26672 E ArmVmp : Match on catch block at 0xc3 in for 0x74d1783025
04-07 18:16:35.401 26672 26672 E ArmVmp : Match on catch block at 0xc3 in for 0x74d1783025
04-07 18:16:35.403 26672 26672 E ArmVmp : Match on catch block at 0xc3 in for 0x74d1783025
04-07 18:16:35.418 26672 26672 E ArmVmp : Match on catch block at 0xc3 in for 0x74d1783025
04-07 18:16:35.421 26672 26672 E ArmVmp : Match on catch block at 0xc3 in for 0x74d1783025
04-07 18:16:35.434 26672 26672 E ArmVmp : Match on catch block at 0xc3 in for 0x74d1783025
04-07 18:16:35.436 26672 26672 E ArmVmp : Match on catch block at 0xc3 in for 0x74d1783025
04-07 18:16:35.451 26672 26672 E ArmVmp : Match on catch block at 0xc3 in for 0x74d1783025
04-07 18:16:35.454 26672 26672 E ArmVmp : Match on catch block at 0xc3 in for 0x74d1783025
04-07 18:16:35.467 26672 26672 E ArmVmp : Match on catch block at 0xc3 in for 0x74d1783025
04-07 18:16:35.469 26672 26672 E ArmVmp : Match on catch block at 0xc3 in for 0x74d1783025
04-07 18:16:35.484 26672 26672 E ArmVmp : Match on catch block at 0xc3 in for 0x74d1783025
04-07 18:16:35.487 26672 26672 E ArmVmp : Match on catch block at 0xc3 in for 0x74d1783025
04-07 18:16:35.501 26672 26672 E ArmVmp : Match on catch block at 0xc3 in for 0x74d1783025
04-07 18:16:35.504 26672 26672 E ArmVmp : Match on catch block at 0xc3 in for 0x74d1783025
04-07 18:16:35.518 26672 26672 E ArmVmp : Match on catch block at 0xc3 in for 0x74d1783025
04-07 18:16:35.519 26672 26672 E ArmVmp : Match on catch block at 0xc3 in for 0x74d1783025
04-07 18:16:35.535 26672 26672 E ArmVmp : Match on catch block at 0xc3 in for 0x74d1783025
04-07 18:16:35.538 26672 26672 E ArmVmp : Match on catch block at 0xc3 in for 0x74d1783025
04-07 18:16:35.551 26672 26672 E ArmVmp : Match on catch block at 0xc3 in for 0x74d1783025
04-07 18:16:35.554 26672 26672 E ArmVmp : Match on catch block at 0xc3 in for 0x74d1783025
04-07 18:16:35.568 26672 26672 E ArmVmp : Match on catch block at 0xc3 in for 0x74d1783025
04-07 18:16:35.571 26672 26672 E ArmVmp : Match on catch block at 0xc3 in for 0x74d1783025
04-07 18:16:35.585 26672 26672 E ArmVmp : Match on catch block at 0xc3 in for 0x74d1783025
04-07 18:16:35.589 26672 26672 E ArmVmp : Match on catch block at 0xc3 in for 0x74d1783025
04-07 18:16:35.602 26672 26672 E ArmVmp : Match on catch block at 0xc3 in for 0x74d1783025
04-07 18:16:35.607 26672 26672 E ArmVmp : Match on catch block at 0xc3 in for 0x74d1783025
04-07 18:16:35.619 26672 26672 E ArmVmp : Match on catch block at 0xc3 in for 0x74d1783025
04-07 18:16:35.624 26672 26672 E ArmVmp : Match on catch block at 0xc3 in for 0x74d1783025
04-07 18:16:35.636 26672 26672 E ArmVmp : Match on catch block at 0xc3 in for 0x74d1783025
04-07 18:16:35.640 26672 26672 E ArmVmp : Match on catch block at 0xc3 in for 0x74d1783025
04-07 18:16:35.651 26672 26672 E ArmVmp : Match on catch block at 0xc3 in for 0x74d1783025
04-07 18:16:35.656 26672 26672 E ArmVmp : Match on catch block at 0xc3 in for 0x74d1783025
04-07 18:16:35.752 26672 26672 E ArmVmp : Match on catch block at 0xc3 in for 0x74d1783025
04-07 18:16:35.754 26672 26672 E ArmVmp : Match on catch block at 0xc3 in for 0x74d1783025
04-07 18:16:35.768 26672 26672 E ArmVmp : Match on catch block at 0xc3 in for 0x74d1783025
04-07 18:16:35.771 26672 26672 E ArmVmp : Match on catch block at 0xc3 in for 0x74d1783025
04-07 18:16:35.936 26672 26672 E ArmVmp : Match on catch block at 0xc3 in for 0x74d1783025
04-07 18:16:35.939 26672 26672 E ArmVmp : Match on catch block at 0xc3 in for 0x74d1783025
04-07 18:16:36.053 26672 26672 E ArmVmp : Match on catch block at 0xc3 in for 0x74d1783025
04-07 18:16:36.058 26672 26672 E ArmVmp : Match on catch block at 0xc3 in for 0x74d1783025
04-07 18:16:36.170 26672 26672 E ArmVmp : Match on catch block at 0xc3 in for 0x74d1783025
04-07 18:16:36.173 26672 26672 E ArmVmp : Match on catch block at 0xc3 in for 0x74d1783025
04-07 18:16:36.202 26672 26672 E ArmVmp : Match on catch block at 0xc3 in for 0x74d1783025
04-07 18:16:36.204 26672 26672 E ArmVmp : Match on catch block at 0xc3 in for 0x74d1783025
04-07 18:16:36.321 26672 26672 E ArmVmp : Match on catch block at 0xc3 in for 0x74d1783025
04-07 18:16:36.329 26672 26672 E ArmVmp : Match on catch block at 0xc3 in for 0x74d1783025
04-07 18:16:36.404 26672 26672 E ArmVmp : Match on catch block at 0xc3 in for 0x74d1783025
04-07 18:16:36.407 26672 26672 E ArmVmp : Match on catch block at 0xc3 in for 0x74d1783025
04-07 18:16:36.639 26672 26672 E ArmVmp : Match on catch block at 0xc3 in for 0x74d1783025
04-07 18:16:36.644 26672 26672 E ArmVmp : Match on catch block at 0xc3 in for 0x74d1783025
04-07 18:16:36.788 26672 26672 E ArmVmp : Match on catch block at 0xc3 in for 0x74d1783025
04-07 18:16:36.795 26672 26672 E ArmVmp : Match on catch block at 0xc3 in for 0x74d1783025
04-07 18:16:36.872 26672 26672 E ArmVmp : Match on catch block at 0xc3 in for 0x74d1783025
04-07 18:16:36.877 26672 26672 E ArmVmp : Match on catch block at 0xc3 in for 0x74d1783025
04-07 18:16:37.028 26672 26672 E ArmVmp : Match on catch block at 0xc3 in for 0x74d1783025
04-07 18:16:37.030 26672 26672 E ArmVmp : Match on catch block at 0xc3 in for 0x74d1783025
04-07 18:16:37.173 26672 26672 E ArmVmp : Match on catch block at 0xc3 in for 0x74d1783025
04-07 18:16:37.181 26672 26672 E ArmVmp : Match on catch block at 0xc3 in for 0x74d1783025
04-07 18:16:37.674 26672 26672 E ArmVmp : Match on catch block at 0xc3 in for 0x74d1783025
04-07 18:16:37.676 26672 26672 E ArmVmp : Match on catch block at 0xc3 in for 0x74d1783025
04-07 18:16:38.193 26672 26672 E ArmVmp : Match on catch block at 0xc3 in for 0x74d1783025
04-07 18:16:38.196 26672 26672 E ArmVmp : Match on catch block at 0xc3 in for 0x74d1783025
04-07 18:16:38.427 26672 26672 E ArmVmp : Match on catch block at 0xc3 in for 0x74d1783025
04-07 18:16:38.433 26672 26672 E ArmVmp : Match on catch block at 0xc3 in for 0x74d1783025
04-07 18:16:38.470 26672 26672 E ArmVmp : Match on catch block at 0xc3 in for 0x74d1783025
04-07 18:16:38.473 26672 26672 E ArmVmp : Match on catch block at 0xc3 in for 0x74d1783025
04-07 18:16:38.502 26672 26672 E ArmVmp : Match on catch block at 0xc3 in for 0x74d1783025
04-07 18:16:38.505 26672 26672 E ArmVmp : Match on catch block at 0xc3 in for 0x74d1783025
04-07 18:16:38.512 26672 26672 E ArmVmp : Match on catch block at 0xc3 in for 0x74d1783025
04-07 18:16:38.521 26672 26672 E ArmVmp : Match on catch block at 0xc3 in for 0x74d1783025
04-07 18:16:38.578 26672 26672 E ArmVmp : Match on catch block at 0xc3 in for 0x74d1783025
04-07 18:16:38.580 26672 26672 E ArmVmp : Match on catch block at 0xc3 in for 0x74d1783025
04-07 18:16:38.599 26672 26672 E ArmVmp : Match on catch block at 0xc3 in for 0x74d1783025
04-07 18:16:38.601 26672 26672 E ArmVmp : Match on catch block at 0xc3 in for 0x74d1783025
04-07 18:16:38.619 26672 26672 E ArmVmp : Match on catch block at 0xc3 in for 0x74d1783025
04-07 18:16:38.621 26672 26672 E ArmVmp : Match on catch block at 0xc3 in for 0x74d1783025
04-07 18:16:38.625 26672 26672 E ArmVmp : Match on catch block at 0xc3 in for 0x74d1783025
04-07 18:16:38.627 26672 26672 E ArmVmp : Match on catch block at 0xc3 in for 0x74d1783025
04-07 18:16:38.642 26672 26672 E ArmVmp : Match on catch block at 0xc3 in for 0x74d1783025
04-07 18:16:38.645 26672 26672 E ArmVmp : Match on catch block at 0xc3 in for 0x74d1783025
04-07 18:16:38.659 26672 26672 E ArmVmp : Match on catch block at 0xc3 in for 0x74d1783025
04-07 18:16:38.661 26672 26672 E ArmVmp : Match on catch block at 0xc3 in for 0x74d1783025
04-07 18:16:38.913 26672 26672 E ArmVmp : Match on catch block at 0xc3 in for 0x74d1783025
04-07 18:16:38.915 26672 26672 E ArmVmp : Match on catch block at 0xc3 in for 0x74d1783025
04-07 18:16:38.921 26672 26672 E ArmVmp : Match on catch block at 0xc3 in for 0x74d1783025
04-07 18:16:38.924 26672 26672 E ArmVmp : Match on catch block at 0xc3 in for 0x74d1783025
04-07 18:16:38.928 26672 4121 W MediaPlayer: Use of stream types is deprecated for operations other than volume control
04-07 18:16:38.928 26672 4121 W MediaPlayer: See the documentation of setAudioStreamType() for what to use instead with android.media.AudioAttributes to qualify your playback use case
04-07 18:16:38.959 26672 26672 E ArmVmp : Match on catch block at 0xc3 in for 0x74d1783025
04-07 18:16:38.961 26672 26672 E ArmVmp : Match on catch block at 0xc3 in for 0x74d1783025
04-07 18:16:39.032 26672 26672 E ArmVmp : Match on catch block at 0xc3 in for 0x74d1783025
04-07 18:16:39.039 26672 26672 E ArmVmp : Match on catch block at 0xc3 in for 0x74d1783025
04-07 18:16:39.054 26672 26672 E ArmVmp : Match on catch block at 0xc3 in for 0x74d1783025
04-07 18:16:39.056 26672 26672 E ArmVmp : Match on catch block at 0xc3 in for 0x74d1783025
04-07 18:16:39.067 26672 26672 E ArmVmp : Match on catch block at 0xc3 in for 0x74d1783025
04-07 18:16:39.068 26672 26672 E ArmVmp : Match on catch block at 0xc3 in for 0x74d1783025
04-07 18:16:39.466 26672 26672 E ArmVmp : Match on catch block at 0xc3 in for 0x74d1783025
04-07 18:16:39.469 26672 26672 E ArmVmp : Match on catch block at 0xc3 in for 0x74d1783025
04-07 18:16:39.480 26672 26672 E ArmVmp : Match on catch block at 0xc3 in for 0x74d1783025
04-07 18:16:39.482 26672 26672 E ArmVmp : Match on catch block at 0xc3 in for 0x74d1783025
04-07 18:16:39.494 26672 26672 E ArmVmp : Match on catch block at 0xc3 in for 0x74d1783025
04-07 18:16:39.496 26672 26672 E ArmVmp : Match on catch block at 0xc3 in for 0x74d1783025
04-07 18:16:39.511 26672 26672 E ArmVmp : Match on catch block at 0xc3 in for 0x74d1783025
04-07 18:16:39.514 26672 26672 E ArmVmp : Match on catch block at 0xc3 in for 0x74d1783025
04-07 18:16:39.532 26672 26672 E ArmVmp : Match on catch block at 0xc3 in for 0x74d1783025
04-07 18:16:39.535 26672 26672 E ArmVmp : Match on catch block at 0xc3 in for 0x74d1783025
04-07 18:16:39.545 26672 26672 E ArmVmp : Match on catch block at 0xc3 in for 0x74d1783025
04-07 18:16:39.548 26672 26672 E ArmVmp : Match on catch block at 0xc3 in for 0x74d1783025
04-07 18:16:39.561 26672 26672 E ArmVmp : Match on catch block at 0xc3 in for 0x74d1783025
04-07 18:16:39.564 26672 26672 E ArmVmp : Match on catch block at 0xc3 in for 0x74d1783025
04-07 18:16:39.584 26672 26672 E ArmVmp : Match on catch block at 0xc3 in for 0x74d1783025
04-07 18:16:39.586 26672 26672 E ArmVmp : Match on catch block at 0xc3 in for 0x74d1783025
04-07 18:16:39.596 26672 26672 E ArmVmp : Match on catch block at 0xc3 in for 0x74d1783025
04-07 18:16:39.602 26672 26672 E ArmVmp : Match on catch block at 0xc3 in for 0x74d1783025
04-07 18:16:39.610 26672 26672 E ArmVmp : Match on catch block at 0xc3 in for 0x74d1783025
04-07 18:16:39.612 26672 26672 E ArmVmp : Match on catch block at 0xc3 in for 0x74d1783025
04-07 18:16:39.628 26672 26672 E ArmVmp : Match on catch block at 0xc3 in for 0x74d1783025
04-07 18:16:39.631 26672 26672 E ArmVmp : Match on catch block at 0xc3 in for 0x74d1783025
04-07 18:16:39.645 26672 26672 E ArmVmp : Match on catch block at 0xc3 in for 0x74d1783025
04-07 18:16:39.650 26672 26672 E ArmVmp : Match on catch block at 0xc3 in for 0x74d1783025
04-07 18:16:39.661 26672 26672 E ArmVmp : Match on catch block at 0xc3 in for 0x74d1783025
04-07 18:16:39.665 26672 26672 E ArmVmp : Match on catch block at 0xc3 in for 0x74d1783025
04-07 18:16:40.113 26672 26672 E ArmVmp : Match on catch block at 0xc3 in for 0x74d1783025
04-07 18:16:40.117 26672 26672 E ArmVmp : Match on catch block at 0xc3 in for 0x74d1783025
04-07 18:16:40.380 26672 26672 E ArmVmp : Match on catch block at 0xc3 in for 0x74d1783025
04-07 18:16:40.383 26672 26672 E ArmVmp : Match on catch block at 0xc3 in for 0x74d1783025
04-07 18:16:40.411 26672 26672 E ArmVmp : Match on catch block at 0xc3 in for 0x74d1783025
04-07 18:16:40.413 26672 26672 E ArmVmp : Match on catch block at 0xc3 in for 0x74d1783025
04-07 18:16:40.471 26672 26672 W SoundPool: Use of stream types is deprecated for operations other than volume control
04-07 18:16:40.471 26672 26672 W SoundPool: See the documentation of SoundPool() for what to use instead with android.media.AudioAttributes to qualify your playback use case
04-07 18:16:40.489 26672 26672 E ArmVmp : Match on catch block at 0xc3 in for 0x74d1783025
04-07 18:16:40.491 26672 26672 E ArmVmp : Match on catch block at 0xc3 in for 0x74d1783025
04-07 18:16:40.517 26672 4378 W Codec2Client: query -- param skipped: index = 1107298332.
04-07 18:16:40.524 26672 4377 W Codec2Client: query -- param skipped: index = 1107298332.
04-07 18:16:40.525 26672 4378 W Codec2Client: query -- param skipped: index = 1342179345.
04-07 18:16:40.525 26672 4378 W Codec2Client: query -- param skipped: index = 2415921170.
04-07 18:16:40.531 26672 4377 W Codec2Client: query -- param skipped: index = 1342179345.
04-07 18:16:40.531 26672 4377 W Codec2Client: query -- param skipped: index = 2415921170.
04-07 18:16:40.604 26672 26672 E ArmVmp : Match on catch block at 0xc3 in for 0x74d1783025
04-07 18:16:40.607 26672 26672 E ArmVmp : Match on catch block at 0xc3 in for 0x74d1783025
04-07 18:16:40.611 26672 4382 W Codec2Client: query -- param skipped: index = 1107298332.
04-07 18:16:40.615 26672 4382 W Codec2Client: query -- param skipped: index = 1342179345.
04-07 18:16:40.615 26672 4382 W Codec2Client: query -- param skipped: index = 2415921170.
04-07 18:16:40.631 26672 4385 W Codec2Client: query -- param skipped: index = 1107298332.
04-07 18:16:40.631 26672 26901 E OpenGLRenderer: Unable to match the desired swap behavior.
04-07 18:16:40.637 26672 4385 W Codec2Client: query -- param skipped: index = 1342179345.
04-07 18:16:40.637 26672 4385 W Codec2Client: query -- param skipped: index = 2415921170.
04-07 18:16:40.686 26672 26672 E ArmVmp : Match on catch block at 0xc3 in for 0x74d1783025
04-07 18:16:40.688 26672 26672 E ArmVmp : Match on catch block at 0xc3 in for 0x74d1783025
04-07 18:16:40.705 26672 26672 E ArmVmp : Match on catch block at 0xc3 in for 0x74d1783025
04-07 18:16:40.708 26672 26672 E ArmVmp : Match on catch block at 0xc3 in for 0x74d1783025
04-07 18:16:40.715 26672 26672 E ArmVmp : Match on catch block at 0xc3 in for 0x74d1783025
04-07 18:16:40.718 26672 26672 E ArmVmp : Match on catch block at 0xc3 in for 0x74d1783025
04-07 18:16:40.731 26672 26672 E ArmVmp : Match on catch block at 0xc3 in for 0x74d1783025
04-07 18:16:40.734 26672 26672 E ArmVmp : Match on catch block at 0xc3 in for 0x74d1783025
04-07 18:16:40.749 26672 26672 E ArmVmp : Match on catch block at 0xc3 in for 0x74d1783025
04-07 18:16:40.753 26672 4389 W Codec2Client: query -- param skipped: index = 1107298332.
04-07 18:16:40.754 26672 26672 E ArmVmp : Match on catch block at 0xc3 in for 0x74d1783025
04-07 18:16:40.757 26672 4389 W Codec2Client: query -- param skipped: index = 1342179345.
04-07 18:16:40.757 26672 4389 W Codec2Client: query -- param skipped: index = 2415921170.
04-07 18:16:40.771 26672 26672 E ArmVmp : Match on catch block at 0xc3 in for 0x74d1783025
04-07 18:16:40.774 26672 26672 E ArmVmp : Match on catch block at 0xc3 in for 0x74d1783025
04-07 18:16:40.785 26672 26672 E ArmVmp : Match on catch block at 0xc3 in for 0x74d1783025
04-07 18:16:40.788 26672 26672 E ArmVmp : Match on catch block at 0xc3 in for 0x74d1783025
04-07 18:16:40.798 26672 26672 E ArmVmp : Match on catch block at 0xc3 in for 0x74d1783025
04-07 18:16:40.800 26672 26672 E ArmVmp : Match on catch block at 0xc3 in for 0x74d1783025
04-07 18:16:40.812 26672 4393 W Codec2Client: query -- param skipped: index = 1107298332.
04-07 18:16:40.814 26672 26672 E ArmVmp : Match on catch block at 0xc3 in for 0x74d1783025
04-07 18:16:40.816 26672 4393 W Codec2Client: query -- param skipped: index = 1342179345.
04-07 18:16:40.816 26672 4393 W Codec2Client: query -- param skipped: index = 2415921170.
04-07 18:16:40.816 26672 26672 E ArmVmp : Match on catch block at 0xc3 in for 0x74d1783025
04-07 18:16:41.441 26672 26672 E ArmVmp : Match on catch block at 0xc3 in for 0x74d1783025
04-07 18:16:41.444 26672 26672 E ArmVmp : Match on catch block at 0xc3 in for 0x74d1783025
04-07 18:16:41.451 26672 4121 W MediaPlayer: Use of stream types is deprecated for operations other than volume control
04-07 18:16:41.452 26672 4121 W MediaPlayer: See the documentation of setAudioStreamType() for what to use instead with android.media.AudioAttributes to qualify your playback use case
04-07 18:16:41.452 26672 26672 E ArmVmp : Match on catch block at 0xc3 in for 0x74d1783025
04-07 18:16:41.457 26672 26672 E ArmVmp : Match on catch block at 0xc3 in for 0x74d1783025
04-07 18:16:41.503 26672 26672 E ArmVmp : Match on catch block at 0xc3 in for 0x74d1783025
04-07 18:16:41.505 26672 26672 E ArmVmp : Match on catch block at 0xc3 in for 0x74d1783025
04-07 18:16:41.524 26672 26672 W WindowOnBackDispatcher: sendCancelIfRunning: isInProgress=falsecallback=android.view.ViewRootImpl$ $ExternalSyntheticLambda22@4a1dd7c
04-07 18:16:41.538 26672 26672 W InputEventReceiver: Attempted to finish an input event but the input event receiver has already been disposed.
04-07 18:16:41.545 26672 26672 E ArmVmp : Match on catch block at 0xc3 in for 0x74d1783025
04-07 18:16:41.547 26672 26672 E ArmVmp : Match on catch block at 0xc3 in for 0x74d1783025
04-07 18:16:41.598 26672 26672 E ArmVmp : Match on catch block at 0xc3 in for 0x74d1783025
04-07 18:16:41.602 26672 26672 E ArmVmp : Match on catch block at 0xc3 in for 0x74d1783025
04-07 18:16:41.612 26672 26672 W WindowOnBackDispatcher: sendCancelIfRunning: isInProgress=falsecallback=ImeCallback=ImeOnBackInvokedCallback@239641076 Callback=android.window.IOnBackInvokedCallback$Stub$Proxy@c81706b
04-07 18:16:41.622 26672 26672 E ArmVmp : Match on catch block at 0xc3 in for 0x74d1783025
04-07 18:16:41.624 26672 26672 E ArmVmp : Match on catch block at 0xc3 in for 0x74d1783025
04-07 18:16:41.633 26672 26672 E ArmVmp : Match on catch block at 0xc3 in for 0x74d1783025
04-07 18:16:41.635 26672 26672 E ArmVmp : Match on catch block at 0xc3 in for 0x74d1783025
04-07 18:16:41.649 26672 26672 E ArmVmp : Match on catch block at 0xc3 in for 0x74d1783025
04-07 18:16:41.652 26672 26672 E ArmVmp : Match on catch block at 0xc3 in for 0x74d1783025
04-07 18:16:41.667 26672 26672 E ArmVmp : Match on catch block at 0xc3 in for 0x74d1783025
04-07 18:16:41.669 26672 26672 E ArmVmp : Match on catch block at 0xc3 in for 0x74d1783025
04-07 18:16:41.685 26672 26672 E ArmVmp : Match on catch block at 0xc3 in for 0x74d1783025
04-07 18:16:41.690 26672 26672 E ArmVmp : Match on catch block at 0xc3 in for 0x74d1783025
04-07 18:16:41.701 26672 26672 E ArmVmp : Match on catch block at 0xc3 in for 0x74d1783025
04-07 18:16:41.704 26672 26672 E ArmVmp : Match on catch block at 0xc3 in for 0x74d1783025
04-07 18:16:41.719 26672 26672 E ArmVmp : Match on catch block at 0xc3 in for 0x74d1783025
04-07 18:16:41.721 26672 26672 E ArmVmp : Match on catch block at 0xc3 in for 0x74d1783025
04-07 18:16:41.820 26672 26672 E ArmVmp : Match on catch block at 0xc3 in for 0x74d1783025
04-07 18:16:41.823 26672 26672 E ArmVmp : Match on catch block at 0xc3 in for 0x74d1783025
04-07 18:16:41.834 26672 26672 E ArmVmp : Match on catch block at 0xc3 in for 0x74d1783025
04-07 18:16:41.837 26672 26672 E ArmVmp : Match on catch block at 0xc3 in for 0x74d1783025
04-07 18:16:41.851 26672 26672 E ArmVmp : Match on catch block at 0xc3 in for 0x74d1783025
04-07 18:16:41.855 26672 26672 E ArmVmp : Match on catch block at 0xc3 in for 0x74d1783025
04-07 18:16:41.869 26672 26672 E ArmVmp : Match on catch block at 0xc3 in for 0x74d1783025
04-07 18:16:41.875 26672 26672 E ArmVmp : Match on catch block at 0xc3 in for 0x74d1783025
04-07 18:16:41.884 26672 26672 E ArmVmp : Match on catch block at 0xc3 in for 0x74d1783025
04-07 18:16:41.887 26672 26672 E ArmVmp : Match on catch block at 0xc3 in for 0x74d1783025
04-07 18:16:41.900 26672 26672 E ArmVmp : Match on catch block at 0xc3 in for 0x74d1783025
04-07 18:16:41.903 26672 26672 E ArmVmp : Match on catch block at 0xc3 in for 0x74d1783025
04-07 18:16:41.918 26672 26672 E ArmVmp : Match on catch block at 0xc3 in for 0x74d1783025
04-07 18:16:41.921 26672 26672 E ArmVmp : Match on catch block at 0xc3 in for 0x74d1783025
04-07 18:16:41.940 26672 26672 E ArmVmp : Match on catch block at 0xc3 in for 0x74d1783025
04-07 18:16:41.944 26672 26672 E ArmVmp : Match on catch block at 0xc3 in for 0x74d1783025
04-07 18:16:41.952 26672 26672 E ArmVmp : Match on catch block at 0xc3 in for 0x74d1783025
04-07 18:16:41.955 26672 26672 E ArmVmp : Match on catch block at 0xc3 in for 0x74d1783025
04-07 18:16:41.968 26672 26672 E ArmVmp : Match on catch block at 0xc3 in for 0x74d1783025
04-07 18:16:41.972 26672 26672 E ArmVmp : Match on catch block at 0xc3 in for 0x74d1783025
04-07 18:16:41.984 26672 26672 E ArmVmp : Match on catch block at 0xc3 in for 0x74d1783025
04-07 18:16:41.988 26672 26672 E ArmVmp : Match on catch block at 0xc3 in for 0x74d1783025
04-07 18:16:42.001 26672 26672 E ArmVmp : Match on catch block at 0xc3 in for 0x74d1783025
04-07 18:16:42.004 26672 26672 E ArmVmp : Match on catch block at 0xc3 in for 0x74d1783025
04-07 18:16:42.017 26672 26672 E ArmVmp : Match on catch block at 0xc3 in for 0x74d1783025
04-07 18:16:42.021 26672 26672 E ArmVmp : Match on catch block at 0xc3 in for 0x74d1783025
04-07 18:16:42.151 26672 26672 E ArmVmp : Match on catch block at 0xc3 in for 0x74d1783025
04-07 18:16:42.157 26672 26672 E ArmVmp : Match on catch block at 0xc3 in for 0x74d1783025
04-07 18:16:42.335 26672 26672 E ArmVmp : Match on catch block at 0xc3 in for 0x74d1783025
04-07 18:16:42.339 26672 26672 E ArmVmp : Match on catch block at 0xc3 in for 0x74d1783025
04-07 18:16:42.837 26672 26672 E ArmVmp : Match on catch block at 0xc3 in for 0x74d1783025
04-07 18:16:42.843 26672 26672 E ArmVmp : Match on catch block at 0xc3 in for 0x74d1783025
04-07 18:16:43.138 26672 26672 E ArmVmp : Match on catch block at 0xc3 in for 0x74d1783025
04-07 18:16:43.145 26672 26672 E ArmVmp : Match on catch block at 0xc3 in for 0x74d1783025
04-07 18:16:43.153 26672 26672 E ArmVmp : Match on catch block at 0xc3 in for 0x74d1783025
04-07 18:16:43.158 26672 26672 E ArmVmp : Match on catch block at 0xc3 in for 0x74d1783025
04-07 18:16:43.170 26672 26672 E ArmVmp : Match on catch block at 0xc3 in for 0x74d1783025
04-07 18:16:43.173 26672 26672 E ArmVmp : Match on catch block at 0xc3 in for 0x74d1783025
04-07 18:16:43.187 26672 26672 E ArmVmp : Match on catch block at 0xc3 in for 0x74d1783025
04-07 18:16:43.190 26672 26672 E ArmVmp : Match on catch block at 0xc3 in for 0x74d1783025
04-07 18:16:43.204 26672 26672 E ArmVmp : Match on catch block at 0xc3 in for 0x74d1783025
04-07 18:16:43.207 26672 26672 E ArmVmp : Match on catch block at 0xc3 in for 0x74d1783025
04-07 18:16:43.220 26672 26672 E ArmVmp : Match on catch block at 0xc3 in for 0x74d1783025
04-07 18:16:43.224 26672 26672 E ArmVmp : Match on catch block at 0xc3 in for 0x74d1783025
04-07 18:16:43.237 26672 26672 E ArmVmp : Match on catch block at 0xc3 in for 0x74d1783025
04-07 18:16:43.240 26672 26672 E ArmVmp : Match on catch block at 0xc3 in for 0x74d1783025
04-07 18:16:43.254 26672 26672 E ArmVmp : Match on catch block at 0xc3 in for 0x74d1783025
04-07 18:16:43.260 26672 26672 E ArmVmp : Match on catch block at 0xc3 in for 0x74d1783025
04-07 18:16:43.270 26672 26672 E ArmVmp : Match on catch block at 0xc3 in for 0x74d1783025
04-07 18:16:43.274 26672 26672 E ArmVmp : Match on catch block at 0xc3 in for 0x74d1783025
04-07 18:16:43.288 26672 26672 E ArmVmp : Match on catch block at 0xc3 in for 0x74d1783025
04-07 18:16:43.292 26672 26672 E ArmVmp : Match on catch block at 0xc3 in for 0x74d1783025
04-07 18:16:43.305 26672 26672 E ArmVmp : Match on catch block at 0xc3 in for 0x74d1783025
04-07 18:16:43.311 26672 26672 E ArmVmp : Match on catch block at 0xc3 in for 0x74d1783025
04-07 18:16:43.322 26672 26672 E ArmVmp : Match on catch block at 0xc3 in for 0x74d1783025
04-07 18:16:43.325 26672 26672 E ArmVmp : Match on catch block at 0xc3 in for 0x74d1783025
04-07 18:16:43.339 26672 26672 E ArmVmp : Match on catch block at 0xc3 in for 0x74d1783025
04-07 18:16:43.344 26672 26672 E ArmVmp : Match on catch block at 0xc3 in for 0x74d1783025
04-07 18:16:43.359 26672 26672 E ArmVmp : Match on catch block at 0xc3 in for 0x74d1783025
04-07 18:16:43.362 26672 26672 E ArmVmp : Match on catch block at 0xc3 in for 0x74d1783025
04-07 18:16:43.371 26672 26672 E ArmVmp : Match on catch block at 0xc3 in for 0x74d1783025
04-07 18:16:43.377 26672 26672 E ArmVmp : Match on catch block at 0xc3 in for 0x74d1783025
04-07 18:16:43.389 26672 26672 E ArmVmp : Match on catch block at 0xc3 in for 0x74d1783025
