07-16 13:30:28.430 21966 23598 D skia : anh.lt2 GrGpu::createTexture2
07-16 13:30:28.430 21966 23598 D skia : anh.lt2 GrGpu::createTexture2
07-16 13:30:28.434 21966 23598 D skia : anh.lt2 GrGpu::createTexture1
07-16 13:30:28.436 21966 23598 D skia : anh.lt2 GrGpu::createTexture1
07-16 13:30:28.462 21966 23598 D skia : anh.lt2 GrGpu::createTexture1
07-16 13:30:28.467 21966 23598 D skia : anh.lt2 GrGpu::createTexture1
07-16 13:30:28.477 21966 23598 D skia : anh.lt2 GrGpu::createTexture2
07-16 13:30:28.478 21966 23598 D skia : anh.lt2 GrGpu::createTexture2
07-16 13:30:28.482 21966 23598 D skia : anh.lt2 GrGpu::createTexture2
07-16 13:30:28.486 21966 23598 D skia : anh.lt2 GrGpu::createTexture2
07-16 13:30:28.491 21966 23598 D skia : anh.lt2 GrGpu::createTexture2
07-16 13:30:28.494 21966 23598 D skia : anh.lt2 GrGpu::createTexture2
07-16 13:30:28.499 21966 23598 D skia : anh.lt2 GrGpu::createTexture2
07-16 13:30:28.499 21966 23598 D skia : anh.lt2 GrGpu::createTexture2
07-16 13:30:28.502 21966 23598 D skia : anh.lt2 GrGpu::createTexture2
07-16 13:30:28.503 21966 23598 D skia : anh.lt2 GrGpu::createTexture2
07-16 13:30:28.504 21966 23598 D skia : anh.lt2 GrGpu::createTexture2
07-16 13:30:28.504 21966 23598 D skia : anh.lt2 GrGpu::createTexture2
07-16 13:30:28.508 21966 23598 D skia : anh.lt2 GrGpu::createTexture1
07-16 13:30:28.511 21966 23598 D skia : anh.lt2 GrGpu::createTexture1
07-16 13:30:28.512 21966 21966 I Dialog : mIsSamsungBasicInteraction = false,
isMetaDataInActivity = false
07-16 13:30:28.515 21966 21966 I DecorView: [INFO] isPopOver=false, config=false
07-16 13:30:28.515 21966 21966 I DecorView: updateCaptionType >>
DecorView@d11f6bc[], isFloating=true, isApplication=true,
hasWindowDecorCaption=false, hasWindowControllerCallback=false
07-16 13:30:28.516 21966 21966 D DecorView: setCaptionType = 0, this =
DecorView@d11f6bc[]
07-16 13:30:28.535 21966 23598 D skia : anh.lt2 GrGpu::createTexture1
07-16 13:30:28.538 21966 23598 D skia : anh.lt2 GrGpu::createTexture1
07-16 13:30:28.600 21966 21966 D InputTransport: Input channel constructed:
'5cbaed7', fd=217
07-16 13:30:28.601 21966 21966 I ViewRootImpl@fd67f9[DetailGameActivity]: setView =
com.android.internal.policy.DecorView@d11f6bc TM=true
07-16 13:30:28.603 21966 23985 E upgadata.up772: Invalid ID 0x00000000.
07-16 13:30:28.603 21966 23985 E upgadata.up772: Invalid ID 0x00000000.
07-16 13:30:28.603 21966 23985 E upgadata.up772: Invalid ID 0x00000000.
07-16 13:30:28.603 21966 23985 E upgadata.up772: Invalid ID 0x00000000.
07-16 13:30:28.613 21966 23598 D skia : anh.lt2 GrGpu::createTexture2
07-16 13:30:28.615 21966 23598 D skia : anh.lt2 GrGpu::createTexture2
07-16 13:30:28.617 21966 23598 D skia : anh.lt2 GrGpu::createTexture2
07-16 13:30:28.618 21966 23598 D skia : anh.lt2 GrGpu::createTexture2
07-16 13:30:28.618 21966 23598 D skia : anh.lt2 GrGpu::createTexture2
07-16 13:30:28.618 21966 23598 D skia : anh.lt2 GrGpu::createTexture2
07-16 13:30:28.618 21966 23598 D skia : anh.lt2 GrGpu::createTexture2
07-16 13:30:28.619 21966 23598 D skia : anh.lt2 GrGpu::createTexture2
07-16 13:30:28.619 21966 23598 D skia : anh.lt2 GrGpu::createTexture2
07-16 13:30:28.619 21966 23598 D skia : anh.lt2 GrGpu::createTexture2
07-16 13:30:28.619 21966 23598 D skia : anh.lt2 GrGpu::createTexture2
07-16 13:30:28.619 21966 23598 D skia : anh.lt2 GrGpu::createTexture2
07-16 13:30:28.619 21966 23598 D skia : anh.lt2 GrGpu::createTexture2
07-16 13:30:28.619 21966 23598 D skia : anh.lt2 GrGpu::createTexture2
07-16 13:30:28.619 21966 23598 D skia : anh.lt2 GrGpu::createTexture2
07-16 13:30:28.620 21966 23598 D skia : anh.lt2 GrGpu::createTexture2
07-16 13:30:28.620 21966 23598 D skia : anh.lt2 GrGpu::createTexture2
07-16 13:30:28.620 21966 23598 D skia : anh.lt2 GrGpu::createTexture2
07-16 13:30:28.620 21966 23598 D skia : anh.lt2 GrGpu::createTexture2
07-16 13:30:28.620 21966 23598 D skia : anh.lt2 GrGpu::createTexture2
07-16 13:30:28.620 21966 23598 D skia : anh.lt2 GrGpu::createTexture2
07-16 13:30:28.620 21966 23598 D skia : anh.lt2 GrGpu::createTexture2
07-16 13:30:28.621 21966 23598 D skia : anh.lt2 GrGpu::createTexture2
07-16 13:30:28.621 21966 23598 D skia : anh.lt2 GrGpu::createTexture2
07-16 13:30:28.621 21966 23598 D skia : anh.lt2 GrGpu::createTexture2
07-16 13:30:28.621 21966 23598 D skia : anh.lt2 GrGpu::createTexture2
07-16 13:30:28.621 21966 23598 D skia : anh.lt2 GrGpu::createTexture2
07-16 13:30:28.621 21966 23598 D skia : anh.lt2 GrGpu::createTexture2
07-16 13:30:28.622 21966 23598 D skia : anh.lt2 GrGpu::createTexture2
07-16 13:30:28.622 21966 23598 D skia : anh.lt2 GrGpu::createTexture2
07-16 13:30:28.622 21966 23598 D skia : anh.lt2 GrGpu::createTexture2
07-16 13:30:28.622 21966 23598 D skia : anh.lt2 GrGpu::createTexture2
07-16 13:30:28.623 21966 23598 D skia : anh.lt2 GrGpu::createTexture2
07-16 13:30:28.623 21966 23598 D skia : anh.lt2 GrGpu::createTexture2
07-16 13:30:28.623 21966 23598 D skia : anh.lt2 GrGpu::createTexture2
07-16 13:30:28.624 21966 23598 D skia : anh.lt2 GrGpu::createTexture2
07-16 13:30:28.624 21966 23598 D skia : anh.lt2 GrGpu::createTexture2
07-16 13:30:28.624 21966 23598 D skia : anh.lt2 GrGpu::createTexture2
07-16 13:30:28.624 21966 23598 D skia : anh.lt2 GrGpu::createTexture2
07-16 13:30:28.625 21966 23598 D skia : anh.lt2 GrGpu::createTexture2
07-16 13:30:28.626 21966 23598 D skia : anh.lt2 GrGpu::createTexture2
07-16 13:30:28.626 21966 23598 D skia : anh.lt2 GrGpu::createTexture2
07-16 13:30:28.626 21966 23598 D skia : anh.lt2 GrGpu::createTexture2
07-16 13:30:28.628 21966 23598 D skia : anh.lt2 GrGpu::createTexture2
07-16 13:30:28.628 21966 23598 D skia : anh.lt2 GrGpu::createTexture2
07-16 13:30:28.629 21966 23598 D skia : anh.lt2 GrGpu::createTexture2
07-16 13:30:28.629 21966 23598 D skia : anh.lt2 GrGpu::createTexture2
07-16 13:30:28.630 21966 23598 D skia : anh.lt2 GrGpu::createTexture2
07-16 13:30:28.630 21966 23598 D skia : anh.lt2 GrGpu::createTexture2
07-16 13:30:28.630 21966 23598 D skia : anh.lt2 GrGpu::createTexture2
07-16 13:30:28.630 21966 23598 D skia : anh.lt2 GrGpu::createTexture2
07-16 13:30:28.631 21966 23598 D skia : anh.lt2 GrGpu::createTexture2
07-16 13:30:28.633 21966 23598 D skia : anh.lt2 GrGpu::createTexture1
07-16 13:30:28.635 21966 23598 D skia : anh.lt2 GrGpu::createTexture1
07-16 13:30:28.649 21966 23598 D skia : anh.lt2 GrGpu::createTexture1
07-16 13:30:28.650 21966 23598 D skia : anh.lt2 GrGpu::createTexture1
07-16 13:30:28.656 21966 23598 D skia : anh.lt2 GrGpu::createTexture2
07-16 13:30:28.658 21966 23598 D skia : anh.lt2 GrGpu::createTexture2
07-16 13:30:28.664 21966 23598 D skia : anh.lt2 GrGpu::createTexture2
07-16 13:30:28.665 21966 23598 D skia : anh.lt2 GrGpu::createTexture2
07-16 13:30:28.665 21966 23598 D skia : anh.lt2 GrGpu::createTexture2
07-16 13:30:28.665 21966 23598 D skia : anh.lt2 GrGpu::createTexture2
07-16 13:30:28.665 21966 23598 D skia : anh.lt2 GrGpu::createTexture2
07-16 13:30:28.665 21966 23598 D skia : anh.lt2 GrGpu::createTexture2
07-16 13:30:28.666 21966 23598 D skia : anh.lt2 GrGpu::createTexture2
07-16 13:30:28.666 21966 23598 D skia : anh.lt2 GrGpu::createTexture2
07-16 13:30:28.666 21966 23598 D skia : anh.lt2 GrGpu::createTexture2
07-16 13:30:28.666 21966 23598 D skia : anh.lt2 GrGpu::createTexture2
07-16 13:30:28.666 21966 23598 D skia : anh.lt2 GrGpu::createTexture2
07-16 13:30:28.667 21966 23598 D skia : anh.lt2 GrGpu::createTexture2
07-16 13:30:28.667 21966 23598 D skia : anh.lt2 GrGpu::createTexture2
07-16 13:30:28.667 21966 23598 D skia : anh.lt2 GrGpu::createTexture2
07-16 13:30:28.667 21966 23598 D skia : anh.lt2 GrGpu::createTexture2
07-16 13:30:28.667 21966 23598 D skia : anh.lt2 GrGpu::createTexture2
07-16 13:30:28.667 21966 23598 D skia : anh.lt2 GrGpu::createTexture2
07-16 13:30:28.668 21966 23598 D skia : anh.lt2 GrGpu::createTexture2
07-16 13:30:28.669 21966 23598 D skia : anh.lt2 GrGpu::createTexture2
07-16 13:30:28.669 21966 23598 D skia : anh.lt2 GrGpu::createTexture2
07-16 13:30:28.669 21966 23598 D skia : anh.lt2 GrGpu::createTexture2
07-16 13:30:28.671 21966 23598 D skia : anh.lt2 GrGpu::createTexture2
07-16 13:30:28.672 21966 23598 D skia : anh.lt2 GrGpu::createTexture2
07-16 13:30:28.672 21966 23598 D skia : anh.lt2 GrGpu::createTexture2
07-16 13:30:28.672 21966 23598 D skia : anh.lt2 GrGpu::createTexture2
07-16 13:30:28.673 21966 23598 D skia : anh.lt2 GrGpu::createTexture2
07-16 13:30:28.673 21966 23598 D skia : anh.lt2 GrGpu::createTexture2
07-16 13:30:28.673 21966 23598 D skia : anh.lt2 GrGpu::createTexture2
07-16 13:30:28.673 21966 23598 D skia : anh.lt2 GrGpu::createTexture2
07-16 13:30:28.673 21966 23598 D skia : anh.lt2 GrGpu::createTexture2
07-16 13:30:28.673 21966 23598 D skia : anh.lt2 GrGpu::createTexture2
07-16 13:30:28.673 21966 23598 D skia : anh.lt2 GrGpu::createTexture2
07-16 13:30:28.674 21966 23598 D skia : anh.lt2 GrGpu::createTexture2
07-16 13:30:28.674 21966 23598 D skia : anh.lt2 GrGpu::createTexture2
07-16 13:30:28.674 21966 23598 D skia : anh.lt2 GrGpu::createTexture2
07-16 13:30:28.675 21966 23598 D skia : anh.lt2 GrGpu::createTexture2
07-16 13:30:28.693 21966 23598 D skia : anh.lt2 GrGpu::createTexture2
07-16 13:30:28.694 21966 23598 D skia : anh.lt2 GrGpu::createTexture2
07-16 13:30:28.698 21966 23598 D skia : anh.lt2 GrGpu::createTexture2
07-16 13:30:28.702 21966 23598 D skia : anh.lt2 GrGpu::createTexture2
07-16 13:30:28.706 21966 23598 D skia : anh.lt2 GrGpu::createTexture2
07-16 13:30:28.710 21966 23598 D skia : anh.lt2 GrGpu::createTexture2
07-16 13:30:28.713 21966 23598 D skia : anh.lt2 GrGpu::createTexture2
07-16 13:30:28.714 21966 23598 D skia : anh.lt2 GrGpu::createTexture2
07-16 13:30:28.714 21966 23598 D skia : anh.lt2 GrGpu::createTexture2
07-16 13:30:28.714 21966 23598 D skia : anh.lt2 GrGpu::createTexture2
07-16 13:30:28.715 21966 23598 D skia : anh.lt2 GrGpu::createTexture2
07-16 13:30:28.715 21966 23598 D skia : anh.lt2 GrGpu::createTexture2
07-16 13:30:28.715 21966 23598 D skia : anh.lt2 GrGpu::createTexture2
07-16 13:30:28.715 21966 23598 D skia : anh.lt2 GrGpu::createTexture2
07-16 13:30:28.716 21966 23598 D skia : anh.lt2 GrGpu::createTexture2
07-16 13:30:28.716 21966 23598 D skia : anh.lt2 GrGpu::createTexture2
07-16 13:30:28.717 21966 23598 D skia : anh.lt2 GrGpu::createTexture2
07-16 13:30:28.718 21966 23598 D skia : anh.lt2 GrGpu::createTexture2
07-16 13:30:28.720 21966 23598 D skia : anh.lt2 GrGpu::createTexture2
07-16 13:30:28.721 21966 23598 D skia : anh.lt2 GrGpu::createTexture2
07-16 13:30:28.721 21966 23598 D skia : anh.lt2 GrGpu::createTexture2
07-16 13:30:28.722 21966 23598 D skia : anh.lt2 GrGpu::createTexture2
07-16 13:30:28.722 21966 23598 D skia : anh.lt2 GrGpu::createTexture2
07-16 13:30:28.725 21966 23598 D skia : anh.lt2 GrGpu::createTexture1
07-16 13:30:28.727 21966 23598 D skia : anh.lt2 GrGpu::createTexture1
07-16 13:30:28.748 21966 23598 D skia : anh.lt2 GrGpu::createTexture1
07-16 13:30:28.752 21966 23598 D skia : anh.lt2 GrGpu::createTexture1
07-16 13:30:28.772 21966 21966 I SurfaceControl: assignNativeObject: nativeObject =
0 Surface(name=null)/@0x2f9dd / android.view.SurfaceControl.readFromParcel:1117
android.view.IWindowSession$Stub$Proxy.relayout:1836
android.view.ViewRootImpl.relayoutWindow:9005
android.view.ViewRootImpl.performTraversals:3360
android.view.ViewRootImpl.doTraversal:2618
android.view.ViewRootImpl$TraversalRunnable.run:9971
android.view.Choreographer$CallbackRecord.run:1010
android.view.Choreographer.doCallbacks:809 android.view.Choreographer.doFrame:744
android.view.Choreographer$FrameDisplayEventReceiver.run:995
07-16 13:30:28.775 21966 21966 I ViewRootImpl@fd67f9[DetailGameActivity]: Relayout
returned: old=(0,56,720,1451) new=(0,56,720,1451) req=(720,1395)0 dur=14 res=0x7
s={true 3070389248} ch=true fn=-1
07-16 13:30:28.779 21966 23598 D skia : anh.lt2 GrGpu::createTexture2
07-16 13:30:28.780 21966 23598 D skia : anh.lt2 GrGpu::createTexture2
07-16 13:30:28.785 21966 23598 D skia : anh.lt2 GrGpu::createTexture2
07-16 13:30:28.790 21966 23598 D skia : anh.lt2 GrGpu::createTexture2
07-16 13:30:28.797 21966 23598 D skia : anh.lt2 GrGpu::createTexture2
07-16 13:30:28.801 21966 23598 D skia : anh.lt2 GrGpu::createTexture2
07-16 13:30:28.806 21966 23598 D skia : anh.lt2 GrGpu::createTexture2
07-16 13:30:28.807 21966 23598 D skia : anh.lt2 GrGpu::createTexture2
07-16 13:30:28.809 21966 23598 D skia : anh.lt2 GrGpu::createTexture2
07-16 13:30:28.810 21966 23598 D skia : anh.lt2 GrGpu::createTexture2
07-16 13:30:28.812 21966 23598 D skia : anh.lt2 GrGpu::createTexture2
07-16 13:30:28.813 21966 23598 D skia : anh.lt2 GrGpu::createTexture2
07-16 13:30:28.817 21966 23598 D skia : anh.lt2 GrGpu::createTexture1
07-16 13:30:28.819 21966 23598 D skia : anh.lt2 GrGpu::createTexture1
07-16 13:30:28.819 21966 21966 D EventBus: No subscribers registered for event
class bzdevicesinfo.u40
07-16 13:30:28.819 21966 21966 D EventBus: No subscribers registered for event
class org.greenrobot.eventbus.h
07-16 13:30:28.841 21966 21966 D EventBus: No subscribers registered for event
class bzdevicesinfo.u40
07-16 13:30:28.841 21966 21966 D EventBus: No subscribers registered for event
class org.greenrobot.eventbus.h
07-16 13:30:28.846 21966 23598 D skia : anh.lt2 GrGpu::createTexture1
07-16 13:30:28.849 21966 23598 D skia : anh.lt2 GrGpu::createTexture1
07-16 13:30:28.856 21966 23598 D skia : anh.lt2 GrGpu::createTexture2
07-16 13:30:28.857 21966 23598 D skia : anh.lt2 GrGpu::createTexture2
07-16 13:30:28.862 21966 23598 D skia : anh.lt2 GrGpu::createTexture2
07-16 13:30:28.864 21966 23598 D skia : anh.lt2 GrGpu::createTexture2
07-16 13:30:28.865 21966 23598 D skia : anh.lt2 GrGpu::createTexture2
07-16 13:30:28.867 21966 23598 D skia : anh.lt2 GrGpu::createTexture2
07-16 13:30:28.867 21966 23598 D skia : anh.lt2 GrGpu::createTexture2
07-16 13:30:28.867 21966 23598 D skia : anh.lt2 GrGpu::createTexture2
07-16 13:30:28.867 21966 23598 D skia : anh.lt2 GrGpu::createTexture2
07-16 13:30:28.867 21966 23598 D skia : anh.lt2 GrGpu::createTexture2
07-16 13:30:28.867 21966 23598 D skia : anh.lt2 GrGpu::createTexture2
07-16 13:30:28.868 21966 23598 D skia : anh.lt2 GrGpu::createTexture2
07-16 13:30:28.868 21966 23598 D skia : anh.lt2 GrGpu::createTexture2
07-16 13:30:28.868 21966 23598 D skia : anh.lt2 GrGpu::createTexture2
07-16 13:30:28.868 21966 23598 D skia : anh.lt2 GrGpu::createTexture2
07-16 13:30:28.868 21966 23598 D skia : anh.lt2 GrGpu::createTexture2
07-16 13:30:28.868 21966 23598 D skia : anh.lt2 GrGpu::createTexture2
07-16 13:30:28.868 21966 23598 D skia : anh.lt2 GrGpu::createTexture2
07-16 13:30:28.868 21966 23598 D skia : anh.lt2 GrGpu::createTexture2
07-16 13:30:28.869 21966 23598 D skia : anh.lt2 GrGpu::createTexture2
07-16 13:30:28.869 21966 23598 D skia : anh.lt2 GrGpu::createTexture2
07-16 13:30:28.869 21966 23598 D skia : anh.lt2 GrGpu::createTexture2
07-16 13:30:28.869 21966 23598 D skia : anh.lt2 GrGpu::createTexture2
07-16 13:30:28.869 21966 23598 D skia : anh.lt2 GrGpu::createTexture2
07-16 13:30:28.870 21966 23598 D skia : anh.lt2 GrGpu::createTexture2
07-16 13:30:28.870 21966 23598 D skia : anh.lt2 GrGpu::createTexture2
07-16 13:30:28.870 21966 23598 D skia : anh.lt2 GrGpu::createTexture2
07-16 13:30:28.871 21966 23598 D skia : anh.lt2 GrGpu::createTexture2
07-16 13:30:28.871 21966 23598 D skia : anh.lt2 GrGpu::createTexture2
07-16 13:30:28.871 21966 23598 D skia : anh.lt2 GrGpu::createTexture2
07-16 13:30:28.871 21966 23598 D skia : anh.lt2 GrGpu::createTexture2
07-16 13:30:28.871 21966 23598 D skia : anh.lt2 GrGpu::createTexture2
07-16 13:30:28.871 21966 23598 D skia : anh.lt2 GrGpu::createTexture2
07-16 13:30:28.872 21966 23598 D skia : anh.lt2 GrGpu::createTexture2
07-16 13:30:28.872 21966 23598 D skia : anh.lt2 GrGpu::createTexture2
07-16 13:30:28.872 21966 23598 D skia : anh.lt2 GrGpu::createTexture2
07-16 13:30:28.873 21966 23598 D skia : anh.lt2 GrGpu::createTexture2
07-16 13:30:28.873 21966 23598 D skia : anh.lt2 GrGpu::createTexture2
07-16 13:30:28.873 21966 23598 D skia : anh.lt2 GrGpu::createTexture2
07-16 13:30:28.873 21966 23598 D skia : anh.lt2 GrGpu::createTexture2
07-16 13:30:28.874 21966 23598 D skia : anh.lt2 GrGpu::createTexture2
07-16 13:30:28.874 21966 23598 D skia : anh.lt2 GrGpu::createTexture2
07-16 13:30:28.875 21966 23598 D skia : anh.lt2 GrGpu::createTexture2
07-16 13:30:28.876 21966 23598 D skia : anh.lt2 GrGpu::createTexture2
07-16 13:30:28.876 21966 23598 D skia : anh.lt2 GrGpu::createTexture2
07-16 13:30:28.877 21966 23598 D skia : anh.lt2 GrGpu::createTexture2
07-16 13:30:28.878 21966 23598 D skia : anh.lt2 GrGpu::createTexture2
07-16 13:30:28.879 21966 23598 D skia : anh.lt2 GrGpu::createTexture2
07-16 13:30:28.880 21966 23598 D skia : anh.lt2 GrGpu::createTexture2
07-16 13:30:28.880 21966 23598 D skia : anh.lt2 GrGpu::createTexture2
07-16 13:30:28.881 21966 23598 D skia : anh.lt2 GrGpu::createTexture2
07-16 13:30:28.881 21966 23598 D skia : anh.lt2 GrGpu::createTexture2
07-16 13:30:28.882 21966 23598 D skia : anh.lt2 GrGpu::createTexture2
07-16 13:30:28.882 21966 23598 D skia : anh.lt2 GrGpu::createTexture2
07-16 13:30:28.884 21966 23598 D skia : anh.lt2 GrGpu::createTexture1
07-16 13:30:28.887 21966 23598 D skia : anh.lt2 GrGpu::createTexture1
07-16 13:30:28.904 21966 23598 D skia : anh.lt2 GrGpu::createTexture1
07-16 13:30:28.906 21966 23598 D skia : anh.lt2 GrGpu::createTexture1
07-16 13:30:28.922 21966 23598 D skia : anh.lt2 GrGpu::createTexture2
07-16 13:30:28.923 21966 23598 D skia : anh.lt2 GrGpu::createTexture2
07-16 13:30:28.925 21966 23598 D skia : anh.lt2 GrGpu::createTexture2
07-16 13:30:28.926 21966 23598 D skia : anh.lt2 GrGpu::createTexture2
07-16 13:30:28.942 21966 23598 D skia : anh.lt2 GrGpu::createTexture2
07-16 13:30:28.943 21966 23598 D skia : anh.lt2 GrGpu::createTexture2
07-16 13:30:28.943 21966 23598 D skia : anh.lt2 GrGpu::createTexture2
07-16 13:30:28.944 21966 23598 D skia : anh.lt2 GrGpu::createTexture2
07-16 13:30:28.944 21966 23598 D skia : anh.lt2 GrGpu::createTexture2
07-16 13:30:28.944 21966 23598 D skia : anh.lt2 GrGpu::createTexture2
07-16 13:30:28.945 21966 23598 D skia : anh.lt2 GrGpu::createTexture2
07-16 13:30:28.945 21966 23598 D skia : anh.lt2 GrGpu::createTexture2
07-16 13:30:28.945 21966 23598 D skia : anh.lt2 GrGpu::createTexture2
07-16 13:30:28.945 21966 23598 D skia : anh.lt2 GrGpu::createTexture2
07-16 13:30:28.945 21966 23598 D skia : anh.lt2 GrGpu::createTexture2
07-16 13:30:28.946 21966 23598 D skia : anh.lt2 GrGpu::createTexture2
07-16 13:30:28.946 21966 23598 D skia : anh.lt2 GrGpu::createTexture2
07-16 13:30:28.946 21966 23598 D skia : anh.lt2 GrGpu::createTexture2
07-16 13:30:28.946 21966 23598 D skia : anh.lt2 GrGpu::createTexture2
07-16 13:30:28.946 21966 23598 D skia : anh.lt2 GrGpu::createTexture2
07-16 13:30:28.946 21966 23598 D skia : anh.lt2 GrGpu::createTexture2
07-16 13:30:28.946 21966 23598 D skia : anh.lt2 GrGpu::createTexture2
07-16 13:30:28.947 21966 23598 D skia : anh.lt2 GrGpu::createTexture2
07-16 13:30:28.948 21966 23598 D skia : anh.lt2 GrGpu::createTexture2
07-16 13:30:28.948 21966 23598 D skia : anh.lt2 GrGpu::createTexture2
07-16 13:30:28.950 21966 23598 D skia : anh.lt2 GrGpu::createTexture2
07-16 13:30:28.950 21966 23598 D skia : anh.lt2 GrGpu::createTexture2
07-16 13:30:28.950 21966 23598 D skia : anh.lt2 GrGpu::createTexture2
07-16 13:30:28.951 21966 23598 D skia : anh.lt2 GrGpu::createTexture2
07-16 13:30:28.951 21966 23598 D skia : anh.lt2 GrGpu::createTexture2
07-16 13:30:28.951 21966 23598 D skia : anh.lt2 GrGpu::createTexture2
07-16 13:30:28.952 21966 23598 D skia : anh.lt2 GrGpu::createTexture2
07-16 13:30:28.952 21966 23598 D skia : anh.lt2 GrGpu::createTexture2
07-16 13:30:28.952 21966 23598 D skia : anh.lt2 GrGpu::createTexture2
07-16 13:30:28.952 21966 23598 D skia : anh.lt2 GrGpu::createTexture2
07-16 13:30:28.952 21966 23598 D skia : anh.lt2 GrGpu::createTexture2
07-16 13:30:28.952 21966 23598 D skia : anh.lt2 GrGpu::createTexture2
07-16 13:30:28.953 21966 23598 D skia : anh.lt2 GrGpu::createTexture2
07-16 13:30:28.953 21966 23598 D skia : anh.lt2 GrGpu::createTexture2
07-16 13:30:28.954 21966 23598 D skia : anh.lt2 GrGpu::createTexture2
07-16 13:30:28.971 21966 23598 D skia : anh.lt2 GrGpu::createTexture2
07-16 13:30:28.979 21966 23598 D skia : anh.lt2 GrGpu::createTexture2
07-16 13:30:28.980 21966 23598 D skia : anh.lt2 GrGpu::createTexture2
07-16 13:30:28.984 21966 23598 D skia : anh.lt2 GrGpu::createTexture2
07-16 13:30:28.988 21966 23598 D skia : anh.lt2 GrGpu::createTexture2
07-16 13:30:28.993 21966 23598 D skia : anh.lt2 GrGpu::createTexture2
07-16 13:30:28.996 21966 23598 D skia : anh.lt2 GrGpu::createTexture2
07-16 13:30:29.000 21966 23598 D skia : anh.lt2 GrGpu::createTexture2
07-16 13:30:29.001 21966 23598 D skia : anh.lt2 GrGpu::createTexture2
07-16 13:30:29.003 21966 23598 D skia : anh.lt2 GrGpu::createTexture2
07-16 13:30:29.004 21966 23598 D skia : anh.lt2 GrGpu::createTexture2
07-16 13:30:29.004 21966 23598 D skia : anh.lt2 GrGpu::createTexture2
07-16 13:30:29.005 21966 23598 D skia : anh.lt2 GrGpu::createTexture2
07-16 13:30:29.008 21966 23598 D skia : anh.lt2 GrGpu::createTexture1
07-16 13:30:29.010 21966 23598 D skia : anh.lt2 GrGpu::createTexture1
07-16 13:30:29.033 21966 23598 D skia : anh.lt2 GrGpu::createTexture1
07-16 13:30:29.036 21966 23598 D skia : anh.lt2 GrGpu::createTexture1
07-16 13:30:29.045 21966 23598 D skia : anh.lt2 GrGpu::createTexture2
07-16 13:30:29.046 21966 23598 D skia : anh.lt2 GrGpu::createTexture2
07-16 13:30:29.050 21966 23598 D skia : anh.lt2 GrGpu::createTexture2
07-16 13:30:29.054 21966 23598 D skia : anh.lt2 GrGpu::createTexture2
07-16 13:30:29.059 21966 23598 D skia : anh.lt2 GrGpu::createTexture2
07-16 13:30:29.064 21966 23598 D skia : anh.lt2 GrGpu::createTexture2
07-16 13:30:29.069 21966 23598 D skia : anh.lt2 GrGpu::createTexture2
07-16 13:30:29.069 21966 23598 D skia : anh.lt2 GrGpu::createTexture2
07-16 13:30:29.069 21966 23598 D skia : anh.lt2 GrGpu::createTexture2
07-16 13:30:29.070 21966 23598 D skia : anh.lt2 GrGpu::createTexture2
07-16 13:30:29.070 21966 23598 D skia : anh.lt2 GrGpu::createTexture2
07-16 13:30:29.071 21966 23598 D skia : anh.lt2 GrGpu::createTexture2
07-16 13:30:29.071 21966 23598 D skia : anh.lt2 GrGpu::createTexture2
07-16 13:30:29.071 21966 23598 D skia : anh.lt2 GrGpu::createTexture2
07-16 13:30:29.072 21966 23598 D skia : anh.lt2 GrGpu::createTexture2
07-16 13:30:29.073 21966 23598 D skia : anh.lt2 GrGpu::createTexture2
07-16 13:30:29.074 21966 23598 D skia : anh.lt2 GrGpu::createTexture2
07-16 13:30:29.075 21966 23598 D skia : anh.lt2 GrGpu::createTexture2
07-16 13:30:29.077 21966 23598 D skia : anh.lt2 GrGpu::createTexture2
07-16 13:30:29.078 21966 23598 D skia : anh.lt2 GrGpu::createTexture2
07-16 13:30:29.079 21966 23598 D skia : anh.lt2 GrGpu::createTexture2
07-16 13:30:29.079 21966 23598 D skia : anh.lt2 GrGpu::createTexture2
07-16 13:30:29.080 21966 23598 D skia : anh.lt2 GrGpu::createTexture2
07-16 13:30:29.083 21966 21966 I SurfaceControl: nativeRelease nativeObject
s[2986006400]
07-16 13:30:29.083 21966 21966 I SurfaceControl: nativeRelease nativeObject
e[2986006400]
07-16 13:30:29.083 21966 21966 I SurfaceControl: nativeRelease nativeObject
s[3042289152]
07-16 13:30:29.083 21966 21966 I SurfaceControl: nativeRelease nativeObject
e[3042289152]
07-16 13:30:29.083 21966 21966 I SurfaceControl: nativeRelease nativeObject
s[3118120832]
07-16 13:30:29.083 21966 21966 I SurfaceControl: nativeRelease nativeObject
e[3118120832]
07-16 13:30:29.084 21966 23598 D skia : anh.lt2 GrGpu::createTexture1
07-16 13:30:29.084 21966 21966 I SurfaceControl: nativeRelease nativeObject
s[3042289120]
07-16 13:30:29.084 21966 21966 I SurfaceControl: nativeRelease nativeObject
e[3042289120]
07-16 13:30:29.084 21966 21966 I SurfaceControl: nativeRelease nativeObject
s[3042288416]
07-16 13:30:29.084 21966 21966 I SurfaceControl: nativeRelease nativeObject
e[3042288416]
07-16 13:30:29.085 21966 21966 I ViewRootImpl@5d171b[DetailGameActivity]:
MSG_WINDOW_FOCUS_CHANGED 0 1
07-16 13:30:29.086 21966 23598 D skia : anh.lt2 GrGpu::createTexture1
07-16 13:30:29.113 21966 23598 D skia : anh.lt2 GrGpu::createTexture1
07-16 13:30:29.118 21966 23598 D skia : anh.lt2 GrGpu::createTexture1
07-16 13:30:29.128 21966 23598 D skia : anh.lt2 GrGpu::createTexture2
07-16 13:30:29.129 21966 23598 D skia : anh.lt2 GrGpu::createTexture2
07-16 13:30:29.131 21966 23598 D skia : anh.lt2 GrGpu::createTexture2
07-16 13:30:29.132 21966 23598 D skia : anh.lt2 GrGpu::createTexture2
07-16 13:30:29.132 21966 23598 D skia : anh.lt2 GrGpu::createTexture2
07-16 13:30:29.133 21966 23598 D skia : anh.lt2 GrGpu::createTexture2
07-16 13:30:29.133 21966 23598 D skia : anh.lt2 GrGpu::createTexture2
07-16 13:30:29.133 21966 23598 D skia : anh.lt2 GrGpu::createTexture2
07-16 13:30:29.133 21966 23598 D skia : anh.lt2 GrGpu::createTexture2
07-16 13:30:29.133 21966 23598 D skia : anh.lt2 GrGpu::createTexture2
07-16 13:30:29.133 21966 23598 D skia : anh.lt2 GrGpu::createTexture2
07-16 13:30:29.133 21966 23598 D skia : anh.lt2 GrGpu::createTexture2
07-16 13:30:29.134 21966 23598 D skia : anh.lt2 GrGpu::createTexture2
07-16 13:30:29.134 21966 23598 D skia : anh.lt2 GrGpu::createTexture2
07-16 13:30:29.134 21966 23598 D skia : anh.lt2 GrGpu::createTexture2
07-16 13:30:29.134 21966 23598 D skia : anh.lt2 GrGpu::createTexture2
07-16 13:30:29.134 21966 23598 D skia : anh.lt2 GrGpu::createTexture2
07-16 13:30:29.134 21966 23598 D skia : anh.lt2 GrGpu::createTexture2
07-16 13:30:29.134 21966 23598 D skia : anh.lt2 GrGpu::createTexture2
07-16 13:30:29.135 21966 23598 D skia : anh.lt2 GrGpu::createTexture2
07-16 13:30:29.135 21966 23598 D skia : anh.lt2 GrGpu::createTexture2
07-16 13:30:29.135 21966 23598 D skia : anh.lt2 GrGpu::createTexture2
07-16 13:30:29.135 21966 23598 D skia : anh.lt2 GrGpu::createTexture2
07-16 13:30:29.135 21966 23598 D skia : anh.lt2 GrGpu::createTexture2
07-16 13:30:29.136 21966 23598 D skia : anh.lt2 GrGpu::createTexture2
07-16 13:30:29.136 21966 23598 D skia : anh.lt2 GrGpu::createTexture2
07-16 13:30:29.136 21966 23598 D skia : anh.lt2 GrGpu::createTexture2
07-16 13:30:29.136 21966 23598 D skia : anh.lt2 GrGpu::createTexture2
07-16 13:30:29.136 21966 23598 D skia : anh.lt2 GrGpu::createTexture2
07-16 13:30:29.137 21966 23598 D skia : anh.lt2 GrGpu::createTexture2
07-16 13:30:29.137 21966 23598 D skia : anh.lt2 GrGpu::createTexture2
07-16 13:30:29.137 21966 23598 D skia : anh.lt2 GrGpu::createTexture2
07-16 13:30:29.138 21966 23598 D skia : anh.lt2 GrGpu::createTexture2
07-16 13:30:29.138 21966 23598 D skia : anh.lt2 GrGpu::createTexture2
07-16 13:30:29.139 21966 23598 D skia : anh.lt2 GrGpu::createTexture2
07-16 13:30:29.139 21966 23598 D skia : anh.lt2 GrGpu::createTexture2
07-16 13:30:29.140 21966 23598 D skia : anh.lt2 GrGpu::createTexture2
07-16 13:30:29.140 21966 23598 D skia : anh.lt2 GrGpu::createTexture2
07-16 13:30:29.140 21966 23598 D skia : anh.lt2 GrGpu::createTexture2
07-16 13:30:29.141 21966 23598 D skia : anh.lt2 GrGpu::createTexture2
07-16 13:30:29.142 21966 23598 D skia : anh.lt2 GrGpu::createTexture2
07-16 13:30:29.143 21966 23598 D skia : anh.lt2 GrGpu::createTexture2
07-16 13:30:29.143 21966 23598 D skia : anh.lt2 GrGpu::createTexture2
07-16 13:30:29.144 21966 23598 D skia : anh.lt2 GrGpu::createTexture2
07-16 13:30:29.145 21966 23598 D skia : anh.lt2 GrGpu::createTexture2
07-16 13:30:29.146 21966 23598 D skia : anh.lt2 GrGpu::createTexture2
07-16 13:30:29.147 21966 23598 D skia : anh.lt2 GrGpu::createTexture2
07-16 13:30:29.147 21966 23598 D skia : anh.lt2 GrGpu::createTexture2
07-16 13:30:29.147 21966 23598 D skia : anh.lt2 GrGpu::createTexture2
07-16 13:30:29.148 21966 23598 D skia : anh.lt2 GrGpu::createTexture2
07-16 13:30:29.148 21966 23598 D skia : anh.lt2 GrGpu::createTexture2
07-16 13:30:29.148 21966 23598 D skia : anh.lt2 GrGpu::createTexture2
07-16 13:30:29.151 21966 23598 D skia : anh.lt2 GrGpu::createTexture1
07-16 13:30:29.154 21966 23598 D skia : anh.lt2 GrGpu::createTexture1
07-16 13:30:29.171 21966 23598 D skia : anh.lt2 GrGpu::createTexture1
07-16 13:30:29.172 21966 23598 D skia : anh.lt2 GrGpu::createTexture1
07-16 13:30:29.179 21966 23598 D skia : anh.lt2 GrGpu::createTexture2
07-16 13:30:29.186 21966 23598 D skia : anh.lt2 GrGpu::createTexture2
07-16 13:30:29.187 21966 23598 D skia : anh.lt2 GrGpu::createTexture2
07-16 13:30:29.187 21966 23598 D skia : anh.lt2 GrGpu::createTexture2
07-16 13:30:29.188 21966 23598 D skia : anh.lt2 GrGpu::createTexture2
07-16 13:30:29.196 21966 23598 D skia : anh.lt2 GrGpu::createTexture2
07-16 13:30:29.197 21966 23598 D skia : anh.lt2 GrGpu::createTexture2
07-16 13:30:29.204 21966 23598 D skia : anh.lt2 GrGpu::createTexture2
07-16 13:30:29.209 21966 23598 D skia : anh.lt2 GrGpu::createTexture2
07-16 13:30:29.214 21966 23598 D skia : anh.lt2 GrGpu::createTexture2
07-16 13:30:29.220 21966 23598 D skia : anh.lt2 GrGpu::createTexture2
07-16 13:30:29.225 21966 23598 D skia : anh.lt2 GrGpu::createTexture2
07-16 13:30:29.226 21966 23598 D skia : anh.lt2 GrGpu::createTexture2
07-16 13:30:29.229 21966 23598 D skia : anh.lt2 GrGpu::createTexture2
07-16 13:30:29.229 21966 23598 D skia : anh.lt2 GrGpu::createTexture2
07-16 13:30:29.230 21966 23598 D skia : anh.lt2 GrGpu::createTexture2
07-16 13:30:29.231 21966 23598 D skia : anh.lt2 GrGpu::createTexture2
07-16 13:30:29.235 21966 23598 D skia : anh.lt2 GrGpu::createTexture1
07-16 13:30:29.237 21966 23598 D skia : anh.lt2 GrGpu::createTexture1
07-16 13:30:29.269 21966 23598 D skia : anh.lt2 GrGpu::createTexture1
07-16 13:30:29.272 21966 23598 D skia : anh.lt2 GrGpu::createTexture1
07-16 13:30:29.283 21966 23598 D skia : anh.lt2 GrGpu::createTexture2
07-16 13:30:29.284 21966 23598 D skia : anh.lt2 GrGpu::createTexture2
07-16 13:30:29.284 21966 23598 D skia : anh.lt2 GrGpu::createTexture2
07-16 13:30:29.284 21966 23598 D skia : anh.lt2 GrGpu::createTexture2
07-16 13:30:29.285 21966 23598 D skia : anh.lt2 GrGpu::createTexture2
07-16 13:30:29.285 21966 23598 D skia : anh.lt2 GrGpu::createTexture2
07-16 13:30:29.285 21966 23598 D skia : anh.lt2 GrGpu::createTexture2
07-16 13:30:29.285 21966 23598 D skia : anh.lt2 GrGpu::createTexture2
07-16 13:30:29.285 21966 23598 D skia : anh.lt2 GrGpu::createTexture2
07-16 13:30:29.286 21966 23598 D skia : anh.lt2 GrGpu::createTexture2
07-16 13:30:29.286 21966 23598 D skia : anh.lt2 GrGpu::createTexture2
07-16 13:30:29.286 21966 23598 D skia : anh.lt2 GrGpu::createTexture2
07-16 13:30:29.286 21966 23598 D skia : anh.lt2 GrGpu::createTexture2
07-16 13:30:29.287 21966 23598 D skia : anh.lt2 GrGpu::createTexture2
07-16 13:30:29.287 21966 23598 D skia : anh.lt2 GrGpu::createTexture2
07-16 13:30:29.287 21966 23598 D skia : anh.lt2 GrGpu::createTexture2
07-16 13:30:29.287 21966 23598 D skia : anh.lt2 GrGpu::createTexture2
07-16 13:30:29.287 21966 23598 D skia : anh.lt2 GrGpu::createTexture2
07-16 13:30:29.288 21966 23598 D skia : anh.lt2 GrGpu::createTexture2
07-16 13:30:29.289 21966 23598 D skia : anh.lt2 GrGpu::createTexture2
07-16 13:30:29.289 21966 23598 D skia : anh.lt2 GrGpu::createTexture2
07-16 13:30:29.291 21966 23598 D skia : anh.lt2 GrGpu::createTexture2
07-16 13:30:29.292 21966 23598 D skia : anh.lt2 GrGpu::createTexture2
07-16 13:30:29.292 21966 23598 D skia : anh.lt2 GrGpu::createTexture2
07-16 13:30:29.292 21966 23598 D skia : anh.lt2 GrGpu::createTexture2
07-16 13:30:29.293 21966 23598 D skia : anh.lt2 GrGpu::createTexture2
07-16 13:30:29.293 21966 23598 D skia : anh.lt2 GrGpu::createTexture2
07-16 13:30:29.294 21966 23598 D skia : anh.lt2 GrGpu::createTexture2
07-16 13:30:29.294 21966 23598 D skia : anh.lt2 GrGpu::createTexture2
07-16 13:30:29.294 21966 23598 D skia : anh.lt2 GrGpu::createTexture2
07-16 13:30:29.294 21966 23598 D skia : anh.lt2 GrGpu::createTexture2
07-16 13:30:29.294 21966 23598 D skia : anh.lt2 GrGpu::createTexture2
07-16 13:30:29.295 21966 23598 D skia : anh.lt2 GrGpu::createTexture2
07-16 13:30:29.295 21966 23598 D skia : anh.lt2 GrGpu::createTexture2
07-16 13:30:29.295 21966 23598 D skia : anh.lt2 GrGpu::createTexture2
07-16 13:30:29.297 21966 23598 D skia : anh.lt2 GrGpu::createTexture2
07-16 13:30:29.319 21966 23598 D skia : anh.lt2 GrGpu::createTexture2
07-16 13:30:29.320 21966 23598 D skia : anh.lt2 GrGpu::createTexture2
07-16 13:30:29.325 21966 23598 D skia : anh.lt2 GrGpu::createTexture2
07-16 13:30:29.330 21966 23598 D skia : anh.lt2 GrGpu::createTexture2
07-16 13:30:29.335 21966 23598 D skia : anh.lt2 GrGpu::createTexture2
07-16 13:30:29.339 21966 23598 D skia : anh.lt2 GrGpu::createTexture2
07-16 13:30:29.343 21966 23598 D skia : anh.lt2 GrGpu::createTexture2
07-16 13:30:29.344 21966 23598 D skia : anh.lt2 GrGpu::createTexture2
07-16 13:30:29.344 21966 23598 D skia : anh.lt2 GrGpu::createTexture2
07-16 13:30:29.345 21966 23598 D skia : anh.lt2 GrGpu::createTexture2
07-16 13:30:29.345 21966 23598 D skia : anh.lt2 GrGpu::createTexture2
07-16 13:30:29.346 21966 23598 D skia : anh.lt2 GrGpu::createTexture2
07-16 13:30:29.346 21966 23598 D skia : anh.lt2 GrGpu::createTexture2
07-16 13:30:29.346 21966 23598 D skia : anh.lt2 GrGpu::createTexture2
07-16 13:30:29.347 21966 23598 D skia : anh.lt2 GrGpu::createTexture2
07-16 13:30:29.347 21966 23598 D skia : anh.lt2 GrGpu::createTexture2
07-16 13:30:29.349 21966 23598 D skia : anh.lt2 GrGpu::createTexture2
07-16 13:30:29.349 21966 23598 D skia : anh.lt2 GrGpu::createTexture2
07-16 13:30:29.352 21966 23598 D skia : anh.lt2 GrGpu::createTexture2
07-16 13:30:29.353 21966 23598 D skia : anh.lt2 GrGpu::createTexture2
07-16 13:30:29.353 21966 23598 D skia : anh.lt2 GrGpu::createTexture2
07-16 13:30:29.354 21966 23598 D skia : anh.lt2 GrGpu::createTexture2
07-16 13:30:29.354 21966 23598 D skia : anh.lt2 GrGpu::createTexture2
07-16 13:30:29.359 21966 23598 D skia : anh.lt2 GrGpu::createTexture1
07-16 13:30:29.361 21966 23598 D skia : anh.lt2 GrGpu::createTexture1
07-16 13:30:29.388 21966 23598 D skia : anh.lt2 GrGpu::createTexture1
07-16 13:30:29.393 21966 23598 D skia : anh.lt2 GrGpu::createTexture1
07-16 13:30:29.402 21966 23598 D skia : anh.lt2 GrGpu::createTexture2
07-16 13:30:29.403 21966 23598 D skia : anh.lt2 GrGpu::createTexture2
07-16 13:30:29.403 21966 23598 D skia : anh.lt2 GrGpu::createTexture2
07-16 13:30:29.403 21966 23598 D skia : anh.lt2 GrGpu::createTexture2
07-16 13:30:29.404 21966 23598 D skia : anh.lt2 GrGpu::createTexture2
07-16 13:30:29.404 21966 23598 D skia : anh.lt2 GrGpu::createTexture2
07-16 13:30:29.404 21966 23598 D skia : anh.lt2 GrGpu::createTexture2
07-16 13:30:29.405 21966 23598 D skia : anh.lt2 GrGpu::createTexture2
07-16 13:30:29.405 21966 23598 D skia : anh.lt2 GrGpu::createTexture2
07-16 13:30:29.405 21966 23598 D skia : anh.lt2 GrGpu::createTexture2
07-16 13:30:29.405 21966 23598 D skia : anh.lt2 GrGpu::createTexture2
07-16 13:30:29.406 21966 23598 D skia : anh.lt2 GrGpu::createTexture2
07-16 13:30:29.406 21966 23598 D skia : anh.lt2 GrGpu::createTexture2
07-16 13:30:29.406 21966 23598 D skia : anh.lt2 GrGpu::createTexture2
07-16 13:30:29.407 21966 23598 D skia : anh.lt2 GrGpu::createTexture2
07-16 13:30:29.407 21966 23598 D skia : anh.lt2 GrGpu::createTexture2
07-16 13:30:29.407 21966 23598 D skia : anh.lt2 GrGpu::createTexture2
07-16 13:30:29.407 21966 23598 D skia : anh.lt2 GrGpu::createTexture2
07-16 13:30:29.408 21966 23598 D skia : anh.lt2 GrGpu::createTexture2
07-16 13:30:29.409 21966 23598 D skia : anh.lt2 GrGpu::createTexture2
07-16 13:30:29.409 21966 23598 D skia : anh.lt2 GrGpu::createTexture2
07-16 13:30:29.411 21966 23598 D skia : anh.lt2 GrGpu::createTexture2
07-16 13:30:29.412 21966 23598 D skia : anh.lt2 GrGpu::createTexture2
07-16 13:30:29.412 21966 23598 D skia : anh.lt2 GrGpu::createTexture2
07-16 13:30:29.412 21966 23598 D skia : anh.lt2 GrGpu::createTexture2
07-16 13:30:29.413 21966 23598 D skia : anh.lt2 GrGpu::createTexture2
07-16 13:30:29.413 21966 23598 D skia : anh.lt2 GrGpu::createTexture2
07-16 13:30:29.413 21966 23598 D skia : anh.lt2 GrGpu::createTexture2
07-16 13:30:29.413 21966 23598 D skia : anh.lt2 GrGpu::createTexture2
07-16 13:30:29.414 21966 23598 D skia : anh.lt2 GrGpu::createTexture2
07-16 13:30:29.414 21966 23598 D skia : anh.lt2 GrGpu::createTexture2
07-16 13:30:29.414 21966 23598 D skia : anh.lt2 GrGpu::createTexture2
07-16 13:30:29.415 21966 23598 D skia : anh.lt2 GrGpu::createTexture2
07-16 13:30:29.415 21966 23598 D skia : anh.lt2 GrGpu::createTexture2
07-16 13:30:29.415 21966 23598 D skia : anh.lt2 GrGpu::createTexture2
07-16 13:30:29.416 21966 23598 D skia : anh.lt2 GrGpu::createTexture2
07-16 13:30:29.432 21966 23598 D skia : anh.lt2 GrGpu::createTexture2
07-16 13:30:29.437 21966 23598 D skia : anh.lt2 GrGpu::createTexture2
07-16 13:30:29.438 21966 23598 D skia : anh.lt2 GrGpu::createTexture2
07-16 13:30:29.439 21966 23598 D skia : anh.lt2 GrGpu::createTexture2
07-16 13:30:29.439 21966 23598 D skia : anh.lt2 GrGpu::createTexture2
07-16 13:30:29.447 21966 23598 D skia : anh.lt2 GrGpu::createTexture2
07-16 13:30:29.448 21966 23598 D skia : anh.lt2 GrGpu::createTexture2
07-16 13:30:29.453 21966 23598 D skia : anh.lt2 GrGpu::createTexture2
07-16 13:30:29.457 21966 23598 D skia : anh.lt2 GrGpu::createTexture2
07-16 13:30:29.462 21966 23598 D skia : anh.lt2 GrGpu::createTexture2
07-16 13:30:29.466 21966 23598 D skia : anh.lt2 GrGpu::createTexture2
07-16 13:30:29.471 21966 23598 D skia : anh.lt2 GrGpu::createTexture2
07-16 13:30:29.471 21966 23598 D skia : anh.lt2 GrGpu::createTexture2
07-16 13:30:29.474 21966 23598 D skia : anh.lt2 GrGpu::createTexture2
07-16 13:30:29.475 21966 23598 D skia : anh.lt2 GrGpu::createTexture2
07-16 13:30:29.475 21966 23598 D skia : anh.lt2 GrGpu::createTexture2
07-16 13:30:29.476 21966 23598 D skia : anh.lt2 GrGpu::createTexture2
07-16 13:30:29.480 21966 23598 D skia : anh.lt2 GrGpu::createTexture1
07-16 13:30:29.482 21966 23598 D skia : anh.lt2 GrGpu::createTexture1
07-16 13:30:29.507 21966 23598 D skia : anh.lt2 GrGpu::createTexture1
07-16 13:30:29.509 21966 23598 D skia : anh.lt2 GrGpu::createTexture1
07-16 13:30:29.520 21966 23598 D skia : anh.lt2 GrGpu::createTexture2
07-16 13:30:29.521 21966 23598 D skia : anh.lt2 GrGpu::createTexture2
07-16 13:30:29.525 21966 23598 D skia : anh.lt2 GrGpu::createTexture2
07-16 13:30:29.529 21966 23598 D skia : anh.lt2 GrGpu::createTexture2
07-16 13:30:29.534 21966 23598 D skia : anh.lt2 GrGpu::createTexture2
07-16 13:30:29.538 21966 23598 D skia : anh.lt2 GrGpu::createTexture2
07-16 13:30:29.541 21966 23598 D skia : anh.lt2 GrGpu::createTexture2
07-16 13:30:29.542 21966 23598 D skia : anh.lt2 GrGpu::createTexture2
07-16 13:30:29.542 21966 23598 D skia : anh.lt2 GrGpu::createTexture2
07-16 13:30:29.543 21966 23598 D skia : anh.lt2 GrGpu::createTexture2
07-16 13:30:29.543 21966 23598 D skia : anh.lt2 GrGpu::createTexture2
07-16 13:30:29.544 21966 23598 D skia : anh.lt2 GrGpu::createTexture2
07-16 13:30:29.544 21966 23598 D skia : anh.lt2 GrGpu::createTexture2
07-16 13:30:29.544 21966 23598 D skia : anh.lt2 GrGpu::createTexture2
07-16 13:30:29.545 21966 23598 D skia : anh.lt2 GrGpu::createTexture2
07-16 13:30:29.545 21966 23598 D skia : anh.lt2 GrGpu::createTexture2
07-16 13:30:29.546 21966 23598 D skia : anh.lt2 GrGpu::createTexture2
07-16 13:30:29.547 21966 23598 D skia : anh.lt2 GrGpu::createTexture2
07-16 13:30:29.547 21966 21966 I ViewRootImpl@fd67f9[DetailGameActivity]:
MSG_WINDOW_FOCUS_CHANGED 1 1
07-16 13:30:29.547 21966 21966 D InputMethodManager: prepareNavigationBarInfo()
DecorView@d11f6bc[DetailGameActivity]
07-16 13:30:29.547 21966 21966 D InputMethodManager: getNavigationBarColor() -
855310
07-16 13:30:29.548 21966 21966 D InputMethodManager: prepareNavigationBarInfo()
DecorView@d11f6bc[DetailGameActivity]
07-16 13:30:29.548 21966 21966 D InputMethodManager: getNavigationBarColor() -
855310
07-16 13:30:29.548 21966 21966 V InputMethodManager: Starting input:
tba=com.upgadata.up7723 ic=null mNaviBarColor -855310 mIsGetNaviBarColorSuccess
true , NavVisible : true , NavTrans : false
07-16 13:30:29.548 21966 21966 D InputMethodManager: startInputInner - Id : 0
07-16 13:30:29.548 21966 21966 I InputMethodManager: startInputInner -
mService.startInputOrWindowGainedFocus
07-16 13:30:29.549 21966 23598 D skia : anh.lt2 GrGpu::createTexture2
07-16 13:30:29.550 21966 23598 D skia : anh.lt2 GrGpu::createTexture2
07-16 13:30:29.551 21966 23598 D skia : anh.lt2 GrGpu::createTexture2
07-16 13:30:29.551 21966 23598 D skia : anh.lt2 GrGpu::createTexture2
07-16 13:30:29.552 21966 23598 D skia : anh.lt2 GrGpu::createTexture2
07-16 13:30:29.552 21966 21966 D InputTransport: Input channel constructed:
'ClientS', fd=232
07-16 13:30:29.553 21966 21966 D InputTransport: Input channel destroyed:
'ClientS', fd=205
07-16 13:30:29.556 21966 23598 D skia : anh.lt2 GrGpu::createTexture1
07-16 13:30:29.559 21966 23598 D skia : anh.lt2 GrGpu::createTexture1
07-16 13:30:29.585 21966 23598 D skia : anh.lt2 GrGpu::createTexture1
07-16 13:30:29.591 21966 23598 D skia : anh.lt2 GrGpu::createTexture1
07-16 13:30:29.598 21966 23598 D skia : anh.lt2 GrGpu::createTexture2
07-16 13:30:29.602 21966 23598 D skia : anh.lt2 GrGpu::createTexture2
07-16 13:30:29.604 21966 23598 D skia : anh.lt2 GrGpu::createTexture2
07-16 13:30:29.605 21966 23598 D skia : anh.lt2 GrGpu::createTexture2
07-16 13:30:29.607 21966 23598 D skia : anh.lt2 GrGpu::createTexture2
07-16 13:30:29.607 21966 23598 D skia : anh.lt2 GrGpu::createTexture2
07-16 13:30:29.608 21966 23598 D skia : anh.lt2 GrGpu::createTexture2
07-16 13:30:29.608 21966 23598 D skia : anh.lt2 GrGpu::createTexture2
07-16 13:30:29.608 21966 23598 D skia : anh.lt2 GrGpu::createTexture2
07-16 13:30:29.608 21966 23598 D skia : anh.lt2 GrGpu::createTexture2
07-16 13:30:29.608 21966 23598 D skia : anh.lt2 GrGpu::createTexture2
07-16 13:30:29.608 21966 23598 D skia : anh.lt2 GrGpu::createTexture2
07-16 13:30:29.609 21966 23598 D skia : anh.lt2 GrGpu::createTexture2
07-16 13:30:29.609 21966 23598 D skia : anh.lt2 GrGpu::createTexture2
07-16 13:30:29.609 21966 23598 D skia : anh.lt2 GrGpu::createTexture2
07-16 13:30:29.609 21966 23598 D skia : anh.lt2 GrGpu::createTexture2
07-16 13:30:29.609 21966 23598 D skia : anh.lt2 GrGpu::createTexture2
07-16 13:30:29.609 21966 23598 D skia : anh.lt2 GrGpu::createTexture2
07-16 13:30:29.610 21966 23598 D skia : anh.lt2 GrGpu::createTexture2
07-16 13:30:29.610 21966 23598 D skia : anh.lt2 GrGpu::createTexture2
07-16 13:30:29.610 21966 23598 D skia : anh.lt2 GrGpu::createTexture2
07-16 13:30:29.610 21966 23598 D skia : anh.lt2 GrGpu::createTexture2
07-16 13:30:29.611 21966 23598 D skia : anh.lt2 GrGpu::createTexture2
07-16 13:30:29.611 21966 23598 D skia : anh.lt2 GrGpu::createTexture2
07-16 13:30:29.611 21966 23598 D skia : anh.lt2 GrGpu::createTexture2
07-16 13:30:29.612 21966 23598 D skia : anh.lt2 GrGpu::createTexture2
07-16 13:30:29.612 21966 23598 D skia : anh.lt2 GrGpu::createTexture2
07-16 13:30:29.612 21966 23598 D skia : anh.lt2 GrGpu::createTexture2
07-16 13:30:29.612 21966 23598 D skia : anh.lt2 GrGpu::createTexture2
07-16 13:30:29.612 21966 23598 D skia : anh.lt2 GrGpu::createTexture2
07-16 13:30:29.613 21966 23598 D skia : anh.lt2 GrGpu::createTexture2
07-16 13:30:29.613 21966 23598 D skia : anh.lt2 GrGpu::createTexture2
07-16 13:30:29.613 21966 23598 D skia : anh.lt2 GrGpu::createTexture2
07-16 13:30:29.614 21966 23598 D skia : anh.lt2 GrGpu::createTexture2
07-16 13:30:29.614 21966 23598 D skia : anh.lt2 GrGpu::createTexture2
07-16 13:30:29.615 21966 23598 D skia : anh.lt2 GrGpu::createTexture2
07-16 13:30:29.615 21966 23598 D skia : anh.lt2 GrGpu::createTexture2
07-16 13:30:29.616 21966 23598 D skia : anh.lt2 GrGpu::createTexture2
07-16 13:30:29.616 21966 23598 D skia : anh.lt2 GrGpu::createTexture2
07-16 13:30:29.616 21966 23598 D skia : anh.lt2 GrGpu::createTexture2
07-16 13:30:29.617 21966 23598 D skia : anh.lt2 GrGpu::createTexture2
07-16 13:30:29.618 21966 23598 D skia : anh.lt2 GrGpu::createTexture2
07-16 13:30:29.618 21966 23598 D skia : anh.lt2 GrGpu::createTexture2
07-16 13:30:29.619 21966 23598 D skia : anh.lt2 GrGpu::createTexture2
07-16 13:30:29.620 21966 23598 D skia : anh.lt2 GrGpu::createTexture2
07-16 13:30:29.621 21966 23598 D skia : anh.lt2 GrGpu::createTexture2
07-16 13:30:29.622 21966 23598 D skia : anh.lt2 GrGpu::createTexture2
07-16 13:30:29.623 21966 23598 D skia : anh.lt2 GrGpu::createTexture2
07-16 13:30:29.623 21966 23598 D skia : anh.lt2 GrGpu::createTexture2
07-16 13:30:29.624 21966 23598 D skia : anh.lt2 GrGpu::createTexture2
07-16 13:30:29.624 21966 23598 D skia : anh.lt2 GrGpu::createTexture2
07-16 13:30:29.624 21966 23598 D skia : anh.lt2 GrGpu::createTexture2
07-16 13:30:29.625 21966 23598 D skia : anh.lt2 GrGpu::createTexture2
07-16 13:30:29.628 21966 23598 D skia : anh.lt2 GrGpu::createTexture1
07-16 13:30:29.631 21966 23598 D skia : anh.lt2 GrGpu::createTexture1
07-16 13:30:29.645 21966 23598 D skia : anh.lt2 GrGpu::createTexture1
07-16 13:30:29.647 21966 23598 D skia : anh.lt2 GrGpu::createTexture1
07-16 13:30:29.655 21966 23598 D skia : anh.lt2 GrGpu::createTexture2
07-16 13:30:29.655 21966 23598 D skia : anh.lt2 GrGpu::createTexture2
07-16 13:30:29.659 21966 23598 D skia : anh.lt2 GrGpu::createTexture2
07-16 13:30:29.664 21966 23598 D skia : anh.lt2 GrGpu::createTexture2
07-16 13:30:29.668 21966 23598 D skia : anh.lt2 GrGpu::createTexture2
07-16 13:30:29.671 21966 23598 D skia : anh.lt2 GrGpu::createTexture2
07-16 13:30:29.675 21966 23598 D skia : anh.lt2 GrGpu::createTexture2
07-16 13:30:29.676 21966 23598 D skia : anh.lt2 GrGpu::createTexture2
07-16 13:30:29.678 21966 23598 D skia : anh.lt2 GrGpu::createTexture2
07-16 13:30:29.678 21966 23598 D skia : anh.lt2 GrGpu::createTexture2
07-16 13:30:29.679 21966 23598 D skia : anh.lt2 GrGpu::createTexture2
07-16 13:30:29.679 21966 23598 D skia : anh.lt2 GrGpu::createTexture2
07-16 13:30:29.683 21966 23598 D skia : anh.lt2 GrGpu::createTexture1
07-16 13:30:29.685 21966 23598 D skia : anh.lt2 GrGpu::createTexture1
07-16 13:30:29.706 21966 23598 D skia : anh.lt2 GrGpu::createTexture1
07-16 13:30:29.709 21966 23598 D skia : anh.lt2 GrGpu::createTexture1
07-16 13:30:29.717 21966 23598 D skia : anh.lt2 GrGpu::createTexture2
07-16 13:30:29.717 21966 23598 D skia : anh.lt2 GrGpu::createTexture2
07-16 13:30:29.717 21966 23598 D skia : anh.lt2 GrGpu::createTexture2
07-16 13:30:29.718 21966 23598 D skia : anh.lt2 GrGpu::createTexture2
07-16 13:30:29.718 21966 23598 D skia : anh.lt2 GrGpu::createTexture2
07-16 13:30:29.718 21966 23598 D skia : anh.lt2 GrGpu::createTexture2
07-16 13:30:29.718 21966 23598 D skia : anh.lt2 GrGpu::createTexture2
07-16 13:30:29.718 21966 23598 D skia : anh.lt2 GrGpu::createTexture2
07-16 13:30:29.718 21966 23598 D skia : anh.lt2 GrGpu::createTexture2
07-16 13:30:29.719 21966 23598 D skia : anh.lt2 GrGpu::createTexture2
07-16 13:30:29.719 21966 23598 D skia : anh.lt2 GrGpu::createTexture2
07-16 13:30:29.719 21966 23598 D skia : anh.lt2 GrGpu::createTexture2
07-16 13:30:29.719 21966 23598 D skia : anh.lt2 GrGpu::createTexture2
07-16 13:30:29.719 21966 23598 D skia : anh.lt2 GrGpu::createTexture2
07-16 13:30:29.719 21966 23598 D skia : anh.lt2 GrGpu::createTexture2
07-16 13:30:29.720 21966 23598 D skia : anh.lt2 GrGpu::createTexture2
07-16 13:30:29.720 21966 23598 D skia : anh.lt2 GrGpu::createTexture2
07-16 13:30:29.720 21966 23598 D skia : anh.lt2 GrGpu::createTexture2
07-16 13:30:29.721 21966 23598 D skia : anh.lt2 GrGpu::createTexture2
07-16 13:30:29.721 21966 23598 D skia : anh.lt2 GrGpu::createTexture2
07-16 13:30:29.722 21966 23598 D skia : anh.lt2 GrGpu::createTexture2
07-16 13:30:29.723 21966 23598 D skia : anh.lt2 GrGpu::createTexture2
07-16 13:30:29.724 21966 23598 D skia : anh.lt2 GrGpu::createTexture2
07-16 13:30:29.724 21966 23598 D skia : anh.lt2 GrGpu::createTexture2
07-16 13:30:29.724 21966 23598 D skia : anh.lt2 GrGpu::createTexture2
07-16 13:30:29.725 21966 23598 D skia : anh.lt2 GrGpu::createTexture2
07-16 13:30:29.725 21966 23598 D skia : anh.lt2 GrGpu::createTexture2
07-16 13:30:29.725 21966 23598 D skia : anh.lt2 GrGpu::createTexture2
07-16 13:30:29.725 21966 23598 D skia : anh.lt2 GrGpu::createTexture2
07-16 13:30:29.725 21966 23598 D skia : anh.lt2 GrGpu::createTexture2
07-16 13:30:29.725 21966 23598 D skia : anh.lt2 GrGpu::createTexture2
07-16 13:30:29.726 21966 23598 D skia : anh.lt2 GrGpu::createTexture2
07-16 13:30:29.726 21966 23598 D skia : anh.lt2 GrGpu::createTexture2
07-16 13:30:29.726 21966 23598 D skia : anh.lt2 GrGpu::createTexture2
07-16 13:30:29.726 21966 23598 D skia : anh.lt2 GrGpu::createTexture2
07-16 13:30:29.727 21966 23598 D skia : anh.lt2 GrGpu::createTexture2
07-16 13:30:29.746 21966 23598 D skia : anh.lt2 GrGpu::createTexture2
07-16 13:30:29.747 21966 23598 D skia : anh.lt2 GrGpu::createTexture2
07-16 13:30:29.751 21966 23598 D skia : anh.lt2 GrGpu::createTexture2
07-16 13:30:29.755 21966 23598 D skia : anh.lt2 GrGpu::createTexture2
07-16 13:30:29.759 21966 23598 D skia : anh.lt2 GrGpu::createTexture2
07-16 13:30:29.763 21966 23598 D skia : anh.lt2 GrGpu::createTexture2
07-16 13:30:29.767 21966 23598 D skia : anh.lt2 GrGpu::createTexture2
07-16 13:30:29.767 21966 23598 D skia : anh.lt2 GrGpu::createTexture2
07-16 13:30:29.767 21966 23598 D skia : anh.lt2 GrGpu::createTexture2
07-16 13:30:29.767 21966 23598 D skia : anh.lt2 GrGpu::createTexture2
07-16 13:30:29.768 21966 23598 D skia : anh.lt2 GrGpu::createTexture2
07-16 13:30:29.768 21966 23598 D skia : anh.lt2 GrGpu::createTexture2
07-16 13:30:29.768 21966 23598 D skia : anh.lt2 GrGpu::createTexture2
07-16 13:30:29.768 21966 23598 D skia : anh.lt2 GrGpu::createTexture2
07-16 13:30:29.769 21966 23598 D skia : anh.lt2 GrGpu::createTexture2
07-16 13:30:29.769 21966 23598 D skia : anh.lt2 GrGpu::createTexture2
07-16 13:30:29.770 21966 23598 D skia : anh.lt2 GrGpu::createTexture2
07-16 13:30:29.771 21966 23598 D skia : anh.lt2 GrGpu::createTexture2
