We take content rights seriously. If you suspect this is your content, claim it here.
Available Formats
Download as TXT, PDF, TXT or read online on Scribd
You are on page 1/ 11
--------- beginning of main
03-05 11:35:52.179 32091 32091 E com.mbwhatsapp: Not starting debugger since
process cannot load the jdwp agent.
03-05 11:35:52.277 32091 32091 W System.err: java.lang.ClassNotFoundException: mbmodsd.mbmodsw.ui.views.btn.BtnBK
03-05 11:35:52.279 32091 32091 W System.err: at java.lang.Runtime.nativeLoad(Native Method)
03-05 11:35:52.279 32091 32091 W System.err: at java.lang.Runtime.nativeLoad(Runtime.java:1131)
03-05 11:35:52.279 32091 32091 W System.err: at java.lang.Runtime.loadLibrary0(Runtime.java:1085)
03-05 11:35:52.279 32091 32091 W System.err: at java.lang.Runtime.loadLibrary0(Runtime.java:1008)
03-05 11:35:52.279 32091 32091 W System.err: at java.lang.System.loadLibrary(System.java:1664)
03-05 11:35:52.279 32091 32091 W System.err: at arm.EpicVm.<clinit>(Unknown Source:2)
03-05 11:35:52.279 32091 32091 W System.err: at java.lang.Class.newInstance(Native Method)
03-05 11:35:52.279 32091 32091 W System.err: at android.app.AppComponentFactory.instantiateApplication(AppComponentFactory.java:76)
03-05 11:35:52.279 32091 32091 W System.err: at androidx.core.app.CoreComponentFactory.instantiateApplication(Unknown Source:0)
03-05 11:35:52.279 32091 32091 W System.err: at android.app.Instrumentation.newApplication(Instrumentation.java:1158)
03-05 11:35:52.279 32091 32091 W System.err: at android.app.LoadedApk.makeApplication(LoadedApk.java:1268)
03-05 11:35:52.279 32091 32091 W System.err: at android.app.ActivityThread.handleBindApplication(ActivityThread.java:6891)
03-05 11:35:52.279 32091 32091 W System.err: at android.app.ActivityThread.access$1300(ActivityThread.java:260)
03-05 11:35:52.279 32091 32091 W System.err: at android.app.ActivityThread$H.handleMessage(ActivityThread.java:1967)
03-05 11:35:52.279 32091 32091 W System.err: at android.os.Handler.dispatchMessage(Handler.java:106)
03-05 11:35:52.279 32091 32091 W System.err: at android.os.Looper.loop(Looper.java:223)
03-05 11:35:52.279 32091 32091 W System.err: at android.app.ActivityThread.main(ActivityThread.java:7957)
03-05 11:35:52.279 32091 32091 W System.err: at java.lang.reflect.Method.invoke(Native Method)
03-05 11:35:52.279 32091 32091 W System.err: at com.android.internal.os.RuntimeInit$MethodAndArgsCaller.run(RuntimeInit.java:603)
03-05 11:35:52.279 32091 32091 W System.err: at com.android.internal.os.ZygoteInit.main(ZygoteInit.java:947)
03-05 11:35:52.341 32091 32091 E CustomActivityOnCrash: IMPORTANT WARNING! You already have an UncaughtExceptionHandler, are you sure this is correct? If you use a custom UncaughtExceptionHandler, you must initialize it AFTER CustomActivityOnCrash! Installing anyway, but your original handler will not be called.
03-05 11:35:52.680 32091 32113 W LibraryVersion: Failed to get app version for libraryName: firebase-iid
03-05 11:35:52.858 32135 32135 E com.mbwhatsapp: Not starting debugger since process cannot load the jdwp agent.
03-05 11:35:52.964 32135 32135 W System.err: java.lang.ClassNotFoundException: mbmodsd.mbmodsw.ui.views.btn.BtnBK
03-05 11:35:52.965 32135 32135 W System.err: at java.lang.Runtime.nativeLoad(Native Method)
03-05 11:35:52.965 32135 32135 W System.err: at java.lang.Runtime.nativeLoad(Runtime.java:1131)
03-05 11:35:52.965 32135 32135 W System.err: at java.lang.Runtime.loadLibrary0(Runtime.java:1085)
03-05 11:35:52.965 32135 32135 W System.err: at java.lang.Runtime.loadLibrary0(Runtime.java:1008)
03-05 11:35:52.965 32135 32135 W System.err: at java.lang.System.loadLibrary(System.java:1664)
03-05 11:35:52.965 32135 32135 W System.err: at arm.EpicVm.<clinit>(Unknown Source:2)
03-05 11:35:52.965 32135 32135 W System.err: at java.lang.Class.newInstance(Native Method)
03-05 11:35:52.965 32135 32135 W System.err: at android.app.AppComponentFactory.instantiateApplication(AppComponentFactory.java:76)
03-05 11:35:52.965 32135 32135 W System.err: at androidx.core.app.CoreComponentFactory.instantiateApplication(Unknown Source:0)
03-05 11:35:52.965 32135 32135 W System.err: at android.app.Instrumentation.newApplication(Instrumentation.java:1158)
03-05 11:35:52.965 32135 32135 W System.err: at android.app.LoadedApk.makeApplication(LoadedApk.java:1268)
03-05 11:35:52.965 32135 32135 W System.err: at android.app.ActivityThread.handleBindApplication(ActivityThread.java:6891)
03-05 11:35:52.965 32135 32135 W System.err: at android.app.ActivityThread.access$1300(ActivityThread.java:260)
03-05 11:35:52.965 32135 32135 W System.err: at android.app.ActivityThread$H.handleMessage(ActivityThread.java:1967)
03-05 11:35:52.965 32135 32135 W System.err: at android.os.Handler.dispatchMessage(Handler.java:106)
03-05 11:35:52.965 32135 32135 W System.err: at android.os.Looper.loop(Looper.java:223)
03-05 11:35:52.965 32135 32135 W System.err: at android.app.ActivityThread.main(ActivityThread.java:7957)
03-05 11:35:52.965 32135 32135 W System.err: at java.lang.reflect.Method.invoke(Native Method)
03-05 11:35:52.965 32135 32135 W System.err: at com.android.internal.os.RuntimeInit$MethodAndArgsCaller.run(RuntimeInit.java:603)
03-05 11:35:52.965 32135 32135 W System.err: at com.android.internal.os.ZygoteInit.main(ZygoteInit.java:947)
03-05 11:35:53.006 32135 32135 E CustomActivityOnCrash: IMPORTANT WARNING! You already have an UncaughtExceptionHandler, are you sure this is correct? If you use a custom UncaughtExceptionHandler, you must initialize it AFTER CustomActivityOnCrash! Installing anyway, but your original handler will not be called.
03-05 11:35:53.051 32135 32158 W LibraryVersion: Failed to get app version for libraryName: firebase-iid
03-05 11:35:53.275 32135 32135 W com.mbwhatsapp: Accessing hidden method Lcom/android/org/conscrypt/OpenSSLSocketImpl;->setUseSessionTickets(Z)V (greylist- max-q,test-api, reflection, denied)
03-05 11:35:53.275 32135 32135 W com.mbwhatsapp: Accessing hidden method Lcom/android/org/conscrypt/AbstractConscryptSocket;->setUseSessionTickets(Z)V (greylist-max-q, reflection, denied)
03-05 11:35:55.141 32135 32135 W linker : Warning: "/data/data/com.mbwhatsapp/files/decompressed/libs.spk.zst/libc++_shared.so" unused DT entry: unknown processor-specific (type 0x70000001 arg 0x0) (ignoring)
03-05 11:35:55.137 32135 32135 W com.mbwhatsapp: type=1400 audit(0.0:231427): avc: granted { execute } for path="/data/data/com.mbwhatsapp/files/decompressed/libs.spk.zst/libc++_shared.so" dev="dm-11" ino=122677 scontext=u:r:untrusted_app:s0:c137,c257,c512,c768 tcontext=u:object_r:app_data_file:s0:c137,c257,c512,c768 tclass=file app=com.mbwhatsapp
03-05 11:35:55.141 32135 32135 W com.mbwhatsapp: type=1400 audit(0.0:231429): avc: granted { execute } for path="/data/data/com.mbwhatsapp/files/decompressed/libs.spk.zst/libwhatsapp.so" dev="dm-11" ino=147978 scontext=u:r:untrusted_app:s0:c137,c257,c512,c768 tcontext=u:object_r:app_data_file:s0:c137,c257,c512,c768 tclass=file app=com.mbwhatsapp
03-05 11:35:55.157 32135 32135 W com.mbwhatsapp: type=1400 audit(0.0:231430): avc: granted { execute } for path="/data/data/com.mbwhatsapp/files/decompressed/libs.spk.zst/libcurve25519.so" dev="dm-11" ino=145983 scontext=u:r:untrusted_app:s0:c137,c257,c512,c768 tcontext=u:object_r:app_data_file:s0:c137,c257,c512,c768 tclass=file app=com.mbwhatsapp
03-05 11:35:55.169 32135 32135 W com.mbwhatsapp: type=1400 audit(0.0:231431): avc: granted { execute } for path="/data/data/com.mbwhatsapp/files/decompressed/libs.spk.zst/libwhatsapp.so" dev="dm-11" ino=147978 scontext=u:r:untrusted_app:s0:c137,c257,c512,c768 tcontext=u:object_r:app_data_file:s0:c137,c257,c512,c768 tclass=file app=com.mbwhatsapp
03-05 11:35:55.645 32135 32135 W CheckTime: App running slow: Executing handleBindApplication : callApplicationOnCreate took 2617ms
03-05 11:35:55.686 32135 32193 W com.mbwhatsapp: Class X.2rL failed lock verification and will run slower.
03-05 11:35:55.686 32135 32193 W com.mbwhatsapp: Common causes for lock verification issues are non-optimized dex code
03-05 11:35:55.686 32135 32193 W com.mbwhatsapp: and incorrect proguard optimizations.
03-05 11:35:55.700 32135 32135 W com.mbwhatsapp: Class X.0eU failed lock verification and will run slower. --------- beginning of system
03-05 11:35:56.089 32135 32135 W os.SingleLiceFactory: instance failed. com.transsion.typeface.TypefaceLiceFactory from android.app.IActivityThreadLice
03-05 11:35:56.089 32135 32135 W os.SingleLiceFactory: java.lang.ClassNotFoundException: com.transsion.typeface.TypefaceLiceFactory
03-05 11:35:56.089 32135 32135 W os.SingleLiceFactory: at java.lang.Class.classForName(Native Method)
03-05 11:35:56.089 32135 32135 W os.SingleLiceFactory: at java.lang.Class.forName(Class.java:454)
03-05 11:35:56.089 32135 32135 W os.SingleLiceFactory: at com.transsion.lice.SingleLiceFactory.instance(SingleLiceFactory.java:48)
03-05 11:35:56.089 32135 32135 W os.SingleLiceFactory: at com.transsion.app.ActivityThreadLice.<init>(ActivityThreadLice.java:120)
03-05 11:35:56.089 32135 32135 W os.SingleLiceFactory: at com.transsion.app.ActivityThreadLice.lambda$oHdq2tRnQ__61dumhINQsL2jP3k(Unknown Source:2)
03-05 11:35:56.089 32135 32135 W os.SingleLiceFactory: at com.transsion.app.-$ $Lambda$ActivityThreadLice$oHdq2tRnQ__61dumhINQsL2jP3k.get(Unknown Source:0)
03-05 11:35:56.089 32135 32135 W os.SingleLiceFactory: at com.transsion.lice.SingleLiceFactory.instance(SingleLiceFactory.java:39)
03-05 11:35:56.089 32135 32135 W os.SingleLiceFactory: at com.transsion.app.ActivityThreadLice.instance(ActivityThreadLice.java:109)
03-05 11:35:56.089 32135 32135 W os.SingleLiceFactory: at java.lang.reflect.Method.invoke(Native Method)
03-05 11:35:56.089 32135 32135 W os.SingleLiceFactory: at com.transsion.lice.LiceInfo.getImpl(LiceInfo.java:53)
03-05 11:35:56.089 32135 32135 W os.SingleLiceFactory: at android.app.IActivityThreadLice.Instance(IActivityThreadLice.java:39)
03-05 11:35:56.089 32135 32135 W os.SingleLiceFactory: at android.app.Activity.performCreate(Activity.java:8082)
03-05 11:35:56.089 32135 32135 W os.SingleLiceFactory: at android.app.Activity.performCreate(Activity.java:8061)
03-05 11:35:56.089 32135 32135 W os.SingleLiceFactory: at android.app.Instrumentation.callActivityOnCreate(Instrumentation.java:1309)
03-05 11:35:56.089 32135 32135 W os.SingleLiceFactory: at android.app.ActivityThread.performLaunchActivity(ActivityThread.java:3484)
03-05 11:35:56.089 32135 32135 W os.SingleLiceFactory: at android.app.ActivityThread.handleLaunchActivity(ActivityThread.java:3692)
03-05 11:35:56.089 32135 32135 W os.SingleLiceFactory: at android.app.servertransaction.LaunchActivityItem.execute(LaunchActivityItem.java:85 )
03-05 11:35:56.089 32135 32135 W os.SingleLiceFactory: at android.app.servertransaction.TransactionExecutor.executeCallbacks(TransactionExecu tor.java:135)
03-05 11:35:56.089 32135 32135 W os.SingleLiceFactory: at android.app.servertransaction.TransactionExecutor.execute(TransactionExecutor.java: 95)
03-05 11:35:56.089 32135 32135 W os.SingleLiceFactory: at android.app.ActivityThread$H.handleMessage(ActivityThread.java:2120)
03-05 11:35:56.089 32135 32135 W os.SingleLiceFactory: at android.os.Handler.dispatchMessage(Handler.java:106)
03-05 11:35:56.089 32135 32135 W os.SingleLiceFactory: at android.os.Looper.loop(Looper.java:223)
03-05 11:35:56.089 32135 32135 W os.SingleLiceFactory: at android.app.ActivityThread.main(ActivityThread.java:7957)
03-05 11:35:56.089 32135 32135 W os.SingleLiceFactory: at java.lang.reflect.Method.invoke(Native Method)
03-05 11:35:56.089 32135 32135 W os.SingleLiceFactory: at com.android.internal.os.RuntimeInit$MethodAndArgsCaller.run(RuntimeInit.java:603)
03-05 11:35:56.089 32135 32135 W os.SingleLiceFactory: at com.android.internal.os.ZygoteInit.main(ZygoteInit.java:947)
03-05 11:35:56.089 32135 32135 W os.SingleLiceFactory: Caused by: java.lang.ClassNotFoundException: com.transsion.typeface.TypefaceLiceFactory
03-05 11:35:56.089 32135 32135 W os.SingleLiceFactory: ... 26 more
03-05 11:35:56.089 32135 32135 W os.SingleLiceFactory: instance failed. com.transsion.notification.NotificationLiceFactory from android.app.IActivityThreadLice
03-05 11:35:56.089 32135 32135 W os.SingleLiceFactory: java.lang.ClassNotFoundException: com.transsion.notification.NotificationLiceFactory
03-05 11:35:56.089 32135 32135 W os.SingleLiceFactory: at java.lang.Class.classForName(Native Method)
03-05 11:35:56.089 32135 32135 W os.SingleLiceFactory: at java.lang.Class.forName(Class.java:454)
03-05 11:35:56.089 32135 32135 W os.SingleLiceFactory: at com.transsion.lice.SingleLiceFactory.instance(SingleLiceFactory.java:48)
03-05 11:35:56.089 32135 32135 W os.SingleLiceFactory: at com.transsion.app.ActivityThreadLice.<init>(ActivityThreadLice.java:121)
03-05 11:35:56.089 32135 32135 W os.SingleLiceFactory: at com.transsion.app.ActivityThreadLice.lambda$oHdq2tRnQ__61dumhINQsL2jP3k(Unknown Source:2)
03-05 11:35:56.089 32135 32135 W os.SingleLiceFactory: at com.transsion.app.-$ $Lambda$ActivityThreadLice$oHdq2tRnQ__61dumhINQsL2jP3k.get(Unknown Source:0)
03-05 11:35:56.089 32135 32135 W os.SingleLiceFactory: at com.transsion.lice.SingleLiceFactory.instance(SingleLiceFactory.java:39)
03-05 11:35:56.089 32135 32135 W os.SingleLiceFactory: at com.transsion.app.ActivityThreadLice.instance(ActivityThreadLice.java:109)
03-05 11:35:56.089 32135 32135 W os.SingleLiceFactory: at java.lang.reflect.Method.invoke(Native Method)
03-05 11:35:56.089 32135 32135 W os.SingleLiceFactory: at com.transsion.lice.LiceInfo.getImpl(LiceInfo.java:53)
03-05 11:35:56.089 32135 32135 W os.SingleLiceFactory: at android.app.IActivityThreadLice.Instance(IActivityThreadLice.java:39)
03-05 11:35:56.089 32135 32135 W os.SingleLiceFactory: at android.app.Activity.performCreate(Activity.java:8082)
03-05 11:35:56.089 32135 32135 W os.SingleLiceFactory: at android.app.Activity.performCreate(Activity.java:8061)
03-05 11:35:56.089 32135 32135 W os.SingleLiceFactory: at android.app.Instrumentation.callActivityOnCreate(Instrumentation.java:1309)
03-05 11:35:56.089 32135 32135 W os.SingleLiceFactory: at android.app.ActivityThread.performLaunchActivity(ActivityThread.java:3484)
03-05 11:35:56.089 32135 32135 W os.SingleLiceFactory: at android.app.ActivityThread.handleLaunchActivity(ActivityThread.java:3692)
03-05 11:35:56.089 32135 32135 W os.SingleLiceFactory: at android.app.servertransaction.LaunchActivityItem.execute(LaunchActivityItem.java:85 )
03-05 11:35:56.089 32135 32135 W os.SingleLiceFactory: at android.app.servertransaction.TransactionExecutor.executeCallbacks(TransactionExecu tor.java:135)
03-05 11:35:56.089 32135 32135 W os.SingleLiceFactory: at android.app.servertransaction.TransactionExecutor.execute(TransactionExecutor.java: 95)
03-05 11:35:56.089 32135 32135 W os.SingleLiceFactory: at android.app.ActivityThread$H.handleMessage(ActivityThread.java:2120)
03-05 11:35:56.089 32135 32135 W os.SingleLiceFactory: at android.os.Handler.dispatchMessage(Handler.java:106)
03-05 11:35:56.089 32135 32135 W os.SingleLiceFactory: at android.os.Looper.loop(Looper.java:223)
03-05 11:35:56.089 32135 32135 W os.SingleLiceFactory: at android.app.ActivityThread.main(ActivityThread.java:7957)
03-05 11:35:56.089 32135 32135 W os.SingleLiceFactory: at java.lang.reflect.Method.invoke(Native Method)
03-05 11:35:56.089 32135 32135 W os.SingleLiceFactory: at com.android.internal.os.RuntimeInit$MethodAndArgsCaller.run(RuntimeInit.java:603)
03-05 11:35:56.089 32135 32135 W os.SingleLiceFactory: at com.android.internal.os.ZygoteInit.main(ZygoteInit.java:947)
03-05 11:35:56.089 32135 32135 W os.SingleLiceFactory: Caused by: java.lang.ClassNotFoundException: com.transsion.notification.NotificationLiceFactory
03-05 11:35:56.089 32135 32135 W os.SingleLiceFactory: ... 26 more
03-05 11:35:56.197 32135 32135 E com.mbwhatsapp: Invalid ID 0x00000000.
03-05 11:35:56.198 32135 32135 W System.err: android.content.res.Resources$NotFoundException: String resource ID #0x0
03-05 11:35:56.198 32135 32135 W System.err:
03-05 11:35:56.198 32135 32135 W System.err: at android.content.res.Resources.getText(Resources.java:444)
03-05 11:35:56.198 32135 32135 W System.err:
03-05 11:35:56.198 32135 32135 W System.err: at android.content.res.Resources.getString(Resources.java:537)
03-05 11:35:56.198 32135 32135 W System.err:
03-05 11:35:56.198 32135 32135 W System.err: at X.35t.A0E(Unknown Source:46)
03-05 11:35:56.198 32135 32135 W System.err:
03-05 11:35:56.198 32135 32135 W System.err: at com.mbwhatsapp.yo.yo.getString(Native Method)
03-05 11:35:56.198 32135 32135 W System.err:
03-05 11:35:56.198 32135 32135 W System.err: at com.mbwhatsapp.yo.yo.getString(Native Method)
03-05 11:35:56.198 32135 32135 W System.err:
03-05 11:35:56.198 32135 32135 W System.err: at com.mbwhatsapp.youbasha.task.utils.requestAllFilesAccess14(Native Method)
03-05 11:35:56.199 32135 32135 W System.err:
03-05 11:35:56.199 32135 32135 W System.err: at com.mbwhatsapp.yo.dep.showStoragePermissionRequest(Native Method)
03-05 11:35:56.199 32135 32135 W System.err:
03-05 11:35:56.199 32135 32135 W System.err: at com.mbwhatsapp.registration.EULA.onCreate(Unknown Source:248)
03-05 11:35:56.199 32135 32135 W System.err:
03-05 11:35:56.199 32135 32135 W System.err: at android.app.Activity.performCreate(Activity.java:8078)
03-05 11:35:56.199 32135 32135 W System.err:
03-05 11:35:56.199 32135 32135 W System.err: at android.app.Activity.performCreate(Activity.java:8061)
03-05 11:35:56.199 32135 32135 W System.err:
03-05 11:35:56.199 32135 32135 W System.err: at android.app.Instrumentation.callActivityOnCreate(Instrumentation.java:1309)
03-05 11:35:56.199 32135 32135 W System.err:
03-05 11:35:56.199 32135 32135 W System.err: at android.app.ActivityThread.performLaunchActivity(ActivityThread.java:3484)
03-05 11:35:56.199 32135 32135 W System.err:
03-05 11:35:56.199 32135 32135 W System.err: at android.app.ActivityThread.handleLaunchActivity(ActivityThread.java:3692)
03-05 11:35:56.199 32135 32135 W System.err:
03-05 11:35:56.199 32135 32135 W System.err: at android.app.servertransaction.LaunchActivityItem.execute(LaunchActivityItem.java:85 )
03-05 11:35:56.199 32135 32135 W System.err:
03-05 11:35:56.200 32135 32135 W System.err: at android.app.servertransaction.TransactionExecutor.executeCallbacks(TransactionExecu tor.java:135)
03-05 11:35:56.200 32135 32135 W System.err:
03-05 11:35:56.200 32135 32135 W System.err: at android.app.servertransaction.TransactionExecutor.execute(TransactionExecutor.java: 95)
03-05 11:35:56.200 32135 32135 W System.err:
03-05 11:35:56.200 32135 32135 W System.err: at android.app.ActivityThread$H.handleMessage(ActivityThread.java:2120)
03-05 11:35:56.200 32135 32135 W System.err:
03-05 11:35:56.200 32135 32135 W System.err: at android.os.Handler.dispatchMessage(Handler.java:106)
03-05 11:35:56.200 32135 32135 W System.err:
03-05 11:35:56.200 32135 32135 W System.err: at android.os.Looper.loop(Looper.java:223)
03-05 11:35:56.200 32135 32135 W System.err:
03-05 11:35:56.200 32135 32135 W System.err: at android.app.ActivityThread.main(ActivityThread.java:7957)
03-05 11:35:56.200 32135 32135 W System.err:
03-05 11:35:56.200 32135 32135 W System.err: at java.lang.reflect.Method.invoke(Native Method)
03-05 11:35:56.200 32135 32135 W System.err:
03-05 11:35:56.200 32135 32135 W System.err: at com.android.internal.os.RuntimeInit$MethodAndArgsCaller.run(RuntimeInit.java:603)
03-05 11:35:56.200 32135 32135 W System.err:
03-05 11:35:56.200 32135 32135 W System.err: at com.android.internal.os.ZygoteInit.main(ZygoteInit.java:947)
03-05 11:35:56.201 32135 32135 W System.err:
03-05 11:35:56.256 32135 32135 W Activity: Can request only one set of permissions at a time
03-05 11:35:56.311 32135 32211 E RenderScript: Failed loading RS driver: dlopen failed: library "libRSDriverArm.so" not found
03-05 11:35:56.311 32135 32211 E RenderScript: Failed to load runtime libRSDriverArm.so, loading default
03-05 11:35:56.377 32135 32135 E ArmVmp : Match on catch block at 0x0a in for 0x135
03-05 11:35:56.390 32135 32135 W com.mbwhatsapp: ClassLoaderContext classpath size mismatch. expected=10, found=8 (PCL[];PCL[/system/framework/com.android.location.provider.jar*1664931834:/system/ framework/services.jar*3535614047:/system/framework/services.jar! classes2.dex*696135923:/system/framework/ethernet-service.jar*1348117330:/system/ framework/securitycom-services.jar*3594948402:/system/framework/ com.unisoc.sdk.common.jar*2570362985:/apex/com.android.permission/javalib/service- permission.jar*3693367866:/apex/com.android.wifi/javalib/service- wifi.jar*3519064187:/apex/com.android.ipsec/javalib/ android.net.ipsec.ike.jar*2305641059:/apex/com.transsion.mi.os.framework/javalib/ os-services.jar*429808114] | PCL[];PCL[/data/app/~~AShoomr5-ynfvxGSrC8bWA==/com.mbwhatsapp-eG0oxkIGGXbdC- B5hprPfg==/base.apk*1416788599:/data/app/~~AShoomr5-ynfvxGSrC8bWA==/com.mbwhatsapp- eG0oxkIGGXbdC-B5hprPfg==/base.apk!classes2.dex*1195520896:/data/app/~~AShoomr5- ynfvxGSrC8bWA==/com.mbwhatsapp-eG0oxkIGGXbdC-B5hprPfg==/base.apk! classes3.dex*3411973279:/data/app/~~AShoomr5-ynfvxGSrC8bWA==/com.mbwhatsapp- eG0oxkIGGXbdC-B5hprPfg==/base.apk!classes4.dex*139949962:/data/app/~~AShoomr5- ynfvxGSrC8bWA==/com.mbwhatsapp-eG0oxkIGGXbdC-B5hprPfg==/base.apk! classes5.dex*3810408200:/data/app/~~AShoomr5-ynfvxGSrC8bWA==/com.mbwhatsapp- eG0oxkIGGXbdC-B5hprPfg==/base.apk!classes6.dex*3828114170:/data/app/~~AShoomr5- ynfvxGSrC8bWA==/com.mbwhatsapp-eG0oxkIGGXbdC-B5hprPfg==/base.apk! classes7.dex*3896375018:/data/app/~~AShoomr5-ynfvxGSrC8bWA==/com.mbwhatsapp- eG0oxkIGGXbdC-B5hprPfg==/base.apk!classes8.dex*4284976671]{PCL[/system/framework/ org.apache.http.legacy.jar*1326222439]})
03-05 11:35:56.412 32135 32135 E Dialog : show dialog view=DecorView@4a1dd8f[EULA]
03-05 11:35:56.510 32135 32135 E OpenGLRenderer: ~SkiaDisplayList() ##### pid = 32135
03-05 11:35:56.542 32135 32205 E libc : Access denied finding property "persist.vendor.sf.fbc"
03-05 11:35:56.542 32135 32205 E libc : Access denied finding property "persist.vendor.gpu.fbc"
03-05 11:35:56.542 32135 32205 E libc : Access denied finding property "persist.vendor.vsp.fbc"
03-05 11:35:57.194 32135 32135 E com.mbwhatsapp: Invalid ID 0x00000000.
03-05 11:35:57.201 32135 32135 E com.mbwhatsapp: Invalid ID 0x00000000.
03-05 11:35:57.201 32135 32135 E com.mbwhatsapp: Invalid ID 0x00000000.
03-05 11:35:57.201 32135 32135 E com.mbwhatsapp: Invalid ID 0x00000000.
03-05 11:35:58.043 32135 32205 W libEGL : EGLNativeWindowType 0xb40000709c3cc190 disconnect failed
03-05 11:36:11.870 32135 32205 W libEGL : EGLNativeWindowType 0xb40000709c376f10 disconnect failed
03-05 11:36:11.942 32135 32205 W libEGL : EGLNativeWindowType 0xb40000709c376f10 disconnect failed
03-05 11:36:14.613 32135 32205 W libEGL : EGLNativeWindowType 0xb40000709c376f10 disconnect failed
03-05 11:36:16.455 32135 1050 E ShortcutInfoCompatSaver: Failed to load saved values from file /data/user/0/com.mbwhatsapp/files/ShortcutInfoCompatSaver_share_targets/ targets.xml. Old state removed, new added
03-05 11:36:16.455 32135 1050 E ShortcutInfoCompatSaver: java.io.FileNotFoundException: /data/user/0/com.mbwhatsapp/files/ShortcutInfoCompatSaver_share_targets/ targets.xml: open failed: ENOENT (No such file or directory)
03-05 11:36:16.455 32135 1050 E ShortcutInfoCompatSaver: at libcore.io.IoBridge.open(IoBridge.java:492)
03-05 11:36:16.455 32135 1050 E ShortcutInfoCompatSaver: at java.io.FileInputStream.<init>(FileInputStream.java:160)
03-05 11:36:16.455 32135 1050 E ShortcutInfoCompatSaver: at X.0nz.run(Unknown Source:82)
03-05 11:36:16.455 32135 1050 E ShortcutInfoCompatSaver: at java.util.concurrent.Executors$RunnableAdapter.call(Executors.java:462)
03-05 11:36:16.455 32135 1050 E ShortcutInfoCompatSaver: at java.util.concurrent.FutureTask.run(FutureTask.java:266)
03-05 11:36:16.455 32135 1050 E ShortcutInfoCompatSaver: at java.util.concurrent.ThreadPoolExecutor.runWorker(ThreadPoolExecutor.java:1167)
03-05 11:36:16.455 32135 1050 E ShortcutInfoCompatSaver: at java.util.concurrent.ThreadPoolExecutor$Worker.run(ThreadPoolExecutor.java:641)
03-05 11:36:16.455 32135 1050 E ShortcutInfoCompatSaver: at java.lang.Thread.run(Thread.java:923)
03-05 11:36:16.455 32135 1050 E ShortcutInfoCompatSaver: Caused by: android.system.ErrnoException: open failed: ENOENT (No such file or directory)
03-05 11:36:16.455 32135 1050 E ShortcutInfoCompatSaver: at libcore.io.Linux.open(Native Method)
03-05 11:36:16.455 32135 1050 E ShortcutInfoCompatSaver: at libcore.io.ForwardingOs.open(ForwardingOs.java:166)
03-05 11:36:16.455 32135 1050 E ShortcutInfoCompatSaver: at libcore.io.BlockGuardOs.open(BlockGuardOs.java:254)
03-05 11:36:16.455 32135 1050 E ShortcutInfoCompatSaver: at libcore.io.ForwardingOs.open(ForwardingOs.java:166)
03-05 11:36:16.455 32135 1050 E ShortcutInfoCompatSaver: at android.app.ActivityThread$AndroidOs.open(ActivityThread.java:7818)
03-05 11:36:16.455 32135 1050 E ShortcutInfoCompatSaver: at libcore.io.IoBridge.open(IoBridge.java:478)
03-05 11:36:16.455 32135 1050 E ShortcutInfoCompatSaver: ... 7 more
03-05 11:36:16.589 32135 32135 W com.mbwhatsapp: type=1400 audit(0.0:231598): avc: denied { read } for name="osrelease" dev="proc" ino=8336791 scontext=u:r:untrusted_app:s0:c137,c257,c512,c768 tcontext=u:object_r:proc:s0 tclass=file permissive=0 app=com.mbwhatsapp
03-05 11:36:16.589 32135 32135 W com.mbwhatsapp: type=1400 audit(0.0:231599): avc: denied { read } for name="version" dev="proc" ino=8336792 scontext=u:r:untrusted_app:s0:c137,c257,c512,c768 tcontext=u:object_r:proc:s0 tclass=file permissive=0 app=com.mbwhatsapp
03-05 11:36:16.661 32135 32205 W libEGL : EGLNativeWindowType 0xb40000709c3ff310 disconnect failed
03-05 11:36:24.840 32135 32135 E Dialog : show dialog view=DecorView@6ec338c[EULA]
03-05 11:36:25.081 32135 32135 W BottomSheetBehavior: BottomSheetBehavior now supports multiple callbacks. `setBottomSheetCallback()` removes all existing callbacks, including ones set internally by library authors, which may result in unintended behavior. This may change in the future. Please use `addBottomSheetCallback()` and `removeBottomSheetCallback()` instead to set your own callbacks.
03-05 11:36:26.224 32135 32205 W libEGL : EGLNativeWindowType 0xb40000709c418bd0 disconnect failed
03-05 11:36:26.492 32135 32205 W libEGL : EGLNativeWindowType 0xb40000709c3d49d0 disconnect failed
03-05 11:36:27.897 32135 32205 W libEGL : EGLNativeWindowType 0xb40000709c418bd0 disconnect failed
03-05 11:36:27.918 32135 32205 W libEGL : EGLNativeWindowType 0xb40000709c430280 disconnect failed
03-05 11:36:38.851 32135 32135 E Dialog : show dialog view=DecorView@e291184[RegisterPhone]
03-05 11:36:39.202 32135 32150 W System : A resource failed to call release.
03-05 11:36:39.209 32135 32150 W System : A resource failed to call release.
03-05 11:36:39.400 32135 32181 E PlayCore: UID: [10393] PID: [32135] StandardIntegrity : Phonesky is not installed.
03-05 11:36:40.730 32135 32205 W libEGL : EGLNativeWindowType 0xb40000709c40bf70 disconnect failed
03-05 11:36:40.790 32135 32135 E Dialog : show dialog view=DecorView@78de244[RegisterPhone]
03-05 11:36:44.018 32135 32205 W libEGL : EGLNativeWindowType 0xb40000709c40bf70 disconnect failed
03-05 11:36:44.485 32135 32135 E Dialog : show dialog view=DecorView@49c1a65[VerifyPhoneNumber]
03-05 11:36:45.027 32135 32205 W libEGL : EGLNativeWindowType 0xb40000709c430280 disconnect failed
03-05 11:36:45.082 32135 32205 W libEGL : EGLNativeWindowType 0xb40000709c45efe0 disconnect failed
03-05 11:36:48.126 32135 32205 W libEGL : EGLNativeWindowType 0xb40000709c45abc0 disconnect failed
03-05 11:36:48.352 32135 32135 W IInputConnectionWrapper: getSelectedText on inactive InputConnection
03-05 11:36:48.742 32135 32205 W libEGL : EGLNativeWindowType 0xb40000709c45efe0 disconnect failed
03-05 11:36:53.136 32135 32205 W libEGL : EGLNativeWindowType 0xb40000709c45abc0 disconnect failed
03-05 11:36:59.434 32135 32150 W System : A resource failed to call release.
03-05 11:37:16.539 32135 32205 W libEGL : EGLNativeWindowType 0xb40000709c450170 disconnect failed
03-05 11:37:19.739 32135 32205 W libEGL : EGLNativeWindowType 0xb40000709c450170 disconnect failed
03-05 11:37:45.930 32135 32205 W libEGL : EGLNativeWindowType 0xb40000709c4169c0 disconnect failed
03-05 11:37:50.579 32135 32150 W System : A resource failed to call dispose.
03-05 11:37:57.379 32135 32135 E Dialog : show dialog view=DecorView@6730ce9[EULA]
03-05 11:37:57.519 32135 32135 W BottomSheetBehavior: BottomSheetBehavior now supports multiple callbacks. `setBottomSheetCallback()` removes all existing callbacks, including ones set internally by library authors, which may result in unintended behavior. This may change in the future. Please use `addBottomSheetCallback()` and `removeBottomSheetCallback()` instead to set your own callbacks.
03-05 11:37:59.897 32135 32205 W libEGL : EGLNativeWindowType 0xb40000709c3e7c60 disconnect failed
03-05 11:38:00.213 32135 32205 W libEGL : EGLNativeWindowType 0xb40000709c41f200 disconnect failed
03-05 11:38:13.611 32135 32135 W X.0Z6 : Invalid or missing region code (Venezuela) provided.
03-05 11:38:14.102 32135 32205 W libEGL : EGLNativeWindowType 0xb40000709c3e7c60 disconnect failed
03-05 11:38:14.123 32135 32205 W libEGL : EGLNativeWindowType 0xb40000709c43acd0 disconnect failed --------- beginning of system --------- beginning of main
03-05 11:57:12.724 32135 32205 W libEGL : EGLNativeWindowType 0xb40000709c3bb110 disconnect failed
03-05 11:57:15.622 6886 6886 E com.mbwhatsapp: Not starting debugger since process cannot load the jdwp agent.
03-05 11:57:15.884 6886 6886 W System.err: java.lang.ClassNotFoundException: mbmodsd.mbmodsw.ui.views.btn.BtnBK
03-05 11:57:15.886 6886 6886 W System.err: at java.lang.Runtime.nativeLoad(Native Method)
03-05 11:57:15.886 6886 6886 W System.err: at java.lang.Runtime.nativeLoad(Runtime.java:1131)
03-05 11:57:15.886 6886 6886 W System.err: at java.lang.Runtime.loadLibrary0(Runtime.java:1085)
03-05 11:57:15.886 6886 6886 W System.err: at java.lang.Runtime.loadLibrary0(Runtime.java:1008)
03-05 11:57:15.886 6886 6886 W System.err: at java.lang.System.loadLibrary(System.java:1664)
03-05 11:57:15.886 6886 6886 W System.err: at arm.EpicVm.<clinit>(Unknown Source:2)
03-05 11:57:15.886 6886 6886 W System.err: at java.lang.Class.newInstance(Native Method)
03-05 11:57:15.886 6886 6886 W System.err: at android.app.AppComponentFactory.instantiateApplication(AppComponentFactory.java:76)
03-05 11:57:15.886 6886 6886 W System.err: at androidx.core.app.CoreComponentFactory.instantiateApplication(Unknown Source:0)
03-05 11:57:15.886 6886 6886 W System.err: at android.app.Instrumentation.newApplication(Instrumentation.java:1158)
03-05 11:57:15.886 6886 6886 W System.err: at android.app.LoadedApk.makeApplication(LoadedApk.java:1268)
03-05 11:57:15.886 6886 6886 W System.err: at android.app.ActivityThread.handleBindApplication(ActivityThread.java:6891)
03-05 11:57:15.886 6886 6886 W System.err: at android.app.ActivityThread.access$1300(ActivityThread.java:260)
03-05 11:57:15.886 6886 6886 W System.err: at android.app.ActivityThread$H.handleMessage(ActivityThread.java:1967)
03-05 11:57:15.886 6886 6886 W System.err: at android.os.Handler.dispatchMessage(Handler.java:106)
03-05 11:57:15.886 6886 6886 W System.err: at android.os.Looper.loop(Looper.java:223)
03-05 11:57:15.886 6886 6886 W System.err: at android.app.ActivityThread.main(ActivityThread.java:7957)
03-05 11:57:15.886 6886 6886 W System.err: at java.lang.reflect.Method.invoke(Native Method)
03-05 11:57:15.886 6886 6886 W System.err: at com.android.internal.os.RuntimeInit$MethodAndArgsCaller.run(RuntimeInit.java:603)
03-05 11:57:15.886 6886 6886 W System.err: at com.android.internal.os.ZygoteInit.main(ZygoteInit.java:947)
03-05 11:57:15.969 6886 6886 E CustomActivityOnCrash: IMPORTANT WARNING! You already have an UncaughtExceptionHandler, are you sure this is correct? If you use a custom UncaughtExceptionHandler, you must initialize it AFTER CustomActivityOnCrash! Installing anyway, but your original handler will not be called.
03-05 11:57:16.601 6886 6886 W com.mbwhatsapp: Accessing hidden method Lcom/android/org/conscrypt/OpenSSLSocketImpl;->setUseSessionTickets(Z)V (greylist- max-q,test-api, reflection, denied)
03-05 11:57:16.601 6886 6886 W com.mbwhatsapp: Accessing hidden method Lcom/android/org/conscrypt/AbstractConscryptSocket;->setUseSessionTickets(Z)V (greylist-max-q, reflection, denied)
03-05 11:57:16.684 6886 6886 W linker : Warning: "/data/data/com.mbwhatsapp/files/decompressed/libs.spk.zst/libc++_shared.so" unused DT entry: unknown processor-specific (type 0x70000001 arg 0x0) (ignoring)
03-05 11:57:16.677 6886 6886 W com.mbwhatsapp: type=1400 audit(0.0:237035): avc: granted { execute } for path="/data/data/com.mbwhatsapp/files/decompressed/libs.spk.zst/libc++_shared.so" dev="dm-11" ino=122677 scontext=u:r:untrusted_app:s0:c137,c257,c512,c768 tcontext=u:object_r:app_data_file:s0:c137,c257,c512,c768 tclass=file app=com.mbwhatsapp
03-05 11:57:16.689 6886 6886 W com.mbwhatsapp: type=1400 audit(0.0:237036): avc: granted { execute } for path="/data/data/com.mbwhatsapp/files/decompressed/libs.spk.zst/libvlc.so" dev="dm- 11" ino=151307 scontext=u:r:untrusted_app:s0:c137,c257,c512,c768 tcontext=u:object_r:app_data_file:s0:c137,c257,c512,c768 tclass=file app=com.mbwhatsapp
03-05 11:57:16.701 6886 6886 W com.mbwhatsapp: type=1400 audit(0.0:237037): avc: granted { execute } for path="/data/data/com.mbwhatsapp/files/decompressed/libs.spk.zst/libwhatsapp.so" dev="dm-11" ino=147978 scontext=u:r:untrusted_app:s0:c137,c257,c512,c768 tcontext=u:object_r:app_data_file:s0:c137,c257,c512,c768 tclass=file app=com.mbwhatsapp
03-05 11:57:16.769 6886 6886 W com.mbwhatsapp: type=1400 audit(0.0:237038): avc: granted { execute } for path="/data/data/com.mbwhatsapp/files/decompressed/libs.spk.zst/libcurve25519.so" dev="dm-11" ino=145983 scontext=u:r:untrusted_app:s0:c137,c257,c512,c768 tcontext=u:object_r:app_data_file:s0:c137,c257,c512,c768 tclass=file app=com.mbwhatsapp
03-05 11:57:16.781 6886 6886 W com.mbwhatsapp: type=1400 audit(0.0:237039): avc: granted { execute } for path="/data/data/com.mbwhatsapp/files/decompressed/libs.spk.zst/libwhatsapp.so" dev="dm-11" ino=147978 scontext=u:r:untrusted_app:s0:c137,c257,c512,c768 tcontext=u:object_r:app_data_file:s0:c137,c257,c512,c768 tclass=file app=com.mbwhatsapp
03-05 11:57:16.781 6886 6886 W com.mbwhatsapp: type=1400 audit(0.0:237042): avc: denied { execmod } for path="/apex/com.android.runtime/lib64/bionic/libc.so" dev="loop23" ino=33 scontext=u:r:untrusted_app:s0:c137,c257,c512,c768 tcontext=u:object_r:system_lib_file:s0 tclass=file permissive=0 app=com.mbwhatsapp
03-05 11:57:16.893 6886 6886 W CheckTime: App running slow: Executing handleBindApplication : callApplicationOnCreate took 858ms
03-05 11:57:16.897 6886 6937 W com.mbwhatsapp: Class X.2rL failed lock verification and will run slower.
03-05 11:57:16.897 6886 6937 W com.mbwhatsapp: Common causes for lock verification issues are non-optimized dex code
03-05 11:57:16.897 6886 6937 W com.mbwhatsapp: and incorrect proguard optimizations.