The document contains a log of system events related to the initialization of the 'ventraprepago' application. It details various processes, library loads, and initialization statuses, including Firebase and native libraries. Additionally, there are warnings about accessing hidden fields and classpath mismatches.
We take content rights seriously. If you suspect this is your content, claim it here.
Available Formats
Download as TXT, PDF, TXT or read online on Scribd
0 ratings0% found this document useful (0 votes)
10 views3 pages
AppVentas Logcat 1743645472666
The document contains a log of system events related to the initialization of the 'ventraprepago' application. It details various processes, library loads, and initialization statuses, including Firebase and native libraries. Additionally, there are warnings about accessing hidden fields and classpath mismatches.
We take content rights seriously. If you suspect this is your content, claim it here.
Available Formats
Download as TXT, PDF, TXT or read online on Scribd
You are on page 1/ 3
--------- beginning of main
04-02 20:57:51.770 4167 4167 I o.ventraprepago: Late-enabling -Xcheck:jni
04-02 20:57:51.799 4167 4167 I o.ventraprepago: Using CollectorTypeCMC GC.
04-02 20:57:51.819 4167 4167 D nativeloader: Load libframework-connectivity- tiramisu-jni.so using APEX ns com_android_tethering for caller /apex/com.android.tethering/javalib/framework-connectivity-t.jar: ok
04-02 20:57:51.822 4167 4167 I MessageMonitor: Load libmiui_runtime --------- beginning of system
04-02 20:57:51.835 4167 15355 D MiuiDownscaleImpl: set override inverted scale : 1.0
04-02 20:57:51.836 4167 15355 D AppScoutStateMachine: 4167- ScoutStateMachinecreated
04-02 20:57:51.847 4167 4167 I JavaheapMonitor: Disabled. Process name: <pre- initialized>
04-02 20:57:51.851 4167 4167 D MiuiMonitorThread: Shared singleton Thread for stability monitor start
04-02 20:57:51.866 4167 4167 D ActivityThread: setEmbeddedParam packageName=com.zytrust.claro.ventraprepago processName=com.zytrust.claro.ventraprepago isEmbedded=false isIsolated=false
04-02 20:57:51.898 4167 4167 D nativeloader: Configuring clns-7 for other apk /data/app/~~7zLgC328h57ibWw9FcpuMw==/com.zytrust.claro.ventraprepago- AzYgSaWn43Pu4ozdFBZLDA==/base.apk. target_sdk_version=33, uses_libraries=, library_path=/data/app/~~7zLgC328h57ibWw9FcpuMw==/com.zytrust.claro.ventraprepago- AzYgSaWn43Pu4ozdFBZLDA==/lib/arm64:/data/app/~~7zLgC328h57ibWw9FcpuMw==/ com.zytrust.claro.ventraprepago-AzYgSaWn43Pu4ozdFBZLDA==/base.apk!/lib/arm64-v8a, permitted_path=/data:/mnt/expand:/data/user/0/com.zytrust.claro.ventraprepago
04-02 20:57:51.906 4167 4167 V GraphicsEnvironment: Currently set values for:
04-02 20:57:51.906 4167 4167 V GraphicsEnvironment: angle_gl_driver_selection_pkgs=[com.android.angle, com.linecorp.b612.android, com.campmobile.snow, com.google.android.apps.tachyon]
04-02 20:57:51.906 4167 4167 V GraphicsEnvironment: angle_gl_driver_selection_values=[angle, native, native, native]
04-02 20:57:51.906 4167 4167 V GraphicsEnvironment: com.zytrust.claro.ventraprepago is not listed in per-application setting
04-02 20:57:51.907 4167 4167 V GraphicsEnvironment: App is not on the allowlist for updatable production driver.
04-02 20:57:51.908 4167 15360 I ActivityThread: TrafficStats init done
04-02 20:57:51.912 4167 4167 D ActivityThread: useGrowthLimitOutExpendMethod invoke error.
04-02 20:57:51.921 4167 15360 I ForceDarkHelperStubImpl: initialize for com.zytrust.claro.ventraprepago , ForceDarkAppConfig: null
04-02 20:57:51.921 4167 4167 D CompatChangeReporter: Compat change id reported: 183155436; UID 10374; state: ENABLED
04-02 20:57:51.922 4167 15360 D nativeloader: Load libforcedarkimpl.so using system ns (caller=/system_ext/framework/miui-framework.jar): ok
04-02 20:57:51.923 4167 15360 D HWUI : JNI_OnLoad success
04-02 20:57:51.923 4167 15360 I MiuiForceDarkConfig: setConfig density:3.000000, mainRule:0, secondaryRule:0, tertiaryRule:0
04-02 20:57:51.924 4167 15360 I ActivityThread: Miui Feature Init done
04-02 20:57:51.939 4167 4167 I FirebaseApp: Device unlocked: initializing all Firebase APIs for app [DEFAULT]
04-02 20:57:51.949 4167 4167 I FirebaseInitProvider: FirebaseApp initialization successful
04-02 20:57:51.968 4167 15375 W o.ventraprepago: ClassLoaderContext classpath size mismatch. expected=1, found=0 (DLC[];PCL[base.apk*3585829629]{PCL[/system/framework/org.apache.http.legacy.jar*40 25584831]#PCL[/system/framework/ com.android.media.remotedisplay.jar*2042759013]#PCL[/system/framework/ com.android.location.provider.jar*3414091812]#PCL[/system_ext/framework/ androidx.window.extensions.jar*3059430538]#PCL[/system_ext/framework/ androidx.window.sidecar.jar*150681844]} | DLC[];PCL[])
04-02 20:57:51.969 4167 15375 I o.ventraprepago: Waiting for a blocking GC ClassLinker
04-02 20:57:51.974 4167 15375 I DynamiteModule: Considering local module com.google.android.gms.measurement.dynamite:83 and remote module com.google.android.gms.measurement.dynamite:140
04-02 20:57:51.974 4167 15375 I DynamiteModule: Selected remote version of com.google.android.gms.measurement.dynamite, version >= 140
04-02 20:57:51.974 4167 15375 V DynamiteModule: Dynamite loader version >= 2, using loadModule2NoCrashUtils
04-02 20:57:51.984 4167 4167 D WM-WrkMgrInitializer: Initializing WorkManager with default configuration.
04-02 20:57:51.991 4167 15375 W System : ClassLoader referenced unknown path:
04-02 20:57:51.992 4167 15375 D nativeloader: Configuring clns-8 for other apk . target_sdk_version=35, uses_libraries=, library_path=/data/app/~~sXOOyB0djg_Vm8qrSe5CDw==/com.google.android.gms- fIrtzR_sX6Cs2xFauYHrKg==/lib/arm64:/data/app/~~sXOOyB0djg_Vm8qrSe5CDw==/ com.google.android.gms-fIrtzR_sX6Cs2xFauYHrKg==/base.apk!/lib/arm64-v8a, permitted_path=/data:/mnt/expand:/data/user/0/com.google.android.gms
04-02 20:57:52.008 4167 4167 W o.ventraprepago: Accessing hidden field Lcom/android/org/conscrypt/OpenSSLSocketFactoryImpl;->sslParameters:Lcom/android/ org/conscrypt/SSLParametersImpl; (unsupported, reflection, allowed)
04-02 20:57:52.008 4167 4167 W o.ventraprepago: Accessing hidden field Lcom/android/org/conscrypt/SSLParametersImpl;->x509TrustManager:Ljavax/net/ssl/ X509TrustManager; (unsupported, reflection, allowed)
04-02 20:57:52.029 4167 15375 W o.ventraprepago: ClassLoaderContext classpath element checksum mismatch. expected=3585829629, found=3511423204 (DLC[];PCL[base.apk*3585829629]{PCL[/system/framework/org.apache.http.legacy.jar*40 25584831]#PCL[/system/framework/ com.android.media.remotedisplay.jar*2042759013]#PCL[/system/framework/ com.android.location.provider.jar*3414091812]#PCL[/system_ext/framework/ androidx.window.extensions.jar*3059430538]#PCL[/system_ext/framework/ androidx.window.sidecar.jar*150681844]} | DLC[];PCL[/data/app/~~7zLgC328h57ibWw9FcpuMw==/com.zytrust.claro.ventraprepago- AzYgSaWn43Pu4ozdFBZLDA==/base.apk*3511423204])
04-02 20:57:52.123 4167 15402 E o.ventraprepago: No package ID 76 found for resource ID 0x760b000f.
04-02 20:57:52.130 4167 15402 E o.ventraprepago: No package ID 76 found for resource ID 0x760b000f.
04-02 20:57:52.130 4167 15402 I FA : App measurement initialized, version: 118018
04-02 20:57:52.130 4167 15402 I FA : To enable debug logging run: adb shell setprop log.tag.FA VERBOSE
04-02 20:57:52.131 4167 15402 I FA : To enable faster debug mode event logging run:
04-02 20:57:52.131 4167 15402 I FA : adb shell setprop debug.firebase.analytics.app com.zytrust.claro.ventraprepago
04-02 20:57:52.137 4167 15391 D TrafficStats: tagSocket(160) with statsTag=0x8003, statsUid=-1
04-02 20:57:52.188 4167 15402 I FA : Tag Manager is not found and thus will not be used
04-02 20:57:52.561 4167 15414 I stetho : Listening on @stetho_com.zytrust.claro.ventraprepago_devtools_remote
04-02 20:57:52.586 4167 4167 D nativeloader: Load /data/app/~~7zLgC328h57ibWw9FcpuMw==/com.zytrust.claro.ventraprepago- AzYgSaWn43Pu4ozdFBZLDA==/lib/arm64/libffid_dynamic.so using ns clns-7 from class loader (caller=/data/app/~~7zLgC328h57ibWw9FcpuMw==/com.zytrust.claro.ventraprepago- AzYgSaWn43Pu4ozdFBZLDA==/base.apk!classes18.dex): ok
04-02 20:57:52.643 4167 4167 D com.veridiumid.sdk.fourf.FourFLoader: FourF Successful init
04-02 20:57:52.643 4167 4167 D VeridiumSDKFourFInitializer: Native lib load time: 81ms
04-02 20:57:52.644 4167 4167 D com.veridiumid.sdk.VeridiumSDK: Initialized com.veridiumid.sdk.fourf.VeridiumSDKFourFInitializer@89f5273 in 82ms
04-02 20:57:52.657 4167 4167 D com.veridiumid.sdk.defaultdata.DataStorage: Initialized
04-02 20:57:52.657 4167 4167 D com.veridiumid.sdk.VeridiumSDK: Initialized com.veridiumid.sdk.defaultdata.VeridiumSDKDataInitializer@624945c in 13ms
04-02 20:57:52.662 4167 4167 D nativeloader: Load /data/app/~~7zLgC328h57ibWw9FcpuMw==/com.zytrust.claro.ventraprepago- AzYgSaWn43Pu4ozdFBZLDA==/lib/arm64/libsodium.so using ns clns-7 from class loader (caller=/data/app/~~7zLgC328h57ibWw9FcpuMw==/com.zytrust.claro.ventraprepago- AzYgSaWn43Pu4ozdFBZLDA==/base.apk!classes18.dex): ok
04-02 20:57:52.662 4167 4167 D nativeloader: Load /data/app/~~7zLgC328h57ibWw9FcpuMw==/com.zytrust.claro.ventraprepago-