03-22 20:56:17.326 24530 24530 W Ads : at com.android.okhttp.internal.http.StreamAllocation.findConnection(StreamAllocation.j ava:186)
03-22 20:56:17.326 24530 24530 W Ads : at com.android.okhttp.internal.http.StreamAllocation.findHealthyConnection(StreamAlloc ation.java:128)
03-22 20:56:17.326 24530 24530 W Ads : at com.android.okhttp.internal.http.StreamAllocation.newStream(StreamAllocation.java:9 7)
03-22 20:56:17.326 24530 24530 W Ads : at com.android.okhttp.internal.http.HttpEngine.connect(HttpEngine.java:289)
03-22 20:56:17.326 24530 24530 W Ads : at com.android.okhttp.internal.http.HttpEngine.sendRequest(HttpEngine.java:232)
03-22 20:56:17.326 24530 24530 W Ads : at com.android.okhttp.internal.huc.HttpURLConnectionImpl.execute(HttpURLConnectionImpl .java:465)
03-22 20:56:17.326 24530 24530 W Ads : at com.android.okhttp.internal.huc.HttpURLConnectionImpl.connect(HttpURLConnectionImpl .java:131)
03-22 20:56:17.326 24530 24530 W Ads : at com.android.okhttp.internal.huc.DelegatingHttpsURLConnection.connect(DelegatingHttp sURLConnection.java:90)
03-22 20:56:17.326 24530 24530 W Ads : at com.android.okhttp.internal.huc.HttpsURLConnectionImpl.connect(HttpsURLConnectionIm pl.java:30)
03-22 20:56:17.326 24530 24530 W Ads : at com.google.android.gms.ads.internal.video.google3exoplayer.b.b(:com.google.android. gms.policy_ads_fdr_dynamite@[email protected]:184)
03-22 20:56:17.326 24530 24530 W Ads : ... 5 more
03-22 20:56:17.603 24530 24530 W Ads : Precache exception
03-22 20:56:17.603 24530 24530 W Ads : m.il: java.net.SocketTimeoutException: timeout
03-22 20:56:17.603 24530 24530 W Ads : at com.google.android.gms.ads.internal.video.google3exoplayer.b.a(:com.google.android. gms.policy_ads_fdr_dynamite@[email protected]:147)
03-22 20:56:17.603 24530 24530 W Ads : at m.it.a(:com.google.android.gms.policy_ads_fdr_dynamite@[email protected] 1528.691591528:3)
03-22 20:56:17.603 24530 24530 W Ads : at m.aba.b(:com.google.android.gms.policy_ads_fdr_dynamite@[email protected] 91528.691591528:11)
03-22 20:56:17.603 24530 24530 W Ads : at m.aba.l(:com.google.android.gms.policy_ads_fdr_dynamite@[email protected] 91528.691591528:43)
03-22 20:56:17.603 24530 24530 W Ads : at m.aba.m(:com.google.android.gms.policy_ads_fdr_dynamite@[email protected] 91528.691591528:1)
03-22 20:56:17.603 24530 24530 W Ads : at m.afa.a(:com.google.android.gms.policy_ads_fdr_dynamite@[email protected] 91528.691591528:42)
03-22 20:56:17.603 24530 24530 W Ads : at m.aew.h(:com.google.android.gms.policy_ads_fdr_dynamite@[email protected] 91528.691591528:2)
03-22 20:56:17.603 24530 24530 W Ads : at m.tu.b(:com.google.android.gms.policy_ads_fdr_dynamite@[email protected] 1528.691591528:35)
03-22 20:56:17.603 24530 24530 W Ads : at m.yn.run(:com.google.android.gms.policy_ads_fdr_dynamite@[email protected] 591528.691591528:407)
03-22 20:56:17.603 24530 24530 W Ads : at java.util.concurrent.ThreadPoolExecutor.runWorker(ThreadPoolExecutor.java:1167)
03-22 20:56:17.603 24530 24530 W Ads : at java.util.concurrent.ThreadPoolExecutor$Worker.run(ThreadPoolExecutor.java:641)
03-22 20:56:17.603 24530 24530 W Ads : at java.lang.Thread.run(Thread.java:920)
03-22 20:56:17.603 24530 24530 W Ads : Caused by: java.net.SocketTimeoutException: timeout
03-22 20:56:17.603 24530 24530 W Ads : at com.android.okhttp.okio.Okio$3.newTimeoutException(Okio.java:214)
03-22 20:56:17.603 24530 24530 W Ads : at com.android.okhttp.okio.AsyncTimeout.exit(AsyncTimeout.java:263)
03-22 20:56:17.603 24530 24530 W Ads : at com.android.okhttp.okio.AsyncTimeout$2.read(AsyncTimeout.java:217)
03-22 20:56:17.603 24530 24530 W Ads : at com.android.okhttp.okio.RealBufferedSource.read(RealBufferedSource.java:51)
03-22 20:56:17.603 24530 24530 W Ads : at com.android.okhttp.internal.http.Http1xStream$FixedLengthSource.read(Http1xStream.j ava:395)
03-22 20:56:17.603 24530 24530 W Ads : at com.android.okhttp.okio.RealBufferedSource$1.read(RealBufferedSource.java:372)
03-22 20:56:17.603 24530 24530 W Ads : at com.google.android.gms.ads.internal.video.google3exoplayer.b.a(:com.google.android. gms.policy_ads_fdr_dynamite@[email protected]:114)
03-22 20:56:17.603 24530 24530 W Ads : ... 11 more
03-22 20:56:17.603 24530 24530 W Ads : Caused by: java.net.SocketException: Socket closed
03-22 20:56:17.603 24530 24530 W Ads : at java.net.SocketInputStream.read(SocketInputStream.java:209)
03-22 20:56:17.603 24530 24530 W Ads : at java.net.SocketInputStream.read(SocketInputStream.java:144)
03-22 20:56:17.603 24530 24530 W Ads : at com.android.org.conscrypt.ConscryptEngineSocket$SSLInputStream.readFromSocket(Consc ryptEngineSocket.java:945)
03-22 20:56:17.603 24530 24530 W Ads : at com.android.org.conscrypt.ConscryptEngineSocket$SSLInputStream.processDataFromSocke t(ConscryptEngineSocket.java:909)
03-22 20:56:17.603 24530 24530 W Ads : at com.android.org.conscrypt.ConscryptEngineSocket$SSLInputStream.readUntilDataAvailab le(ConscryptEngineSocket.java:824)
03-22 20:56:17.603 24530 24530 W Ads : at com.android.org.conscrypt.ConscryptEngineSocket$SSLInputStream.read(ConscryptEngine Socket.java:797)
03-22 20:56:17.603 24530 24530 W Ads : at com.android.okhttp.okio.Okio$2.read(Okio.java:138)
03-22 20:56:17.603 24530 24530 W Ads : at com.android.okhttp.okio.AsyncTimeout$2.read(AsyncTimeout.java:213)
03-22 20:56:17.603 24530 24530 W Ads : ... 15 more
03-22 20:56:18.965 24530 25229 I DMCodecAdapterFactory: Creating an asynchronous MediaCodec adapter for track type audio
03-22 20:56:18.967 24530 25229 I MediaCodec: CreateByComponentName:c2.android.aac.decoder pid:-1
03-22 20:56:18.971 24530 25257 I CCodec : allocate(c2.android.aac.decoder)
03-22 20:56:18.973 24530 25257 I Codec2Client: Available Codec2 services: "default" "software"
03-22 20:56:18.977 24530 25257 I CCodec : setting up 'default' as default (vendor) store
03-22 20:56:18.993 24530 25257 I CCodec : Created component [c2.android.aac.decoder]
03-22 20:56:18.994 24530 25257 D CCodecConfig: read media type: audio/mp4a-latm
03-22 20:56:19.002 24530 25257 D ReflectedParamUpdater: extent() != 1 for single value type: algo.buffers.max-count.values
03-22 20:56:19.003 24530 25257 D ReflectedParamUpdater: extent() != 1 for single value type: output.subscribed-indices.values
03-22 20:56:19.003 24530 25257 D ReflectedParamUpdater: extent() != 1 for single value type: input.buffers.allocator-ids.values
03-22 20:56:19.004 24530 25257 D ReflectedParamUpdater: extent() != 1 for single value type: output.buffers.allocator-ids.values
03-22 20:56:19.004 24530 25257 D ReflectedParamUpdater: extent() != 1 for single value type: algo.buffers.allocator-ids.values
03-22 20:56:19.005 24530 25257 D ReflectedParamUpdater: extent() != 1 for single value type: output.buffers.pool-ids.values
03-22 20:56:19.005 24530 25257 D ReflectedParamUpdater: extent() != 1 for single value type: algo.buffers.pool-ids.values
03-22 20:56:19.017 24530 25257 I CCodecConfig: query failed after returning 19 values (BAD_INDEX)
03-22 20:56:19.018 24530 25257 D CCodecConfig: c2 config diff is Dict {
03-22 20:56:19.018 24530 25257 D CCodecConfig: c2::u32 coded.aac-packaging.value = 0
03-22 20:56:19.018 24530 25257 D CCodecConfig: c2::u32 coded.bitrate.value = 64000
03-22 20:56:19.018 24530 25257 D CCodecConfig: c2::u32 coded.pl.level = 0
03-22 20:56:19.018 24530 25257 D CCodecConfig: c2::u32 coded.pl.profile = 8192
03-22 20:56:19.018 24530 25257 D CCodecConfig: c2::i32 coding.drc.album- mode.value = 0
03-22 20:56:19.018 24530 25257 D CCodecConfig: c2::float coding.drc.attenuation- factor.value = 1
03-22 20:56:19.018 24530 25257 D CCodecConfig: c2::float coding.drc.boost- factor.value = 1
03-22 20:56:19.018 24530 25257 D CCodecConfig: c2::i32 coding.drc.compression- mode.value = 3
03-22 20:56:19.018 24530 25257 D CCodecConfig: c2::i32 coding.drc.effect- type.value = 3
03-22 20:56:19.018 24530 25257 D CCodecConfig: c2::float coding.drc.encoded- level.value = 0.25
03-22 20:56:19.018 24530 25257 D CCodecConfig: c2::float coding.drc.reference- level.value = -16
03-22 20:56:19.018 24530 25257 D CCodecConfig: c2::u32 input.buffers.max- size.value = 8192
03-22 20:56:19.018 24530 25257 D CCodecConfig: c2::u32 input.delay.value = 0
03-22 20:56:19.018 24530 25257 D CCodecConfig: string input.media-type.value = "audio/mp4a-latm"
03-22 20:56:19.018 24530 25257 D CCodecConfig: c2::u32 output.delay.value = 2
03-22 20:56:19.018 24530 25257 D CCodecConfig: c2::float output.drc.output- loudness.value = 0.25
03-22 20:56:19.018 24530 25257 D CCodecConfig: string output.media-type.value = "audio/raw"
03-22 20:56:19.018 24530 25257 D CCodecConfig: c2::u32 raw.channel-count.value = 1
03-22 20:56:19.018 24530 25257 D CCodecConfig: c2::u32 raw.max-channel- count.value = 8
03-22 20:56:19.018 24530 25257 D CCodecConfig: c2::u32 raw.sample-rate.value = 44100
03-22 20:56:19.018 24530 25257 D CCodecConfig: }
03-22 20:56:19.023 24530 25257 I MediaCodec: MediaCodec will operate in async mode
03-22 20:56:19.024 24530 25257 D MediaCodec: flushMediametrics
03-22 20:56:19.026 24530 25257 D CCodec : [c2.android.aac.decoder] buffers are bound to CCodec for this session
03-22 20:56:19.026 24530 25257 D CCodecConfig: no c2 equivalents for log-session-id
03-22 20:56:19.026 24530 25257 D CCodecConfig: no c2 equivalents for flags
03-22 20:56:19.027 24530 25257 D CCodecConfig: c2 config diff is c2::u32 raw.channel-count.value = 2
03-22 20:56:19.030 24530 25257 W Codec2Client: query -- param skipped: index = 1107298332.
03-22 20:56:19.030 24530 25257 D CCodec : setup formats input: AMessage(what = 0x00000000) = {
03-22 20:56:19.030 24530 25257 D CCodec : int32_t aac-drc-album-mode = 0
03-22 20:56:19.030 24530 25257 D CCodec : int32_t aac-drc-boost-level = 127
03-22 20:56:19.030 24530 25257 D CCodec : int32_t aac-drc-cut-level = 127
03-22 20:56:19.030 24530 25257 D CCodec : int32_t aac-drc-effect-type = 3
03-22 20:56:19.030 24530 25257 D CCodec : int32_t aac-encoded-target-level = -1
03-22 20:56:19.030 24530 25257 D CCodec : int32_t aac-max-output-channel_count = 8
03-22 20:56:19.030 24530 25257 D CCodec : int32_t aac-target-ref-level = 64
03-22 20:56:19.030 24530 25257 D CCodec : int32_t bitrate = 64000
03-22 20:56:19.030 24530 25257 D CCodec : int32_t channel-count = 2
03-22 20:56:19.030 24530 25257 D CCodec : int32_t level = 0
03-22 20:56:19.030 24530 25257 D CCodec : int32_t max-input-size = 8192
03-22 20:56:19.030 24530 25257 D CCodec : string mime = "audio/mp4a-latm"
03-22 20:56:19.030 24530 25257 D CCodec : int32_t profile = 2
03-22 20:56:19.030 24530 25257 D CCodec : int32_t sample-rate = 44100
03-22 20:56:19.030 24530 25257 D CCodec : }
03-22 20:56:19.030 24530 25257 D CCodec : setup formats output: AMessage(what = 0x00000000) = {
03-22 20:56:19.030 24530 25257 D CCodec : int32_t aac-drc-album-mode = 0
03-22 20:56:19.030 24530 25257 D CCodec : int32_t aac-drc-boost-level = 127
03-22 20:56:19.030 24530 25257 D CCodec : int32_t aac-drc-cut-level = 127
03-22 20:56:19.030 24530 25257 D CCodec : int32_t aac-drc-effect-type = 3
03-22 20:56:19.030 24530 25257 D CCodec : int32_t aac-drc-output-loudness = -1
03-22 20:56:19.030 24530 25257 D CCodec : int32_t aac-encoded-target-level = -1
03-22 20:56:19.030 24530 25257 D CCodec : int32_t aac-max-output-channel_count = 8
03-22 20:56:19.030 24530 25257 D CCodec : int32_t aac-target-ref-level = 64
03-22 20:56:19.030 24530 25257 D CCodec : int32_t channel-count = 2
03-22 20:56:19.030 24530 25257 D CCodec : string mime = "audio/raw"
03-22 20:56:19.030 24530 25257 D CCodec : int32_t sample-rate = 44100
03-22 20:56:19.030 24530 25257 D CCodec : }
03-22 20:56:19.030 24530 25257 I CCodecConfig: query failed after returning 19 values (BAD_INDEX)
03-22 20:56:19.032 24530 25229 D MediaCodec: keep callback message for reclaim
03-22 20:56:19.035 24530 25257 W Codec2Client: query -- param skipped: index = 1342179345.
03-22 20:56:19.035 24530 25257 W Codec2Client: query -- param skipped: index = 2415921170.
03-22 20:56:19.035 24530 25257 W Codec2Client: query -- param skipped: index = 1610614798.
03-22 20:56:19.035 24530 25257 D C2Store : Using ION
03-22 20:56:19.038 24530 25257 D CCodecBufferChannel: [c2.android.aac.decoder#293] Created input block pool with allocatorID 16 => poolID 17 - OK (0)
03-22 20:56:19.041 24530 25257 I CCodecBufferChannel: [c2.android.aac.decoder#293] Created output block pool with allocatorID 16 => poolID 1957 - OK
03-22 20:56:19.042 24530 25257 D CCodecBufferChannel: [c2.android.aac.decoder#293] Configured output block pool ids 1957 => OK
03-22 20:56:19.044 24530 25257 E ion : ioctl c0044901 failed with code -1: Inappropriate ioctl for device
03-22 20:56:19.074 24530 25229 I DMCodecAdapterFactory: Creating an asynchronous MediaCodec adapter for track type video
03-22 20:56:19.075 24530 25229 I MediaCodec: CreateByComponentName:c2.unisoc.vp9.decoder pid:-1
03-22 20:56:19.079 24530 25267 I CCodec : allocate(c2.unisoc.vp9.decoder)
03-22 20:56:19.082 24530 25267 I CCodec : setting up 'default' as default (vendor) store
03-22 20:56:19.094 24530 25267 I CCodec : Created component [c2.unisoc.vp9.decoder]
03-22 20:56:19.095 24530 25267 D CCodecConfig: read media type: video/x-vnd.on2.vp9
03-22 20:56:19.100 24530 25267 D ReflectedParamUpdater: extent() != 1 for single value type: algo.buffers.max-count.values
03-22 20:56:19.101 24530 25267 D ReflectedParamUpdater: extent() != 1 for single value type: output.subscribed-indices.values
03-22 20:56:19.101 24530 25267 D ReflectedParamUpdater: extent() != 1 for single value type: input.buffers.allocator-ids.values
03-22 20:56:19.101 24530 25267 D ReflectedParamUpdater: extent() != 1 for single value type: output.buffers.allocator-ids.values
03-22 20:56:19.102 24530 25267 D ReflectedParamUpdater: extent() != 1 for single value type: algo.buffers.allocator-ids.values
03-22 20:56:19.102 24530 25267 D ReflectedParamUpdater: extent() != 1 for single value type: output.buffers.pool-ids.values
03-22 20:56:19.102 24530 25267 D ReflectedParamUpdater: extent() != 1 for single value type: algo.buffers.pool-ids.values
03-22 20:56:19.106 24530 25267 D ReflectedParamUpdater: ignored struct field coded.color-format.locations
03-22 20:56:19.108 24530 25267 D CCodecConfig: ignoring local param raw.size (0xd2001800) as it is already supported
03-22 20:56:19.110 24530 25267 D ReflectedParamUpdater: ignored struct field raw.hdr-static-info.mastering
03-22 20:56:19.113 24530 25267 I CCodecConfig: query failed after returning 13 values (BAD_INDEX)
03-22 20:56:19.113 24530 25267 D CCodecConfig: c2 config diff is Dict {
03-22 20:56:19.113 24530 25267 D CCodecConfig: c2::i32 algo.priority.value = -1
03-22 20:56:19.113 24530 25267 D CCodecConfig: c2::float algo.rate.value = -1
03-22 20:56:19.113 24530 25267 D CCodecConfig: c2::u32 coded.pl.level = 0
03-22 20:56:19.113 24530 25267 D CCodecConfig: c2::u32 coded.pl.profile = 0
03-22 20:56:19.113 24530 25267 D CCodecConfig: c2::u32 default.color.matrix = 0
03-22 20:56:19.113 24530 25267 D CCodecConfig: c2::u32 default.color.primaries = 0
03-22 20:56:19.113 24530 25267 D CCodecConfig: c2::u32 default.color.range = 0
03-22 20:56:19.113 24530 25267 D CCodecConfig: c2::u32 default.color.transfer = 0
03-22 20:56:19.113 24530 25267 D CCodecConfig: c2::u32 input.buffers.max- size.value = 1048576
03-22 20:56:19.113 24530 25267 D CCodecConfig: c2::u32 input.delay.value = 0
03-22 20:56:19.113 24530 25267 D CCodecConfig: Buffer input.hdr10-plus-info.value = {
03-22 20:56:19.113 24530 25267 D CCodecConfig: }
03-22 20:56:19.113 24530 25267 D CCodecConfig: string input.media-type.value = "video/x-vnd.on2.vp9"
03-22 20:56:19.113 24530 25267 D CCodecConfig: c2::u32 output.delay.value = 8
03-22 20:56:19.113 24530 25267 D CCodecConfig: Buffer output.hdr10-plus- info.value = {
03-22 20:56:19.113 24530 25267 D CCodecConfig: }
03-22 20:56:19.113 24530 25267 D CCodecConfig: string output.media-type.value = "video/raw"
03-22 20:56:19.113 24530 25267 D CCodecConfig: c2::u32 raw.max-size.height = 240
03-22 20:56:19.113 24530 25267 D CCodecConfig: c2::u32 raw.max-size.width = 320
03-22 20:56:19.113 24530 25267 D CCodecConfig: c2::u32 raw.pixel-format.value = 35
03-22 20:56:19.113 24530 25267 D CCodecConfig: c2::i32 raw.rotation.flip = 0
03-22 20:56:19.113 24530 25267 D CCodecConfig: c2::i32 raw.rotation.value = 0
03-22 20:56:19.113 24530 25267 D CCodecConfig: c2::u32 raw.sar.height = 1
03-22 20:56:19.113 24530 25267 D CCodecConfig: c2::u32 raw.sar.width = 1
03-22 20:56:19.113 24530 25267 D CCodecConfig: c2::u32 raw.size.height = 240
03-22 20:56:19.113 24530 25267 D CCodecConfig: c2::u32 raw.size.width = 320
03-22 20:56:19.113 24530 25267 D CCodecConfig: c2::u32 raw.surface-scaling.value = 1
03-22 20:56:19.113 24530 25267 D CCodecConfig: }
03-22 20:56:19.115 24530 25267 W ColorUtils: expected specified color aspects (0:0:0:0)
03-22 20:56:19.119 24530 25266 I MediaCodec: MediaCodec will operate in async mode
03-22 20:56:19.120 24530 25266 D MediaCodec: flushMediametrics
03-22 20:56:19.123 24530 25266 D SurfaceUtils: connecting to surface 0xbf391808, reason connectToSurface
03-22 20:56:19.123 24530 25266 I MediaCodec: [c2.unisoc.vp9.decoder] setting surface generation to 25118721
03-22 20:56:19.123 24530 25266 D SurfaceUtils: disconnecting from surface 0xbf391808, reason connectToSurface(reconnect)
03-22 20:56:19.123 24530 25266 D SurfaceUtils: connecting to surface 0xbf391808, reason connectToSurface(reconnect)
03-22 20:56:19.124 24530 25267 D CCodec : [c2.unisoc.vp9.decoder] buffers are bound to CCodec for this session
03-22 20:56:19.125 24530 25267 D CCodecConfig: no c2 equivalents for log-session-id
03-22 20:56:19.125 24530 25267 D CCodecConfig: no c2 equivalents for color-standard
03-22 20:56:19.125 24530 25267 D CCodecConfig: no c2 equivalents for native-window
03-22 20:56:19.125 24530 25267 D CCodecConfig: no c2 equivalents for flags
03-22 20:56:19.126 24530 25267 D CCodecConfig: config failed => CORRUPTED
03-22 20:56:19.128 24530 25267 D CCodecConfig: c2 config diff is c2::i32 algo.priority.value = 0
03-22 20:56:19.128 24530 25267 D CCodecConfig: c2::u32 default.color.matrix = 1
03-22 20:56:19.128 24530 25267 D CCodecConfig: c2::u32 default.color.primaries = 1
03-22 20:56:19.128 24530 25267 D CCodecConfig: c2::u32 default.color.range = 2
03-22 20:56:19.128 24530 25267 D CCodecConfig: c2::u32 default.color.transfer = 3
03-22 20:56:19.128 24530 25267 D CCodecConfig: c2::u32 raw.max-size.height = 1280
03-22 20:56:19.128 24530 25267 D CCodecConfig: c2::u32 raw.max-size.width = 720
03-22 20:56:19.128 24530 25267 D CCodecConfig: c2::u32 raw.size.height = 1280
03-22 20:56:19.128 24530 25267 D CCodecConfig: c2::u32 raw.size.width = 720
03-22 20:56:19.130 24530 25267 W Codec2Client: query -- param skipped: index = 1107298332.
03-22 20:56:19.130 24530 25267 D CCodec : client requested max input size 345600, which is smaller than what component recommended (1048576); overriding with component recommendation.
03-22 20:56:19.130 24530 25267 W CCodec : This behavior is subject to change. It is recommended that app developers double check whether the requested max input size is in reasonable range.
03-22 20:56:19.130 24530 25267 D CCodec : setup formats input: AMessage(what = 0x00000000) = {
03-22 20:56:19.130 24530 25267 D CCodec : int32_t height = 1280
03-22 20:56:19.130 24530 25267 D CCodec : int32_t max-input-size = 1048576
03-22 20:56:19.130 24530 25267 D CCodec : string mime = "video/x-vnd.on2.vp9"
03-22 20:56:19.130 24530 25267 D CCodec : int32_t priority = 0
03-22 20:56:19.130 24530 25267 D CCodec : int32_t width = 720
03-22 20:56:19.130 24530 25267 D CCodec : Rect crop(0, 0, 719, 1279)
03-22 20:56:19.130 24530 25267 D CCodec : }
03-22 20:56:19.131 24530 25267 D CCodec : setup formats output: AMessage(what = 0x00000000) = {
03-22 20:56:19.131 24530 25267 D CCodec : int32_t android._color-format = 2135033992
03-22 20:56:19.131 24530 25267 D CCodec : int32_t android._video-scaling = 1
03-22 20:56:19.131 24530 25267 D CCodec : Rect crop(0, 0, 719, 1279)
03-22 20:56:19.131 24530 25267 D CCodec : int32_t color-standard = 1
03-22 20:56:19.131 24530 25267 D CCodec : int32_t color-range = 2
03-22 20:56:19.131 24530 25267 D CCodec : int32_t color-transfer = 3
03-22 20:56:19.131 24530 25267 D CCodec : Buffer hdr10-plus-info = {
03-22 20:56:19.131 24530 25267 D CCodec : }
03-22 20:56:19.131 24530 25267 D CCodec : int32_t height = 1280
03-22 20:56:19.131 24530 25267 D CCodec : int32_t max-height = 1280
03-22 20:56:19.131 24530 25267 D CCodec : int32_t max-width = 720
03-22 20:56:19.131 24530 25267 D CCodec : string mime = "video/raw"
03-22 20:56:19.131 24530 25267 D CCodec : int32_t priority = 0
03-22 20:56:19.131 24530 25267 D CCodec : int32_t rotation-degrees = 0
03-22 20:56:19.131 24530 25267 D CCodec : int32_t sar-height = 1
03-22 20:56:19.131 24530 25267 D CCodec : int32_t sar-width = 1
03-22 20:56:19.131 24530 25267 D CCodec : int32_t width = 720
03-22 20:56:19.131 24530 25267 D CCodec : int32_t android._dataspace = 260
03-22 20:56:19.131 24530 25267 D CCodec : int32_t color-format = 2130708361
03-22 20:56:19.131 24530 25267 D CCodec : }
03-22 20:56:19.131 24530 25267 I CCodecConfig: query failed after returning 13 values (BAD_INDEX)
03-22 20:56:19.133 24530 25229 D MediaCodec: keep callback message for reclaim
03-22 20:56:19.134 24530 25267 W Codec2Client: query -- param skipped: index = 1342179345.
03-22 20:56:19.134 24530 25267 W Codec2Client: query -- param skipped: index = 2415921170.
03-22 20:56:19.134 24530 25267 W Codec2Client: query -- param skipped: index = 1610614798.
03-22 20:56:19.135 24530 25267 W Codec2Client: query -- param skipped: index = 2684356609.
03-22 20:56:19.136 24530 25267 D CCodecBufferChannel: [c2.unisoc.vp9.decoder#162] Created input block pool with allocatorID 16 => poolID 18 - OK (0)
03-22 20:56:19.137 24530 25267 D CCodecBufferChannel: [c2.unisoc.vp9.decoder#162] Query output surface allocator returned 0 params => BAD_INDEX (6)
03-22 20:56:19.138 24530 25267 I CCodecBufferChannel: [c2.unisoc.vp9.decoder#162] Created output block pool with allocatorID 18 => poolID 877 - OK
03-22 20:56:19.138 24530 25267 D CCodecBufferChannel: [c2.unisoc.vp9.decoder#162] Configured output block pool ids 877 => OK
03-22 20:56:19.138 24530 25267 D Codec2-OutputBufferQueue: remote graphic buffer migration 0/0
03-22 20:56:19.139 24530 25267 D Codec2Client: setOutputSurface -- failed to set consumer usage (6/BAD_INDEX)
03-22 20:56:19.139 24530 25267 D Codec2Client: setOutputSurface -- generation=25118721 consumer usage=0x900
03-22 20:56:19.141 24530 25267 D IMGGralloc: InsertBlankEntry: SPRD_DATA_SPACE ui64Stamp:593107,eYUVColorSpace:1, yuv_info:1
03-22 20:56:19.142 24530 25267 D IMGGralloc: Gralloc Register w:640, h:480, f:0x23, usage:0x100, ui64Stamp:593107, sSize:462848, line = 2379
03-22 20:56:19.143 24530 25267 D IMGGralloc: Gralloc Free w:640, h:480, f:0x23, usage:0x100, ui64Stamp:593107 line = 2529
03-22 20:56:19.144 24530 25267 D Codec2Client: Surface configure completed
03-22 20:56:19.156 24530 25261 D IMGGralloc: InsertBlankEntry: SPRD_DATA_SPACE ui64Stamp:593111,eYUVColorSpace:1, yuv_info:1
03-22 20:56:19.156 24530 25261 D IMGGralloc: Gralloc Register w:768, h:1280, f:0x106, usage:0x166, ui64Stamp:593111, sSize:1474560, line = 2379
03-22 20:56:19.161 24530 25261 D IMGGralloc: InsertBlankEntry: SPRD_DATA_SPACE ui64Stamp:593115,eYUVColorSpace:1, yuv_info:1
03-22 20:56:19.161 24530 25261 D IMGGralloc: Gralloc Register w:768, h:1280, f:0x106, usage:0x166, ui64Stamp:593115, sSize:1474560, line = 2379
03-22 20:56:19.162 24530 25229 I AudioTrack: set(): streamType -1, sampleRate 44100, format 0x1, channelMask 0x3, frameCount 15392, flags #0, notificationFrames 0, sessionId 18521, transferType 3, uid -1, pid -1
03-22 20:56:19.166 24530 25261 D IMGGralloc: InsertBlankEntry: SPRD_DATA_SPACE ui64Stamp:593119,eYUVColorSpace:1, yuv_info:1
03-22 20:56:19.166 24530 25261 D IMGGralloc: Gralloc Register w:768, h:1280, f:0x106, usage:0x166, ui64Stamp:593119, sSize:1474560, line = 2379
03-22 20:56:19.176 24530 25261 D IMGGralloc: Gralloc Register w:768, h:1280, f:0x106, usage:0x166, ui64Stamp:593111, sSize addr:0xf3343dd8, line = 2385
03-22 20:56:19.176 24530 25261 D IMGGralloc: GBuffer--------------(*format)=262
03-22 20:56:19.176 24530 25261 W libc : Access denied finding property "vendor.product.pvr.debug_level"
03-22 20:56:19.176 24530 25261 E IMGSRV : :1614: Gralloc1ValidateBufferSize: The stride 768 should not be bigger than buffer stride 720
03-22 20:56:19.177 24530 25267 D CCodecConfig: c2 config diff is c2::u32 raw.crop.height = 1280
03-22 20:56:19.177 24530 25267 D CCodecConfig: c2::u32 raw.crop.left = 0
03-22 20:56:19.177 24530 25267 D CCodecConfig: c2::u32 raw.crop.top = 0
03-22 20:56:19.177 24530 25267 D CCodecConfig: c2::u32 raw.crop.width = 720
03-22 20:56:19.178 24530 25261 D IMGGralloc: InsertBlankEntry: SPRD_DATA_SPACE ui64Stamp:593123,eYUVColorSpace:1, yuv_info:1
03-22 20:56:19.179 24530 25261 D IMGGralloc: Gralloc Register w:768, h:1280, f:0x106, usage:0x166, ui64Stamp:593123, sSize:1474560, line = 2379
03-22 20:56:19.185 24530 25261 D IMGGralloc: InsertBlankEntry: SPRD_DATA_SPACE ui64Stamp:593127,eYUVColorSpace:1, yuv_info:1
03-22 20:56:19.185 24530 25261 D IMGGralloc: Gralloc Register w:768, h:1280, f:0x106, usage:0x166, ui64Stamp:593127, sSize:1474560, line = 2379
03-22 20:56:19.192 24530 25261 D IMGGralloc: InsertBlankEntry: SPRD_DATA_SPACE ui64Stamp:593131,eYUVColorSpace:1, yuv_info:1
03-22 20:56:19.192 24530 25261 D IMGGralloc: Gralloc Register w:768, h:1280, f:0x106, usage:0x166, ui64Stamp:593131, sSize:1474560, line = 2379
03-22 20:56:19.193 24530 25261 D IMGGralloc: Gralloc Register w:768, h:1280, f:0x106, usage:0x166, ui64Stamp:593119, sSize addr:0xf3344558, line = 2385
03-22 20:56:19.193 24530 25261 D IMGGralloc: GBuffer--------------(*format)=262
03-22 20:56:19.193 24530 25261 E IMGSRV : :1614: Gralloc1ValidateBufferSize: The stride 768 should not be bigger than buffer stride 720
03-22 20:56:19.196 24530 25261 D IMGGralloc: Gralloc Register w:768, h:1280, f:0x106, usage:0x166, ui64Stamp:593123, sSize addr:0xf33447d8, line = 2385
03-22 20:56:19.196 24530 25261 D IMGGralloc: GBuffer--------------(*format)=262
03-22 20:56:19.196 24530 25261 E IMGSRV : :1614: Gralloc1ValidateBufferSize: The stride 768 should not be bigger than buffer stride 720
03-22 20:56:19.199 24530 25261 D IMGGralloc: InsertBlankEntry: SPRD_DATA_SPACE ui64Stamp:593135,eYUVColorSpace:1, yuv_info:1
03-22 20:56:19.199 24530 25261 D IMGGralloc: Gralloc Register w:768, h:1280, f:0x106, usage:0x166, ui64Stamp:593135, sSize:1474560, line = 2379
03-22 20:56:19.202 24530 25261 D IMGGralloc: Gralloc Register w:768, h:1280, f:0x106, usage:0x166, ui64Stamp:593127, sSize addr:0xf3344918, line = 2385
03-22 20:56:19.202 24530 25261 D IMGGralloc: GBuffer--------------(*format)=262
03-22 20:56:19.202 24530 25261 E IMGSRV : :1614: Gralloc1ValidateBufferSize: The stride 768 should not be bigger than buffer stride 720
03-22 20:56:19.216 24530 25229 D AudioTrack: wirte set SP_FOREGROUND
03-22 20:56:19.218 24530 25229 D AudioTrack: wirte set SP_FOREGROUND
03-22 20:56:19.223 24530 25266 W MediaCodec: mapFormat: no mediaType information
03-22 20:56:19.233 24530 25229 D AudioTrack: wirte set SP_FOREGROUND
03-22 20:56:19.234 24530 25229 D AudioTrack: wirte set SP_FOREGROUND
03-22 20:56:19.236 24530 25229 D AudioTrack: wirte set SP_FOREGROUND
03-22 20:56:19.237 24530 25229 D AudioTrack: wirte set SP_FOREGROUND
03-22 20:56:19.237 24530 25261 D IMGGralloc: Gralloc Register w:768, h:1280, f:0x106, usage:0x166, ui64Stamp:593131, sSize addr:0xf3344a58, line = 2385
03-22 20:56:19.237 24530 25261 D IMGGralloc: GBuffer--------------(*format)=262
03-22 20:56:19.238 24530 25261 E IMGSRV : :1614: Gralloc1ValidateBufferSize: The stride 768 should not be bigger than buffer stride 720
03-22 20:56:19.240 24530 25261 D IMGGralloc: InsertBlankEntry: SPRD_DATA_SPACE ui64Stamp:593139,eYUVColorSpace:1, yuv_info:1
03-22 20:56:19.243 24530 25261 D IMGGralloc: Gralloc Register w:768, h:1280, f:0x106, usage:0x166, ui64Stamp:593139, sSize:1474560, line = 2379
03-22 20:56:19.245 24530 25261 D IMGGralloc: Gralloc Register w:768, h:1280, f:0x106, usage:0x166, ui64Stamp:593135, sSize addr:0xf3344b98, line = 2385
03-22 20:56:19.245 24530 25261 D IMGGralloc: GBuffer--------------(*format)=262
03-22 20:56:19.245 24530 25261 E IMGSRV : :1614: Gralloc1ValidateBufferSize: The stride 768 should not be bigger than buffer stride 720
03-22 20:56:19.249 24530 25261 D IMGGralloc: InsertBlankEntry: SPRD_DATA_SPACE ui64Stamp:593143,eYUVColorSpace:1, yuv_info:1
03-22 20:56:19.250 24530 25261 D IMGGralloc: Gralloc Register w:768, h:1280, f:0x106, usage:0x166, ui64Stamp:593143, sSize:1474560, line = 2379
03-22 20:56:19.254 24530 25229 D AudioTrack: wirte set SP_FOREGROUND
03-22 20:56:19.256 24530 25229 D AudioTrack: wirte set SP_FOREGROUND
03-22 20:56:19.257 24530 25229 D AudioTrack: wirte set SP_FOREGROUND
03-22 20:56:19.258 24530 25229 D AudioTrack: wirte set SP_FOREGROUND
03-22 20:56:19.276 24530 25229 D AudioTrack: wirte set SP_FOREGROUND
03-22 20:56:19.277 24530 25229 D AudioTrack: wirte set SP_FOREGROUND
03-22 20:56:19.279 24530 25229 D AudioTrack: wirte set SP_FOREGROUND
03-22 20:56:19.280 24530 25229 D AudioTrack: wirte set SP_FOREGROUND
03-22 20:56:19.297 24530 25229 D AudioTrack: wirte set SP_FOREGROUND
03-22 20:56:19.298 24530 25229 D AudioTrack: wirte set SP_FOREGROUND
03-22 20:56:19.307 24530 25229 D AudioTrack: wirte set SP_FOREGROUND
03-22 20:56:19.317 24530 25229 D AudioTrack: wirte set SP_FOREGROUND
03-22 20:56:19.327 24530 25229 D AudioTrack: wirte set SP_FOREGROUND
03-22 20:56:19.337 24530 25229 D AudioTrack: wirte set SP_FOREGROUND
03-22 20:56:19.347 24530 25229 D AudioTrack: wirte set SP_FOREGROUND
03-22 20:56:19.358 24530 25229 D AudioTrack: wirte set SP_FOREGROUND
03-22 20:56:19.368 24530 25229 D AudioTrack: wirte set SP_FOREGROUND
03-22 20:56:19.378 24530 25229 D AudioTrack: wirte set SP_FOREGROUND
03-22 20:56:19.389 24530 25229 D AudioTrack: wirte set SP_FOREGROUND
03-22 20:56:19.400 24530 25229 D AudioTrack: wirte set SP_FOREGROUND
03-22 20:56:19.410 24530 25229 D AudioTrack: wirte set SP_FOREGROUND
03-22 20:56:19.420 24530 25229 D AudioTrack: wirte set SP_FOREGROUND
03-22 20:56:19.431 24530 25229 D AudioTrack: wirte set SP_FOREGROUND
03-22 20:56:19.441 24530 25229 D AudioTrack: wirte set SP_FOREGROUND
03-22 20:56:19.451 24530 25229 D AudioTrack: wirte set SP_FOREGROUND
03-22 20:56:19.461 24530 25229 D AudioTrack: wirte set SP_FOREGROUND
03-22 20:56:19.471 24530 25229 D AudioTrack: wirte set SP_FOREGROUND
03-22 20:56:19.482 24530 25229 D AudioTrack: wirte set SP_FOREGROUND
03-22 20:56:19.493 24530 25229 D AudioTrack: wirte set SP_FOREGROUND
03-22 20:56:19.504 24530 25229 D AudioTrack: wirte set SP_FOREGROUND
03-22 20:56:19.514 24530 25229 D AudioTrack: wirte set SP_FOREGROUND
03-22 20:56:19.524 24530 25229 D AudioTrack: wirte set SP_FOREGROUND
03-22 20:56:19.536 24530 25229 D AudioTrack: wirte set SP_FOREGROUND
03-22 20:56:19.546 24530 25229 D AudioTrack: wirte set SP_FOREGROUND
03-22 20:56:19.556 24530 25229 D AudioTrack: wirte set SP_FOREGROUND
03-22 20:56:19.566 24530 25229 D AudioTrack: wirte set SP_FOREGROUND
03-22 20:56:19.576 24530 25229 D AudioTrack: wirte set SP_FOREGROUND
03-22 20:56:19.587 24530 25229 D AudioTrack: wirte set SP_FOREGROUND
03-22 20:56:19.597 24530 25229 D AudioTrack: wirte set SP_FOREGROUND
03-22 20:56:19.607 24530 25229 D AudioTrack: wirte set SP_FOREGROUND
03-22 20:56:19.618 24530 25229 D AudioTrack: wirte set SP_FOREGROUND
03-22 20:56:19.626 24530 25220 I DMCodecAdapterFactory: Creating an asynchronous MediaCodec adapter for track type audio
03-22 20:56:19.627 24530 25220 I MediaCodec: CreateByComponentName:c2.android.aac.decoder pid:-1
03-22 20:56:19.629 24530 25229 D AudioTrack: wirte set SP_FOREGROUND
03-22 20:56:19.630 24530 25275 I CCodec : allocate(c2.android.aac.decoder)
03-22 20:56:19.633 24530 25275 I CCodec : setting up 'default' as default (vendor) store
03-22 20:56:19.638 24530 25229 D AudioTrack: wirte set SP_FOREGROUND
03-22 20:56:19.639 24530 25275 I CCodec : Created component [c2.android.aac.decoder]
03-22 20:56:19.639 24530 25275 D CCodecConfig: read media type: audio/mp4a-latm
03-22 20:56:19.645 24530 25275 D ReflectedParamUpdater: extent() != 1 for single value type: algo.buffers.max-count.values
03-22 20:56:19.646 24530 25275 D ReflectedParamUpdater: extent() != 1 for single value type: output.subscribed-indices.values
03-22 20:56:19.647 24530 25275 D ReflectedParamUpdater: extent() != 1 for single value type: input.buffers.allocator-ids.values
03-22 20:56:19.648 24530 25275 D ReflectedParamUpdater: extent() != 1 for single value type: output.buffers.allocator-ids.values
03-22 20:56:19.648 24530 25229 D AudioTrack: wirte set SP_FOREGROUND
03-22 20:56:19.648 24530 25275 D ReflectedParamUpdater: extent() != 1 for single value type: algo.buffers.allocator-ids.values
03-22 20:56:19.649 24530 25275 D ReflectedParamUpdater: extent() != 1 for single value type: output.buffers.pool-ids.values
03-22 20:56:19.649 24530 25275 D ReflectedParamUpdater: extent() != 1 for single value type: algo.buffers.pool-ids.values
03-22 20:56:19.658 24530 25229 D AudioTrack: wirte set SP_FOREGROUND
03-22 20:56:19.659 24530 25275 I CCodecConfig: query failed after returning 19 values (BAD_INDEX)
03-22 20:56:19.659 24530 25275 D CCodecConfig: c2 config diff is Dict {
03-22 20:56:19.659 24530 25275 D CCodecConfig: c2::u32 coded.aac-packaging.value = 0
03-22 20:56:19.659 24530 25275 D CCodecConfig: c2::u32 coded.bitrate.value = 64000
03-22 20:56:19.659 24530 25275 D CCodecConfig: c2::u32 coded.pl.level = 0
03-22 20:56:19.659 24530 25275 D CCodecConfig: c2::u32 coded.pl.profile = 8192
03-22 20:56:19.659 24530 25275 D CCodecConfig: c2::i32 coding.drc.album- mode.value = 0
03-22 20:56:19.659 24530 25275 D CCodecConfig: c2::float coding.drc.attenuation- factor.value = 1
03-22 20:56:19.659 24530 25275 D CCodecConfig: c2::float coding.drc.boost- factor.value = 1
03-22 20:56:19.659 24530 25275 D CCodecConfig: c2::i32 coding.drc.compression- mode.value = 3
03-22 20:56:19.659 24530 25275 D CCodecConfig: c2::i32 coding.drc.effect- type.value = 3
03-22 20:56:19.659 24530 25275 D CCodecConfig: c2::float coding.drc.encoded- level.value = 0.25
03-22 20:56:19.659 24530 25275 D CCodecConfig: c2::float coding.drc.reference- level.value = -16
03-22 20:56:19.659 24530 25275 D CCodecConfig: c2::u32 input.buffers.max- size.value = 8192
03-22 20:56:19.659 24530 25275 D CCodecConfig: c2::u32 input.delay.value = 0
03-22 20:56:19.659 24530 25275 D CCodecConfig: string input.media-type.value = "audio/mp4a-latm"
03-22 20:56:19.659 24530 25275 D CCodecConfig: c2::u32 output.delay.value = 2
03-22 20:56:19.659 24530 25275 D CCodecConfig: c2::float output.drc.output- loudness.value = 0.25
03-22 20:56:19.659 24530 25275 D CCodecConfig: string output.media-type.value = "audio/raw"
03-22 20:56:19.659 24530 25275 D CCodecConfig: c2::u32 raw.channel-count.value = 1
03-22 20:56:19.659 24530 25275 D CCodecConfig: c2::u32 raw.max-channel- count.value = 8
03-22 20:56:19.659 24530 25275 D CCodecConfig: c2::u32 raw.sample-rate.value = 44100
03-22 20:56:19.659 24530 25275 D CCodecConfig: }
03-22 20:56:19.663 24530 25275 I MediaCodec: MediaCodec will operate in async mode
03-22 20:56:19.664 24530 25275 D MediaCodec: flushMediametrics
03-22 20:56:19.664 24530 25275 D CCodec : [c2.android.aac.decoder] buffers are bound to CCodec for this session
03-22 20:56:19.664 24530 25275 D CCodecConfig: no c2 equivalents for log-session-id
03-22 20:56:19.664 24530 25275 D CCodecConfig: no c2 equivalents for flags
03-22 20:56:19.667 24530 25275 D CCodecConfig: c2 config diff is c2::u32 raw.channel-count.value = 2
03-22 20:56:19.668 24530 25229 D AudioTrack: wirte set SP_FOREGROUND
03-22 20:56:19.669 24530 25275 W Codec2Client: query -- param skipped: index = 1107298332.
03-22 20:56:19.670 24530 25275 D CCodec : setup formats input: AMessage(what = 0x00000000) = {
03-22 20:56:19.670 24530 25275 D CCodec : int32_t aac-drc-album-mode = 0
03-22 20:56:19.670 24530 25275 D CCodec : int32_t aac-drc-boost-level = 127
03-22 20:56:19.670 24530 25275 D CCodec : int32_t aac-drc-cut-level = 127
03-22 20:56:19.670 24530 25275 D CCodec : int32_t aac-drc-effect-type = 3
03-22 20:56:19.670 24530 25275 D CCodec : int32_t aac-encoded-target-level = -1
03-22 20:56:19.670 24530 25275 D CCodec : int32_t aac-max-output-channel_count = 8
03-22 20:56:19.670 24530 25275 D CCodec : int32_t aac-target-ref-level = 64
03-22 20:56:19.670 24530 25275 D CCodec : int32_t bitrate = 64000
03-22 20:56:19.670 24530 25275 D CCodec : int32_t channel-count = 2
03-22 20:56:19.670 24530 25275 D CCodec : int32_t level = 0
03-22 20:56:19.670 24530 25275 D CCodec : int32_t max-input-size = 8192
03-22 20:56:19.670 24530 25275 D CCodec : string mime = "audio/mp4a-latm"
03-22 20:56:19.670 24530 25275 D CCodec : int32_t profile = 2
03-22 20:56:19.670 24530 25275 D CCodec : int32_t sample-rate = 44100
03-22 20:56:19.670 24530 25275 D CCodec : }
03-22 20:56:19.670 24530 25275 D CCodec : setup formats output: AMessage(what = 0x00000000) = {
03-22 20:56:19.670 24530 25275 D CCodec : int32_t aac-drc-album-mode = 0
03-22 20:56:19.670 24530 25275 D CCodec : int32_t aac-drc-boost-level = 127
03-22 20:56:19.670 24530 25275 D CCodec : int32_t aac-drc-cut-level = 127
03-22 20:56:19.670 24530 25275 D CCodec : int32_t aac-drc-effect-type = 3
03-22 20:56:19.670 24530 25275 D CCodec : int32_t aac-drc-output-loudness = -1
03-22 20:56:19.670 24530 25275 D CCodec : int32_t aac-encoded-target-level = -1
03-22 20:56:19.670 24530 25275 D CCodec : int32_t aac-max-output-channel_count = 8
03-22 20:56:19.670 24530 25275 D CCodec : int32_t aac-target-ref-level = 64
03-22 20:56:19.670 24530 25275 D CCodec : int32_t channel-count = 2
03-22 20:56:19.670 24530 25275 D CCodec : string mime = "audio/raw"
03-22 20:56:19.670 24530 25275 D CCodec : int32_t sample-rate = 44100
03-22 20:56:19.670 24530 25275 D CCodec : }
03-22 20:56:19.671 24530 25275 I CCodecConfig: query failed after returning 19 values (BAD_INDEX)
03-22 20:56:19.672 24530 25220 D MediaCodec: keep callback message for reclaim
03-22 20:56:19.675 24530 25275 W Codec2Client: query -- param skipped: index = 1342179345.
03-22 20:56:19.675 24530 25275 W Codec2Client: query -- param skipped: index = 2415921170.
03-22 20:56:19.675 24530 25275 W Codec2Client: query -- param skipped: index = 1610614798.
03-22 20:56:19.677 24530 25275 D CCodecBufferChannel: [c2.android.aac.decoder#946] Created input block pool with allocatorID 16 => poolID 19 - OK (0)
03-22 20:56:19.678 24530 25229 D AudioTrack: wirte set SP_FOREGROUND
03-22 20:56:19.681 24530 25275 I CCodecBufferChannel: [c2.android.aac.decoder#946] Created output block pool with allocatorID 16 => poolID 1958 - OK
03-22 20:56:19.681 24530 25275 D CCodecBufferChannel: [c2.android.aac.decoder#946] Configured output block pool ids 1958 => OK
03-22 20:56:19.688 24530 25229 D AudioTrack: wirte set SP_FOREGROUND
03-22 20:56:19.698 24530 25229 D AudioTrack: wirte set SP_FOREGROUND
03-22 20:56:19.709 24530 25229 D AudioTrack: wirte set SP_FOREGROUND
03-22 20:56:19.711 24530 25220 I DMCodecAdapterFactory: Creating an asynchronous MediaCodec adapter for track type video
03-22 20:56:19.711 24530 25220 I MediaCodec: CreateByComponentName:c2.unisoc.vp9.decoder pid:-1
03-22 20:56:19.715 24530 25281 I CCodec : allocate(c2.unisoc.vp9.decoder)
03-22 20:56:19.718 24530 25281 I CCodec : setting up 'default' as default (vendor) store
03-22 20:56:19.719 24530 25229 D AudioTrack: wirte set SP_FOREGROUND
03-22 20:56:19.724 24530 25281 I CCodec : Created component [c2.unisoc.vp9.decoder]
03-22 20:56:19.725 24530 25281 D CCodecConfig: read media type: video/x-vnd.on2.vp9
03-22 20:56:19.729 24530 25229 D AudioTrack: wirte set SP_FOREGROUND
03-22 20:56:19.730 24530 25281 D ReflectedParamUpdater: extent() != 1 for single value type: algo.buffers.max-count.values
03-22 20:56:19.731 24530 25281 D ReflectedParamUpdater: extent() != 1 for single value type: output.subscribed-indices.values
03-22 20:56:19.731 24530 25281 D ReflectedParamUpdater: extent() != 1 for single value type: input.buffers.allocator-ids.values
03-22 20:56:19.731 24530 25281 D ReflectedParamUpdater: extent() != 1 for single value type: output.buffers.allocator-ids.values
03-22 20:56:19.732 24530 25281 D ReflectedParamUpdater: extent() != 1 for single value type: algo.buffers.allocator-ids.values
03-22 20:56:19.732 24530 25281 D ReflectedParamUpdater: extent() != 1 for single value type: output.buffers.pool-ids.values
03-22 20:56:19.732 24530 25281 D ReflectedParamUpdater: extent() != 1 for single value type: algo.buffers.pool-ids.values
03-22 20:56:19.736 24530 25281 D ReflectedParamUpdater: ignored struct field coded.color-format.locations
03-22 20:56:19.738 24530 25281 D CCodecConfig: ignoring local param raw.size (0xd2001800) as it is already supported
03-22 20:56:19.738 24530 25281 D ReflectedParamUpdater: ignored struct field raw.hdr-static-info.mastering
03-22 20:56:19.739 24530 25229 D AudioTrack: wirte set SP_FOREGROUND
03-22 20:56:19.741 24530 25281 I CCodecConfig: query failed after returning 13 values (BAD_INDEX)
03-22 20:56:19.741 24530 25281 D CCodecConfig: c2 config diff is Dict {
03-22 20:56:19.741 24530 25281 D CCodecConfig: c2::i32 algo.priority.value = -1
03-22 20:56:19.741 24530 25281 D CCodecConfig: c2::float algo.rate.value = -1
03-22 20:56:19.741 24530 25281 D CCodecConfig: c2::u32 coded.pl.level = 0
03-22 20:56:19.741 24530 25281 D CCodecConfig: c2::u32 coded.pl.profile = 0
03-22 20:56:19.741 24530 25281 D CCodecConfig: c2::u32 default.color.matrix = 0
03-22 20:56:19.741 24530 25281 D CCodecConfig: c2::u32 default.color.primaries = 0
03-22 20:56:19.741 24530 25281 D CCodecConfig: c2::u32 default.color.range = 0
03-22 20:56:19.741 24530 25281 D CCodecConfig: c2::u32 default.color.transfer = 0
03-22 20:56:19.741 24530 25281 D CCodecConfig: c2::u32 input.buffers.max- size.value = 1048576
03-22 20:56:19.741 24530 25281 D CCodecConfig: c2::u32 input.delay.value = 0
03-22 20:56:19.741 24530 25281 D CCodecConfig: Buffer input.hdr10-plus-info.value = {
03-22 20:56:19.741 24530 25281 D CCodecConfig: }
03-22 20:56:19.741 24530 25281 D CCodecConfig: string input.media-type.value = "video/x-vnd.on2.vp9"
03-22 20:56:19.741 24530 25281 D CCodecConfig: c2::u32 output.delay.value = 8
03-22 20:56:19.741 24530 25281 D CCodecConfig: Buffer output.hdr10-plus- info.value = {
03-22 20:56:19.741 24530 25281 D CCodecConfig: }
03-22 20:56:19.741 24530 25281 D CCodecConfig: string output.media-type.value = "video/raw"
03-22 20:56:19.741 24530 25281 D CCodecConfig: c2::u32 raw.max-size.height = 240
03-22 20:56:19.741 24530 25281 D CCodecConfig: c2::u32 raw.max-size.width = 320
03-22 20:56:19.741 24530 25281 D CCodecConfig: c2::u32 raw.pixel-format.value = 35
03-22 20:56:19.741 24530 25281 D CCodecConfig: c2::i32 raw.rotation.flip = 0
03-22 20:56:19.741 24530 25281 D CCodecConfig: c2::i32 raw.rotation.value = 0
03-22 20:56:19.741 24530 25281 D CCodecConfig: c2::u32 raw.sar.height = 1
03-22 20:56:19.741 24530 25281 D CCodecConfig: c2::u32 raw.sar.width = 1
03-22 20:56:19.741 24530 25281 D CCodecConfig: c2::u32 raw.size.height = 240
03-22 20:56:19.741 24530 25281 D CCodecConfig: c2::u32 raw.size.width = 320
03-22 20:56:19.741 24530 25281 D CCodecConfig: c2::u32 raw.surface-scaling.value = 1
03-22 20:56:19.741 24530 25281 D CCodecConfig: }
03-22 20:56:19.743 24530 25281 W ColorUtils: expected specified color aspects (0:0:0:0)
03-22 20:56:19.746 24530 25280 I MediaCodec: MediaCodec will operate in async mode
03-22 20:56:19.747 24530 25280 D MediaCodec: flushMediametrics
03-22 20:56:19.747 24530 25280 D SurfaceUtils: connecting to surface 0xbf888c08, reason connectToSurface
03-22 20:56:19.748 24530 25280 I MediaCodec: [c2.unisoc.vp9.decoder] setting surface generation to 25118722
03-22 20:56:19.748 24530 25280 D SurfaceUtils: disconnecting from surface 0xbf888c08, reason connectToSurface(reconnect)
03-22 20:56:19.748 24530 25280 D SurfaceUtils: connecting to surface 0xbf888c08, reason connectToSurface(reconnect)
03-22 20:56:19.749 24530 25229 D AudioTrack: wirte set SP_FOREGROUND
03-22 20:56:19.749 24530 25281 D CCodec : [c2.unisoc.vp9.decoder] buffers are bound to CCodec for this session
03-22 20:56:19.749 24530 25281 D CCodecConfig: no c2 equivalents for log-session-id
03-22 20:56:19.750 24530 25281 D CCodecConfig: no c2 equivalents for color-standard
03-22 20:56:19.750 24530 25281 D CCodecConfig: no c2 equivalents for native-window
03-22 20:56:19.750 24530 25281 D CCodecConfig: no c2 equivalents for flags
03-22 20:56:19.751 24530 25281 D CCodecConfig: config failed => CORRUPTED
03-22 20:56:19.752 24530 25281 D CCodecConfig: c2 config diff is c2::i32 algo.priority.value = 0
03-22 20:56:19.752 24530 25281 D CCodecConfig: c2::u32 default.color.matrix = 3
03-22 20:56:19.752 24530 25281 D CCodecConfig: c2::u32 default.color.primaries = 3
03-22 20:56:19.752 24530 25281 D CCodecConfig: c2::u32 default.color.range = 2
03-22 20:56:19.752 24530 25281 D CCodecConfig: c2::u32 default.color.transfer = 3
03-22 20:56:19.752 24530 25281 D CCodecConfig: c2::u32 raw.max-size.height = 360
03-22 20:56:19.752 24530 25281 D CCodecConfig: c2::u32 raw.max-size.width = 640
03-22 20:56:19.752 24530 25281 D CCodecConfig: c2::u32 raw.size.height = 360
03-22 20:56:19.752 24530 25281 D CCodecConfig: c2::u32 raw.size.width = 640
03-22 20:56:19.755 24530 25281 W Codec2Client: query -- param skipped: index = 1107298332.
03-22 20:56:19.755 24530 25281 D CCodec : client requested max input size 86400, which is smaller than what component recommended (1048576); overriding with component recommendation.
03-22 20:56:19.755 24530 25281 W CCodec : This behavior is subject to change. It is recommended that app developers double check whether the requested max input size is in reasonable range.
03-22 20:56:19.755 24530 25281 D CCodec : setup formats input: AMessage(what = 0x00000000) = {
03-22 20:56:19.755 24530 25281 D CCodec : int32_t height = 360
03-22 20:56:19.755 24530 25281 D CCodec : int32_t max-input-size = 1048576
03-22 20:56:19.755 24530 25281 D CCodec : string mime = "video/x-vnd.on2.vp9"
03-22 20:56:19.755 24530 25281 D CCodec : int32_t priority = 0
03-22 20:56:19.755 24530 25281 D CCodec : int32_t width = 640
03-22 20:56:19.755 24530 25281 D CCodec : Rect crop(0, 0, 639, 359)
03-22 20:56:19.755 24530 25281 D CCodec : }
03-22 20:56:19.756 24530 25281 D CCodec : setup formats output: AMessage(what = 0x00000000) = {
03-22 20:56:19.756 24530 25281 D CCodec : int32_t android._color-format = 2135033992
03-22 20:56:19.756 24530 25281 D CCodec : int32_t android._video-scaling = 1
03-22 20:56:19.756 24530 25281 D CCodec : Rect crop(0, 0, 639, 359)
03-22 20:56:19.756 24530 25281 D CCodec : int32_t color-standard = 2
03-22 20:56:19.756 24530 25281 D CCodec : int32_t color-range = 2
03-22 20:56:19.756 24530 25281 D CCodec : int32_t color-transfer = 3
03-22 20:56:19.756 24530 25281 D CCodec : Buffer hdr10-plus-info = {
03-22 20:56:19.756 24530 25281 D CCodec : }
03-22 20:56:19.756 24530 25281 D CCodec : int32_t height = 360
03-22 20:56:19.756 24530 25281 D CCodec : int32_t max-height = 360
03-22 20:56:19.756 24530 25281 D CCodec : int32_t max-width = 640
03-22 20:56:19.756 24530 25281 D CCodec : string mime = "video/raw"
03-22 20:56:19.756 24530 25281 D CCodec : int32_t priority = 0
03-22 20:56:19.756 24530 25281 D CCodec : int32_t rotation-degrees = 0
03-22 20:56:19.756 24530 25281 D CCodec : int32_t sar-height = 1
03-22 20:56:19.756 24530 25281 D CCodec : int32_t sar-width = 1
03-22 20:56:19.756 24530 25281 D CCodec : int32_t width = 640
03-22 20:56:19.756 24530 25281 D CCodec : int32_t android._dataspace = 258
03-22 20:56:19.756 24530 25281 D CCodec : int32_t color-format = 2130708361
03-22 20:56:19.756 24530 25281 D CCodec : }
03-22 20:56:19.756 24530 25281 I CCodecConfig: query failed after returning 13 values (BAD_INDEX)
03-22 20:56:19.758 24530 25220 D MediaCodec: keep callback message for reclaim
03-22 20:56:19.760 24530 25229 D AudioTrack: wirte set SP_FOREGROUND
03-22 20:56:19.760 24530 25281 W Codec2Client: query -- param skipped: index = 1342179345.
03-22 20:56:19.760 24530 25281 W Codec2Client: query -- param skipped: index = 2415921170.
03-22 20:56:19.760 24530 25281 W Codec2Client: query -- param skipped: index = 1610614798.
03-22 20:56:19.761 24530 25281 W Codec2Client: query -- param skipped: index = 2684356609.
03-22 20:56:19.762 24530 25281 D CCodecBufferChannel: [c2.unisoc.vp9.decoder#195] Created input block pool with allocatorID 16 => poolID 20 - OK (0)
03-22 20:56:19.763 24530 25281 D CCodecBufferChannel: [c2.unisoc.vp9.decoder#195] Query output surface allocator returned 0 params => BAD_INDEX (6)
03-22 20:56:19.765 24530 25281 I CCodecBufferChannel: [c2.unisoc.vp9.decoder#195] Created output block pool with allocatorID 18 => poolID 878 - OK
03-22 20:56:19.765 24530 25281 D CCodecBufferChannel: [c2.unisoc.vp9.decoder#195] Configured output block pool ids 878 => OK
03-22 20:56:19.766 24530 25281 D Codec2-OutputBufferQueue: remote graphic buffer migration 0/0
03-22 20:56:19.766 24530 25281 D Codec2Client: setOutputSurface -- failed to set consumer usage (6/BAD_INDEX)
03-22 20:56:19.766 24530 25281 D Codec2Client: setOutputSurface -- generation=25118722 consumer usage=0x900
03-22 20:56:19.769 24530 25229 D AudioTrack: wirte set SP_FOREGROUND
03-22 20:56:19.769 24530 25281 D IMGGralloc: InsertBlankEntry: SPRD_DATA_SPACE ui64Stamp:593162,eYUVColorSpace:1, yuv_info:1
03-22 20:56:19.769 24530 25281 D IMGGralloc: Gralloc Register w:640, h:480, f:0x23, usage:0x100, ui64Stamp:593162, sSize:462848, line = 2379
03-22 20:56:19.771 24530 25281 D IMGGralloc: Gralloc Free w:640, h:480, f:0x23, usage:0x100, ui64Stamp:593162 line = 2529
03-22 20:56:19.772 24530 25281 D Codec2Client: Surface configure completed
