03-22 20:55:55.289 24602 24855 E DatabaseUtils: at android.os.Binder.execTransact(Binder.java:1143)
03-22 20:55:55.318 25105 25105 I FirebaseApp: Device unlocked: initializing all Firebase APIs for app [DEFAULT]
03-22 20:55:55.332 25105 25105 I FirebaseCrashlytics: Initializing Firebase Crashlytics 18.2.12 for com.dual.space.parallel.apps.multiaccounts.appscloner
03-22 20:55:55.355 25105 25127 W GooglePlayServicesUtil: com.dual.space.parallel.apps.multiaccounts.appscloner requires the Google Play Store, but it is missing.
03-22 20:55:55.356 25105 25127 E DynamiteModule: Invalid GmsCore APK, remote loading disabled.
03-22 20:55:55.356 25105 25127 I DynamiteModule: Considering local module com.google.android.gms.measurement.dynamite:86 and remote module com.google.android.gms.measurement.dynamite:0
03-22 20:55:55.356 25105 25127 I DynamiteModule: Selected local version of com.google.android.gms.measurement.dynamite
03-22 20:55:55.357 25105 25127 E DynamiteModule: Invalid GmsCore APK, remote loading disabled.
03-22 20:55:55.383 25105 25130 D ActivityManagerStub: hook getContentProvider: com.google.android.gsf.gservices
03-22 20:55:55.384 25105 25130 E ActivityThread: Failed to find provider info for com.google.android.gsf.gservices
03-22 20:55:55.385 25105 25130 D ActivityManagerStub: hook getContentProvider: com.google.android.gsf.gservices
03-22 20:55:55.385 25105 25130 E ActivityThread: Failed to find provider info for com.google.android.gsf.gservices
03-22 20:55:55.386 25105 25130 D ActivityManagerStub: hook getContentProvider: com.google.android.gsf.gservices
03-22 20:55:55.386 25105 25130 E ActivityThread: Failed to find provider info for com.google.android.gsf.gservices
03-22 20:55:55.386 25105 25130 D ActivityManagerStub: hook getContentProvider: com.google.android.gsf.gservices
03-22 20:55:55.387 25105 25130 E ActivityThread: Failed to find provider info for com.google.android.gsf.gservices
03-22 20:55:55.387 25105 25130 D ActivityManagerStub: hook getContentProvider: com.google.android.gsf.gservices
03-22 20:55:55.388 25105 25130 E ActivityThread: Failed to find provider info for com.google.android.gsf.gservices
03-22 20:55:55.388 25105 25130 D ActivityManagerStub: hook getContentProvider: com.google.android.gsf.gservices
03-22 20:55:55.388 25105 25130 E ActivityThread: Failed to find provider info for com.google.android.gsf.gservices
03-22 20:55:55.388 25105 25130 D ActivityManagerStub: hook getContentProvider: com.google.android.gsf.gservices
03-22 20:55:55.389 25105 25130 E ActivityThread: Failed to find provider info for com.google.android.gsf.gservices
03-22 20:55:55.389 25105 25130 D ActivityManagerStub: hook getContentProvider: com.google.android.gsf.gservices
03-22 20:55:55.389 25105 25130 E ActivityThread: Failed to find provider info for com.google.android.gsf.gservices
03-22 20:55:55.390 25105 25130 D ActivityManagerStub: hook getContentProvider: com.google.android.gsf.gservices
03-22 20:55:55.390 25105 25130 E ActivityThread: Failed to find provider info for com.google.android.gsf.gservices
03-22 20:55:55.390 25105 25130 D ActivityManagerStub: hook getContentProvider: com.google.android.gsf.gservices
03-22 20:55:55.391 25105 25130 E ActivityThread: Failed to find provider info for com.google.android.gsf.gservices
03-22 20:55:55.391 25105 25130 D ActivityManagerStub: hook getContentProvider: com.google.android.gsf.gservices
03-22 20:55:55.392 25105 25130 E ActivityThread: Failed to find provider info for com.google.android.gsf.gservices
03-22 20:55:55.392 25105 25130 D ActivityManagerStub: hook getContentProvider: com.google.android.gsf.gservices
03-22 20:55:55.392 25105 25130 E ActivityThread: Failed to find provider info for com.google.android.gsf.gservices
03-22 20:55:55.393 25105 25130 D ActivityManagerStub: hook getContentProvider: com.google.android.gsf.gservices
03-22 20:55:55.394 25105 25130 E ActivityThread: Failed to find provider info for com.google.android.gsf.gservices
03-22 20:55:55.394 25105 25130 D ActivityManagerStub: hook getContentProvider: com.google.android.gsf.gservices
03-22 20:55:55.395 25105 25130 E ActivityThread: Failed to find provider info for com.google.android.gsf.gservices
03-22 20:55:55.395 25105 25130 D ActivityManagerStub: hook getContentProvider: com.google.android.gsf.gservices
03-22 20:55:55.395 25105 25130 E ActivityThread: Failed to find provider info for com.google.android.gsf.gservices
03-22 20:55:55.396 25105 25130 D ActivityManagerStub: hook getContentProvider: com.google.android.gsf.gservices
03-22 20:55:55.396 25105 25130 E ActivityThread: Failed to find provider info for com.google.android.gsf.gservices
03-22 20:55:55.396 25105 25130 D ActivityManagerStub: hook getContentProvider: com.google.android.gsf.gservices
03-22 20:55:55.397 25105 25130 E ActivityThread: Failed to find provider info for com.google.android.gsf.gservices
03-22 20:55:55.398 25105 25130 D ActivityManagerStub: hook getContentProvider: com.google.android.gsf.gservices
03-22 20:55:55.399 25105 25130 E ActivityThread: Failed to find provider info for com.google.android.gsf.gservices
03-22 20:55:55.401 25105 25130 D ActivityManagerStub: hook getContentProvider: com.google.android.gsf.gservices
03-22 20:55:55.402 25105 25130 E ActivityThread: Failed to find provider info for com.google.android.gsf.gservices
03-22 20:55:55.403 25105 25130 D ActivityManagerStub: hook getContentProvider: com.google.android.gsf.gservices
03-22 20:55:55.404 25105 25130 E ActivityThread: Failed to find provider info for com.google.android.gsf.gservices
03-22 20:55:55.405 25105 25130 D ActivityManagerStub: hook getContentProvider: com.google.android.gsf.gservices
03-22 20:55:55.406 25105 25130 E ActivityThread: Failed to find provider info for com.google.android.gsf.gservices
03-22 20:55:55.406 25105 25130 D ActivityManagerStub: hook getContentProvider: com.google.android.gsf.gservices
03-22 20:55:55.408 25105 25130 E ActivityThread: Failed to find provider info for com.google.android.gsf.gservices
03-22 20:55:55.408 25105 25130 D ActivityManagerStub: hook getContentProvider: com.google.android.gsf.gservices
03-22 20:55:55.409 25105 25130 E ActivityThread: Failed to find provider info for com.google.android.gsf.gservices
03-22 20:55:55.410 25105 25130 D ActivityManagerStub: hook getContentProvider: com.google.android.gsf.gservices
03-22 20:55:55.410 25105 25130 E ActivityThread: Failed to find provider info for com.google.android.gsf.gservices
03-22 20:55:55.410 25105 25130 D ActivityManagerStub: hook getContentProvider: com.google.android.gsf.gservices
03-22 20:55:55.411 25105 25130 E ActivityThread: Failed to find provider info for com.google.android.gsf.gservices
03-22 20:55:55.411 25105 25130 D ActivityManagerStub: hook getContentProvider: com.google.android.gsf.gservices
03-22 20:55:55.412 25105 25130 E ActivityThread: Failed to find provider info for com.google.android.gsf.gservices
03-22 20:55:55.412 25105 25130 D ActivityManagerStub: hook getContentProvider: com.google.android.gsf.gservices
03-22 20:55:55.413 25105 25130 E ActivityThread: Failed to find provider info for com.google.android.gsf.gservices
03-22 20:55:55.413 25105 25130 D ActivityManagerStub: hook getContentProvider: com.google.android.gsf.gservices
03-22 20:55:55.414 25105 25130 E ActivityThread: Failed to find provider info for com.google.android.gsf.gservices
03-22 20:55:55.414 25105 25130 D ActivityManagerStub: hook getContentProvider: com.google.android.gsf.gservices
03-22 20:55:55.415 25105 25130 E ActivityThread: Failed to find provider info for com.google.android.gsf.gservices
03-22 20:55:55.416 25105 25130 D ActivityManagerStub: hook getContentProvider: com.google.android.gsf.gservices
03-22 20:55:55.416 25105 25130 E ActivityThread: Failed to find provider info for com.google.android.gsf.gservices
03-22 20:55:55.416 25105 25130 D ActivityManagerStub: hook getContentProvider: com.google.android.gsf.gservices
03-22 20:55:55.417 25105 25130 E ActivityThread: Failed to find provider info for com.google.android.gsf.gservices
03-22 20:55:55.417 25105 25130 D ActivityManagerStub: hook getContentProvider: com.google.android.gsf.gservices
03-22 20:55:55.418 25105 25130 E ActivityThread: Failed to find provider info for com.google.android.gsf.gservices
03-22 20:55:55.418 25105 25130 D ActivityManagerStub: hook getContentProvider: com.google.android.gsf.gservices
03-22 20:55:55.419 25105 25130 E ActivityThread: Failed to find provider info for com.google.android.gsf.gservices
03-22 20:55:55.419 25105 25130 D ActivityManagerStub: hook getContentProvider: com.google.android.gsf.gservices
03-22 20:55:55.420 25105 25130 E ActivityThread: Failed to find provider info for com.google.android.gsf.gservices
03-22 20:55:55.420 25105 25130 D ActivityManagerStub: hook getContentProvider: com.google.android.gsf.gservices
03-22 20:55:55.420 25105 25130 E ActivityThread: Failed to find provider info for com.google.android.gsf.gservices
03-22 20:55:55.421 25105 25130 D ActivityManagerStub: hook getContentProvider: com.google.android.gsf.gservices
03-22 20:55:55.421 25105 25130 E ActivityThread: Failed to find provider info for com.google.android.gsf.gservices
03-22 20:55:55.421 25105 25130 D ActivityManagerStub: hook getContentProvider: com.google.android.gsf.gservices
03-22 20:55:55.422 25105 25130 E ActivityThread: Failed to find provider info for com.google.android.gsf.gservices
03-22 20:55:55.422 25105 25130 D ActivityManagerStub: hook getContentProvider: com.google.android.gsf.gservices
03-22 20:55:55.422 25105 25130 E ActivityThread: Failed to find provider info for com.google.android.gsf.gservices
03-22 20:55:55.423 25105 25130 D ActivityManagerStub: hook getContentProvider: com.google.android.gsf.gservices
03-22 20:55:55.423 25105 25130 E ActivityThread: Failed to find provider info for com.google.android.gsf.gservices
03-22 20:55:55.423 25105 25130 D ActivityManagerStub: hook getContentProvider: com.google.android.gsf.gservices
03-22 20:55:55.424 25105 25130 E ActivityThread: Failed to find provider info for com.google.android.gsf.gservices
03-22 20:55:55.424 25105 25130 D ActivityManagerStub: hook getContentProvider: com.google.android.gsf.gservices
03-22 20:55:55.424 25105 25130 E ActivityThread: Failed to find provider info for com.google.android.gsf.gservices
03-22 20:55:55.425 25105 25130 D ActivityManagerStub: hook getContentProvider: com.google.android.gsf.gservices
03-22 20:55:55.425 25105 25130 E ActivityThread: Failed to find provider info for com.google.android.gsf.gservices
03-22 20:55:55.426 25105 25130 D ActivityManagerStub: hook getContentProvider: com.google.android.gsf.gservices
03-22 20:55:55.426 25105 25130 E ActivityThread: Failed to find provider info for com.google.android.gsf.gservices
03-22 20:55:55.426 25105 25130 D ActivityManagerStub: hook getContentProvider: com.google.android.gsf.gservices
03-22 20:55:55.427 25105 25130 E ActivityThread: Failed to find provider info for com.google.android.gsf.gservices
03-22 20:55:55.427 25105 25130 D ActivityManagerStub: hook getContentProvider: com.google.android.gsf.gservices
03-22 20:55:55.428 25105 25130 E ActivityThread: Failed to find provider info for com.google.android.gsf.gservices
03-22 20:55:55.428 25105 25130 D ActivityManagerStub: hook getContentProvider: com.google.android.gsf.gservices
03-22 20:55:55.429 25105 25130 E ActivityThread: Failed to find provider info for com.google.android.gsf.gservices
03-22 20:55:55.429 25105 25130 D ActivityManagerStub: hook getContentProvider: com.google.android.gsf.gservices
03-22 20:55:55.430 25105 25130 E ActivityThread: Failed to find provider info for com.google.android.gsf.gservices
03-22 20:55:55.431 25105 25130 D ActivityManagerStub: hook getContentProvider: com.google.android.gsf.gservices
03-22 20:55:55.432 25105 25130 E ActivityThread: Failed to find provider info for com.google.android.gsf.gservices
03-22 20:55:55.432 25105 25130 D ActivityManagerStub: hook getContentProvider: com.google.android.gsf.gservices
03-22 20:55:55.433 25105 25130 E ActivityThread: Failed to find provider info for com.google.android.gsf.gservices
03-22 20:55:55.433 25105 25130 D ActivityManagerStub: hook getContentProvider: com.google.android.gsf.gservices
03-22 20:55:55.434 25105 25130 E ActivityThread: Failed to find provider info for com.google.android.gsf.gservices
03-22 20:55:55.434 25105 25130 D ActivityManagerStub: hook getContentProvider: com.google.android.gsf.gservices
03-22 20:55:55.435 25105 25130 E ActivityThread: Failed to find provider info for com.google.android.gsf.gservices
03-22 20:55:55.435 25105 25130 D ActivityManagerStub: hook getContentProvider: com.google.android.gsf.gservices
03-22 20:55:55.436 25105 25130 E ActivityThread: Failed to find provider info for com.google.android.gsf.gservices
03-22 20:55:55.436 25105 25130 D ActivityManagerStub: hook getContentProvider: com.google.android.gsf.gservices
03-22 20:55:55.437 25105 25130 E ActivityThread: Failed to find provider info for com.google.android.gsf.gservices
03-22 20:55:55.437 25105 25130 D ActivityManagerStub: hook getContentProvider: com.google.android.gsf.gservices
03-22 20:55:55.438 25105 25130 E ActivityThread: Failed to find provider info for com.google.android.gsf.gservices
03-22 20:55:55.438 25105 25130 D ActivityManagerStub: hook getContentProvider: com.google.android.gsf.gservices
03-22 20:55:55.439 25105 25130 E ActivityThread: Failed to find provider info for com.google.android.gsf.gservices
03-22 20:55:55.440 25105 25130 D ActivityManagerStub: hook getContentProvider: com.google.android.gsf.gservices
03-22 20:55:55.440 25105 25130 E ActivityThread: Failed to find provider info for com.google.android.gsf.gservices
03-22 20:55:55.446 25105 25130 I FA : App measurement initialized, version: 74029
03-22 20:55:55.446 25105 25130 I FA : To enable debug logging run: adb shell setprop log.tag.FA VERBOSE
03-22 20:55:55.446 25105 25130 I FA : To enable faster debug mode event logging run:
03-22 20:55:55.446 25105 25130 I FA : adb shell setprop debug.firebase.analytics.app com.dual.space.parallel.apps.multiaccounts.appscloner
03-22 20:55:55.464 25105 25130 W FA : Table has extra columns. table, columns: messages, app_version, app_version_int
03-22 20:55:55.485 25105 25130 W GooglePlayServicesUtil: com.dual.space.parallel.apps.multiaccounts.appscloner requires the Google Play Store, but it is missing.
03-22 20:55:55.554 25105 25105 D NativeCore: NativeCore init.
03-22 20:55:55.556 24602 24855 E DatabaseUtils: Writing exception to parcel
03-22 20:55:55.556 24602 24855 E DatabaseUtils: java.lang.SecurityException: Calling uid: 10188 doesn't match source uid: 10001
03-22 20:55:55.556 24602 24855 E DatabaseUtils: at android.content.AttributionSource.enforceCallingUid(AttributionSource.java:264)
03-22 20:55:55.556 24602 24855 E DatabaseUtils: at android.content.AttributionSource.enforceCallingUidAndPid(AttributionSource.java:25 0)
03-22 20:55:55.556 24602 24855 E DatabaseUtils: at android.content.AttributionSource.<init>(AttributionSource.java:171)
03-22 20:55:55.556 24602 24855 E DatabaseUtils: at android.content.AttributionSource$1.createFromParcel(AttributionSource.java:506)
03-22 20:55:55.556 24602 24855 E DatabaseUtils: at android.content.AttributionSource$1.createFromParcel(AttributionSource.java:498)
03-22 20:55:55.556 24602 24855 E DatabaseUtils: at android.content.ContentProviderNative.onTransact(ContentProviderNative.java:289)
03-22 20:55:55.556 24602 24855 E DatabaseUtils: at android.os.Binder.execTransactInternal(Binder.java:1180)
03-22 20:55:55.556 24602 24855 E DatabaseUtils: at android.os.Binder.execTransact(Binder.java:1143)
03-22 20:55:55.557 25105 25122 W System.err: java.lang.NullPointerException: Attempt to invoke interface method 'android.os.IBinder android.os.IInterface.asBinder()' on a null object reference
03-22 20:55:55.557 25105 25122 W System.err: at top.niunaijun.blackbox.fake.frameworks.BlackManager.getService(BlackManager.java:31 )
03-22 20:55:55.557 25105 25122 W System.err: at top.niunaijun.blackbox.fake.frameworks.BActivityManager.sendBroadcast(BActivityMana ger.java:154)
03-22 20:55:55.557 25105 25122 W System.err: at top.niunaijun.blackbox.fake.service.IActivityManagerProxy$BroadcastIntent.hook(IAct ivityManagerProxy.java:405)
03-22 20:55:55.557 25105 25122 W System.err: at top.niunaijun.blackbox.fake.hook.ClassInvocationStub.invoke(ClassInvocationStub.jav a:120)
03-22 20:55:55.557 25105 25122 W System.err: at java.lang.reflect.Proxy.invoke(Proxy.java:1006)
03-22 20:55:55.557 25105 25122 W System.err: at $Proxy84.broadcastIntentWithFeature(Unknown Source)
03-22 20:55:55.557 25105 25122 W System.err: at android.app.ContextImpl.sendBroadcast(ContextImpl.java:1198)
03-22 20:55:55.562 24602 24615 E DatabaseUtils: Writing exception to parcel
03-22 20:55:55.562 24602 24615 E DatabaseUtils: java.lang.SecurityException: Calling uid: 10188 doesn't match source uid: 10001
03-22 20:55:55.562 24602 24615 E DatabaseUtils: at android.content.AttributionSource.enforceCallingUid(AttributionSource.java:264)
03-22 20:55:55.562 24602 24615 E DatabaseUtils: at android.content.AttributionSource.enforceCallingUidAndPid(AttributionSource.java:25 0)
03-22 20:55:55.562 24602 24615 E DatabaseUtils: at android.content.AttributionSource.<init>(AttributionSource.java:171)
03-22 20:55:55.562 24602 24615 E DatabaseUtils: at android.content.AttributionSource$1.createFromParcel(AttributionSource.java:506)
03-22 20:55:55.562 24602 24615 E DatabaseUtils: at android.content.AttributionSource$1.createFromParcel(AttributionSource.java:498)
03-22 20:55:55.562 24602 24615 E DatabaseUtils: at android.content.ContentProviderNative.onTransact(ContentProviderNative.java:289)
03-22 20:55:55.562 24602 24615 E DatabaseUtils: at android.os.Binder.execTransactInternal(Binder.java:1180)
03-22 20:55:55.562 24602 24615 E DatabaseUtils: at android.os.Binder.execTransact(Binder.java:1143)
03-22 20:55:55.563 25105 25105 W System.err: java.lang.NullPointerException: Attempt to invoke interface method 'android.os.IBinder android.os.IInterface.asBinder()' on a null object reference
03-22 20:55:55.563 25105 25105 W System.err: at top.niunaijun.blackbox.fake.frameworks.BlackManager.getService(BlackManager.java:31 )
03-22 20:55:55.563 25105 25105 W System.err: at top.niunaijun.blackbox.fake.frameworks.BStorageManager.getVolumeList(BStorageManage r.java:25)
03-22 20:55:55.563 25105 25105 W System.err: at top.niunaijun.blackbox.fake.service.IStorageManagerProxy$GetVolumeList.hook(IStorag eManagerProxy.java:60)
03-22 20:55:55.563 25105 25105 W System.err: at top.niunaijun.blackbox.fake.hook.ClassInvocationStub.invoke(ClassInvocationStub.jav a:120)
03-22 20:55:55.563 25105 25105 W System.err: at java.lang.reflect.Proxy.invoke(Proxy.java:1006)
03-22 20:55:55.563 25105 25105 W System.err: at $Proxy86.getVolumeList(Unknown Source)
03-22 20:55:55.563 25105 25105 W System.err: at android.os.storage.StorageManager.getVolumeList(StorageManager.java:1406)
03-22 20:55:55.563 25105 25105 W System.err: at android.os.Environment$UserEnvironment.getExternalDirs(Environment.java:182)
03-22 20:55:55.563 25105 25105 W System.err: at android.os.Environment$UserEnvironment.buildExternalStorageAppCacheDirs(Environment .java:232)
03-22 20:55:55.563 25105 25105 W System.err: at android.os.Environment.buildExternalStorageAppCacheDirs(Environment.java:1088)
03-22 20:55:55.563 25105 25105 W System.err: at android.app.ContextImpl.getExternalCacheDirs(ContextImpl.java:899)
03-22 20:55:55.563 25105 25105 W System.err: at android.app.ContextImpl.getExternalCacheDir(ContextImpl.java:892)
03-22 20:55:55.563 25105 25105 W System.err: at top.niunaijun.blackbox.core.IOCore.enableRedirect(IOCore.java:119)
03-22 20:55:55.563 25105 25105 W System.err: at top.niunaijun.blackbox.app.BActivityThread.handleBindApplication(BActivityThread.ja va:347)
03-22 20:55:55.563 25105 25105 W System.err: at top.niunaijun.blackbox.app.BActivityThread.bindApplication(BActivityThread.java:289 )
03-22 20:55:55.563 25105 25105 W System.err: at top.niunaijun.blackbox.fake.service.HCallbackProxy.handleLaunchActivity(HCallbackPr oxy.java:159)
03-22 20:55:55.563 25105 25105 W System.err: at top.niunaijun.blackbox.fake.service.HCallbackProxy.handleMessage(HCallbackProxy.jav a:73)
03-22 20:55:55.563 25105 25105 W System.err: at android.os.Handler.dispatchMessage(Handler.java:102)
03-22 20:55:55.563 25105 25105 W System.err: at android.os.Looper.loopOnce(Looper.java:201)
03-22 20:55:55.563 25105 25105 W System.err: at android.os.Looper.loop(Looper.java:288)
03-22 20:55:55.563 25105 25105 W System.err: at android.app.ActivityThread.main(ActivityThread.java:7986)
03-22 20:55:55.563 25105 25105 W System.err: at java.lang.reflect.Method.invoke(Native Method)
03-22 20:55:55.563 25105 25105 W System.err: at com.android.internal.os.RuntimeInit$MethodAndArgsCaller.run(RuntimeInit.java:553)
03-22 20:55:55.563 25105 25105 W System.err: at com.android.internal.os.ZygoteInit.main(ZygoteInit.java:1003)
03-22 20:55:55.569 25105 25105 W ContextImpl: Failed to ensure /storage/emulated/0/Android/data/com.dual.space.parallel.apps.multiaccounts.appsclo ner/cache: android.os.ServiceSpecificException: (code -1)
03-22 20:55:55.583 25105 25105 E NativeCore: not native method
03-22 20:55:55.583 25105 25105 E NativeCore: check flags error. class:java/io/UnixFileSystem, method:canonicalize0
03-22 20:55:55.583 25105 25105 E NativeCore: not native method
03-22 20:55:55.583 25105 25105 E NativeCore: check flags error. class:java/io/UnixFileSystem, method:getLastModifiedTime0
03-22 20:55:55.583 25105 25105 E NativeCore: not native method
03-22 20:55:55.583 25105 25105 E NativeCore: check flags error. class:java/io/UnixFileSystem, method:setPermission0
03-22 20:55:55.583 25105 25105 E NativeCore: not native method
03-22 20:55:55.583 25105 25105 E NativeCore: check flags error. class:java/io/UnixFileSystem, method:createFileExclusively0
03-22 20:55:55.583 25105 25105 E NativeCore: not native method
03-22 20:55:55.583 25105 25105 E NativeCore: check flags error. class:java/io/UnixFileSystem, method:list0
03-22 20:55:55.583 25105 25105 E NativeCore: not native method
03-22 20:55:55.583 25105 25105 E NativeCore: check flags error. class:java/io/UnixFileSystem, method:createDirectory0
03-22 20:55:55.584 25105 25105 E NativeCore: not native method
03-22 20:55:55.584 25105 25105 E NativeCore: check flags error. class:java/io/UnixFileSystem, method:setLastModifiedTime0
03-22 20:55:55.584 25105 25105 E NativeCore: not native method
03-22 20:55:55.584 25105 25105 E NativeCore: check flags error. class:java/io/UnixFileSystem, method:setReadOnly0
03-22 20:55:55.584 25105 25105 E NativeCore: not native method
03-22 20:55:55.584 25105 25105 E NativeCore: check flags error. class:java/io/UnixFileSystem, method:getSpace0
03-22 20:55:55.584 25105 25105 E NativeCore: not native method
03-22 20:55:55.584 25105 25105 E NativeCore: check flags error. class:java/lang/VMClassLoader, method:findLoadedClass
03-22 20:55:55.584 25105 25105 E NativeCore: not native method
03-22 20:55:55.584 25105 25105 E NativeCore: check flags error. class:android/os/Binder, method:getCallingUid
03-22 20:55:55.587 25105 25105 D BlackBoxLoader: beforeCreateApplication: pkg com.whatsapp.w4b, processName com.whatsapp.w4b,userID:0
03-22 20:55:56.187 25105 25105 W s.appscloner:p: Entry not found
03-22 20:55:56.192 25105 25105 W CheckTime: App running slow: Executing application classloader create took 597ms
03-22 20:55:56.193 25105 25105 W s.appscloner:p: JIT profile information will not be recorded: profile file does not exist.
03-22 20:55:56.194 25105 25105 W s.appscloner:p: JIT profile information will not be recorded: profile file does not exist.
03-22 20:55:56.199 25105 25105 I LoadedApk: No resource references to update in package com.transsion.theme.icon
03-22 20:55:56.200 25105 25105 D NetworkSecurityConfig: Using Network Security Config from resource (name removed) debugBuild: false
03-22 20:55:56.200 25105 25105 D NetworkSecurityConfig: Using Network Security Config from resource (name removed) debugBuild: false
03-22 20:55:56.202 25105 25105 D Error : com.dual.space.parallel.apps.multiaccounts.appscloner
03-22 20:55:56.205 24602 24615 E DatabaseUtils: Writing exception to parcel
03-22 20:55:56.205 24602 24615 E DatabaseUtils: java.lang.SecurityException: Calling uid: 10188 doesn't match source uid: 10001
03-22 20:55:56.205 24602 24615 E DatabaseUtils: at android.content.AttributionSource.enforceCallingUid(AttributionSource.java:264)
03-22 20:55:56.205 24602 24615 E DatabaseUtils: at android.content.AttributionSource.enforceCallingUidAndPid(AttributionSource.java:25 0)
03-22 20:55:56.205 24602 24615 E DatabaseUtils: at android.content.AttributionSource.<init>(AttributionSource.java:171)
03-22 20:55:56.205 24602 24615 E DatabaseUtils: at android.content.AttributionSource$1.createFromParcel(AttributionSource.java:506)
03-22 20:55:56.205 24602 24615 E DatabaseUtils: at android.content.AttributionSource$1.createFromParcel(AttributionSource.java:498)
03-22 20:55:56.205 24602 24615 E DatabaseUtils: at android.content.ContentProviderNative.onTransact(ContentProviderNative.java:289)
03-22 20:55:56.205 24602 24615 E DatabaseUtils: at android.os.Binder.execTransactInternal(Binder.java:1180)
03-22 20:55:56.205 24602 24615 E DatabaseUtils: at android.os.Binder.execTransact(Binder.java:1143)
03-22 20:55:56.206 25105 25105 W System.err: java.lang.NullPointerException: Attempt to invoke interface method 'android.os.IBinder android.os.IInterface.asBinder()' on a null object reference
03-22 20:55:56.206 25105 25105 W System.err: at top.niunaijun.blackbox.fake.frameworks.BlackManager.getService(BlackManager.java:31 )
03-22 20:55:56.206 25105 25105 W System.err: at top.niunaijun.blackbox.fake.frameworks.BXposedManager.isXPEnable(BXposedManager.jav a:26)
03-22 20:55:56.206 25105 25105 W System.err: at top.niunaijun.blackbox.app.BActivityThread.loadXposed(BActivityThread.java:482)
03-22 20:55:56.206 25105 25105 W System.err: at top.niunaijun.blackbox.fake.delegate.AppInstrumentation.newApplication(AppInstrumen tation.java:121)
03-22 20:55:56.206 25105 25105 W System.err: at android.app.LoadedApk.makeApplication(LoadedApk.java:1366)
03-22 20:55:56.206 25105 25105 W System.err: at java.lang.reflect.Method.invoke(Native Method)
03-22 20:55:56.206 25105 25105 W System.err: at top.niunaijun.blackreflection.utils.Reflector.callByCaller(Reflector.java:204)
03-22 20:55:56.206 25105 25105 W System.err: at top.niunaijun.blackreflection.BlackReflection$1.invoke(BlackReflection.java:143)
03-22 20:55:56.206 25105 25105 W System.err: at java.lang.reflect.Proxy.invoke(Proxy.java:1006)
03-22 20:55:56.206 25105 25105 W System.err: at $Proxy117.makeApplication(Unknown Source)
03-22 20:55:56.206 25105 25105 W System.err: at top.niunaijun.blackbox.app.BActivityThread.handleBindApplication(BActivityThread.ja va:384)
03-22 20:55:56.206 25105 25105 W System.err: at top.niunaijun.blackbox.app.BActivityThread.bindApplication(BActivityThread.java:289 )
03-22 20:55:56.206 25105 25105 W System.err: at top.niunaijun.blackbox.fake.service.HCallbackProxy.handleLaunchActivity(HCallbackPr oxy.java:159)
03-22 20:55:56.206 25105 25105 W System.err: at top.niunaijun.blackbox.fake.service.HCallbackProxy.handleMessage(HCallbackProxy.jav a:73)
03-22 20:55:56.206 25105 25105 W System.err: at android.os.Handler.dispatchMessage(Handler.java:102)
03-22 20:55:56.206 25105 25105 W System.err: at android.os.Looper.loopOnce(Looper.java:201)
03-22 20:55:56.206 25105 25105 W System.err: at android.os.Looper.loop(Looper.java:288)
03-22 20:55:56.206 25105 25105 W System.err: at android.app.ActivityThread.main(ActivityThread.java:7986)
03-22 20:55:56.206 25105 25105 W System.err: at java.lang.reflect.Method.invoke(Native Method)
03-22 20:55:56.206 25105 25105 W System.err: at com.android.internal.os.RuntimeInit$MethodAndArgsCaller.run(RuntimeInit.java:553)
03-22 20:55:56.206 25105 25105 W System.err: at com.android.internal.os.ZygoteInit.main(ZygoteInit.java:1003)
03-22 20:55:56.209 25105 25105 D Error : com.dual.space.parallel.apps.multiaccounts.appscloner
03-22 20:55:56.210 25105 25105 D Error : com.dual.space.parallel.apps.multiaccounts.appscloner
03-22 20:55:56.226 25105 25105 D here : here
03-22 20:55:56.226 25105 25105 D here : com.whatsapp.w4b com.whatsapp.w4b null
03-22 20:55:56.226 25105 25105 D BlackBoxLoader: beforeApplicationOnCreate: pkg com.whatsapp.w4b, processName com.whatsapp.w4b
03-22 20:55:56.233 24602 24615 E DatabaseUtils: Writing exception to parcel
03-22 20:55:56.233 24602 24615 E DatabaseUtils: java.lang.SecurityException: Calling uid: 10188 doesn't match source uid: 10001
03-22 20:55:56.233 24602 24615 E DatabaseUtils: at android.content.AttributionSource.enforceCallingUid(AttributionSource.java:264)
03-22 20:55:56.233 24602 24615 E DatabaseUtils: at android.content.AttributionSource.enforceCallingUidAndPid(AttributionSource.java:25 0)
03-22 20:55:56.233 24602 24615 E DatabaseUtils: at android.content.AttributionSource.<init>(AttributionSource.java:171)
03-22 20:55:56.233 24602 24615 E DatabaseUtils: at android.content.AttributionSource$1.createFromParcel(AttributionSource.java:506)
03-22 20:55:56.233 24602 24615 E DatabaseUtils: at android.content.AttributionSource$1.createFromParcel(AttributionSource.java:498)
03-22 20:55:56.233 24602 24615 E DatabaseUtils: at android.content.ContentProviderNative.onTransact(ContentProviderNative.java:289)
03-22 20:55:56.233 24602 24615 E DatabaseUtils: at android.os.Binder.execTransactInternal(Binder.java:1180)
03-22 20:55:56.233 24602 24615 E DatabaseUtils: at android.os.Binder.execTransact(Binder.java:1143)
03-22 20:55:56.234 25105 25105 W System.err: java.lang.NullPointerException: Attempt to invoke interface method 'android.os.IBinder android.os.IInterface.asBinder()' on a null object reference
03-22 20:55:56.234 25105 25105 W System.err: at top.niunaijun.blackbox.fake.frameworks.BlackManager.getService(BlackManager.java:31 )
03-22 20:55:56.234 25105 25105 W System.err: at top.niunaijun.blackbox.fake.frameworks.BActivityManager.onActivityCreated(BActivity Manager.java:172)
03-22 20:55:56.234 25105 25105 W System.err: at top.niunaijun.blackbox.fake.service.HCallbackProxy.handleLaunchActivity(HCallbackPr oxy.java:165)
03-22 20:55:56.234 25105 25105 W System.err: at top.niunaijun.blackbox.fake.service.HCallbackProxy.handleMessage(HCallbackProxy.jav a:73)
03-22 20:55:56.234 25105 25105 W System.err: at android.os.Handler.dispatchMessage(Handler.java:102)
03-22 20:55:56.234 25105 25105 W System.err: at android.os.Looper.loopOnce(Looper.java:201)
03-22 20:55:56.234 25105 25105 W System.err: at android.os.Looper.loop(Looper.java:288)
03-22 20:55:56.234 25105 25105 W System.err: at android.app.ActivityThread.main(ActivityThread.java:7986)
03-22 20:55:56.234 25105 25105 W System.err: at java.lang.reflect.Method.invoke(Native Method)
03-22 20:55:56.234 25105 25105 W System.err: at com.android.internal.os.RuntimeInit$MethodAndArgsCaller.run(RuntimeInit.java:553)
03-22 20:55:56.234 25105 25105 W System.err: at com.android.internal.os.ZygoteInit.main(ZygoteInit.java:1003)
03-22 20:55:56.234 25105 25105 D AndroidRuntime: Shutting down VM --------- beginning of crash
03-22 20:55:56.235 25105 25105 E AndroidRuntime: FATAL EXCEPTION: main
03-22 20:55:56.235 25105 25105 E AndroidRuntime: Process: com.whatsapp.w4b, PID: 25105
03-22 20:55:56.235 25105 25105 E AndroidRuntime: java.lang.NullPointerException: Attempt to invoke interface method 'void top.niunaijun.blackbox.core.system.am.IBActivityManagerService.onActivityCreated(in t, android.os.IBinder, android.os.IBinder)' on a null object reference
03-22 20:55:56.235 25105 25105 E AndroidRuntime: at top.niunaijun.blackbox.fake.frameworks.BActivityManager.onActivityCreated(BActivity Manager.java:172)
03-22 20:55:56.235 25105 25105 E AndroidRuntime: at top.niunaijun.blackbox.fake.service.HCallbackProxy.handleLaunchActivity(HCallbackPr oxy.java:165)
03-22 20:55:56.235 25105 25105 E AndroidRuntime: at top.niunaijun.blackbox.fake.service.HCallbackProxy.handleMessage(HCallbackProxy.jav a:73)
03-22 20:55:56.235 25105 25105 E AndroidRuntime: at android.os.Handler.dispatchMessage(Handler.java:102)
03-22 20:55:56.235 25105 25105 E AndroidRuntime: at android.os.Looper.loopOnce(Looper.java:201)
03-22 20:55:56.235 25105 25105 E AndroidRuntime: at android.os.Looper.loop(Looper.java:288)
03-22 20:55:56.235 25105 25105 E AndroidRuntime: at android.app.ActivityThread.main(ActivityThread.java:7986)
03-22 20:55:56.235 25105 25105 E AndroidRuntime: at java.lang.reflect.Method.invoke(Native Method)
03-22 20:55:56.235 25105 25105 E AndroidRuntime: at com.android.internal.os.RuntimeInit$MethodAndArgsCaller.run(RuntimeInit.java:553)
03-22 20:55:56.235 25105 25105 E AndroidRuntime: at com.android.internal.os.ZygoteInit.main(ZygoteInit.java:1003)
03-22 20:55:56.235 25105 25105 E TAG : Received exception '' from thread main
03-22 20:55:57.281 24530 24593 I FA : Application backgrounded at: timestamp_millis: 1742673355279
03-22 20:55:59.293 24530 25070 I PlayCore: UID: [10188] PID: [24530] PrewarmService : prewarm(com.dual.space.parallel.apps.multiaccounts.appscloner)
03-22 20:55:59.294 24530 24902 I PlayCore: UID: [10188] PID: [24530] PrewarmService : Initiate binding to the service.
03-22 20:55:59.305 24530 24530 I PlayCore: UID: [10188] PID: [24530] PrewarmService : detach
03-22 20:55:59.321 24530 24530 D NATIVE_LOADED: loaded
03-22 20:55:59.322 24530 24530 I PlayCore: UID: [10188] PID: [24530] PrewarmService : ServiceConnectionImpl.onServiceConnected(ComponentInfo{com.android.vending/ com.google.android.finsky.prewarmservice.PrewarmService})
03-22 20:55:59.322 24530 24902 I PlayCore: UID: [10188] PID: [24530] PrewarmService : linkToDeath
03-22 20:56:00.557 24530 24530 D IMGGralloc: Gralloc Free w:720, h:1612, f:0x2, usage:0x966, ui64Stamp:593085 line = 2529
03-22 20:56:00.558 24530 24530 D IMGGralloc: Gralloc Free w:720, h:1612, f:0x2, usage:0x966, ui64Stamp:593087 line = 2529
03-22 20:56:07.497 24530 24796 W Ads : Error while pinging URL: https://pagead2.googleadservices.com/pagead/adview?pa=1&ai=CzEz6oBXfZ- vcAovkkPIPwbSe2QX4loW0e-CkvOzrEMCNtwEQASCS5- SCAWC3vIOF9DCgAZ2F7rIoqQISDPfdcDgGPqgDAcgDCKoEmwJP0LBltVqtqhNpFWqZnO4pZqaU5jLl- jfDr9moPJVYd1YEmmSDuqhEbRPF1RQ1j4l4bFSdmWl484SMIkkRFrTSxPEZc-Upf-M2l79AfJ- N3_7JaT62Fh9SHHqUmRlIYJquy93pMxc5GV- MdmgezPnsppWxDS2GDrvMzEjfmejZsFLNqJu0_lpLel8j8IEQxAeMlbbhrC4g7i28UlNoWi_p2g10pufNvk uJ_1U0NOqJRxUzzFadYNQxJDYKJXmWTVEDZbH33M5KKI85y3GFBmmjZEzjRXAv7W0fF96RaLUSCxbFzoerQ wpxuX0krRCieT1yXyWkDc9233h9aoImEsztQ9i7jvNAkN2Y1a0hZvUfEAVRxh9kjiCzAZAgwATezcDuhASI Bebd7bZEwAVxkAYBoAYcsAYBwAYBgAeviOGPA5gHAagHzLuxAqgH_56xAqgHzZuxAqgHmZ2xAqgHpr4bqAf VyRuoB6EBqAetyhuoB67NG6gH_p6xAqgH89EbqAeexLECqAeW2BuoB6qbsQKoB9- fsQKoB47cG6gH9rixAqgH4L2xArgHtdHBnfWaqOtYwAfn1APYBwH6Bw10ZWFtLm9wYXkucGF5mAgBoAiq_6 kEqAgBsAgCuAgB0ggmCIBhEAEYXzICigI6C4BAgMCAgICgqIACSL39wTpYirLj_buejAOxCdWCgLI2FBwMg AoCkAsFmAzprLHZjASqDQJOR-oNEwinhav- u56MAxULMkQIHUGaJ1u4E7EDghREGkJtb2JpbGVhcHA6OjItY29tLmR1YWwuc3BhY2UucGFyYWxsZWwuYXB wcy5tdWx0aWFjY291bnRzLmFwcHNjbG9uZXKIFFfQFQHYFQGYFgHKFmkKDXRlYW0ub3BheS5wYXkaUgi0- arzn5WlhMkBEOPLmdWEkt_WIxgBIAAqNWNvbS5kdWFsLnNwYWNlLnBhcmFsbGVsLmFwcHMubXVsdGlhY2Nv dW50cy5hcHBzY2xvbmVyMAIg8fsDKAH4FgGAFwGyFxwKGAgAEhRwdWItMjc2OTYyMjY2NTY4NzM0MxgBuhc ECAFIAbIYAyIBAIAZApoZDggBEAMaA1VTRCDKtKoB&sigh=WB9VxopRzxQ&cid=CAQShgEAo7S8zBqvnH56 zW8kLaZ88O9NCINiZ7cOYSprcV5pQEYCZMBDsEw- kyRyjt0q688qDrRs7hzotEkx_q9cow7akDP_zxUWuQ6dW1sXodLuMoHAfoZ3Njy- v1Ewgk61qQQq7SJwPEEYdnHA62fQdC77WpH5GCMfb5kZgxpwjE- iXaqa6yKBixgB&cmd=ChtjYS1hcHAtcHViLTI3Njk2MjI2NjU2ODczNDMQsQMYAQ&gvr=1&fbs_aeid=- 3463115922405199157&gmp_app_id=1%3A886262342339%3Aandroid %3A7d33715db9c5e5f5e63876&fbs_aiid=a27f4b9b44e679109003c32b0b150df0&ms=CtYDmsA_ATEa QAEDDFmU8mvtOCpYwGjoQt8gyhh-Tt9y0TsWmlsjnEiFzYV-beY6PekewuHSi63-t- vnHABIQEF9ZOfkXcjtIrMSjAOL9kE-U4tjvTW1MTOUKLNpcpRofNqXd0- iPru3Ps0uV5Pniv4LMfUkdNrysR3wvHZfyyryH7kaGqF8iznZuuyiqBPTA00ZubKhgyp5PpfOp6DhjfWtY_ QjezCoz--axg5FfzVabOYLpLde1CGKPRxA4CfT6iZ_M9Rk56QG3VvrU5r4Mb- cuRnTVwZjfovU21Sr5oPeuWigPIHpoVrj6Rggf28YddHyzMysvNPVAqGTucKlZG3FOyFovMJiLLeBTMgNat X-3PCifvnCh8jymHSPbGkqQh0DPu7Un3XbOmYebMAtWBud-3zlLN3vvIcyuroMICpLtKl-uv2- 5L2JcxWDZpXbv5v9muU6IJFjqrCKJKi_deRbCmKvysaF35SlVP8W0Q2dKYeNBifB9mLRgothy3m3Uosg6hC JeADH4IOs8HhJdFnXcDwz52dERzq2RuTHg7MkiuOVxHu4xQsJBYgt7iHq9_mm2DHAYWrrMcC7tgZI8tsJmd XIz6rKa1RobcIf52DQ6ZzJmT4tzYUgBA&attok=A7QVU4I_WcaDC4eRgRLIu2Gk48Ax5oGzwf4- 00aRqGw1WD4K3moRW9HBmDwAeBxPo8NtVhLhBGTV3vZmEeV7qI_qBb1FI6ehJHpGoeJ813s_aXoXoZZGWXf -OZvg9AHUnESc8G2U7- hkJVjsYCu66l7CffnUZrpj57Bkh5otBWgfcTNoECS50VbWB6M2QTgrefiAAJo8WwKRoQGFtr9EGkGExkvqH WWI8QTUdBOGqMHEhvP5gQJJ1-wFN4LKTsXj- LZIyrhBQMebhpEQ8ScaAkRmieYY3HYJ2_jp3IwJsflfSnau9K3omkCnywohHeSrqMikNAtHO8HKSArgPBia 7yCw3HSA- 7XYi7YtYs6jOrwke71vzRqUuia80EIAKw0yzhbTUMaMmiB3gWUm9Ef3xgJxTAWWnVmwZmt4UHJulhJs0753 keLIUwYf6qLJzbYCMEIOoyBpTLt3uQZlLoEP- SvQtjDjkoPpKCoScOz1_i_YGlDP6mhF9vAZqGF8TGRXcbzBfN3rqJkMxTpqsuYqFle0yNA5jJMAgS97VSPJ MRHQRR44-G6j1wdUhwOFMDT8Iqulqp0d_Ua6zVeIC1MtxMfwCSddpf2kyOLY. unexpected end of stream on com.android.okhttp.Address@edcd22aa
03-22 20:56:08.052 24530 24530 I ExoPlayerImpl: Init 134de9d [AndroidXMedia3/1.5.0- beta01] [itel-P662L, itel P662L, ITEL, 31]
03-22 20:56:08.065 24530 24530 I Ads : ExoPlayerAdapter initialized.
03-22 20:56:08.320 24530 24530 E Ads : JS: Error: <svg> attribute viewBox: Unexpected end of attribute. Expected number, "0 0 ". (https://googleads.g.doubleclick.net/mads/gma? caps=inlineVideo_interactiveVideo_mraid1_mraid2_mraid3_sdkVideo_exo3_th_autoplay_me diation_scroll_av_sdkAdmobApiForAds_di_sfv_dinm_dim_nav_navc_dinmo_ipdof_gls_gcache _saiMacro_sai_demuxedGcache_xSeconds&eid=318500618%2C318486317%2C318491267%2C833212 13%2C95347904%2C318470439%2C318503827%2C318512168%2C318515638%2C318519201%2C3184836 11%2C318484496%2C318508195%2C318518422%2C318518970%2C318516088%2C318516649%2C318516 381%2C318516383&format=interstitial_mb&heap_free=2611942&heap_max=268435456&heap_to tal=11138174&js=afma-sdk-a- v244410999.244410000.1&msid=com.dual.space.parallel.apps.multiaccounts.appscloner&p reqs=1&seq_num=2&target_api=34#caps=inlineVideo_interactiveVideo_mraid1_mraid2_mrai d3_sdkVideo_exo3_th_autoplay_mediation_scroll_av_sdkAdmobApiForAds_di_sfv_dinm_dim_ nav_navc_dinmo_ipdof_gls_gcache_saiMacro_sai_demuxedGcache_xSeconds&eid=318500618%2 52C318486317%252C318491267%252C83321213%252C95347904%252C318470439%252C318503827%25 2C318512168%252C318515638%252C318519201%252C318483611%252C318484496%252C318508195%2 52C318518422%252C318518970%252C318516088%252C318516649%252C318516381%252C318516383& format=interstitial_mb&heap_free=2611942&heap_max=268435456&heap_total=11138174&js= afma-sdk-a- v244410999.244410000.1&msid=com.dual.space.parallel.apps.multiaccounts.appscloner&p reqs=1&seq_num=2&target_api=34:1)
03-22 20:56:08.327 24530 24530 E Ads : JS: Error: <svg> attribute viewBox: Unexpected end of attribute. Expected number, "0 0 ". (https://googleads.g.doubleclick.net/mads/gma? caps=inlineVideo_interactiveVideo_mraid1_mraid2_mraid3_sdkVideo_exo3_th_autoplay_me diation_scroll_av_sdkAdmobApiForAds_di_sfv_dinm_dim_nav_navc_dinmo_ipdof_gls_gcache _saiMacro_sai_demuxedGcache_xSeconds&eid=318500618%2C318486317%2C318491267%2C833212 13%2C95347904%2C318470439%2C318503827%2C318512168%2C318515638%2C318519201%2C3184836 11%2C318484496%2C318508195%2C318518422%2C318518970%2C318516088%2C318516649%2C318516 381%2C318516383&format=interstitial_mb&heap_free=2611942&heap_max=268435456&heap_to tal=11138174&js=afma-sdk-a- v244410999.244410000.1&msid=com.dual.space.parallel.apps.multiaccounts.appscloner&p reqs=1&seq_num=2&target_api=34#caps=inlineVideo_interactiveVideo_mraid1_mraid2_mrai d3_sdkVideo_exo3_th_autoplay_mediation_scroll_av_sdkAdmobApiForAds_di_sfv_dinm_dim_ nav_navc_dinmo_ipdof_gls_gcache_saiMacro_sai_demuxedGcache_xSeconds&eid=318500618%2 52C318486317%252C318491267%252C83321213%252C95347904%252C318470439%252C318503827%25 2C318512168%252C318515638%252C318519201%252C318483611%252C318484496%252C318508195%2 52C318518422%252C318518970%252C318516088%252C318516649%252C318516381%252C318516383& format=interstitial_mb&heap_free=2611942&heap_max=268435456&heap_total=11138174&js= afma-sdk-a- v244410999.244410000.1&msid=com.dual.space.parallel.apps.multiaccounts.appscloner&p reqs=1&seq_num=2&target_api=34:1)
03-22 20:56:08.937 24530 24530 I ExoPlayerImpl: Init 7a82c3 [AndroidXMedia3/1.5.0- beta01] [itel-P662L, itel P662L, ITEL, 31]
03-22 20:56:08.950 24530 24530 I Ads : ExoPlayerAdapter initialized.
03-22 20:56:09.020 24530 24530 I PlayCore: UID: [10188] PID: [24530] PrewarmService : prewarm(com.dual.space.parallel.apps.multiaccounts.appscloner)
03-22 20:56:09.021 24530 24902 I PlayCore: UID: [10188] PID: [24530] PrewarmService : Initiate binding to the service.
03-22 20:56:09.021 24530 24530 D ContentValues: Ad was loaded.
03-22 20:56:09.034 24530 24530 I PlayCore: UID: [10188] PID: [24530] PrewarmService : ServiceConnectionImpl.onServiceConnected(ComponentInfo{com.android.vending/ com.google.android.finsky.prewarmservice.PrewarmService})
03-22 20:56:09.035 24530 24902 I PlayCore: UID: [10188] PID: [24530] PrewarmService : linkToDeath
03-22 20:56:14.351 24530 24530 W Ads : JS: An iframe which has both allow- scripts and allow-same-origin for its sandbox attribute can escape its sandboxing. (about:srcdoc:0)
03-22 20:56:14.403 24530 24530 E Ads : JS: Uncaught SyntaxError: Unexpected token ')' (about:srcdoc:11)
03-22 20:56:17.296 24530 24530 W Ads : Precache exception
03-22 20:56:17.296 24530 24530 W Ads : m.il: Unable to connect to https://rr1---sn-huoob-avn6.googlevideo.com/videoplayback? expire=1742702112&ei=oBXfZ-ahH_r9n88Py9- ZwAc&ip=102.88.71.182&id=65f24361fe9604d7&itag=140&source=youtube&requiressl=yes&xp c=Eghovf3BOnoBAQ%3D%3D&met=1742673312%2C&mh=Ku&mm=31&mn=sn-huoob- avn6&ms=au&mv=m&mvi=1&pl=24&rms=au%2Cau&susc=gvp&acao=yes&ctier=L&mime=audio %2Fmp4&vprv=1&rqh=1&gir=yes&clen=245063&dur=15.069&lmt=1692071352131663&mt=17426729 54&cpn=zTZXPLRwQCEkSN2t&txp=6318224&sparams=expire%2Cei%2Cip%2Cid%2Citag%2Csource %2Crequiressl%2Cxpc%2Csusc%2Cacao%2Cctier%2Cmime%2Cvprv%2Crqh%2Cgir%2Cclen%2Cdur %2Clmt&sig=AJfQdSswRQIhAJVCbcs2C21W6U9mIdofgHzPFrBjI2zSTCrEOUy0GAA6AiBvV5gvSHC_WrMr hNdeRPxiKUpOslqbGtqu_Ukf5ELr3w%3D%3D&lsparams=met%2Cmh%2Cmm%2Cmn%2Cms%2Cmv%2Cmvi %2Cpl%2Crms&lsig=AFVRHeAwRAIgKTW8tFj2VYCf03KcfQbfQ0EHoGs- d3z1BfzX8baXK38CIDgDyFvFAYislDKoCOrXmi-NAcKQPh0z7MRmXcaNKmp5&ic=gmasdk
03-22 20:56:17.296 24530 24530 W Ads : at com.google.android.gms.ads.internal.video.google3exoplayer.b.b(:com.google.android. gms.policy_ads_fdr_dynamite@[email protected]:607)
03-22 20:56:17.296 24530 24530 W Ads : at m.it.b(:com.google.android.gms.policy_ads_fdr_dynamite@[email protected] 1528.691591528:8)
03-22 20:56:17.296 24530 24530 W Ads : at m.yn.run(:com.google.android.gms.policy_ads_fdr_dynamite@[email protected] 591528.691591528:66)
03-22 20:56:17.296 24530 24530 W Ads : at java.util.concurrent.ThreadPoolExecutor.runWorker(ThreadPoolExecutor.java:1167)
03-22 20:56:17.296 24530 24530 W Ads : at java.util.concurrent.ThreadPoolExecutor$Worker.run(ThreadPoolExecutor.java:641)
03-22 20:56:17.296 24530 24530 W Ads : at java.lang.Thread.run(Thread.java:920)
03-22 20:56:17.296 24530 24530 W Ads : Caused by: java.net.SocketTimeoutException: Read timed out
03-22 20:56:17.296 24530 24530 W Ads : at java.net.SocketInputStream.socketRead0(Native Method)
03-22 20:56:17.296 24530 24530 W Ads : at java.net.SocketInputStream.socketRead(SocketInputStream.java:119)
03-22 20:56:17.296 24530 24530 W Ads : at java.net.SocketInputStream.read(SocketInputStream.java:176)
03-22 20:56:17.296 24530 24530 W Ads : at java.net.SocketInputStream.read(SocketInputStream.java:144)
03-22 20:56:17.296 24530 24530 W Ads : at com.android.org.conscrypt.ConscryptEngineSocket$SSLInputStream.readFromSocket(Consc ryptEngineSocket.java:945)
03-22 20:56:17.296 24530 24530 W Ads : at com.android.org.conscrypt.ConscryptEngineSocket$SSLInputStream.processDataFromSocke t(ConscryptEngineSocket.java:909)
03-22 20:56:17.296 24530 24530 W Ads : at com.android.org.conscrypt.ConscryptEngineSocket$SSLInputStream.access$100(Conscrypt EngineSocket.java:731)
03-22 20:56:17.296 24530 24530 W Ads : at com.android.org.conscrypt.ConscryptEngineSocket.doHandshake(ConscryptEngineSocket.j ava:241)
03-22 20:56:17.296 24530 24530 W Ads : at com.android.org.conscrypt.ConscryptEngineSocket.startHandshake(ConscryptEngineSocke t.java:220)
03-22 20:56:17.296 24530 24530 W Ads : at com.android.okhttp.internal.io.RealConnection.connectTls(RealConnection.java:196)
03-22 20:56:17.296 24530 24530 W Ads : at com.android.okhttp.internal.io.RealConnection.connectSocket(RealConnection.java:153 )
03-22 20:56:17.296 24530 24530 W Ads : at com.android.okhttp.internal.io.RealConnection.connect(RealConnection.java:116)
03-22 20:56:17.296 24530 24530 W Ads : at com.android.okhttp.internal.http.StreamAllocation.findConnection(StreamAllocation.j ava:186)
03-22 20:56:17.296 24530 24530 W Ads : at com.android.okhttp.internal.http.StreamAllocation.findHealthyConnection(StreamAlloc ation.java:128)
03-22 20:56:17.296 24530 24530 W Ads : at com.android.okhttp.internal.http.StreamAllocation.newStream(StreamAllocation.java:9 7)
03-22 20:56:17.296 24530 24530 W Ads : at com.android.okhttp.internal.http.HttpEngine.connect(HttpEngine.java:289)
03-22 20:56:17.296 24530 24530 W Ads : at com.android.okhttp.internal.http.HttpEngine.sendRequest(HttpEngine.java:232)
03-22 20:56:17.296 24530 24530 W Ads : at com.android.okhttp.internal.huc.HttpURLConnectionImpl.execute(HttpURLConnectionImpl .java:465)
03-22 20:56:17.296 24530 24530 W Ads : at com.android.okhttp.internal.huc.HttpURLConnectionImpl.connect(HttpURLConnectionImpl .java:131)
03-22 20:56:17.296 24530 24530 W Ads : at com.android.okhttp.internal.huc.DelegatingHttpsURLConnection.connect(DelegatingHttp sURLConnection.java:90)
03-22 20:56:17.296 24530 24530 W Ads : at com.android.okhttp.internal.huc.HttpsURLConnectionImpl.connect(HttpsURLConnectionIm pl.java:30)
03-22 20:56:17.296 24530 24530 W Ads : at com.google.android.gms.ads.internal.video.google3exoplayer.b.b(:com.google.android. gms.policy_ads_fdr_dynamite@[email protected]:184)
03-22 20:56:17.296 24530 24530 W Ads : ... 5 more
03-22 20:56:17.326 24530 24530 W Ads : Precache exception
03-22 20:56:17.326 24530 24530 W Ads : m.il: Unable to connect to https://rr1---sn-huoob-avn6.googlevideo.com/videoplayback? expire=1742702112&ei=oBXfZ-ahH_r9n88Py9- ZwAc&ip=102.88.71.182&id=65f24361fe9604d7&itag=247&source=youtube&requiressl=yes&xp c=Eghovf3BOnoBAQ%3D%3D&met=1742673312%2C&mh=Ku&mm=31&mn=sn-huoob- avn6&ms=au&mv=m&mvi=1&pl=24&rms=au%2Cau&susc=gvp&acao=yes&ctier=L&mime=video %2Fwebm&vprv=1&rqh=1&gir=yes&clen=338977&dur=15.000&lmt=1692071354449698&mt=1742672 954&cpn=zTZXPLRwQCEkSN2t&txp=631A224&sparams=expire%2Cei%2Cip%2Cid%2Citag%2Csource %2Crequiressl%2Cxpc%2Csusc%2Cacao%2Cctier%2Cmime%2Cvprv%2Crqh%2Cgir%2Cclen%2Cdur %2Clmt&sig=AJfQdSswRQIgH9s1D2ONLnH42zLV15KBO_mSdMh_utWnS- DTZjHBfjUCIQDwkNTmAe9z6W4nfEKoI-no-vRkS6mytnHWJymcg2rMAw%3D%3D&lsparams=met%2Cmh %2Cmm%2Cmn%2Cms%2Cmv%2Cmvi%2Cpl %2Crms&lsig=AFVRHeAwRAIgYksnD75aB_OX20f2iMiSw7HQnoItE660gxbIpHwx5_8CIF- xQ8MPPeuDvkZOmQM700JctUEOMlXGgc-mhGfRbP7g&ic=gmasdk
03-22 20:56:17.326 24530 24530 W Ads : at com.google.android.gms.ads.internal.video.google3exoplayer.b.b(:com.google.android. gms.policy_ads_fdr_dynamite@[email protected]:607)
03-22 20:56:17.326 24530 24530 W Ads : at m.it.b(:com.google.android.gms.policy_ads_fdr_dynamite@[email protected] 1528.691591528:8)
03-22 20:56:17.326 24530 24530 W Ads : at m.yn.run(:com.google.android.gms.policy_ads_fdr_dynamite@[email protected] 591528.691591528:66)
03-22 20:56:17.326 24530 24530 W Ads : at java.util.concurrent.ThreadPoolExecutor.runWorker(ThreadPoolExecutor.java:1167)
03-22 20:56:17.326 24530 24530 W Ads : at java.util.concurrent.ThreadPoolExecutor$Worker.run(ThreadPoolExecutor.java:641)
03-22 20:56:17.326 24530 24530 W Ads : at java.lang.Thread.run(Thread.java:920)
03-22 20:56:17.326 24530 24530 W Ads : Caused by: java.net.SocketTimeoutException: Read timed out
03-22 20:56:17.326 24530 24530 W Ads : at java.net.SocketInputStream.socketRead0(Native Method)
03-22 20:56:17.326 24530 24530 W Ads : at java.net.SocketInputStream.socketRead(SocketInputStream.java:119)
03-22 20:56:17.326 24530 24530 W Ads : at java.net.SocketInputStream.read(SocketInputStream.java:176)
03-22 20:56:17.326 24530 24530 W Ads : at java.net.SocketInputStream.read(SocketInputStream.java:144)
03-22 20:56:17.326 24530 24530 W Ads : at com.android.org.conscrypt.ConscryptEngineSocket$SSLInputStream.readFromSocket(Consc ryptEngineSocket.java:945)
03-22 20:56:17.326 24530 24530 W Ads : at com.android.org.conscrypt.ConscryptEngineSocket$SSLInputStream.processDataFromSocke t(ConscryptEngineSocket.java:909)
03-22 20:56:17.326 24530 24530 W Ads : at com.android.org.conscrypt.ConscryptEngineSocket$SSLInputStream.access$100(Conscrypt EngineSocket.java:731)
03-22 20:56:17.326 24530 24530 W Ads : at com.android.org.conscrypt.ConscryptEngineSocket.doHandshake(ConscryptEngineSocket.j ava:241)
03-22 20:56:17.326 24530 24530 W Ads : at com.android.org.conscrypt.ConscryptEngineSocket.startHandshake(ConscryptEngineSocke t.java:220)
03-22 20:56:17.326 24530 24530 W Ads : at com.android.okhttp.internal.io.RealConnection.connectTls(RealConnection.java:196)
03-22 20:56:17.326 24530 24530 W Ads : at com.android.okhttp.internal.io.RealConnection.connectSocket(RealConnection.java:153 )
03-22 20:56:17.326 24530 24530 W Ads : at com.android.okhttp.internal.io.RealConnection.connect(RealConnection.java:116)
