The document contains a log of events from an application, detailing initialization processes, error messages, and system hooks. It highlights issues such as missing package IDs and failed service bindings, along with various debug messages related to application performance. Additionally, it notes compatibility changes and the use of network security configurations.
The document contains a log of events from an application, detailing initialization processes, error messages, and system hooks. It highlights issues such as missing package IDs and failed service bindings, along with various debug messages related to application performance. Additionally, it notes compatibility changes and the use of network security configurations.
We take content rights seriously. If you suspect this is your content, claim it here.
Available Formats
Download as TXT, PDF, TXT or read online on Scribd
You are on page 1/ 161
--------- beginning of main
03-22 20:55:00.040 24530 24530 D LicenseClient: Connecting to the licensing
service...
03-22 20:55:00.057 24530 24530 D WM-WrkMgrInitializer: Initializing WorkManager with default configuration.
03-22 20:55:00.091 24530 24588 D CompatibilityChangeReporter: Compat change id reported: 160794467; UID 10188; state: ENABLED
03-22 20:55:00.145 24530 24593 E unts.appsclone: No package ID 77 found for ID 0x770b000f.
03-22 20:55:00.146 24530 24593 E unts.appsclone: No package ID 77 found for ID 0x770b000f.
03-22 20:55:00.148 24530 24593 I FA : App measurement initialized, version: 118010
03-22 20:55:00.149 24530 24593 I FA : To enable debug logging run: adb shell setprop log.tag.FA VERBOSE
03-22 20:55:00.149 24530 24593 I FA : To enable faster debug mode event logging run:
03-22 20:55:00.149 24530 24593 I FA : adb shell setprop debug.firebase.analytics.app com.dual.space.parallel.apps.multiaccounts.appscloner
03-22 20:55:00.160 24530 24589 I unts.appsclone: Waiting for a blocking GC ClassLinker
03-22 20:55:00.166 24530 24593 I FA : Tag Manager is not found and thus will not be used
03-22 20:55:00.171 24530 24598 D native : Found attached 0
03-22 20:55:00.171 24530 24598 D native : Calling class is: java.lang.Class
03-22 20:55:00.172 24530 24599 D native : Found attached 0
03-22 20:55:00.172 24530 24599 D native : Calling class is: java.lang.Class
03-22 20:55:00.197 24530 24530 W CheckTime: App running slow: Executing handleBindApplication : installContentProviders took 294ms
03-22 20:55:00.198 24530 24589 I unts.appsclone: WaitForGcToComplete blocked ClassLinker on Background for 37.981ms
03-22 20:55:00.206 24530 24589 D FBAudienceNetwork: SDK dex loading time: 131
03-22 20:55:00.240 24602 24602 E ppscloner:blac: Not starting debugger since process cannot load the jdwp agent.
03-22 20:55:00.260 24602 24602 D CompatibilityChangeReporter: Compat change id reported: 171979766; UID 10188; state: ENABLED --------- beginning of system
03-22 20:55:00.264 24602 24602 D os.SingleLiceFactory: using android.graphics.IGraphicLice$DefaultImpl@1d2202d instead of com.transsion.typeface.TypefaceLiceFactory from android.graphics.IGraphicLice
03-22 20:55:00.264 24602 24602 D os.LiceInfo: instance successfully. com.transsion.graphics.GraphicLice@c139962 from android.graphics.IGraphicLice
03-22 20:55:00.275 24602 24602 W ppscloner:blac: Entry not found
03-22 20:55:00.276 24602 24602 W ppscloner:blac: Entry not found
03-22 20:55:00.481 24602 24602 W ppscloner:blac: JIT profile information will not be recorded: profile file does not exist.
03-22 20:55:00.482 24602 24602 W ppscloner:blac: JIT profile information will not be recorded: profile file does not exist.
03-22 20:55:00.485 24602 24602 V GraphicsEnvironment: ANGLE Developer option for 'com.dual.space.parallel.apps.multiaccounts.appscloner' set to: 'default'
03-22 20:55:00.485 24602 24602 V GraphicsEnvironment: Neither updatable production driver nor prerelease driver is supported.
03-22 20:55:00.487 24602 24602 I LoadedApk: No resource references to update in package com.transsion.theme.icon
03-22 20:55:00.488 24602 24602 D NetworkSecurityConfig: Using Network Security Config from resource network_security_config debugBuild: false
03-22 20:55:00.489 24602 24602 D NetworkSecurityConfig: Using Network Security Config from resource network_security_config debugBuild: false
03-22 20:55:00.492 24602 24602 I SignatureCheck: Signature check ok
03-22 20:55:00.502 24602 24602 E BlackBoxCore: Failed to hook bindService:
03-22 20:55:00.502 24602 24602 E BlackBoxCore: java.lang.IllegalArgumentException: top.niunaijun.blackbox.fake.frameworks.BActivityManager is not an interface
03-22 20:55:00.502 24602 24602 E BlackBoxCore: at java.lang.reflect.Proxy$ProxyClassFactory.apply(Proxy.java:635)
03-22 20:55:00.502 24602 24602 E BlackBoxCore: at java.lang.reflect.Proxy$ProxyClassFactory.apply(Proxy.java:602)
03-22 20:55:00.502 24602 24602 E BlackBoxCore: at java.lang.reflect.WeakCache$Factory.get(WeakCache.java:230)
03-22 20:55:00.502 24602 24602 E BlackBoxCore: at java.lang.reflect.WeakCache.get(WeakCache.java:127)
03-22 20:55:00.502 24602 24602 E BlackBoxCore: at java.lang.reflect.Proxy.getProxyClass0(Proxy.java:438)
03-22 20:55:00.502 24602 24602 E BlackBoxCore: at java.lang.reflect.Proxy.newProxyInstance(Proxy.java:873)
03-22 20:55:00.502 24602 24602 E BlackBoxCore: at top.niunaijun.blackbox.BlackBoxCore.hookBindService(BlackBoxCore.java:222)
03-22 20:55:00.502 24602 24602 E BlackBoxCore: at top.niunaijun.blackbox.BlackBoxCore.doAttachBaseContext(BlackBoxCore.java:133)
03-22 20:55:00.502 24602 24602 E BlackBoxCore: at com.dual.space.view.main.BlackBoxLoader.attachBaseContext(BlackBoxLoader.kt:100)
03-22 20:55:00.502 24602 24602 E BlackBoxCore: at com.dual.space.app.AppManager.doAttachBaseContext(AppManager.kt:26)
03-22 20:55:00.502 24602 24602 E BlackBoxCore: at com.dual.space.app.MyApplication.attachBaseContext(MyApplication.kt:62)
03-22 20:55:00.502 24602 24602 E BlackBoxCore: at com.pairip.application.Application.attachBaseContext(Unknown Source:6)
03-22 20:55:00.502 24602 24602 E BlackBoxCore: at android.app.Application.attach(Application.java:331)
03-22 20:55:00.502 24602 24602 E BlackBoxCore: at android.app.Instrumentation.newApplication(Instrumentation.java:1178)
03-22 20:55:00.502 24602 24602 E BlackBoxCore: at android.app.LoadedApk.makeApplication(LoadedApk.java:1366)
03-22 20:55:00.502 24602 24602 E BlackBoxCore: at android.app.ActivityThread.handleBindApplication(ActivityThread.java:6809)
03-22 20:55:00.502 24602 24602 E BlackBoxCore: at android.app.ActivityThread.access$1500(ActivityThread.java:274)
03-22 20:55:00.502 24602 24602 E BlackBoxCore: at android.app.ActivityThread$H.handleMessage(ActivityThread.java:2122)
03-22 20:55:00.502 24602 24602 E BlackBoxCore: at android.os.Handler.dispatchMessage(Handler.java:106)
03-22 20:55:00.502 24602 24602 E BlackBoxCore: at android.os.Looper.loopOnce(Looper.java:201)
03-22 20:55:00.502 24602 24602 E BlackBoxCore: at android.os.Looper.loop(Looper.java:288)
03-22 20:55:00.502 24602 24602 E BlackBoxCore: at android.app.ActivityThread.main(ActivityThread.java:7986)
03-22 20:55:00.502 24602 24602 E BlackBoxCore: at java.lang.reflect.Method.invoke(Native Method)
03-22 20:55:00.502 24602 24602 E BlackBoxCore: at com.android.internal.os.RuntimeInit$MethodAndArgsCaller.run(RuntimeInit.java:553)
03-22 20:55:00.502 24602 24602 E BlackBoxCore: at com.android.internal.os.ZygoteInit.main(ZygoteInit.java:1003)
03-22 20:55:00.540 24602 24602 D HookManager: hook: top.niunaijun.blackbox.fake.service.ISystemUpdateProxy@3bc805d
03-22 20:55:00.543 24602 24602 D HookManager: hook error: top.niunaijun.blackbox.fake.service.ISystemUpdateProxy@3bc805d
03-22 20:55:00.543 24602 24602 D HookManager: hook: top.niunaijun.blackbox.fake.service.IDeviceIdentifiersPolicyProxy@6f835a0
03-22 20:55:00.546 24602 24602 D HookManager: hook: top.niunaijun.blackbox.fake.service.IShortcutManagerProxy@5094f1b
03-22 20:55:00.549 24602 24602 D HookManager: hook: top.niunaijun.blackbox.fake.service.libcore.OsStub@81d0864
03-22 20:55:00.553 24602 24602 D HookManager: hook: top.niunaijun.blackbox.fake.service.IPhoneSubInfoProxy@e888693
03-22 20:55:00.555 24602 24602 D HookManager: hook: top.niunaijun.blackbox.fake.service.IDisplayManagerProxy@62641ce
03-22 20:55:00.559 24602 24602 D HookManager: hook: top.niunaijun.blackbox.fake.service.ITelephonyRegistryProxy@c34bca6
03-22 20:55:00.562 24602 24602 D HookManager: hook: top.niunaijun.blackbox.fake.service.IConnectivityManagerProxy@1b03a83
03-22 20:55:00.566 24602 24602 D HookManager: hook: top.niunaijun.blackbox.fake.service.IAccessibilityManagerProxy@836008a
03-22 20:55:00.569 24602 24602 D HookManager: hook: top.niunaijun.blackbox.fake.service.IVpnManagerProxy@47a23ad
03-22 20:55:00.574 24602 24602 D HookManager: hook: top.niunaijun.blackbox.fake.service.IAccountManagerProxy@79abf2e
03-22 20:55:00.579 24602 24602 D HookManager: hook: top.niunaijun.blackbox.fake.delegate.AppInstrumentation@93d14eb
03-22 20:55:00.581 24602 24602 D HookManager: hook: top.niunaijun.blackbox.fake.service.IWifiManagerProxy@85614c7
03-22 20:55:00.587 24602 24602 D HookManager: hook: top.niunaijun.blackbox.fake.service.IAppOpsManagerProxy@e2c8260
03-22 20:55:00.591 24602 24602 D HookManager: hook: top.niunaijun.blackbox.fake.service.IAppWidgetManagerProxy@34c3d78
03-22 20:55:00.594 24602 24602 D HookManager: hook: top.niunaijun.blackbox.fake.service.context.RestrictionsManagerStub@896fc8d
03-22 20:55:00.596 24602 24602 D HookManager: hook: top.niunaijun.blackbox.fake.service.ITelephonyManagerProxy@4596c8e
03-22 20:55:00.608 24602 24602 D HookManager: hook: top.niunaijun.blackbox.fake.service.IPermissionManagerProxy@ccf64cb
03-22 20:55:00.612 24602 24602 D HookManager: hook: top.niunaijun.blackbox.fake.service.IGraphicsStatsProxy@4e5a243
03-22 20:55:00.614 24602 24602 D HookManager: hook: top.niunaijun.blackbox.fake.service.HCallbackProxy@b2818ec
03-22 20:55:00.615 24602 24602 D HookManager: hook: top.niunaijun.blackbox.fake.service.IPersistentDataBlockServiceProxy@5f3d7d8
03-22 20:55:00.617 24602 24602 D HookManager: hook error: top.niunaijun.blackbox.fake.service.IPersistentDataBlockServiceProxy@5f3d7d8
03-22 20:55:00.617 24602 24602 D HookManager: hook: top.niunaijun.blackbox.fake.service.IDevicePolicyManagerProxy@3666397
03-22 20:55:00.629 24602 24602 D HookManager: hook: top.niunaijun.blackbox.fake.service.IActivityManagerProxy@809c9f0
03-22 20:55:00.641 24602 24602 D HookManager: hook: top.niunaijun.blackbox.fake.service.IStorageManagerProxy@178e708
03-22 20:55:00.645 24602 24602 D HookManager: hook: top.niunaijun.blackbox.fake.service.IJobServiceProxy@c7be3dd
03-22 20:55:00.647 24602 24602 D HookManager: hook: top.niunaijun.blackbox.fake.service.IMediaRouterServiceProxy@c430a9e
03-22 20:55:00.650 24602 24602 D HookManager: hook: top.niunaijun.blackbox.fake.service.IPackageManagerProxy@bfe8e9b
03-22 20:55:00.658 24602 24602 D HookManager: hook: top.niunaijun.blackbox.fake.service.IUserManagerProxy@467cf76
03-22 20:55:00.662 24602 24602 D HookManager: hook: top.niunaijun.blackbox.fake.service.IActivityTaskManagerProxy@7f63613
03-22 20:55:00.667 24602 24602 D HookManager: hook: top.niunaijun.blackbox.fake.service.IAutofillManagerProxy@85c548b
03-22 20:55:00.670 24602 24602 D HookManager: hook: top.niunaijun.blackbox.fake.service.INetworkManagementServiceProxy@6410226
03-22 20:55:00.672 24602 24602 D HookManager: hook: top.niunaijun.blackbox.fake.service.IWifiScannerProxy@fa8ca03
03-22 20:55:00.674 24602 24602 D HookManager: hook error: top.niunaijun.blackbox.fake.service.IWifiScannerProxy@fa8ca03
03-22 20:55:00.674 24602 24602 D HookManager: hook: top.niunaijun.blackbox.fake.service.IFingerprintManagerProxy@9bd1d80
03-22 20:55:00.675 24602 24602 D HookManager: hook: top.niunaijun.blackbox.fake.service.INotificationManagerProxy@582bfb9
03-22 20:55:00.680 24602 24602 D HookManager: hook: top.niunaijun.blackbox.fake.service.IAlarmManagerProxy@e9691ac
03-22 20:55:00.682 24602 24602 D HookManager: hook: top.niunaijun.blackbox.fake.service.IActivityClientProxy@1afacf1
03-22 20:55:00.686 24602 24602 D HookManager: hook: top.niunaijun.blackbox.fake.service.context.ContentServiceStub@2c294ae
03-22 20:55:00.688 24602 24602 D HookManager: hook: top.niunaijun.blackbox.fake.service.IPowerManagerProxy@b46f46b
03-22 20:55:00.691 24602 24602 D HookManager: hook: top.niunaijun.blackbox.fake.service.IMediaSessionManagerProxy@29bec74
03-22 20:55:00.693 24602 24602 D HookManager: hook: top.niunaijun.blackbox.fake.service.ILauncherAppsProxy@8468e99
03-22 20:55:00.696 24602 24602 D HookManager: hook: top.niunaijun.blackbox.fake.service.IContextHubServiceProxy@fce996a
03-22 20:55:00.698 24602 24602 D HookManager: hook error: top.niunaijun.blackbox.fake.service.IContextHubServiceProxy@fce996a
03-22 20:55:00.698 24602 24602 D HookManager: hook: top.niunaijun.blackbox.fake.service.IVibratorServiceProxy@58277d1
03-22 20:55:00.700 24602 24602 D HookManager: hook: top.niunaijun.blackbox.fake.service.IStorageStatsManagerProxy@4e4ebc2
03-22 20:55:00.701 24602 24602 D HookManager: hook: top.niunaijun.blackbox.fake.service.IWindowManagerProxy@587542f
03-22 20:55:00.707 24602 24602 D HookManager: hook: top.niunaijun.blackbox.fake.service.ILocationManagerProxy@d5844e6
03-22 20:55:00.712 24602 24602 W CheckTime: App running slow: Executing handleBindApplication : makeApplication took 226ms
03-22 20:55:00.957 24602 24602 W System : ClassLoader referenced unknown path: /system/framework/transsion-services.jar
03-22 20:55:00.958 24602 24602 I VerifyFacory: [static] sVerifyFacotry = com.transsion.xmlprotect.impl.VerifyFacotryImpl@18bca6c
03-22 20:55:00.997 24602 24602 D Settings: loaded Package: com.whatsapp.w4b
03-22 20:55:01.003 24602 24602 D BroadcastManager: register: com.whatsapp.w4b, size: 55
03-22 20:55:01.004 24602 24602 D CompatibilityChangeReporter: Compat change id reported: 160794467; UID 10188; state: ENABLED
03-22 20:55:01.108 24602 24602 D ActivityThread: Loading provider com.dual.space.parallel.apps.multiaccounts.appscloner.blackbox.SystemCallProvider: top.niunaijun.blackbox.core.system.SystemCallProvider
03-22 20:55:01.108 24602 24602 D SystemCallProvider: call: VM, Bundle[{_B_| _server_name_=package_manager}]
03-22 20:55:01.109 24602 24602 D BlackBoxCore: getService: package_manager, top.niunaijun.blackbox.core.system.pm.BPackageManagerService@e55e877
03-22 20:55:01.116 24602 24602 W CheckTime: App running slow: Executing handleBindApplication : installContentProviders took 404ms
03-22 20:55:01.117 24602 24618 D SystemCallProvider: call: VM, Bundle[mParcelledData.dataSize=88]
03-22 20:55:01.118 24530 24530 D BlackBoxCore: getService: activity_manager, android.os.BinderProxy@eda91b3
03-22 20:55:01.118 24602 24618 D SystemCallProvider: call: VM, Bundle[mParcelledData.dataSize=76]
03-22 20:55:01.119 24530 24530 D BlackBoxCore: getService: job_manager, android.os.BinderProxy@ee6c370
03-22 20:55:01.119 24602 24618 D SystemCallProvider: call: VM, Bundle[mParcelledData.dataSize=84]
03-22 20:55:01.120 24530 24530 D BlackBoxCore: getService: package_manager, android.os.BinderProxy@6d86e9
03-22 20:55:01.121 24602 24618 D SystemCallProvider: call: VM, Bundle[mParcelledData.dataSize=84]
03-22 20:55:01.121 24530 24530 D BlackBoxCore: getService: storage_manager, android.os.BinderProxy@ef39f6e
03-22 20:55:01.121 24602 24618 D SystemCallProvider: call: VM, Bundle[mParcelledData.dataSize=80]
03-22 20:55:01.122 24530 24530 D BlackBoxCore: getService: user_manager, android.os.BinderProxy@562960f
03-22 20:55:01.122 24602 24618 D SystemCallProvider: call: VM, Bundle[mParcelledData.dataSize=84]
03-22 20:55:01.123 24530 24530 D BlackBoxCore: getService: xposed_manager, android.os.BinderProxy@34ca69c
03-22 20:55:01.123 24602 24618 D SystemCallProvider: call: VM, Bundle[mParcelledData.dataSize=84]
03-22 20:55:01.124 24530 24530 D BlackBoxCore: getService: account_manager, android.os.BinderProxy@b0ea8a5
03-22 20:55:01.124 24602 24618 D SystemCallProvider: call: VM, Bundle[mParcelledData.dataSize=88]
03-22 20:55:01.125 24530 24530 D BlackBoxCore: getService: location_manager, android.os.BinderProxy@13e447a
03-22 20:55:01.126 24602 24618 D SystemCallProvider: call: VM, Bundle[mParcelledData.dataSize=96]
03-22 20:55:01.126 24530 24530 D BlackBoxCore: getService: notification_manager, android.os.BinderProxy@bc842b
03-22 20:55:01.134 24530 24530 W CheckTime: App running slow: Executing handleBindApplication : callApplicationOnCreate took 936ms
03-22 20:55:01.140 24602 24602 I FirebaseApp: Device unlocked: initializing all Firebase APIs for app [DEFAULT]
03-22 20:55:01.166 24602 24602 I FirebaseCrashlytics: Initializing Firebase Crashlytics 18.2.12 for com.dual.space.parallel.apps.multiaccounts.appscloner
03-22 20:55:01.187 24602 24633 W ppscloner:blac: ClassLoaderContext classpath size mismatch. expected=10, found=0 (DLC[];PCL[base.apk*1327408656:base.apk! classes2.dex*1754252532:base.apk!classes3.dex*1839206283:base.apk! classes4.dex*1859236018:base.apk!classes5.dex*4207950189:base.apk! classes6.dex*1074032606:base.apk!classes7.dex*64361241:base.apk! classes8.dex*3601455730:base.apk!classes9.dex*637886986:base.apk! classes10.dex*4157891290]{PCL[/system/framework/ org.apache.http.legacy.jar*354163490]#PCL[/system/framework/ com.android.media.remotedisplay.jar*682410101]#PCL[/system/framework/ com.android.location.provider.jar*2951699264]#PCL[/system/framework/ org.apache.http.legacy.jar*354163490]} | DLC[];PCL[])
03-22 20:55:01.192 24530 24530 D os.SingleLice: instance successfully. com.transsion.scrollshot.v1.ScrollShotImplLice@56f5594 from com.transsion.scrollshot.ScrollShotImplLiceFactory
03-22 20:55:01.192 24530 24530 D os.SingleLiceFactory: instance successfully. com.transsion.scrollshot.v1.ScrollShotImplLice@56f5594 from android.view.IViewLice
03-22 20:55:01.192 24530 24530 D os.LiceInfo: instance successfully. com.transsion.view.ViewLice@f2b83d from android.view.IViewLice
03-22 20:55:01.192 24602 24633 I DynamiteModule: Considering local module com.google.android.gms.measurement.dynamite:86 and remote module com.google.android.gms.measurement.dynamite:140
03-22 20:55:01.192 24602 24633 I DynamiteModule: Selected remote version of com.google.android.gms.measurement.dynamite, version >= 140
03-22 20:55:01.192 24602 24633 V DynamiteModule: Dynamite loader version >= 2, using loadModule2NoCrashUtils
03-22 20:55:01.210 24602 24633 W System : ClassLoader referenced unknown path:
03-22 20:55:01.237 24602 24633 W ppscloner:blac: ClassLoaderContext classpath size mismatch. expected=10, found=5 (DLC[];PCL[base.apk*1327408656:base.apk! classes2.dex*1754252532:base.apk!classes3.dex*1839206283:base.apk! classes4.dex*1859236018:base.apk!classes5.dex*4207950189:base.apk! classes6.dex*1074032606:base.apk!classes7.dex*64361241:base.apk! classes8.dex*3601455730:base.apk!classes9.dex*637886986:base.apk! classes10.dex*4157891290]{PCL[/system/framework/ org.apache.http.legacy.jar*354163490]#PCL[/system/framework/ com.android.media.remotedisplay.jar*682410101]#PCL[/system/framework/ com.android.location.provider.jar*2951699264]#PCL[/system/framework/ org.apache.http.legacy.jar*354163490]} | DLC[];PCL[/data/app/~~3cmFPC9Q2BdgiowR- 9qp1A==/com.dual.space.parallel.apps.multiaccounts.appscloner- iM1lI6brmQ1LthlVVrt0Tg==/base.apk*2799652814:/data/app/~~3cmFPC9Q2BdgiowR-9qp1A==/ com.dual.space.parallel.apps.multiaccounts.appscloner-iM1lI6brmQ1LthlVVrt0Tg==/ base.apk!classes2.dex*2451957482:/data/app/~~3cmFPC9Q2BdgiowR-9qp1A==/ com.dual.space.parallel.apps.multiaccounts.appscloner-iM1lI6brmQ1LthlVVrt0Tg==/ base.apk!classes3.dex*2471339543:/data/app/~~3cmFPC9Q2BdgiowR-9qp1A==/ com.dual.space.parallel.apps.multiaccounts.appscloner-iM1lI6brmQ1LthlVVrt0Tg==/ base.apk!classes4.dex*493539856:/data/app/~~3cmFPC9Q2BdgiowR-9qp1A==/ com.dual.space.parallel.apps.multiaccounts.appscloner-iM1lI6brmQ1LthlVVrt0Tg==/ base.apk!classes5.dex*562178701])
03-22 20:55:01.246 24530 24530 D os.SingleLiceFactory: using com.android.internal.IInternalViewLice$DefaultImpl@5a3cb instead of com.transsion.freeform.FreeformLiceFactory from com.android.internal.IInternalViewLice
03-22 20:55:01.247 24530 24530 D os.SingleLice: instance successfully. com.transsion.whitenavigation.v1.WhiteNavigationLice@450c7a8 from com.transsion.whitenavigation.WhiteNavigationLiceFactory
03-22 20:55:01.248 24530 24530 D os.SingleLiceFactory: instance successfully. com.transsion.whitenavigation.v1.WhiteNavigationLice@450c7a8 from com.android.internal.IInternalViewLice
03-22 20:55:01.248 24530 24530 D os.SingleLice: instance successfully. com.transsion.screenshothelper.v1.ScreenShotHelperImplLice@72a62c1 from com.transsion.screenshothelper.ScreenShotHelperImplLiceFactory
03-22 20:55:01.248 24530 24530 D os.SingleLiceFactory: instance successfully. com.transsion.screenshothelper.v1.ScreenShotHelperImplLice@72a62c1 from com.android.internal.IInternalViewLice
03-22 20:55:01.248 24530 24530 D os.LiceInfo: instance successfully. com.transsion.internal.InternalViewLice@9690a66 from com.android.internal.IInternalViewLice
03-22 20:55:01.249 24530 24530 I WhiteNavigationLice: Modify naviBarColor to 0xFFF0F0F0, and windowBackgroundColor is -13619152 /windowIsTranslucent:false
03-22 20:55:01.273 24530 24530 D TAG_1 : setup_billing_client: nullnull
03-22 20:55:01.288 24530 24530 I PlayCore: UID: [10188] PID: [24530] AppUpdateService : requestUpdateInfo(com.dual.space.parallel.apps.multiaccounts.appscloner)
03-22 20:55:01.290 24530 24650 I PlayCore: UID: [10188] PID: [24530] AppUpdateService : Initiate binding to the service.
03-22 20:55:01.341 24530 24530 I DynamiteModule: Considering local module com.google.android.gms.ads.dynamite:0 and remote module com.google.android.gms.ads.dynamite:244410203
03-22 20:55:01.342 24530 24530 I DynamiteModule: Selected remote version of com.google.android.gms.ads.dynamite, version >= 244410203
03-22 20:55:01.342 24602 24649 E ppscloner:blac: No package ID 77 found for ID 0x770b000f.
03-22 20:55:01.342 24602 24649 E ppscloner:blac: No package ID 77 found for ID 0x770b000f.
03-22 20:55:01.345 24602 24649 I FA : App measurement initialized, version: 118010
03-22 20:55:01.345 24602 24649 I FA : To enable debug logging run: adb shell setprop log.tag.FA VERBOSE
03-22 20:55:01.346 24602 24649 I FA : To enable faster debug mode event logging run:
03-22 20:55:01.346 24602 24649 I FA : adb shell setprop debug.firebase.analytics.app com.dual.space.parallel.apps.multiaccounts.appscloner
03-22 20:55:01.349 24530 24530 W unts.appsclone: ClassLoaderContext type mismatch. expected=PCL, found=DLC (PCL[] | DLC[];PCL[/data/app/~~3cmFPC9Q2BdgiowR-9qp1A==/com.dual.space.parallel.apps.multiac counts.appscloner-iM1lI6brmQ1LthlVVrt0Tg==/base.apk*2799652814:/data/app/ ~~3cmFPC9Q2BdgiowR-9qp1A==/com.dual.space.parallel.apps.multiaccounts.appscloner- iM1lI6brmQ1LthlVVrt0Tg==/base.apk!classes2.dex*2451957482:/data/app/ ~~3cmFPC9Q2BdgiowR-9qp1A==/com.dual.space.parallel.apps.multiaccounts.appscloner- iM1lI6brmQ1LthlVVrt0Tg==/base.apk!classes3.dex*2471339543:/data/app/ ~~3cmFPC9Q2BdgiowR-9qp1A==/com.dual.space.parallel.apps.multiaccounts.appscloner- iM1lI6brmQ1LthlVVrt0Tg==/base.apk!classes4.dex*493539856:/data/app/ ~~3cmFPC9Q2BdgiowR-9qp1A==/com.dual.space.parallel.apps.multiaccounts.appscloner- iM1lI6brmQ1LthlVVrt0Tg==/base.apk!classes5.dex*562178701])
03-22 20:55:01.363 24530 24530 D DynamitePackage: Instantiated singleton DynamitePackage.
03-22 20:55:01.363 24530 24530 D DynamitePackage: Instantiating com.google.android.gms.ads.ChimeraMobileAdsSettingManagerCreatorImpl
03-22 20:55:01.390 24602 24649 W GmsClient: unable to connect to service: com.google.android.gms.measurement.START on com.google.android.gms
03-22 20:55:01.392 24602 24602 W FA : Service connection failed: ci{statusCode=API_UNAVAILABLE, resolution=null, message=null}
03-22 20:55:01.401 24602 24649 W GmsClient: unable to connect to service: com.google.android.gms.measurement.START on com.google.android.gms
03-22 20:55:01.402 24602 24602 W FA : Service connection failed: ci{statusCode=API_UNAVAILABLE, resolution=null, message=null}
03-22 20:55:01.413 24602 24649 W GmsClient: unable to connect to service: com.google.android.gms.measurement.START on com.google.android.gms
03-22 20:55:01.414 24602 24602 W FA : Service connection failed: ci{statusCode=API_UNAVAILABLE, resolution=null, message=null}
03-22 20:55:01.416 24602 24649 E FA : Discarding data. Failed to send app launch
03-22 20:55:01.417 24602 24649 E FA : Failed to get app instance id
03-22 20:55:01.417 24602 24649 E FA : Failed to send default event parameters to service
03-22 20:55:01.518 24530 24530 I WebViewFactory: Loading com.google.android.webview version 134.0.6998.40 (code 699804030)
03-22 20:55:01.524 24530 24530 W unts.appsclone: Entry not found
03-22 20:55:01.608 24530 24530 I cr_WVCFactoryProvider: version=134.0.6998.40 (699804030) minSdkVersion=29 isBundle=true multiprocess=true packageId=127
03-22 20:55:01.624 24530 24679 E chromium: [0322/205501.623503:ERROR:variations_seed_loader.cc(39)] Seed missing signature.
03-22 20:55:01.624 24530 24679 I chromium: [0322/205501.624769:INFO:variations_seed_loader.cc(67)] Failed to open file for reading.: No such file or directory (2)
03-22 20:55:01.651 24530 24530 I cr_LibraryLoader: Successfully loaded native library
03-22 20:55:01.653 24530 24530 I cr_CachingUmaRecorder: Flushed 6 samples from 6 histograms, 0 samples were dropped.
03-22 20:55:01.657 24530 24530 I cr_CombinedPProvider: #registerProvider() provider:WV.I8@aac2ec8 isPolicyCacheEnabled:false policyProvidersSize:0
03-22 20:55:01.660 24530 24530 I cr_PolicyProvider: #setManagerAndSource() 0
03-22 20:55:01.702 24530 24530 I cr_CombinedPProvider: #linkNativeInternal() 1
03-22 20:55:01.703 24530 24530 I cr_AppResProvider: #getApplicationRestrictionsFromUserManager() Bundle[EMPTY_PARCEL]
03-22 20:55:01.703 24530 24530 I cr_PolicyProvider: #notifySettingsAvailable() 0
03-22 20:55:01.704 24530 24530 I cr_CombinedPProvider: #onSettingsAvailable() 0
03-22 20:55:01.704 24530 24530 I cr_CombinedPProvider: #flushPolicies()
03-22 20:55:01.793 24530 24710 E chromium: [ERROR:simple_file_enumerator.cc(58)] Could not get file info for /data/user/0/com.dual.space.parallel.apps.multiaccounts.appscloner/cache/WebView/ Default/HTTP Cache/Code Cache/js/95c9d86f61b31ccc_0
03-22 20:55:01.794 24530 24710 E chromium: [ERROR:simple_file_enumerator.cc(58)] Could not get file info for /data/user/0/com.dual.space.parallel.apps.multiaccounts.appscloner/cache/WebView/ Default/HTTP Cache/Code Cache/js/6a21ffe0ef436059_0
03-22 20:55:01.794 24530 24710 E chromium: [ERROR:simple_file_enumerator.cc(58)] Could not get file info for /data/user/0/com.dual.space.parallel.apps.multiaccounts.appscloner/cache/WebView/ Default/HTTP Cache/Code Cache/js/7a01e73c0d26d536_0
03-22 20:55:01.850 24530 24530 D CompatibilityChangeReporter: Compat change id reported: 171228096; UID 10188; state: ENABLED
03-22 20:55:01.925 24530 24544 D ActivityThreadLice: received OSMessage 110001
03-22 20:55:01.926 24530 24544 D ActivityThreadLice: send OSMessage 110001 to [-1]
03-22 20:55:01.928 24530 24544 D OSServiceManager: update local os service os.activity from null to android.os.BinderProxy@bceafff
03-22 20:55:01.940 24530 24530 D MultiLinkManager: smart_link is not supported
03-22 20:55:01.952 24530 24530 I SurfaceFactory: [static] sSurfaceFactory = com.transsion.rt.SurfaceFactoryImpl@f18d8f5
03-22 20:55:01.959 24530 24530 D TranLayerControlManager: initSkipInfo getSkipInfo fail strPkgName:com.dual.space.parallel.apps.multiaccounts.appscloner
03-22 20:55:01.978 24530 24530 D LicenseClient: Connected to the licensing service.
03-22 20:55:01.978 24530 24730 I CameraManagerGlobal: Connecting to camera service
03-22 20:55:01.979 24530 24732 D LicenseClient: Sending request to licensing service...
03-22 20:55:01.984 24530 24530 I PlayCore: UID: [10188] PID: [24530] AppUpdateService : ServiceConnectionImpl.onServiceConnected(ComponentInfo{com.android.vending/ com.google.android.finsky.installservice.DevTriggeredUpdateService})
03-22 20:55:01.985 24530 24650 I PlayCore: UID: [10188] PID: [24530] AppUpdateService : linkToDeath
03-22 20:55:02.008 24530 24542 I PlayCore: UID: [10188] PID: [24530] OnRequestInstallCallback : onRequestInfo
03-22 20:55:02.009 24530 24650 I PlayCore: UID: [10188] PID: [24530] AppUpdateService : Unbind from service.
03-22 20:55:02.012 24530 24732 D LicenseClient: Request to licensing service sent.
03-22 20:55:02.016 24530 24542 I LicenseClient: License check succeeded.
03-22 20:55:02.017 24530 24708 W cr_media: BLUETOOTH_CONNECT permission is missing.
03-22 20:55:02.018 24530 24708 W cr_media: getBluetoothAdapter() requires BLUETOOTH permission
03-22 20:55:02.018 24530 24708 W cr_media: registerBluetoothIntentsIfNeeded: Requires BLUETOOTH permission
03-22 20:55:02.068 24530 24748 D productList: ife_time_in_app_purchase_dual_space
03-22 20:55:02.070 24530 24747 D productList: one_month_subscription_dual_space
03-22 20:55:02.070 24530 24747 D productList: one_week_subscription_dual_space
03-22 20:55:02.070 24530 24747 D productList: one_year_subscription_dual_space
03-22 20:55:02.070 24530 24747 D productList: six_months_subscription_dual_space
03-22 20:55:02.070 24530 24747 D productList: three_months_subscription_dual_space
03-22 20:55:02.122 24530 24741 W chromium: [WARNING:viz_main_impl.cc(85)] VizNullHypothesis is disabled (not a warning)
03-22 20:55:02.143 24530 24759 D IMGGralloc: Gralloc Register w:720, h:1612, f:0x101, usage:0x900, ui64Stamp:592282, sSize:4657152, line = 2379
03-22 20:55:02.144 24530 24759 D IMGGralloc: Gralloc Free w:720, h:1612, f:0x101, usage:0x900, ui64Stamp:592282 line = 2529
03-22 20:55:02.146 24530 24624 D IMGGralloc: Gralloc Register w:720, h:1612, f:0x101, usage:0xb00, ui64Stamp:592286, sSize:4657152, line = 2379
03-22 20:55:02.148 24530 24759 D IMGGralloc: Gralloc Register w:720, h:1612, f:0x101, usage:0x900, ui64Stamp:592288, sSize:4657152, line = 2379
03-22 20:55:02.150 24530 24759 D IMGGralloc: Gralloc Register w:720, h:1612, f:0x101, usage:0x900, ui64Stamp:592293, sSize:4657152, line = 2379
03-22 20:55:02.200 24530 24624 D IMGGralloc: Gralloc Free w:720, h:1612, f:0x101, usage:0x900, ui64Stamp:592293 line = 2529
03-22 20:55:02.205 24530 24624 D IMGGralloc: Gralloc Register w:720, h:1612, f:0x101, usage:0xb00, ui64Stamp:592325, sSize:4657152, line = 2379
03-22 20:55:02.217 24530 24624 D IMGGralloc: Gralloc Free w:720, h:1612, f:0x101, usage:0x900, ui64Stamp:592288 line = 2529
03-22 20:55:02.232 24530 24624 D IMGGralloc: Gralloc Register w:720, h:1612, f:0x101, usage:0xb00, ui64Stamp:592343, sSize:4657152, line = 2379
03-22 20:55:02.238 24530 24715 W AudioCapabilities: Unsupported mime audio/mpeg-L1
03-22 20:55:02.240 24530 24715 W AudioCapabilities: Unsupported mime audio/mpeg-L2
03-22 20:55:02.262 24530 24530 D ContentValues: No Update available
03-22 20:55:02.268 24530 24530 D app_purchased: not_purchase_app_MyApplication
03-22 20:55:02.287 24530 24593 W FA : Skipping app launch break
03-22 20:55:02.289 24530 24593 W FA : Skipping app launch break
03-22 20:55:02.545 24530 24530 I Ads : JS: The jsLoaded GMSG has been sent (https://googleads.g.doubleclick.net/mads/static/mad/sdk/native/production/sdk- core-v40-impl.html:896)
03-22 20:55:08.835 24530 24538 I unts.appsclone: Background concurrent copying GC freed 66262(4484KB) AllocSpace objects, 58(5188KB) LOS objects, 49% free, 5438KB/10MB, paused 176us total 118.423ms
03-22 20:55:08.837 24530 24539 W JavaBinder: BinderProxy is being destroyed but the application did not call unlinkToDeath to unlink all of its death recipients beforehand. Releasing leaked death recipient: com.google.android.play.core.appupdate.internal.zzp
03-22 20:55:08.838 24530 24539 I BpBinder: onLastStrongRef automatically unlinking death recipients: <uncached descriptor>
03-22 20:55:09.711 24530 24530 D BANNER_ID: ca-app-pub-2769622665687343/8564447387
03-22 20:55:09.712 24530 24530 D BANNERLOVE: e721210ddbf169ca
03-22 20:55:09.715 24530 24530 D Banner bottom: 0
03-22 20:55:09.717 24530 24530 D AllFirebaseValue: sixmonthdiscountText ID 50% OFF
03-22 20:55:09.717 24530 24530 D AllFirebaseValue: oneyeardiscountText ID 40% OFF
03-22 20:55:09.717 24530 24530 D AllFirebaseValue: lifetimediscountText ID 65% OFF
03-22 20:55:09.717 24530 24530 D AllFirebaseValue: unknown_install ID true
03-22 20:55:09.717 24530 24530 D Pro_dialog_control: target_inapp ID 1
03-22 20:55:09.717 24530 24530 D Pro_dialog_control: continue_btn_text ID Purchase Now
03-22 20:55:09.717 24530 24530 D Pro_dialog_control: pro_textview_text ID Hurry up, 50% OFF Today Only!
03-22 20:55:09.717 24530 24530 D jsonObjectControlInAppDiscount: AdmobNativeStyleOnOFF ID false
03-22 20:55:09.718 24530 24530 D jsonObjectControlInAppDiscount: isNormalNativeON_OFF ID true
03-22 20:55:09.718 24530 24530 D jsonObjectControlInAppDiscount: isNormalNative_2_ON_OFF ID false
03-22 20:55:09.718 24530 24530 D jsonObjectControlInAppDiscount: isNormalBannerON_OFF ID true
03-22 20:55:09.718 24530 24530 D jsonObjectControlInAppDiscount: isNormalInterstitialON_OFF ID true
03-22 20:55:09.718 24530 24530 D jsonObjectControlInAppDiscount: isShowingNativeApplovinON_OFF ID true
03-22 20:55:09.718 24530 24530 D jsonObjectControlInAppDiscount: isShowingBannerApplovinON_OFF ID true
03-22 20:55:09.718 24530 24530 D jsonObjectControlInAppDiscount: preLoadAdmobNativeOnOff ID true
03-22 20:55:09.718 24530 24530 D jsonObjectControlInAppDiscount: preLoadAdmobBannerOnOff ID true
03-22 20:55:09.718 24530 24530 D jsonObjectControlInAppDiscount: preLoadAdmobInterstitialOnOff ID true
03-22 20:55:09.718 24530 24530 D jsonObjectControlInAppDiscount: isShowingInterstitialApplovinON_OFF ID true
03-22 20:55:09.718 24530 24530 D jsonObjectControlInAppDiscount: isShowingInterstitialVungleON_OFF ID false
03-22 20:55:09.719 24530 24530 D jsonObjectControlInAppDiscount: InterstitialCountDownMilliSec ID 0
03-22 20:55:09.719 24530 24530 D jsonObjectControlInAppDiscount: headingFirstTextDialog ID Please Wait
03-22 20:55:09.721 24530 24530 D jsonObjectControlInAppDiscount: headingSecondTextDialog ID Loading Ad
03-22 20:55:09.724 24530 24530 D BANNER_ID: ca-app-pub-2769622665687343/8564447387
03-22 20:55:09.724 24530 24530 D BANNERLOVE: e721210ddbf169ca
03-22 20:55:09.726 24530 24530 D Banner bottom: 0
03-22 20:55:09.727 24530 24530 D AllFirebaseValue: sixmonthdiscountText ID 50% OFF
03-22 20:55:09.727 24530 24530 D AllFirebaseValue: oneyeardiscountText ID 40% OFF
03-22 20:55:09.727 24530 24530 D AllFirebaseValue: lifetimediscountText ID 65% OFF
03-22 20:55:09.727 24530 24530 D AllFirebaseValue: unknown_install ID true
03-22 20:55:09.727 24530 24530 D Pro_dialog_control: target_inapp ID 1
03-22 20:55:09.727 24530 24530 D Pro_dialog_control: continue_btn_text ID Purchase Now
03-22 20:55:09.727 24530 24530 D Pro_dialog_control: pro_textview_text ID Hurry up, 50% OFF Today Only!
03-22 20:55:09.727 24530 24530 D jsonObjectControlInAppDiscount: AdmobNativeStyleOnOFF ID false
03-22 20:55:09.728 24530 24530 D jsonObjectControlInAppDiscount: isNormalNativeON_OFF ID true
03-22 20:55:09.728 24530 24530 D jsonObjectControlInAppDiscount: isNormalNative_2_ON_OFF ID false
03-22 20:55:09.728 24530 24530 D jsonObjectControlInAppDiscount: isNormalBannerON_OFF ID true
03-22 20:55:09.728 24530 24530 D jsonObjectControlInAppDiscount: isNormalInterstitialON_OFF ID true
03-22 20:55:09.728 24530 24530 D jsonObjectControlInAppDiscount: isShowingNativeApplovinON_OFF ID true
03-22 20:55:09.728 24530 24530 D jsonObjectControlInAppDiscount: isShowingBannerApplovinON_OFF ID true
03-22 20:55:09.728 24530 24530 D jsonObjectControlInAppDiscount: preLoadAdmobNativeOnOff ID true
03-22 20:55:09.728 24530 24530 D jsonObjectControlInAppDiscount: preLoadAdmobBannerOnOff ID true
03-22 20:55:09.728 24530 24530 D jsonObjectControlInAppDiscount: preLoadAdmobInterstitialOnOff ID true
03-22 20:55:09.728 24530 24530 D jsonObjectControlInAppDiscount: isShowingInterstitialApplovinON_OFF ID true
03-22 20:55:09.728 24530 24530 D jsonObjectControlInAppDiscount: isShowingInterstitialVungleON_OFF ID false
03-22 20:55:09.728 24530 24530 D jsonObjectControlInAppDiscount: InterstitialCountDownMilliSec ID 0
03-22 20:55:09.728 24530 24530 D jsonObjectControlInAppDiscount: headingFirstTextDialog ID Please Wait
03-22 20:55:09.728 24530 24530 D jsonObjectControlInAppDiscount: headingSecondTextDialog ID Loading Ad
03-22 20:55:09.795 24530 24530 D FAILED_TO_LOAD: failed
03-22 20:55:09.822 24530 24530 D DynamitePackage: Instantiating com.google.android.gms.ads.ChimeraAdManagerCreatorImpl
03-22 20:55:09.847 24530 24530 I Ads : Use RequestConfiguration.Builder().setTestDeviceIds(Arrays.asList("57E87DE1327F1B12CAD2 A42BBEAC0B21")) to get test ads on this device.
03-22 20:55:09.934 24530 24530 W AdWorker(Defaul: type=1400 audit(0.0:32457): avc: granted { execute } for path="/data/data/com.dual.space.parallel.apps.multiaccounts.appscloner/ app_pccache/2/B9EF1852E4BA10382B719A7BDCFD74163346F92B/pcam.jar" dev="dm-15" ino=55332 scontext=u:r:untrusted_app:s0:c188,c256,c512,c768 tcontext=u:object_r:app_data_file:s0:c188,c256,c512,c768 tclass=file app=com.dual.space.parallel.apps.multiaccounts.appscloner
03-22 20:55:10.052 24530 24530 I Ads : Please set theme of AdActivity to @android:style/Theme.Translucent to enable transparent background interstitial ad.
03-22 20:55:10.067 24530 24564 E unts.appsclone: No package ID 77 found for ID 0x770b000f.
03-22 20:55:10.075 24530 24530 W ConnectionStatusConfig: Dynamic lookup for intent failed for action: com.google.android.gms.ads.service.CACHE
03-22 20:55:10.093 24530 24530 D DynamitePackage: Instantiating com.google.android.gms.ads.ChimeraAdManagerCreatorImpl
03-22 20:55:10.099 24530 24530 I Ads : Use RequestConfiguration.Builder().setTestDeviceIds(Arrays.asList("57E87DE1327F1B12CAD2 A42BBEAC0B21")) to get test ads on this device.
03-22 20:55:10.129 24530 24797 W ConnectionStatusConfig: Dynamic lookup for intent failed for action: com.google.android.gms.ads.service.START
03-22 20:55:10.141 24530 24530 I Ads : Please set theme of AdActivity to @android:style/Theme.Translucent to enable transparent background interstitial ad.
03-22 20:55:10.154 24530 24670 W Ads : Not retrying to fetch app settings
03-22 20:55:10.159 24530 24530 D DynamitePackage: Instantiating com.google.android.gms.ads.ChimeraAdManagerCreatorImpl
03-22 20:55:10.169 24530 24530 I Ads : Use RequestConfiguration.Builder().setTestDeviceIds(Arrays.asList("57E87DE1327F1B12CAD2 A42BBEAC0B21")) to get test ads on this device.
03-22 20:55:10.203 24530 24530 I Ads : Please set theme of AdActivity to @android:style/Theme.Translucent to enable transparent background interstitial ad.
03-22 20:55:10.226 24530 24669 W Ads : Not retrying to fetch app settings
03-22 20:55:10.264 24530 24530 D DynamitePackage: Instantiating com.google.android.gms.ads.ChimeraAdLoaderBuilderCreatorImpl
03-22 20:55:10.278 24530 24530 I Ads : Use RequestConfiguration.Builder().setTestDeviceIds(Arrays.asList("57E87DE1327F1B12CAD2 A42BBEAC0B21")) to get test ads on this device.
03-22 20:55:10.333 24530 24530 I Ads : Please set theme of AdActivity to @android:style/Theme.Translucent to enable transparent background interstitial ad.
03-22 20:55:10.349 24530 24665 W Ads : Not retrying to fetch app settings
03-22 20:55:17.683 24530 24538 I unts.appsclone: Background concurrent copying GC freed 7808(831KB) AllocSpace objects, 16(3296KB) LOS objects, 49% free, 7181KB/14MB, paused 708us total 119.559ms
03-22 20:55:17.867 24530 24530 E Ads : JS: Error: <svg> attribute viewBox: Unexpected end of attribute. Expected number, "0 0 ". (https://googleads.g.doubleclick.net/mads/gma? caps=inlineVideo_interactiveVideo_mraid1_mraid2_mraid3_sdkVideo_exo3_th_autoplay_me diation_scroll_av_sdkAdmobApiForAds_di_sfv_dinm_dim_nav_navc_dinmo_ipdof_gls_gcache _saiMacro_sai_demuxedGcache_xSeconds&eid=318500618%2C318486317%2C318491267%2C833212 13%2C95347904%2C318470439%2C318503827%2C318512168%2C318515638%2C318519201%2C3184836 11%2C318484496%2C318508195%2C318518422%2C318518970%2C318516088%2C318516649%2C318516 381%2C318516383&format=interstitial_mb&heap_free=2860806&heap_max=268435456&heap_to tal=11138174&js=afma-sdk-a- v244410999.244410000.1&msid=com.dual.space.parallel.apps.multiaccounts.appscloner&p reqs=0&seq_num=1&target_api=34#caps=inlineVideo_interactiveVideo_mraid1_mraid2_mrai d3_sdkVideo_exo3_th_autoplay_mediation_scroll_av_sdkAdmobApiForAds_di_sfv_dinm_dim_ nav_navc_dinmo_ipdof_gls_gcache_saiMacro_sai_demuxedGcache_xSeconds&eid=318500618%2 52C318486317%252C318491267%252C83321213%252C95347904%252C318470439%252C318503827%25 2C318512168%252C318515638%252C318519201%252C318483611%252C318484496%252C318508195%2 52C318518422%252C318518970%252C318516088%252C318516649%252C318516381%252C318516383& format=interstitial_mb&heap_free=2860806&heap_max=268435456&heap_total=11138174&js= afma-sdk-a- v244410999.244410000.1&msid=com.dual.space.parallel.apps.multiaccounts.appscloner&p reqs=0&seq_num=1&target_api=34:1)
03-22 20:55:17.883 24530 24530 E Ads : JS: Error: <svg> attribute viewBox: Unexpected end of attribute. Expected number, "0 0 ". (https://googleads.g.doubleclick.net/mads/gma? caps=inlineVideo_interactiveVideo_mraid1_mraid2_mraid3_sdkVideo_exo3_th_autoplay_me diation_scroll_av_sdkAdmobApiForAds_di_sfv_dinm_dim_nav_navc_dinmo_ipdof_gls_gcache _saiMacro_sai_demuxedGcache_xSeconds&eid=318500618%2C318486317%2C318491267%2C833212 13%2C95347904%2C318470439%2C318503827%2C318512168%2C318515638%2C318519201%2C3184836 11%2C318484496%2C318508195%2C318518422%2C318518970%2C318516088%2C318516649%2C318516 381%2C318516383&format=interstitial_mb&heap_free=2860806&heap_max=268435456&heap_to tal=11138174&js=afma-sdk-a- v244410999.244410000.1&msid=com.dual.space.parallel.apps.multiaccounts.appscloner&p reqs=0&seq_num=1&target_api=34#caps=inlineVideo_interactiveVideo_mraid1_mraid2_mrai d3_sdkVideo_exo3_th_autoplay_mediation_scroll_av_sdkAdmobApiForAds_di_sfv_dinm_dim_ nav_navc_dinmo_ipdof_gls_gcache_saiMacro_sai_demuxedGcache_xSeconds&eid=318500618%2 52C318486317%252C318491267%252C83321213%252C95347904%252C318470439%252C318503827%25 2C318512168%252C318515638%252C318519201%252C318483611%252C318484496%252C318508195%2 52C318518422%252C318518970%252C318516088%252C318516649%252C318516381%252C318516383& format=interstitial_mb&heap_free=2860806&heap_max=268435456&heap_total=11138174&js= afma-sdk-a- v244410999.244410000.1&msid=com.dual.space.parallel.apps.multiaccounts.appscloner&p reqs=0&seq_num=1&target_api=34:1)
03-22 20:55:17.952 24530 24530 I Ads : JS: The jsLoaded GMSG has been sent (https://googleads.g.doubleclick.net/mads/static/mad/sdk/native/production/sdk- core-v40-impl.html:896)
03-22 20:55:18.705 24530 24530 I ExoPlayerImpl: Init 53adae0 [AndroidXMedia3/1.5.0- beta01] [itel-P662L, itel P662L, ITEL, 31]
03-22 20:55:18.777 24530 24530 I Ads : ExoPlayerAdapter initialized.
03-22 20:55:21.849 24530 24530 I PlayCore: UID: [10188] PID: [24530] PrewarmService : prewarm(com.dual.space.parallel.apps.multiaccounts.appscloner)
03-22 20:55:21.852 24530 24902 I PlayCore: UID: [10188] PID: [24530] PrewarmService : Initiate binding to the service.
03-22 20:55:21.853 24530 24530 D ContentValues: Ad was loaded.
03-22 20:55:21.881 24530 24530 I PlayCore: UID: [10188] PID: [24530] PrewarmService : ServiceConnectionImpl.onServiceConnected(ComponentInfo{com.android.vending/ com.google.android.finsky.prewarmservice.PrewarmService})
03-22 20:55:21.882 24530 24902 I PlayCore: UID: [10188] PID: [24530] PrewarmService : linkToDeath
03-22 20:55:23.071 24530 24530 I WhiteNavigationLice: Modify naviBarColor to 0xFFF0F0F0, and windowBackgroundColor is -13619152 /windowIsTranslucent:false
03-22 20:55:23.084 24530 24530 D DynamitePackage: Instantiating com.google.android.gms.ads.ChimeraAdLoaderBuilderCreatorImpl
03-22 20:55:23.090 24530 24530 I Ads : Use RequestConfiguration.Builder().setTestDeviceIds(Arrays.asList("57E87DE1327F1B12CAD2 A42BBEAC0B21")) to get test ads on this device.
03-22 20:55:23.121 24530 24530 I Ads : Please set theme of AdActivity to @android:style/Theme.Translucent to enable transparent background interstitial ad.
03-22 20:55:23.139 24530 24530 D MultiLinkManager: smart_link is not supported
03-22 20:55:23.143 24530 24530 D TranLayerControlManager: initSkipInfo getSkipInfo fail strPkgName:com.dual.space.parallel.apps.multiaccounts.appscloner
03-22 20:55:23.180 24530 24914 D IMGGralloc: Gralloc Register w:720, h:1612, f:0x101, usage:0x900, ui64Stamp:592371, sSize:4657152, line = 2379
03-22 20:55:23.181 24530 24914 D IMGGralloc: Gralloc Register w:720, h:1612, f:0x101, usage:0x900, ui64Stamp:592373, sSize:4657152, line = 2379
03-22 20:55:23.183 24530 24914 D IMGGralloc: Gralloc Register w:720, h:1612, f:0x101, usage:0x900, ui64Stamp:592375, sSize:4657152, line = 2379
03-22 20:55:23.184 24530 24624 D IMGGralloc: Gralloc Free w:720, h:1612, f:0x101, usage:0x900, ui64Stamp:592375 line = 2529
03-22 20:55:23.186 24530 24624 D IMGGralloc: Gralloc Register w:720, h:1612, f:0x101, usage:0xb00, ui64Stamp:592379, sSize:4657152, line = 2379
03-22 20:55:23.576 24530 24624 D IMGGralloc: Gralloc Free w:720, h:1612, f:0x101, usage:0xb00, ui64Stamp:592343 line = 2529
03-22 20:55:23.576 24530 24624 D IMGGralloc: Gralloc Free w:720, h:1612, f:0x101, usage:0xb00, ui64Stamp:592325 line = 2529
03-22 20:55:23.584 24530 24530 D IMGGralloc: Gralloc Free w:720, h:1612, f:0x101, usage:0xb00, ui64Stamp:592286 line = 2529
03-22 20:55:27.156 24530 24530 I WhiteNavigationLice: Modify naviBarColor to 0xFFF0F0F0, and windowBackgroundColor is -13619152 /windowIsTranslucent:false
03-22 20:55:27.170 24530 24530 D MultiLinkManager: smart_link is not supported
03-22 20:55:27.173 24530 24530 D TranLayerControlManager: initSkipInfo getSkipInfo fail strPkgName:com.dual.space.parallel.apps.multiaccounts.appscloner
03-22 20:55:27.264 24530 24923 D IMGGralloc: Gralloc Register w:720, h:1612, f:0x101, usage:0x900, ui64Stamp:592397, sSize:4657152, line = 2379
03-22 20:55:27.266 24530 24923 D IMGGralloc: Gralloc Register w:720, h:1612, f:0x101, usage:0x900, ui64Stamp:592401, sSize:4657152, line = 2379
03-22 20:55:27.267 24530 24923 D IMGGralloc: Gralloc Register w:720, h:1612, f:0x101, usage:0x900, ui64Stamp:592405, sSize:4657152, line = 2379
03-22 20:55:27.301 24530 24624 D IMGGralloc: Gralloc Free w:720, h:1612, f:0x101, usage:0x900, ui64Stamp:592405 line = 2529
03-22 20:55:27.303 24530 24624 D IMGGralloc: Gralloc Register w:720, h:1612, f:0x101, usage:0xb00, ui64Stamp:592407, sSize:4657152, line = 2379
03-22 20:55:27.419 24530 24624 D IMGGralloc: Gralloc Free w:720, h:1612, f:0x101, usage:0x900, ui64Stamp:592401 line = 2529
03-22 20:55:27.421 24530 24624 D IMGGralloc: Gralloc Register w:720, h:1612, f:0x101, usage:0xb00, ui64Stamp:592444, sSize:4657152, line = 2379
03-22 20:55:27.429 24530 24624 D IMGGralloc: Gralloc Free w:720, h:1612, f:0x101, usage:0x900, ui64Stamp:592397 line = 2529
03-22 20:55:27.432 24530 24624 D IMGGralloc: Gralloc Register w:720, h:1612, f:0x101, usage:0xb00, ui64Stamp:592446, sSize:4657152, line = 2379
03-22 20:55:27.757 24530 24624 D IMGGralloc: Gralloc Free w:720, h:1612, f:0x101, usage:0x900, ui64Stamp:592373 line = 2529
03-22 20:55:27.757 24530 24624 D IMGGralloc: Gralloc Free w:720, h:1612, f:0x101, usage:0x900, ui64Stamp:592371 line = 2529
03-22 20:55:27.764 24530 24530 D IMGGralloc: Gralloc Free w:720, h:1612, f:0x101, usage:0xb00, ui64Stamp:592379 line = 2529
03-22 20:55:28.876 24530 24537 I unts.appsclone: JIT allocated 55KB for compiled code of void com.google.android.gms.ads.nonagon.transaction.a.<init>(android.util.JsonReader)
03-22 20:55:29.878 24530 24530 D TAG_1 : setup_billing_client: nullnull
03-22 20:55:29.943 24530 24530 D TAG_1 : setup_billing_client: nullnull
03-22 20:55:29.951 24530 24933 D productList: ife_time_in_app_purchase_dual_space
03-22 20:55:29.958 24530 24932 D productList: one_month_subscription_dual_space
03-22 20:55:29.958 24530 24932 D productList: one_week_subscription_dual_space
03-22 20:55:29.959 24530 24932 D productList: one_year_subscription_dual_space
03-22 20:55:29.959 24530 24932 D productList: six_months_subscription_dual_space
03-22 20:55:29.959 24530 24932 D productList: three_months_subscription_dual_space
03-22 20:55:30.016 24530 24530 I WhiteNavigationLice: Modify naviBarColor to 0xFFF0F0F0, and windowBackgroundColor is -13619152 /windowIsTranslucent:false
03-22 20:55:30.040 24530 24530 D DynamitePackage: Instantiating com.google.android.gms.ads.ChimeraAdLoaderBuilderCreatorImpl
03-22 20:55:30.045 24530 24530 I Ads : Use RequestConfiguration.Builder().setTestDeviceIds(Arrays.asList("57E87DE1327F1B12CAD2 A42BBEAC0B21")) to get test ads on this device.
03-22 20:55:30.072 24530 24530 I Ads : Please set theme of AdActivity to @android:style/Theme.Translucent to enable transparent background interstitial ad.
03-22 20:55:30.100 24530 24530 D TAG_1 : setup_billing_client: nullnull
03-22 20:55:30.111 24530 24530 D MultiLinkManager: smart_link is not supported
03-22 20:55:30.114 24530 24530 D TranLayerControlManager: initSkipInfo getSkipInfo fail strPkgName:com.dual.space.parallel.apps.multiaccounts.appscloner
03-22 20:55:30.181 24530 24946 D IMGGralloc: Gralloc Register w:720, h:1612, f:0x101, usage:0x900, ui64Stamp:592453, sSize:4657152, line = 2379
03-22 20:55:30.184 24530 24946 D IMGGralloc: Gralloc Register w:720, h:1612, f:0x101, usage:0x900, ui64Stamp:592457, sSize:4657152, line = 2379
03-22 20:55:30.187 24530 24946 D IMGGralloc: Gralloc Register w:720, h:1612, f:0x101, usage:0x900, ui64Stamp:592459, sSize:4657152, line = 2379
03-22 20:55:30.198 24530 24624 D IMGGralloc: Gralloc Free w:720, h:1612, f:0x101, usage:0x900, ui64Stamp:592459 line = 2529
