03-22 20:55:30.201 24530 24624 D IMGGralloc: Gralloc Register w:720, h:1612, f:0x101, usage:0xb00, ui64Stamp:592461, sSize:4657152, line = 2379
03-22 20:55:30.279 24530 24530 D DynamitePackage: Instantiating com.google.android.gms.ads.ChimeraAdManagerCreatorImpl
03-22 20:55:30.289 24530 24530 I Ads : Use RequestConfiguration.Builder().setTestDeviceIds(Arrays.asList("57E87DE1327F1B12CAD2 A42BBEAC0B21")) to get test ads on this device.
03-22 20:55:30.301 24530 24949 D productList: ife_time_in_app_purchase_dual_space
03-22 20:55:30.317 24530 24952 D productList: one_month_subscription_dual_space
03-22 20:55:30.317 24530 24952 D productList: one_week_subscription_dual_space
03-22 20:55:30.317 24530 24952 D productList: one_year_subscription_dual_space
03-22 20:55:30.317 24530 24952 D productList: six_months_subscription_dual_space
03-22 20:55:30.318 24530 24952 D productList: three_months_subscription_dual_space
03-22 20:55:30.321 24530 24953 D productList: ife_time_in_app_purchase_dual_space
03-22 20:55:30.329 24530 24530 I Ads : Please set theme of AdActivity to @android:style/Theme.Translucent to enable transparent background interstitial ad.
03-22 20:55:30.350 24530 24624 D IMGGralloc: Gralloc Free w:720, h:1612, f:0x101, usage:0x900, ui64Stamp:592457 line = 2529
03-22 20:55:30.354 24530 24624 D IMGGralloc: Gralloc Register w:720, h:1612, f:0x101, usage:0xb00, ui64Stamp:592479, sSize:4657152, line = 2379
03-22 20:55:30.361 24530 24673 W Ads : Not retrying to fetch app settings
03-22 20:55:30.580 24530 24543 D IMGGralloc: Gralloc Free w:720, h:1612, f:0x101, usage:0xb00, ui64Stamp:592446 line = 2529
03-22 20:55:30.594 24530 24543 D IMGGralloc: Gralloc Free w:720, h:1612, f:0x101, usage:0xb00, ui64Stamp:592407 line = 2529
03-22 20:55:30.595 24530 24543 D IMGGralloc: Gralloc Free w:720, h:1612, f:0x101, usage:0xb00, ui64Stamp:592444 line = 2529
03-22 20:55:31.254 24530 24538 I unts.appsclone: Background concurrent copying GC freed 35933(2718KB) AllocSpace objects, 40(4480KB) LOS objects, 49% free, 10MB/20MB, paused 844us total 155.635ms
03-22 20:55:31.492 24530 24530 E Ads : JS: Uncaught SyntaxError: Failed to execute 'querySelector' on 'Element': The provided selector is empty. (https://www.gstatic.com/mysidia/e08892b3d3654a933ef5acc432f93b2b.js?tag=addon/ video:354)
03-22 20:55:31.929 24530 24530 D ContentValues: onAdLoaded.
03-22 20:55:31.936 24530 24530 I PlayCore: UID: [10188] PID: [24530] PrewarmService : prewarm(com.dual.space.parallel.apps.multiaccounts.appscloner)
03-22 20:55:31.937 24530 24902 I PlayCore: UID: [10188] PID: [24530] PrewarmService : Initiate binding to the service.
03-22 20:55:31.953 24530 24530 I PlayCore: UID: [10188] PID: [24530] PrewarmService : ServiceConnectionImpl.onServiceConnected(ComponentInfo{com.android.vending/ com.google.android.finsky.prewarmservice.PrewarmService})
03-22 20:55:31.954 24530 24902 I PlayCore: UID: [10188] PID: [24530] PrewarmService : linkToDeath
03-22 20:55:33.160 24530 24530 D TranLayerControlManager: initSkipInfo getSkipInfo fail strPkgName:com.dual.space.parallel.apps.multiaccounts.appscloner
03-22 20:55:33.173 24530 24530 E Dialog : show dialog view = DecorView@cace19c[HomeActivity]
03-22 20:55:33.198 24530 24967 D IMGGralloc: Gralloc Register w:812, h:584, f:0x101, usage:0x900, ui64Stamp:592493, sSize:1933312, line = 2379
03-22 20:55:33.199 24530 24967 D IMGGralloc: Gralloc Free w:812, h:584, f:0x101, usage:0x900, ui64Stamp:592493 line = 2529
03-22 20:55:33.201 24530 24624 D IMGGralloc: Gralloc Register w:812, h:584, f:0x101, usage:0xb00, ui64Stamp:592497, sSize:1933312, line = 2379
03-22 20:55:33.205 24530 24967 D IMGGralloc: Gralloc Register w:812, h:584, f:0x101, usage:0x900, ui64Stamp:592501, sSize:1933312, line = 2379
03-22 20:55:33.207 24530 24967 D IMGGralloc: Gralloc Register w:812, h:584, f:0x101, usage:0x900, ui64Stamp:592505, sSize:1933312, line = 2379
03-22 20:55:33.221 24530 24624 D IMGGralloc: Gralloc Free w:812, h:584, f:0x101, usage:0x900, ui64Stamp:592505 line = 2529
03-22 20:55:33.224 24530 24624 D IMGGralloc: Gralloc Register w:812, h:584, f:0x101, usage:0xb00, ui64Stamp:592514, sSize:1933312, line = 2379
03-22 20:55:33.232 24530 24624 D IMGGralloc: Gralloc Free w:812, h:584, f:0x101, usage:0x900, ui64Stamp:592501 line = 2529
03-22 20:55:33.234 24530 24624 D IMGGralloc: Gralloc Register w:812, h:584, f:0x101, usage:0xb00, ui64Stamp:592517, sSize:1933312, line = 2379
03-22 20:55:34.200 24530 24854 D IMGGralloc: Gralloc Free w:812, h:584, f:0x101, usage:0xb00, ui64Stamp:592497 line = 2529
03-22 20:55:34.211 24530 24530 E Dialog : remove dialog view = DecorView@cace19c[HomeActivity]
03-22 20:55:34.226 24530 24854 D IMGGralloc: Gralloc Free w:812, h:584, f:0x101, usage:0xb00, ui64Stamp:592514 line = 2529
03-22 20:55:34.229 24530 24854 D IMGGralloc: Gralloc Free w:812, h:584, f:0x101, usage:0xb00, ui64Stamp:592517 line = 2529
03-22 20:55:34.309 24530 24530 D DynamitePackage: Instantiating com.google.android.gms.ads.ChimeraAdOverlayCreatorImpl
03-22 20:55:34.333 24530 24530 I WhiteNavigationLice: skip Modify naviBarColor, due to windowBackgroundColor is -16777216 /windowIsTranslucent:false
03-22 20:55:34.344 24530 24530 I DynamiteModule: Considering local module com.google.android.gms.ads.dynamite:0 and remote module com.google.android.gms.ads.dynamite:244410203
03-22 20:55:34.346 24530 24530 I DynamiteModule: Selected remote version of com.google.android.gms.ads.dynamite, version >= 244410203
03-22 20:55:34.367 24530 24530 D MultiLinkManager: smart_link is not supported
03-22 20:55:34.370 24530 24530 D TranLayerControlManager: initSkipInfo getSkipInfo fail strPkgName:com.dual.space.parallel.apps.multiaccounts.appscloner
03-22 20:55:34.424 24530 24970 D IMGGralloc: Gralloc Register w:720, h:1540, f:0x101, usage:0x900, ui64Stamp:592520, sSize:4472832, line = 2379
03-22 20:55:34.426 24530 24970 D IMGGralloc: Gralloc Register w:720, h:1540, f:0x101, usage:0x900, ui64Stamp:592524, sSize:4472832, line = 2379
03-22 20:55:34.428 24530 24970 D IMGGralloc: Gralloc Register w:720, h:1540, f:0x101, usage:0x900, ui64Stamp:592526, sSize:4472832, line = 2379
03-22 20:55:34.433 24530 24624 D IMGGralloc: Gralloc Free w:720, h:1540, f:0x101, usage:0x900, ui64Stamp:592526 line = 2529
03-22 20:55:34.436 24530 24624 D IMGGralloc: Gralloc Register w:720, h:1540, f:0x101, usage:0xb00, ui64Stamp:592528, sSize:4472832, line = 2379
03-22 20:55:34.515 24530 24624 D IMGGralloc: Gralloc Free w:720, h:1540, f:0x101, usage:0x900, ui64Stamp:592524 line = 2529
03-22 20:55:34.518 24530 24624 D IMGGralloc: Gralloc Register w:720, h:1540, f:0x101, usage:0xb00, ui64Stamp:592533, sSize:4472832, line = 2379
03-22 20:55:34.557 24530 24624 D IMGGralloc: Gralloc Free w:720, h:1540, f:0x101, usage:0x900, ui64Stamp:592520 line = 2529
03-22 20:55:34.561 24530 24624 D IMGGralloc: Gralloc Register w:720, h:1540, f:0x101, usage:0xb00, ui64Stamp:592537, sSize:4472832, line = 2379
03-22 20:55:34.890 24530 24624 D IMGGralloc: Gralloc Free w:720, h:1612, f:0x101, usage:0x900, ui64Stamp:592453 line = 2529
03-22 20:55:34.890 24530 24624 D IMGGralloc: Gralloc Free w:720, h:1612, f:0x101, usage:0xb00, ui64Stamp:592461 line = 2529
03-22 20:55:34.891 24530 24624 D IMGGralloc: Gralloc Free w:720, h:1612, f:0x101, usage:0xb00, ui64Stamp:592479 line = 2529
03-22 20:55:38.849 24530 24530 W Ads : Precache exception
03-22 20:55:38.854 24530 24530 W Ads : Precache exception
03-22 20:55:39.868 24530 24530 W Ads : Precache exception
03-22 20:55:40.610 24530 24530 D FAILED_TO_LOAD: failed
03-22 20:55:40.622 24530 24530 D DynamitePackage: Instantiating com.google.android.gms.ads.ChimeraAdManagerCreatorImpl
03-22 20:55:40.627 24530 24530 I Ads : Use RequestConfiguration.Builder().setTestDeviceIds(Arrays.asList("57E87DE1327F1B12CAD2 A42BBEAC0B21")) to get test ads on this device.
03-22 20:55:40.652 24530 24530 I Ads : Please set theme of AdActivity to @android:style/Theme.Translucent to enable transparent background interstitial ad.
03-22 20:55:40.699 24530 24530 I PlayCore: UID: [10188] PID: [24530] PrewarmService : detach
03-22 20:55:40.700 24530 24902 I PlayCore: UID: [10188] PID: [24530] PrewarmService : Unbind from service.
03-22 20:55:40.878 24530 24530 I WhiteNavigationLice: Modify naviBarColor to 0xFFF0F0F0, and windowBackgroundColor is -1 /windowIsTranslucent:false
03-22 20:55:41.128 24530 24530 I WhiteNavigationLice: Modify naviBarColor to 0xFFF0F0F0, and windowBackgroundColor is -13619152 /windowIsTranslucent:false
03-22 20:55:41.149 24530 24530 D User ID : 0
03-22 20:55:41.168 24530 24530 D TAG_1 : setup_billing_client: nullnull
03-22 20:55:41.175 24530 24530 D MultiLinkManager: smart_link is not supported
03-22 20:55:41.178 24530 24530 D TranLayerControlManager: initSkipInfo getSkipInfo fail strPkgName:com.dual.space.parallel.apps.multiaccounts.appscloner
03-22 20:55:41.304 24530 24538 I unts.appsclone: Background concurrent copying GC freed 123523(7175KB) AllocSpace objects, 68(3720KB) LOS objects, 49% free, 12MB/25MB, paused 269us total 174.134ms
03-22 20:55:41.369 24530 25046 D IMGGralloc: Gralloc Register w:720, h:1612, f:0x101, usage:0x900, ui64Stamp:592897, sSize:4657152, line = 2379
03-22 20:55:41.371 24530 25046 D IMGGralloc: Gralloc Register w:720, h:1612, f:0x101, usage:0x900, ui64Stamp:592901, sSize:4657152, line = 2379
03-22 20:55:41.374 24530 25046 D IMGGralloc: Gralloc Register w:720, h:1612, f:0x101, usage:0x900, ui64Stamp:592905, sSize:4657152, line = 2379
03-22 20:55:41.393 24530 24530 D User ID : 0
03-22 20:55:41.400 24530 24624 D IMGGralloc: Gralloc Free w:720, h:1612, f:0x101, usage:0x900, ui64Stamp:592905 line = 2529
03-22 20:55:41.403 24530 24624 D IMGGralloc: Gralloc Register w:720, h:1612, f:0x101, usage:0xb00, ui64Stamp:592907, sSize:4657152, line = 2379
03-22 20:55:41.503 24530 24624 D IMGGralloc: Gralloc Free w:720, h:1612, f:0x101, usage:0x900, ui64Stamp:592901 line = 2529
03-22 20:55:41.506 24530 24624 D IMGGralloc: Gralloc Register w:720, h:1612, f:0x101, usage:0xb00, ui64Stamp:592927, sSize:4657152, line = 2379
03-22 20:55:41.534 24530 25051 D productList: ife_time_in_app_purchase_dual_space
03-22 20:55:41.543 24530 25050 D productList: one_month_subscription_dual_space
03-22 20:55:41.543 24530 25050 D productList: one_week_subscription_dual_space
03-22 20:55:41.543 24530 25050 D productList: one_year_subscription_dual_space
03-22 20:55:41.543 24530 25050 D productList: six_months_subscription_dual_space
03-22 20:55:41.543 24530 25050 D productList: three_months_subscription_dual_space
03-22 20:55:41.568 24530 24624 D IMGGralloc: Gralloc Free w:720, h:1612, f:0x101, usage:0x900, ui64Stamp:592897 line = 2529
03-22 20:55:41.573 24530 24624 D IMGGralloc: Gralloc Register w:720, h:1612, f:0x101, usage:0xb00, ui64Stamp:592929, sSize:4657152, line = 2379
03-22 20:55:41.721 24530 24530 I ExoPlayerImpl: Release 53adae0 [AndroidXMedia3/1.5.0-beta01] [itel-P662L, itel P662L, ITEL, 31] [media3.common, media3.exoplayer, media3.decoder, media3.datasource]
03-22 20:55:41.727 24530 24530 W Ads : Failed to preload url VIDEO_https://rr1---sn-huoob-avn6.googlevideo.com/videoplayback? expire=1742702112&ei=oBXfZ5OEEIKZsfIPkbfIwAo&ip=102.88.71.182&id=65f24361fe9604d7&i tag=247&source=youtube&requiressl=yes&xpc=Eghovf3BOnoBAQ%3D %3D&met=1742673312%2C&mh=Ku&mm=31&mn=sn-huoob-avn6&ms=au&mv=m&mvi=1&pl=24&rms=au %2Cau&susc=gvp&acao=yes&ctier=L&mime=video %2Fwebm&vprv=1&rqh=1&gir=yes&clen=338977&dur=15.000&lmt=1692071354449698&mt=1742672 954&cpn=QDAPlnPfuasZK8Ip&txp=631A224&sparams=expire%2Cei%2Cip%2Cid%2Citag%2Csource %2Crequiressl%2Cxpc%2Csusc%2Cacao%2Cctier%2Cmime%2Cvprv%2Crqh%2Cgir%2Cclen%2Cdur %2Clmt&sig=AJfQdSswRQIgYxlP6w_EUFAupCZ2r0fmBOwaLlMcSw0kAeEU939vIa0CIQCz7vyjiEX6cffa 7H4QWnqz2g7SeeVIO888LGeXlELFnw%3D%3D&lsparams=met%2Cmh%2Cmm%2Cmn%2Cms%2Cmv%2Cmvi %2Cpl %2Crms&lsig=AFVRHeAwRAIgKBucB3F1BSHx7J8hy_fZW5n8MvVAeCbnY_zgN7QFWzECIDc4bntNN7Lb0Mo 6Rc9aEgygChLRfDAk8KGUIDVBQKjU&ic=gmasdk_AUDIO_https://rr1---sn-huoob- avn6.googlevideo.com/videoplayback? expire=1742702112&ei=oBXfZ5OEEIKZsfIPkbfIwAo&ip=102.88.71.182&id=65f24361fe9604d7&i tag=140&source=youtube&requiressl=yes&xpc=Eghovf3BOnoBAQ%3D %3D&met=1742673312%2C&mh=Ku&mm=31&mn=sn-huoob-avn6&ms=au&mv=m&mvi=1&pl=24&rms=au %2Cau&susc=gvp&acao=yes&ctier=L&mime=audio %2Fmp4&vprv=1&rqh=1&gir=yes&clen=245063&dur=15.069&lmt=1692071352131663&mt=17426729 54&cpn=QDAPlnPfuasZK8Ip&txp=6318224&sparams=expire%2Cei%2Cip%2Cid%2Citag%2Csource %2Crequiressl%2Cxpc%2Csusc%2Cacao%2Cctier%2Cmime%2Cvprv%2Crqh%2Cgir%2Cclen%2Cdur %2Clmt&sig=AJfQdSswRQIhAI- RX9sUAN_zFNcfaF7VLzKl9EVAqhK0E81C0gAxTHpoAiBUkzj4Xbr6eOASUPYImMHcuXovPI8GprXiqHubbV 0FKg%3D%3D&lsparams=met%2Cmh%2Cmm%2Cmn%2Cms%2Cmv%2Cmvi%2Cpl %2Crms&lsig=AFVRHeAwRAIgW-E3H7V- LZVem7os_3pSAjgogqz_uiuDXf5VUIvIOn0CICzVS7xvxYsKUdMrtiWyRtQhxgjhkcES4oqKgr0ZUBhO&ic =gmasdk Exception: ExoPlayer was released during preloading.
03-22 20:55:41.749 24530 24530 W Ads : #004 The webview is destroyed. Ignoring action.
03-22 20:55:41.770 24530 24624 D IMGGralloc: Gralloc Free w:720, h:1540, f:0x101, usage:0xb00, ui64Stamp:592537 line = 2529
03-22 20:55:41.771 24530 24624 D IMGGralloc: Gralloc Free w:720, h:1540, f:0x101, usage:0xb00, ui64Stamp:592533 line = 2529
03-22 20:55:41.777 24530 24530 D IMGGralloc: Gralloc Free w:720, h:1540, f:0x101, usage:0xb00, ui64Stamp:592528 line = 2529
03-22 20:55:46.689 24530 24530 I WhiteNavigationLice: Modify naviBarColor to 0xFFF0F0F0, and windowBackgroundColor is -13619152 /windowIsTranslucent:false
03-22 20:55:46.698 24530 25038 D AppsRepository: AppInfo(name=WhatsApp Business, icon=android.graphics.drawable.AdaptiveIconDrawable@660b41, packageName=com.whatsapp.w4b, sourceDir=/data/app/~~jXV4F9TQoHXWXJUU8uTKLw==/com.whatsapp.w4b- t1ou7iGOiqo33APoMjYNVg==/base.apk, isXpModule=false),AppInfo(name=TikTok Lite, icon=android.graphics.drawable.AdaptiveIconDrawable@826c8e6, packageName=com.zhiliaoapp.musically.go, sourceDir=/data/app/~~HA9jZselv1Rgqn6zWDP37w==/com.zhiliaoapp.musically.go- 9JxyvaKi8YkuvA8Wq-7ZFQ==/base.apk, isXpModule=false),AppInfo(name=InShot, icon=android.graphics.drawable.AdaptiveIconDrawable@19dce27, packageName=com.camerasideas.instashot, sourceDir=/data/app/~~eHXmiEwEiLOKULR2X6WpWg==/com.camerasideas.instashot- eqLz3jXhV2L0cSbWGkUqPQ==/base.apk, isXpModule=false),AppInfo(name=TikReports, icon=android.graphics.drawable.AdaptiveIconDrawable@e2ad8d4, packageName=com.tikreports.like.fans.tik.follow.tok.app, sourceDir=/data/app/~~dL4IrM6JrNc0elA0z7rCjA==/com.tikreports.like.fans.tik.follow. tok.app-A-E891xsMaPKnmAgovuC7g==/base.apk, isXpModule=false),AppInfo(name=Connected2.me, icon=android.graphics.drawable.AdaptiveIconDrawable@e471a7d, packageName=com.connected2.ozzy.c2m, sourceDir=/data/app/~~_r8ptzelji_NJI3W9tB0wQ==/com.connected2.ozzy.c2m- rFHDYDTpN_NtjEuLT7Nggg==/base.apk, isXpModule=false),AppInfo(name=Audiomack, icon=android.graphics.drawable.AdaptiveIconDrawable@8068d72, packageName=com.audiomack, sourceDir=/data/app/~~MN7alv4Vi8MDzqq3OAQd6Q==/com.audiomack-E_lE- FlT1OoIKFMzVm4dMg==/base.apk, isXpModule=false),AppInfo(name=Launcher For Android, icon=android.graphics.drawable.BitmapDrawable@20f25c3, packageName=com.gau.go.launcherex.theme.launcherforandro, sourceDir=/data/app/~~dyJ6TKG0pppP-BoYPoGsow==/com.gau.go.launcherex.theme.launcher forandro-7WdPBUnuD736Kg9BtqlfgA==/base.apk, isXpModule=false),AppInfo(name=Lite, icon=android.graphics.drawable.AdaptiveIconDrawable@5c6ae40, packageName=com.facebook.lite, sourceDir=/data/app/~~CqN03qyyXTy-fc_mC6VuCg==/com.facebook.lite- o_JJrjecBIUbrR5Cqz7C7A==/base.apk, isXpModule=false),AppInfo(name=Activity Manager, icon=android.graphics.drawable.AdaptiveIconDrawable@42fe179, packageName=com.andrefrsousa.tools.activitymanager, sourceDir=/data/app/~~2hu2lUsWDpdBEXVT-VUaHQ==/com.andrefrsousa.tools.activitymanag er-FVgeeSqRFssUBLQkbdbQOw==/base.apk, isXpModule=false),AppInfo(name=Dual Space Pro, icon=android.graphics.drawable.BitmapDrawable@bac0ebe, packageName=com.dual.space.parallel.apps.multiaccounts.appscloner, sourceDir=/data/app/~~3cmFPC9Q2BdgiowR-9qp1A==/com.dual.space.parallel.apps.multiac counts.appscloner-iM1lI6brmQ1LthlVVrt0Tg==/base.apk, isXpModule=false),AppInfo(name=Sticker Maker, icon=android.graphics.drawable.AdaptiveIconDrawable@9b45b1f, packageName=com.stickify.stickermaker, sourceDir=/data/app/~~xGpyCvYPyeaUfWr7LbpoAQ==/com.stickify.stickermaker- QqW3BCpZfWCpfBOUmXH0hg==/base.apk, isXpModule=false),AppInfo(name=Application De Rencontres, icon=android.graphics.drawable.AdaptiveIconDrawable@e886e6c, packageName=com.appgame.dating.app.free.chat.flirt.dating, sourceDir=/data/app/~~L7V_8v0wLbW9IP9ZeZ1EUQ==/com.appgame.dating.app.free.chat.fli rt.dating-3u4pqEwkuDpgFJlQIGyrEw==/base.apk, isXpModule=false),AppInfo(name=Messages, icon=android.graphics.drawable.BitmapDrawable@5441c35, packageName=com.messenger.sms.messages, sourceDir=/data/app/~~1Rxd_u5dFbUsokR4SMaUFA==/com.messenger.sms.messages- hGol8dwqq8NHI5G4txErRg==/base.apk, isXpModule=false),AppInfo(name=VPN.lat, icon=android.graphics.drawable.BitmapDrawable@49658ca, packageName=com.vpn.lat, sourceDir=/data/app/~~uiIpBqyjruV-cUhi-bHuNg==/com.vpn.lat- XDamHTmK9jzmp36Sv2MUww==/base.apk, isXpModule=false)
03-22 20:55:46.704 24530 24530 D MultiLinkManager: smart_link is not supported
03-22 20:55:46.707 24530 24530 D TranLayerControlManager: initSkipInfo getSkipInfo fail strPkgName:com.dual.space.parallel.apps.multiaccounts.appscloner
03-22 20:55:46.875 24530 25065 D IMGGralloc: Gralloc Register w:720, h:1612, f:0x101, usage:0x900, ui64Stamp:592934, sSize:4657152, line = 2379
03-22 20:55:46.877 24530 25065 D IMGGralloc: Gralloc Register w:720, h:1612, f:0x101, usage:0x900, ui64Stamp:592936, sSize:4657152, line = 2379
03-22 20:55:46.878 24530 25065 D IMGGralloc: Gralloc Register w:720, h:1612, f:0x101, usage:0x900, ui64Stamp:592940, sSize:4657152, line = 2379
03-22 20:55:46.994 24530 24624 D IMGGralloc: Gralloc Free w:720, h:1612, f:0x101, usage:0x900, ui64Stamp:592940 line = 2529
03-22 20:55:46.995 24530 24624 D IMGGralloc: Gralloc Register w:720, h:1612, f:0x101, usage:0xb00, ui64Stamp:592942, sSize:4657152, line = 2379
03-22 20:55:47.354 24530 24624 D IMGGralloc: Gralloc Free w:720, h:1612, f:0x101, usage:0xb00, ui64Stamp:592927 line = 2529
03-22 20:55:47.354 24530 24624 D IMGGralloc: Gralloc Free w:720, h:1612, f:0x101, usage:0xb00, ui64Stamp:592907 line = 2529
03-22 20:55:47.359 24530 24530 D IMGGralloc: Gralloc Free w:720, h:1612, f:0x101, usage:0xb00, ui64Stamp:592929 line = 2529
03-22 20:55:48.173 24530 24624 D IMGGralloc: Gralloc Free w:720, h:1612, f:0x101, usage:0x900, ui64Stamp:592936 line = 2529
03-22 20:55:48.176 24530 24624 D IMGGralloc: Gralloc Register w:720, h:1612, f:0x101, usage:0xb00, ui64Stamp:592981, sSize:4657152, line = 2379
03-22 20:55:48.191 24530 24624 D IMGGralloc: Gralloc Free w:720, h:1612, f:0x101, usage:0x900, ui64Stamp:592934 line = 2529
03-22 20:55:48.193 24530 24624 D IMGGralloc: Gralloc Register w:720, h:1612, f:0x101, usage:0xb00, ui64Stamp:592985, sSize:4657152, line = 2379
03-22 20:55:49.419 24530 24530 E TESTAG : soucre com.whatsapp.w4b 0
03-22 20:55:49.478 24530 24530 D TranLayerControlManager: initSkipInfo getSkipInfo fail strPkgName:com.dual.space.parallel.apps.multiaccounts.appscloner
03-22 20:55:49.491 24530 24530 E Dialog : show dialog view = DecorView@ee1d725[MainActivity]
03-22 20:55:49.494 24530 24530 D TAG_1 : setup_billing_client: nullnull
03-22 20:55:49.510 24530 24530 D MultiLinkManager: smart_link is not supported
03-22 20:55:49.537 24530 25071 D IMGGralloc: Gralloc Register w:720, h:1612, f:0x101, usage:0x900, ui64Stamp:593004, sSize:4657152, line = 2379
03-22 20:55:49.538 24530 25071 D IMGGralloc: Gralloc Free w:720, h:1612, f:0x101, usage:0x900, ui64Stamp:593004 line = 2529
03-22 20:55:49.540 24530 24624 D IMGGralloc: Gralloc Register w:720, h:1612, f:0x101, usage:0xb00, ui64Stamp:593008, sSize:4657152, line = 2379
03-22 20:55:49.543 24530 25071 D IMGGralloc: Gralloc Register w:720, h:1612, f:0x101, usage:0x900, ui64Stamp:593012, sSize:4657152, line = 2379
03-22 20:55:49.545 24530 25071 D IMGGralloc: Gralloc Register w:720, h:1612, f:0x101, usage:0x900, ui64Stamp:593016, sSize:4657152, line = 2379
03-22 20:55:49.573 24530 25072 D IMGGralloc: Gralloc Register w:812, h:584, f:0x101, usage:0x900, ui64Stamp:593024, sSize:1933312, line = 2379
03-22 20:55:49.575 24530 25072 D IMGGralloc: Gralloc Register w:812, h:584, f:0x101, usage:0x900, ui64Stamp:593028, sSize:1933312, line = 2379
03-22 20:55:49.577 24530 24624 D IMGGralloc: Gralloc Free w:812, h:584, f:0x101, usage:0x900, ui64Stamp:593028 line = 2529
03-22 20:55:49.577 24530 24854 I OpenGLRenderer: Davey! duration=8652ms; Flags=1, FrameTimelineVsyncId=3552959, IntendedVsync=49233950480445, Vsync=49234233813784, InputEventId=0, HandleInputStart=49234242054015, AnimationStart=49234242056553, PerformTraversalsStart=49234242080130, DrawStart=49234445376592, FrameDeadline=49233983813779, FrameInterval=49234242045553, FrameStartTime=16666667, SyncQueued=49234449207938, SyncStart=49234452653976, IssueDrawCommandsStart=49234453148438, SwapBuffers=49234491620861, FrameCompleted=49242606811971, DequeueBufferDuration=0, QueueBufferDuration=1956423, GpuCompleted=49242606811971, SwapBuffersCompleted=49234494131246, DisplayPresentTime=294188941383,
03-22 20:55:49.581 24530 24624 D IMGGralloc: Gralloc Register w:812, h:584, f:0x101, usage:0xb00, ui64Stamp:593034, sSize:1933312, line = 2379
03-22 20:55:49.581 24530 25072 D IMGGralloc: Gralloc Register w:812, h:584, f:0x101, usage:0x900, ui64Stamp:593032, sSize:1933312, line = 2379
03-22 20:55:49.598 24530 24624 D IMGGralloc: Gralloc Free w:812, h:584, f:0x101, usage:0x900, ui64Stamp:593032 line = 2529
03-22 20:55:49.601 24530 24624 D IMGGralloc: Gralloc Register w:812, h:584, f:0x101, usage:0xb00, ui64Stamp:593044, sSize:1933312, line = 2379
03-22 20:55:49.607 24530 24624 D IMGGralloc: Gralloc Free w:812, h:584, f:0x101, usage:0x900, ui64Stamp:593024 line = 2529
03-22 20:55:49.609 24530 24624 D IMGGralloc: Gralloc Register w:812, h:584, f:0x101, usage:0xb00, ui64Stamp:593047, sSize:1933312, line = 2379
03-22 20:55:49.634 24530 24624 D IMGGralloc: Gralloc Free w:720, h:1612, f:0x101, usage:0x900, ui64Stamp:593016 line = 2529
03-22 20:55:49.640 24530 24624 D IMGGralloc: Gralloc Register w:720, h:1612, f:0x101, usage:0xb00, ui64Stamp:593049, sSize:4657152, line = 2379
03-22 20:55:49.663 24530 25077 D productList: ife_time_in_app_purchase_dual_space
03-22 20:55:49.670 24530 25076 D productList: one_month_subscription_dual_space
03-22 20:55:49.670 24530 25076 D productList: one_week_subscription_dual_space
03-22 20:55:49.670 24530 25076 D productList: one_year_subscription_dual_space
03-22 20:55:49.670 24530 25076 D productList: six_months_subscription_dual_space
03-22 20:55:49.670 24530 25076 D productList: three_months_subscription_dual_space
03-22 20:55:49.681 24530 24546 I OpenGLRenderer: Davey! duration=8339ms; Flags=0, FrameTimelineVsyncId=3552994, IntendedVsync=49234367016113, Vsync=49234533682783, InputEventId=0, HandleInputStart=49234545315130, AnimationStart=49234545316861, PerformTraversalsStart=49234546082284, DrawStart=49234551803784, FrameDeadline=49234417016114, FrameInterval=49234545307015, FrameStartTime=16666667, SyncQueued=49234552325822, SyncStart=49234552414899, IssueDrawCommandsStart=49234552673169, SwapBuffers=49234559294746, FrameCompleted=49242706291778, DequeueBufferDuration=2653615, QueueBufferDuration=3280808, GpuCompleted=49242706291778, SwapBuffersCompleted=49234563205015, DisplayPresentTime=289894040570,
03-22 20:55:49.955 24602 24615 W PackageParser: Unknown element under <manifest>: queries at /data/app/~~jXV4F9TQoHXWXJUU8uTKLw==/com.whatsapp.w4b- t1ou7iGOiqo33APoMjYNVg==/base.apk Binary XML file line #36
03-22 20:55:49.978 24602 24615 W PackageParser: Unknown element under <application>: property at /data/app/~~jXV4F9TQoHXWXJUU8uTKLw==/com.whatsapp.w4b- t1ou7iGOiqo33APoMjYNVg==/base.apk Binary XML file line #1433
03-22 20:55:49.987 24530 24624 D IMGGralloc: Gralloc Free w:720, h:1612, f:0x101, usage:0xb00, ui64Stamp:592985 line = 2529
03-22 20:55:49.988 24530 24624 D IMGGralloc: Gralloc Free w:720, h:1612, f:0x101, usage:0xb00, ui64Stamp:592942 line = 2529
03-22 20:55:50.003 24530 24530 D IMGGralloc: Gralloc Free w:720, h:1612, f:0x101, usage:0xb00, ui64Stamp:592981 line = 2529
03-22 20:55:50.081 24602 24615 D BPackageInstallerService: installPackageAsUser: CreateUserExecutor exec: 0
03-22 20:55:50.086 24602 24615 D BPackageInstallerService: installPackageAsUser: CreatePackageExecutor exec: 0
03-22 20:55:50.086 24602 24615 D BPackageInstallerService: installPackageAsUser: CopyExecutor exec: 0
03-22 20:55:50.119 24530 24538 I unts.appsclone: Background young concurrent copying GC freed 161234(11MB) AllocSpace objects, 14(472KB) LOS objects, 47% free, 13MB/25MB, paused 806us total 100.813ms
03-22 20:55:50.579 24602 24615 D Settings: loaded Package: com.whatsapp.w4b
03-22 20:55:50.580 24602 24615 D BroadcastManager: register: com.whatsapp.w4b, size: 55
03-22 20:55:50.729 24602 24615 D BPackageManagerService: onPackageInstalled: com.whatsapp.w4b, userId: 0
03-22 20:55:50.729 24602 24615 D BPackageManagerService: install finish: 1234ms
03-22 20:55:50.744 24530 24542 D IMGGralloc: Gralloc Free w:812, h:584, f:0x101, usage:0xb00, ui64Stamp:593044 line = 2529
03-22 20:55:50.753 24530 24530 E Dialog : remove dialog view = DecorView@ee1d725[MainActivity]
03-22 20:55:50.754 24530 24530 D CompatibilityChangeReporter: Compat change id reported: 147798919; UID 10188; state: ENABLED
03-22 20:55:50.756 24530 24530 V Toast : Toast SHOW: android.widget.Toast@b974e62 view = null pkg: com.dual.space.parallel.apps.multiaccounts.appscloner TextToast? true caller: com.dual.space.util.ToastExKt.toast:19 com.dual.space.view.apps.AppsFragment$initData$2.invoke:302 com.dual.space.view.apps.AppsFragment$initData$2.invoke:299 com.dual.space.view.apps.AppsFragment.initData$lambda$8:299 com.dual.space.view.apps.AppsFragment.$r8$lambda$peEs3-qcBEUFsm8wyZpuJOlr31Q:0
03-22 20:55:50.763 24530 25078 D IMGGralloc: Gralloc Free w:812, h:584, f:0x101, usage:0xb00, ui64Stamp:593047 line = 2529
03-22 20:55:50.765 24530 25078 D IMGGralloc: Gralloc Free w:812, h:584, f:0x101, usage:0xb00, ui64Stamp:593034 line = 2529
03-22 20:55:50.785 24530 24624 D IMGGralloc: Gralloc Free w:720, h:1612, f:0x101, usage:0x900, ui64Stamp:593012 line = 2529
03-22 20:55:50.789 24530 24624 D IMGGralloc: Gralloc Register w:720, h:1612, f:0x101, usage:0xb00, ui64Stamp:593054, sSize:4657152, line = 2379
03-22 20:55:50.837 24530 25078 I OpenGLRenderer: Davey! duration=9305ms; Flags=0, FrameTimelineVsyncId=3553019, IntendedVsync=49234550297524, Vsync=49234566964191, InputEventId=0, HandleInputStart=49234573837169, AnimationStart=49234573839669, PerformTraversalsStart=49234574340861, DrawStart=49234615042322, FrameDeadline=49234600297525, FrameInterval=49234573829976, FrameStartTime=16666667, SyncQueued=49234616813130, SyncStart=49234616912938, IssueDrawCommandsStart=49234617219976, SwapBuffers=49234630725976, FrameCompleted=49243855863970, DequeueBufferDuration=4720846, QueueBufferDuration=1460115, GpuCompleted=49243855863970, SwapBuffersCompleted=49234632607553, DisplayPresentTime=9153285545059680264,
03-22 20:55:52.124 24530 25096 I Ads : Ad failed to load : 0
03-22 20:55:52.127 24530 24530 D ERROR_N : domain: com.google.android.gms.ads, code: 0, message: Retrieve required value in native ad response failed.
03-22 20:55:52.127 24530 24530 D ERROR_N : "
03-22 20:55:54.386 24530 24530 D Fragment User Id: 0
03-22 20:55:54.475 24530 24530 I WhiteNavigationLice: Modify naviBarColor to 0xFFF0F0F0, and windowBackgroundColor is -328966 /windowIsTranslucent:false
03-22 20:55:54.483 24530 24530 D MultiLinkManager: smart_link is not supported
03-22 20:55:54.487 24530 24530 D TranLayerControlManager: initSkipInfo getSkipInfo fail strPkgName:com.dual.space.parallel.apps.multiaccounts.appscloner
03-22 20:55:54.495 24602 24855 D ActivityStack: startActivityLocked : ActivityInfo{28e8bdb com.whatsapp.Main}
03-22 20:55:54.498 24530 24530 W View : View not hardware-accelerated. Unable to observe frame stats
03-22 20:55:54.512 24602 24855 D BProcessManager: init bUid = 10001, bPid = 0
03-22 20:55:54.513 24602 24855 D BProcessManager: initProcess: com.whatsapp.w4b
03-22 20:55:54.521 24530 24530 D IMGGralloc: Gralloc Register w:720, h:1612, f:0x2, usage:0x966, ui64Stamp:593085, sSize:4644864, line = 2379
03-22 20:55:54.538 24530 24530 D IMGGralloc: Gralloc Register w:720, h:1612, f:0x2, usage:0x966, ui64Stamp:593087, sSize:4644864, line = 2379
03-22 20:55:54.564 25105 25105 E s.appscloner:p: Not starting debugger since process cannot load the jdwp agent.
03-22 20:55:54.588 25105 25105 D CompatibilityChangeReporter: Compat change id reported: 171979766; UID 10188; state: ENABLED
03-22 20:55:54.593 25105 25105 D os.SingleLiceFactory: using android.graphics.IGraphicLice$DefaultImpl@1d2202d instead of com.transsion.typeface.TypefaceLiceFactory from android.graphics.IGraphicLice
03-22 20:55:54.593 25105 25105 D os.LiceInfo: instance successfully. com.transsion.graphics.GraphicLice@c139962 from android.graphics.IGraphicLice
03-22 20:55:54.604 25105 25105 W s.appscloner:p: Entry not found
03-22 20:55:54.605 25105 25105 W s.appscloner:p: Entry not found
03-22 20:55:54.694 24530 25095 I GraphicsJNI: GraphicsJNI::isHardwareConfig qemu gles is 1.
03-22 20:55:54.852 24530 24624 D IMGGralloc: Gralloc Free w:720, h:1612, f:0x101, usage:0xb00, ui64Stamp:593054 line = 2529
03-22 20:55:54.853 24530 24624 D IMGGralloc: Gralloc Free w:720, h:1612, f:0x101, usage:0xb00, ui64Stamp:593049 line = 2529
03-22 20:55:54.858 24530 24530 D IMGGralloc: Gralloc Free w:720, h:1612, f:0x101, usage:0xb00, ui64Stamp:593008 line = 2529
03-22 20:55:54.905 25105 25105 W s.appscloner:p: JIT profile information will not be recorded: profile file does not exist.
03-22 20:55:54.905 25105 25105 W s.appscloner:p: JIT profile information will not be recorded: profile file does not exist.
03-22 20:55:54.910 25105 25105 V GraphicsEnvironment: ANGLE Developer option for 'com.dual.space.parallel.apps.multiaccounts.appscloner' set to: 'default'
03-22 20:55:54.910 25105 25105 V GraphicsEnvironment: Neither updatable production driver nor prerelease driver is supported.
03-22 20:55:54.913 25105 25105 I LoadedApk: No resource references to update in package com.transsion.theme.icon
03-22 20:55:54.914 25105 25105 D NetworkSecurityConfig: Using Network Security Config from resource network_security_config debugBuild: false
03-22 20:55:54.916 25105 25105 D NetworkSecurityConfig: Using Network Security Config from resource network_security_config debugBuild: false
03-22 20:55:54.920 25105 25105 I SignatureCheck: Signature check ok
03-22 20:55:54.932 25105 25105 E BlackBoxCore: Failed to hook bindService:
03-22 20:55:54.932 25105 25105 E BlackBoxCore: java.lang.IllegalArgumentException: top.niunaijun.blackbox.fake.frameworks.BActivityManager is not an interface
03-22 20:55:54.932 25105 25105 E BlackBoxCore: at java.lang.reflect.Proxy$ProxyClassFactory.apply(Proxy.java:635)
03-22 20:55:54.932 25105 25105 E BlackBoxCore: at java.lang.reflect.Proxy$ProxyClassFactory.apply(Proxy.java:602)
03-22 20:55:54.932 25105 25105 E BlackBoxCore: at java.lang.reflect.WeakCache$Factory.get(WeakCache.java:230)
03-22 20:55:54.932 25105 25105 E BlackBoxCore: at java.lang.reflect.WeakCache.get(WeakCache.java:127)
03-22 20:55:54.932 25105 25105 E BlackBoxCore: at java.lang.reflect.Proxy.getProxyClass0(Proxy.java:438)
03-22 20:55:54.932 25105 25105 E BlackBoxCore: at java.lang.reflect.Proxy.newProxyInstance(Proxy.java:873)
03-22 20:55:54.932 25105 25105 E BlackBoxCore: at top.niunaijun.blackbox.BlackBoxCore.hookBindService(BlackBoxCore.java:222)
03-22 20:55:54.932 25105 25105 E BlackBoxCore: at top.niunaijun.blackbox.BlackBoxCore.doAttachBaseContext(BlackBoxCore.java:133)
03-22 20:55:54.932 25105 25105 E BlackBoxCore: at com.dual.space.view.main.BlackBoxLoader.attachBaseContext(BlackBoxLoader.kt:100)
03-22 20:55:54.932 25105 25105 E BlackBoxCore: at com.dual.space.app.AppManager.doAttachBaseContext(AppManager.kt:26)
03-22 20:55:54.932 25105 25105 E BlackBoxCore: at com.dual.space.app.MyApplication.attachBaseContext(MyApplication.kt:62)
03-22 20:55:54.932 25105 25105 E BlackBoxCore: at com.pairip.application.Application.attachBaseContext(Unknown Source:6)
03-22 20:55:54.932 25105 25105 E BlackBoxCore: at android.app.Application.attach(Application.java:331)
03-22 20:55:54.932 25105 25105 E BlackBoxCore: at android.app.Instrumentation.newApplication(Instrumentation.java:1178)
03-22 20:55:54.932 25105 25105 E BlackBoxCore: at android.app.LoadedApk.makeApplication(LoadedApk.java:1366)
03-22 20:55:54.932 25105 25105 E BlackBoxCore: at android.app.ActivityThread.handleBindApplication(ActivityThread.java:6809)
03-22 20:55:54.932 25105 25105 E BlackBoxCore: at android.app.ActivityThread.access$1500(ActivityThread.java:274)
03-22 20:55:54.932 25105 25105 E BlackBoxCore: at android.app.ActivityThread$H.handleMessage(ActivityThread.java:2122)
03-22 20:55:54.932 25105 25105 E BlackBoxCore: at android.os.Handler.dispatchMessage(Handler.java:106)
03-22 20:55:54.932 25105 25105 E BlackBoxCore: at android.os.Looper.loopOnce(Looper.java:201)
03-22 20:55:54.932 25105 25105 E BlackBoxCore: at android.os.Looper.loop(Looper.java:288)
03-22 20:55:54.932 25105 25105 E BlackBoxCore: at android.app.ActivityThread.main(ActivityThread.java:7986)
03-22 20:55:54.932 25105 25105 E BlackBoxCore: at java.lang.reflect.Method.invoke(Native Method)
03-22 20:55:54.932 25105 25105 E BlackBoxCore: at com.android.internal.os.RuntimeInit$MethodAndArgsCaller.run(RuntimeInit.java:553)
03-22 20:55:54.932 25105 25105 E BlackBoxCore: at com.android.internal.os.ZygoteInit.main(ZygoteInit.java:1003)
03-22 20:55:54.992 25105 25105 D HookManager: hook: top.niunaijun.blackbox.fake.service.IDeviceIdentifiersPolicyProxy@ec8907
03-22 20:55:54.996 25105 25105 D HookManager: hook: top.niunaijun.blackbox.fake.service.IShortcutManagerProxy@f2c551e
03-22 20:55:55.000 25105 25105 D HookManager: hook: top.niunaijun.blackbox.fake.service.IPhoneSubInfoProxy@5094f1b
03-22 20:55:55.002 25105 25105 D HookManager: hook: top.niunaijun.blackbox.fake.service.IFingerprintManagerProxy@cdfe9f6
03-22 20:55:55.005 25105 25105 D HookManager: hook: top.niunaijun.blackbox.fake.service.IPowerManagerProxy@e888693
03-22 20:55:55.008 25105 25105 D HookManager: hook: top.niunaijun.blackbox.fake.service.IAccountManagerProxy@d7efffc
03-22 20:55:55.015 25105 25105 D HookManager: hook: top.niunaijun.blackbox.fake.service.IDevicePolicyManagerProxy@e687601
03-22 20:55:55.030 25105 25105 D HookManager: hook: top.niunaijun.blackbox.fake.service.IActivityTaskManagerProxy@f5ffd32
03-22 20:55:55.039 25105 25105 D HookManager: hook: top.niunaijun.blackbox.fake.service.IWifiScannerProxy@b7b9b56
03-22 20:55:55.041 25105 25105 D HookManager: hook error: top.niunaijun.blackbox.fake.service.IWifiScannerProxy@b7b9b56
03-22 20:55:55.042 25105 25105 D HookManager: hook: top.niunaijun.blackbox.fake.service.IActivityClientProxy@47a23ad
03-22 20:55:55.047 25105 25105 D HookManager: hook: top.niunaijun.blackbox.fake.service.IWindowManagerProxy@b97a03a
03-22 20:55:55.054 25105 25105 D HookManager: hook: top.niunaijun.blackbox.fake.service.ILocationManagerProxy@b98521d
03-22 20:55:55.059 25105 25105 D HookManager: hook: top.niunaijun.blackbox.fake.service.IAppOpsManagerProxy@b4b4fde
03-22 20:55:55.064 25105 25105 D HookManager: hook: top.niunaijun.blackbox.fake.service.ISystemUpdateProxy@10b7cb6
03-22 20:55:55.066 25105 25105 D HookManager: hook error: top.niunaijun.blackbox.fake.service.ISystemUpdateProxy@10b7cb6
03-22 20:55:55.066 25105 25105 D HookManager: hook: top.niunaijun.blackbox.fake.service.ITelephonyManagerProxy@896fc8d
03-22 20:55:55.083 25105 25105 D HookManager: hook: top.niunaijun.blackbox.fake.service.IWifiManagerProxy@4596c8e
03-22 20:55:55.088 25105 25105 D HookManager: hook: top.niunaijun.blackbox.fake.service.IConnectivityManagerProxy@74c3045
03-22 20:55:55.093 25105 25105 D HookManager: hook: top.niunaijun.blackbox.fake.service.IJobServiceProxy@aca7f66
03-22 20:55:55.096 25105 25105 D HookManager: hook: top.niunaijun.blackbox.fake.service.ITelephonyRegistryProxy@4e5a243
03-22 20:55:55.100 25105 25105 D HookManager: hook: top.niunaijun.blackbox.fake.service.IContextHubServiceProxy@b2818ec
03-22 20:55:55.101 25105 25105 D HookManager: hook error: top.niunaijun.blackbox.fake.service.IContextHubServiceProxy@b2818ec
03-22 20:55:55.101 25105 25105 D HookManager: hook: top.niunaijun.blackbox.fake.service.IMediaRouterServiceProxy@7e716bb
03-22 20:55:55.105 25105 25105 D HookManager: hook: top.niunaijun.blackbox.fake.service.IMediaSessionManagerProxy@2ba9984
03-22 20:55:55.108 25105 25105 D HookManager: hook: top.niunaijun.blackbox.fake.service.IAutofillManagerProxy@7524b69
03-22 20:55:55.111 25105 25105 D HookManager: hook: top.niunaijun.blackbox.fake.service.IDisplayManagerProxy@5d9951c
03-22 20:55:55.115 25105 25105 D HookManager: hook: top.niunaijun.blackbox.fake.service.IAlarmManagerProxy@4396bb4
03-22 20:55:55.117 25105 25105 D HookManager: hook: top.niunaijun.blackbox.fake.service.IPackageManagerProxy@dd7e0d9
03-22 20:55:55.132 25105 25105 D HookManager: hook: top.niunaijun.blackbox.fake.service.IStorageStatsManagerProxy@467cf76
03-22 20:55:55.135 25105 25105 D HookManager: hook: top.niunaijun.blackbox.fake.service.IGraphicsStatsProxy@7f63613
03-22 20:55:55.136 25105 25105 D HookManager: hook: top.niunaijun.blackbox.fake.service.IVpnManagerProxy@e010050
03-22 20:55:55.142 25105 25105 D HookManager: hook: top.niunaijun.blackbox.fake.service.INotificationManagerProxy@e4e2a05
03-22 20:55:55.148 25105 25105 D HookManager: hook: top.niunaijun.blackbox.fake.service.IAppWidgetManagerProxy@f948968
03-22 20:55:55.151 25105 25105 D HookManager: hook: top.niunaijun.blackbox.fake.service.context.ContentServiceStub@d1c94bd
03-22 20:55:55.154 25105 25105 D HookManager: hook: top.niunaijun.blackbox.fake.service.IPermissionManagerProxy@12c2ffe
03-22 20:55:55.158 25105 25105 D HookManager: hook: top.niunaijun.blackbox.fake.service.IUserManagerProxy@b6f767b
03-22 20:55:55.162 25105 25105 D HookManager: hook: top.niunaijun.blackbox.fake.service.IVibratorServiceProxy@ce76a44
03-22 20:55:55.164 25105 25105 D HookManager: hook: top.niunaijun.blackbox.fake.service.IActivityManagerProxy@7760929
03-22 20:55:55.179 25105 25105 D HookManager: hook: top.niunaijun.blackbox.fake.service.IStorageManagerProxy@b46f46b
03-22 20:55:55.183 25105 25105 D HookManager: hook: top.niunaijun.blackbox.fake.service.IAccessibilityManagerProxy@29bec74
03-22 20:55:55.186 25105 25105 D HookManager: hook: top.niunaijun.blackbox.fake.service.IPersistentDataBlockServiceProxy@9669d3f
03-22 20:55:55.188 25105 25105 D HookManager: hook error: top.niunaijun.blackbox.fake.service.IPersistentDataBlockServiceProxy@9669d3f
03-22 20:55:55.188 25105 25105 D HookManager: hook: top.niunaijun.blackbox.fake.delegate.AppInstrumentation@fce996a
03-22 20:55:55.190 25105 25105 D HookManager: hook: top.niunaijun.blackbox.fake.service.INetworkManagementServiceProxy@fb1ce5b
03-22 20:55:55.193 25105 25105 D HookManager: hook: top.niunaijun.blackbox.fake.service.context.RestrictionsManagerStub@d4d5aa4
03-22 20:55:55.195 25105 25105 D HookManager: hook: top.niunaijun.blackbox.fake.service.libcore.OsStub@7bb5009
03-22 20:55:55.201 25105 25105 D HookManager: hook: top.niunaijun.blackbox.fake.service.ILauncherAppsProxy@19f5a3c
03-22 20:55:55.205 25105 25105 D HookManager: hook: top.niunaijun.blackbox.fake.service.HCallbackProxy@5bff741
03-22 20:55:55.208 25105 25105 W CheckTime: App running slow: Executing handleBindApplication : makeApplication took 296ms
03-22 20:55:55.210 25105 25105 D LicenseClient: Connecting to the licensing service...
03-22 20:55:55.217 24602 24615 D SystemCallProvider: call: VM, Bundle[mParcelledData.dataSize=84]
03-22 20:55:55.218 25105 25105 D BlackBoxCore: getService: package_manager, android.os.BinderProxy@55b4d79
03-22 20:55:55.222 25105 25105 D LicenseClient: Retry #1. License check failed with error 'Could not bind with the licensing service.'. Next try in 1s...
03-22 20:55:55.254 24602 24855 D ActivityStack: ActivityInfo{28e8bdb com.whatsapp.Main}, windowIsTranslucent: false
03-22 20:55:55.261 24602 24615 E DatabaseUtils: Writing exception to parcel
03-22 20:55:55.261 24602 24615 E DatabaseUtils: java.lang.SecurityException: Calling uid: 10188 doesn't match source uid: 10001
03-22 20:55:55.261 24602 24615 E DatabaseUtils: at android.content.AttributionSource.enforceCallingUid(AttributionSource.java:264)
03-22 20:55:55.261 24602 24615 E DatabaseUtils: at android.content.AttributionSource.enforceCallingUidAndPid(AttributionSource.java:25 0)
03-22 20:55:55.261 24602 24615 E DatabaseUtils: at android.content.AttributionSource.<init>(AttributionSource.java:171)
03-22 20:55:55.261 24602 24615 E DatabaseUtils: at android.content.AttributionSource$1.createFromParcel(AttributionSource.java:506)
03-22 20:55:55.261 24602 24615 E DatabaseUtils: at android.content.AttributionSource$1.createFromParcel(AttributionSource.java:498)
03-22 20:55:55.261 24602 24615 E DatabaseUtils: at android.content.ContentProviderNative.onTransact(ContentProviderNative.java:289)
03-22 20:55:55.261 24602 24615 E DatabaseUtils: at android.os.Binder.execTransactInternal(Binder.java:1180)
03-22 20:55:55.261 24602 24615 E DatabaseUtils: at android.os.Binder.execTransact(Binder.java:1143)
03-22 20:55:55.265 24602 24615 E DatabaseUtils: Writing exception to parcel
03-22 20:55:55.265 24602 24615 E DatabaseUtils: java.lang.SecurityException: Calling uid: 10188 doesn't match source uid: 10001
03-22 20:55:55.265 24602 24615 E DatabaseUtils: at android.content.AttributionSource.enforceCallingUid(AttributionSource.java:264)
03-22 20:55:55.265 24602 24615 E DatabaseUtils: at android.content.AttributionSource.enforceCallingUidAndPid(AttributionSource.java:25 0)
03-22 20:55:55.265 24602 24615 E DatabaseUtils: at android.content.AttributionSource.<init>(AttributionSource.java:171)
03-22 20:55:55.265 24602 24615 E DatabaseUtils: at android.content.AttributionSource$1.createFromParcel(AttributionSource.java:506)
03-22 20:55:55.265 24602 24615 E DatabaseUtils: at android.content.AttributionSource$1.createFromParcel(AttributionSource.java:498)
03-22 20:55:55.265 24602 24615 E DatabaseUtils: at android.content.ContentProviderNative.onTransact(ContentProviderNative.java:289)
03-22 20:55:55.265 24602 24615 E DatabaseUtils: at android.os.Binder.execTransactInternal(Binder.java:1180)
03-22 20:55:55.265 24602 24615 E DatabaseUtils: at android.os.Binder.execTransact(Binder.java:1143)
03-22 20:55:55.270 24602 24615 E DatabaseUtils: Writing exception to parcel
03-22 20:55:55.270 24602 24615 E DatabaseUtils: java.lang.SecurityException: Calling uid: 10188 doesn't match source uid: 10001
03-22 20:55:55.270 24602 24615 E DatabaseUtils: at android.content.AttributionSource.enforceCallingUid(AttributionSource.java:264)
03-22 20:55:55.270 24602 24615 E DatabaseUtils: at android.content.AttributionSource.enforceCallingUidAndPid(AttributionSource.java:25 0)
03-22 20:55:55.270 24602 24615 E DatabaseUtils: at android.content.AttributionSource.<init>(AttributionSource.java:171)
03-22 20:55:55.270 24602 24615 E DatabaseUtils: at android.content.AttributionSource$1.createFromParcel(AttributionSource.java:506)
03-22 20:55:55.270 24602 24615 E DatabaseUtils: at android.content.AttributionSource$1.createFromParcel(AttributionSource.java:498)
03-22 20:55:55.270 24602 24615 E DatabaseUtils: at android.content.ContentProviderNative.onTransact(ContentProviderNative.java:289)
03-22 20:55:55.270 24602 24615 E DatabaseUtils: at android.os.Binder.execTransactInternal(Binder.java:1180)
03-22 20:55:55.270 24602 24615 E DatabaseUtils: at android.os.Binder.execTransact(Binder.java:1143)
03-22 20:55:55.272 24602 24615 E DatabaseUtils: Writing exception to parcel
03-22 20:55:55.272 24602 24615 E DatabaseUtils: java.lang.SecurityException: Calling uid: 10188 doesn't match source uid: 10001
03-22 20:55:55.272 24602 24615 E DatabaseUtils: at android.content.AttributionSource.enforceCallingUid(AttributionSource.java:264)
03-22 20:55:55.272 24602 24615 E DatabaseUtils: at android.content.AttributionSource.enforceCallingUidAndPid(AttributionSource.java:25 0)
03-22 20:55:55.272 24602 24615 E DatabaseUtils: at android.content.AttributionSource.<init>(AttributionSource.java:171)
03-22 20:55:55.272 24602 24615 E DatabaseUtils: at android.content.AttributionSource$1.createFromParcel(AttributionSource.java:506)
03-22 20:55:55.272 24602 24615 E DatabaseUtils: at android.content.AttributionSource$1.createFromParcel(AttributionSource.java:498)
03-22 20:55:55.272 24602 24615 E DatabaseUtils: at android.content.ContentProviderNative.onTransact(ContentProviderNative.java:289)
03-22 20:55:55.272 24602 24615 E DatabaseUtils: at android.os.Binder.execTransactInternal(Binder.java:1180)
03-22 20:55:55.272 24602 24615 E DatabaseUtils: at android.os.Binder.execTransact(Binder.java:1143)
03-22 20:55:55.275 24602 24855 E DatabaseUtils: Writing exception to parcel
03-22 20:55:55.275 24602 24855 E DatabaseUtils: java.lang.SecurityException: Calling uid: 10188 doesn't match source uid: 10001
03-22 20:55:55.275 24602 24855 E DatabaseUtils: at android.content.AttributionSource.enforceCallingUid(AttributionSource.java:264)
03-22 20:55:55.275 24602 24855 E DatabaseUtils: at android.content.AttributionSource.enforceCallingUidAndPid(AttributionSource.java:25 0)
03-22 20:55:55.275 24602 24855 E DatabaseUtils: at android.content.AttributionSource.<init>(AttributionSource.java:171)
03-22 20:55:55.275 24602 24855 E DatabaseUtils: at android.content.AttributionSource$1.createFromParcel(AttributionSource.java:506)
03-22 20:55:55.275 24602 24855 E DatabaseUtils: at android.content.AttributionSource$1.createFromParcel(AttributionSource.java:498)
03-22 20:55:55.275 24602 24855 E DatabaseUtils: at android.content.ContentProviderNative.onTransact(ContentProviderNative.java:289)
03-22 20:55:55.275 24602 24855 E DatabaseUtils: at android.os.Binder.execTransactInternal(Binder.java:1180)
03-22 20:55:55.275 24602 24855 E DatabaseUtils: at android.os.Binder.execTransact(Binder.java:1143)
03-22 20:55:55.281 24602 24855 E DatabaseUtils: Writing exception to parcel
03-22 20:55:55.281 24602 24855 E DatabaseUtils: java.lang.SecurityException: Calling uid: 10188 doesn't match source uid: 10001
03-22 20:55:55.281 24602 24855 E DatabaseUtils: at android.content.AttributionSource.enforceCallingUid(AttributionSource.java:264)
03-22 20:55:55.281 24602 24855 E DatabaseUtils: at android.content.AttributionSource.enforceCallingUidAndPid(AttributionSource.java:25 0)
03-22 20:55:55.281 24602 24855 E DatabaseUtils: at android.content.AttributionSource.<init>(AttributionSource.java:171)
03-22 20:55:55.281 24602 24855 E DatabaseUtils: at android.content.AttributionSource$1.createFromParcel(AttributionSource.java:506)
03-22 20:55:55.281 24602 24855 E DatabaseUtils: at android.content.AttributionSource$1.createFromParcel(AttributionSource.java:498)
03-22 20:55:55.281 24602 24855 E DatabaseUtils: at android.content.ContentProviderNative.onTransact(ContentProviderNative.java:289)
03-22 20:55:55.281 24602 24855 E DatabaseUtils: at android.os.Binder.execTransactInternal(Binder.java:1180)
03-22 20:55:55.281 24602 24855 E DatabaseUtils: at android.os.Binder.execTransact(Binder.java:1143)
03-22 20:55:55.286 24602 24855 E DatabaseUtils: Writing exception to parcel
03-22 20:55:55.286 24602 24855 E DatabaseUtils: java.lang.SecurityException: Calling uid: 10188 doesn't match source uid: 10001
03-22 20:55:55.286 24602 24855 E DatabaseUtils: at android.content.AttributionSource.enforceCallingUid(AttributionSource.java:264)
03-22 20:55:55.286 24602 24855 E DatabaseUtils: at android.content.AttributionSource.enforceCallingUidAndPid(AttributionSource.java:25 0)
03-22 20:55:55.286 24602 24855 E DatabaseUtils: at android.content.AttributionSource.<init>(AttributionSource.java:171)
03-22 20:55:55.286 24602 24855 E DatabaseUtils: at android.content.AttributionSource$1.createFromParcel(AttributionSource.java:506)
03-22 20:55:55.286 24602 24855 E DatabaseUtils: at android.content.AttributionSource$1.createFromParcel(AttributionSource.java:498)
03-22 20:55:55.286 24602 24855 E DatabaseUtils: at android.content.ContentProviderNative.onTransact(ContentProviderNative.java:289)
03-22 20:55:55.286 24602 24855 E DatabaseUtils: at android.os.Binder.execTransactInternal(Binder.java:1180)
03-22 20:55:55.286 24602 24855 E DatabaseUtils: at android.os.Binder.execTransact(Binder.java:1143)
03-22 20:55:55.289 24602 24855 E DatabaseUtils: Writing exception to parcel
03-22 20:55:55.289 24602 24855 E DatabaseUtils: java.lang.SecurityException: Calling uid: 10188 doesn't match source uid: 10001
03-22 20:55:55.289 24602 24855 E DatabaseUtils: at android.content.AttributionSource.enforceCallingUid(AttributionSource.java:264)
03-22 20:55:55.289 24602 24855 E DatabaseUtils: at android.content.AttributionSource.enforceCallingUidAndPid(AttributionSource.java:25 0)
03-22 20:55:55.289 24602 24855 E DatabaseUtils: at android.content.AttributionSource.<init>(AttributionSource.java:171)
03-22 20:55:55.289 24602 24855 E DatabaseUtils: at android.content.AttributionSource$1.createFromParcel(AttributionSource.java:506)
03-22 20:55:55.289 24602 24855 E DatabaseUtils: at android.content.AttributionSource$1.createFromParcel(AttributionSource.java:498)
03-22 20:55:55.289 24602 24855 E DatabaseUtils: at android.content.ContentProviderNative.onTransact(ContentProviderNative.java:289)
03-22 20:55:55.289 24602 24855 E DatabaseUtils: at android.os.Binder.execTransactInternal(Binder.java:1180)
